-- Data for Name: res_currency; Type: TABLE DATA; Schema: public; Owner: odoo
--

COPY public.res_currency (id, name, symbol, decimal_places, create_uid, write_uid, full_name, "position", currency_unit_label, currency_subunit_label, rounding, active, create_date, write_date) FROM stdin;
2	USD	$	2	1	1	United States dollar	before	Dollars	Cents	0.010000	f	2025-06-18 15:49:05.568244	2025-06-18 15:49:05.568244
3	VEF	Bs.F	2	1	1	Venezuelan bolívar fuerte	after	Bolivar	Centimos	0.010000	f	2025-06-18 15:49:05.568244	2025-06-18 15:49:05.568244
4	CAD	$	2	1	1	Canadian dollar	after	Dollars	Cents	0.010000	f	2025-06-18 15:49:05.568244	2025-06-18 15:49:05.568244
5	CHF	CHF	2	1	1	Swiss franc	before	Franc	Centimes	0.010000	f	2025-06-18 15:49:05.568244	2025-06-18 15:49:05.568244
6	BRL	R$	2	1	1	Brazilian real	before	Real	Centavos	0.010000	f	2025-06-18 15:49:05.568244	2025-06-18 15:49:05.568244
7	CNY	¥	2	1	1	Chinese yuan	before	Yuan	Fen	0.010000	f	2025-06-18 15:49:05.568244	2025-06-18 15:49:05.568244
8	CNH	¥	2	1	1	Chinese yuan - Offshore	before	Yuan	Fen	0.010000	f	2025-06-18 15:49:05.568244	2025-06-18 15:49:05.568244
9	COP	$	2	1	1	Colombian peso	before	Peso	Centavos	0.010000	f	2025-06-18 15:49:05.568244	2025-06-18 15:49:05.568244
10	CZK	Kč	2	1	1	Czech koruna	after	Koruna	Halers	0.010000	f	2025-06-18 15:49:05.568244	2025-06-18 15:49:05.568244
11	DKK	kr	2	1	1	Danish krone	before	Krone	Ore	0.010000	f	2025-06-18 15:49:05.568244	2025-06-18 15:49:05.568244
12	HUF	Ft	2	1	1	Hungarian forint	after	Forint	Filler	0.010000	f	2025-06-18 15:49:05.568244	2025-06-18 15:49:05.568244
13	IDR	Rp	2	1	1	Indonesian rupiah	before	Rupiah	Sen	0.010000	f	2025-06-18 15:49:05.568244	2025-06-18 15:49:05.568244
14	LVL	Ls	2	1	1	Latvian lats	after	Lats	Santims	0.010000	f	2025-06-18 15:49:05.568244	2025-06-18 15:49:05.568244
15	NOK	kr	2	1	1	Norwegian krone	before	Krone	Ore	0.010000	f	2025-06-18 15:49:05.568244	2025-06-18 15:49:05.568244
17	PAB	B/.	2	1	1	Panamanian balboa	after	Balboa	Centesimo	0.010000	f	2025-06-18 15:49:05.568244	2025-06-18 15:49:05.568244
18	PLN	zł	2	1	1	Polish złoty	after	Zloty	Groszy	0.010000	f	2025-06-18 15:49:05.568244	2025-06-18 15:49:05.568244
19	SEK	kr	2	1	1	Swedish krona	after	Krona	Ore	0.010000	f	2025-06-18 15:49:05.568244	2025-06-18 15:49:05.568244
20	ARS	$	2	1	1	Argentine peso	before	Peso	Centavos	0.010000	f	2025-06-18 15:49:05.568244	2025-06-18 15:49:05.568244
21	INR	₹	2	1	1	Indian rupee	before	Rupees	Paise	0.010000	f	2025-06-18 15:49:05.568244	2025-06-18 15:49:05.568244
22	AUD	$	2	1	1	Australian dollar	before	Dollars	Cents	0.010000	f	2025-06-18 15:49:05.568244	2025-06-18 15:49:05.568244
23	UAH	₴	2	1	1	Ukraine Hryvnia	after	Hryvnia	Kopiyka	0.010000	f	2025-06-18 15:49:05.568244	2025-06-18 15:49:05.568244
25	HKD	$	2	1	1	Hong Kong dollar	before	Dollars	Cents	0.010000	f	2025-06-18 15:49:05.568244	2025-06-18 15:49:05.568244
27	BGN	лв	2	1	1	Bulgarian lev	after	Lev	Stotinki	0.010000	f	2025-06-18 15:49:05.568244	2025-06-18 15:49:05.568244
28	LTL	Lt	2	1	1	Lithuanian litas	after	Litas	Centas	0.010000	f	2025-06-18 15:49:05.568244	2025-06-18 15:49:05.568244
29	RON	lei	2	1	1	Romanian leu	after	Leu	Bani	0.010000	f	2025-06-18 15:49:05.568244	2025-06-18 15:49:05.568244
30	HRK	kn	2	1	1	Croatian kuna	after	Kuna	Lipa	0.010000	f	2025-06-18 15:49:05.568244	2025-06-18 15:49:05.568244
31	RUB	руб	2	1	1	Russian ruble	after	Ruble	Kopek	0.010000	f	2025-06-18 15:49:05.568244	2025-06-18 15:49:05.568244
32	TRY	₺	2	1	1	Turkish lira	after	Lira	Kurus	0.010000	f	2025-06-18 15:49:05.568244	2025-06-18 15:49:05.568244
34	MXN	$	2	1	1	Mexican peso	before	Pesos	Centavos	0.010000	f	2025-06-18 15:49:05.568244	2025-06-18 15:49:05.568244
35	MYR	RM	2	1	1	Malaysian ringgit	before	Ringgit	Sen	0.010000	f	2025-06-18 15:49:05.568244	2025-06-18 15:49:05.568244
36	NZD	$	2	1	1	New Zealand dollar	before	Dollars	Cents	0.010000	f	2025-06-18 15:49:05.568244	2025-06-18 15:49:05.568244
37	PHP	₱	2	1	1	Philippine peso	after	Peso	Centavos	0.010000	f	2025-06-18 15:49:05.568244	2025-06-18 15:49:05.568244
38	SGD	S$	2	1	1	Singapore dollar	before	Dollars	Cents	0.010000	f	2025-06-18 15:49:05.568244	2025-06-18 15:49:05.568244
39	ZAR	R	2	1	1	South African rand	before	Rand	Cents	0.010000	f	2025-06-18 15:49:05.568244	2025-06-18 15:49:05.568244
40	CRC	₡	2	1	1	Costa Rican colón	before	Colon	Centimos	0.010000	f	2025-06-18 15:49:05.568244	2025-06-18 15:49:05.568244
41	MUR	Rs	2	1	1	Mauritian rupee	after	Rupee	Cents	0.010000	f	2025-06-18 15:49:05.568244	2025-06-18 15:49:05.568244
45	HNL	L	2	1	1	Honduran lempira	before	Lempiras	Centavos	0.010000	f	2025-06-18 15:49:05.568244	2025-06-18 15:49:05.568244
47	UYU	$	2	1	1	Uruguayan peso	after	Peso	Centesimos	0.010000	f	2025-06-18 15:49:05.568244	2025-06-18 15:49:05.568244
48	AFN	Afs	2	1	1	Afghan afghani	after	Afghani	Puls	0.010000	f	2025-06-18 15:49:05.568244	2025-06-18 15:49:05.568244
49	AOA	Kz	2	1	1	Angolan kwanza	after	Kwanza	Centimos	0.010000	f	2025-06-18 15:49:05.568244	2025-06-18 15:49:05.568244
50	XCD	$	2	1	1	East Caribbean dollar	after	Dollars	Cents	0.010000	f	2025-06-18 15:49:05.568244	2025-06-18 15:49:05.568244
51	AMD	դր.	2	1	1	Armenian dram	after	Dram	Luma	0.010000	f	2025-06-18 15:49:05.568244	2025-06-18 15:49:05.568244
52	AWG	Afl.	2	1	1	Aruban florin	after	Guilder	Cents	0.010000	f	2025-06-18 15:49:05.568244	2025-06-18 15:49:05.568244
53	AZN	m	2	1	1	Azerbaijani manat	after	Manat	Qapik	0.010000	f	2025-06-18 15:49:05.568244	2025-06-18 15:49:05.568244
54	BSD	B$	2	1	1	Bahamian dollar	after	Dollars	Cents	0.010000	f	2025-06-18 15:49:05.568244	2025-06-18 15:49:05.568244
56	BDT	৳	2	1	1	Bangladeshi taka	after	Taka	Paisa	0.010000	f	2025-06-18 15:49:05.568244	2025-06-18 15:49:05.568244
57	BBD	Bds$	2	1	1	Barbados dollar	after	Dollars	Cents	0.010000	f	2025-06-18 15:49:05.568244	2025-06-18 15:49:05.568244
59	BYN	Br	2	1	1	Belarusian ruble	after	Rubles	Kopeks	0.010000	f	2025-06-18 15:49:05.568244	2025-06-18 15:49:05.568244
60	BZD	BZ$	2	1	1	Belize dollar	after	Dollars	Cents	0.010000	f	2025-06-18 15:49:05.568244	2025-06-18 15:49:05.568244
61	BMD	BD$	2	1	1	Bermudian dollar	after	Dollars	Cents	0.010000	f	2025-06-18 15:49:05.568244	2025-06-18 15:49:05.568244
62	BTN	Nu.	2	1	1	Bhutanese ngultrum	after	Ngultrum	Chhertum	0.010000	f	2025-06-18 15:49:05.568244	2025-06-18 15:49:05.568244
63	BOB	Bs.	2	1	1	Boliviano	after	Boliviano	Centavos	0.010000	f	2025-06-18 15:49:05.568244	2025-06-18 15:49:05.568244
64	BAM	KM	2	1	1	Bosnia and Herzegovina convertible mark	after	Mark	Fening	0.010000	f	2025-06-18 15:49:05.568244	2025-06-18 15:49:05.568244
65	BWP	P	2	1	1	Botswana pula	after	Pula	Thebe	0.010000	f	2025-06-18 15:49:05.568244	2025-06-18 15:49:05.568244
67	KHR	៛	2	1	1	Cambodian riel	after	Riel	Sen	0.010000	f	2025-06-18 15:49:05.568244	2025-06-18 15:49:05.568244
68	KYD	$	2	1	1	Cayman Islands dollar	after	Dollars	Cents	0.010000	f	2025-06-18 15:49:05.568244	2025-06-18 15:49:05.568244
70	CDF	Fr	2	1	1	Congolese franc	after	Franc	Centime	0.010000	f	2025-06-18 15:49:05.568244	2025-06-18 15:49:05.568244
71	CUP	$	2	1	1	Cuban peso	after	Peso	Centavos	0.010000	f	2025-06-18 15:49:05.568244	2025-06-18 15:49:05.568244
72	ANG	ƒ	2	1	1	Netherlands Antillean guilder	before	Guilder	Cents	0.010000	f	2025-06-18 15:49:05.568244	2025-06-18 15:49:05.568244
74	DOP	RD$	2	1	1	Dominican peso	before	Pesos	Centavos	0.010000	f	2025-06-18 15:49:05.568244	2025-06-18 15:49:05.568244
75	EGP	LE	2	1	1	Egyptian pound	after	Pound	Piastres	0.010000	f	2025-06-18 15:49:05.568244	2025-06-18 15:49:05.568244
76	SVC	¢	2	1	1	Salvadoran Colon	after	Colones	Centavo	0.010000	f	2025-06-18 15:49:05.568244	2025-06-18 15:49:05.568244
77	ERN	Nfk	2	1	1	Eritrean nakfa	after	Nakfa	Cents	0.010000	f	2025-06-18 15:49:05.568244	2025-06-18 15:49:05.568244
78	ETB	Br	2	1	1	Ethiopian birr	after	Birr	Cents	0.010000	f	2025-06-18 15:49:05.568244	2025-06-18 15:49:05.568244
79	FKP	£	2	1	1	Falkland Islands pound	after	Pound	Penny	0.010000	f	2025-06-18 15:49:05.568244	2025-06-18 15:49:05.568244
80	FJD	FJ$	2	1	1	Fiji dollar	after	Dollars	Cents	0.010000	f	2025-06-18 15:49:05.568244	2025-06-18 15:49:05.568244
81	GEL	ლ	2	1	1	Georgian lari	after	Lari	Tetri	0.010000	f	2025-06-18 15:49:05.568244	2025-06-18 15:49:05.568244
82	GIP	£	2	1	1	Gibraltar pound	after	Pound	Penny	0.010000	f	2025-06-18 15:49:05.568244	2025-06-18 15:49:05.568244
84	GYD	$	2	1	1	Guyanese dollar	after	Dollars	Cents	0.010000	f	2025-06-18 15:49:05.568244	2025-06-18 15:49:05.568244
85	HTG	G	2	1	1	Haitian gourde	after	Gourde	Centime	0.010000	f	2025-06-18 15:49:05.568244	2025-06-18 15:49:05.568244
87	IRR	﷼	2	1	1	Iranian rial	after	Dinar	Fils	0.010000	f	2025-06-18 15:49:05.568244	2025-06-18 15:49:05.568244
89	ILS	₪	2	1	1	Israeli new shekel	before	Shekel	Agorot	0.010000	f	2025-06-18 15:49:05.568244	2025-06-18 15:49:05.568244
90	JMD	$	2	1	1	Jamaican dollar	after	Dollars	Cents	0.010000	f	2025-06-18 15:49:05.568244	2025-06-18 15:49:05.568244
92	KZT	лв	2	1	1	Kazakhstani tenge	after	Tenge	Tiin	0.010000	f	2025-06-18 15:49:05.568244	2025-06-18 15:49:05.568244
93	KES	KSh	2	1	1	Kenyan shilling	after	Shilling	Cents	0.010000	f	2025-06-18 15:49:05.568244	2025-06-18 15:49:05.568244
95	KGS	лв	2	1	1	Kyrgyzstani som	after	Som	Tyiyn	0.010000	f	2025-06-18 15:49:05.568244	2025-06-18 15:49:05.568244
96	LAK	₭	2	1	1	Lao kip	after	Kip	Att	0.010000	f	2025-06-18 15:49:05.568244	2025-06-18 15:49:05.568244
97	LBP	ل.ل	2	1	1	Lebanese pound	after	Pound	Piastres	0.010000	f	2025-06-18 15:49:05.568244	2025-06-18 15:49:05.568244
98	LSL	M	2	1	1	Lesotho loti	after	Loti	Sente	0.010000	f	2025-06-18 15:49:05.568244	2025-06-18 15:49:05.568244
99	LRD	L$	2	1	1	Liberian dollar	after	Dollars	Cents	0.010000	f	2025-06-18 15:49:05.568244	2025-06-18 15:49:05.568244
101	MOP	MOP$	2	1	1	Macanese pataca	after	Pataca	Sin	0.010000	f	2025-06-18 15:49:05.568244	2025-06-18 15:49:05.568244
102	MKD	ден	2	1	1	Macedonian denar	after	Denar	Deni	0.010000	f	2025-06-18 15:49:05.568244	2025-06-18 15:49:05.568244
103	MGA	Ar	2	1	1	Malagasy ariary	after	Ariary	Iraimbilanja	0.010000	f	2025-06-18 15:49:05.568244	2025-06-18 15:49:05.568244
104	MWK	MK	2	1	1	Malawian kwacha	after	Kwacha	Tambala	0.010000	f	2025-06-18 15:49:05.568244	2025-06-18 15:49:05.568244
105	MVR	.ރ	2	1	1	Maldivian rufiyaa	after	Rufiyaa	Laari	0.010000	f	2025-06-18 15:49:05.568244	2025-06-18 15:49:05.568244
106	MRO	UM	2	1	1	Mauritanian ouguiya (old)	after	Ouguiya	Khoums	0.010000	f	2025-06-18 15:49:05.568244	2025-06-18 15:49:05.568244
107	MRU	UM	2	1	1	Mauritanian ouguiya	after	Ouguiya	Khoums	0.010000	f	2025-06-18 15:49:05.568244	2025-06-18 15:49:05.568244
108	MDL	L	2	1	1	Moldovan leu	after	Leu	Ban	0.010000	f	2025-06-18 15:49:05.568244	2025-06-18 15:49:05.568244
109	MNT	₮	2	1	1	Mongolian tögrög	after	Tugrik	Mongo	0.010000	f	2025-06-18 15:49:05.568244	2025-06-18 15:49:05.568244
110	MAD	DH	2	1	1	Moroccan dirham	after	Dirham	Centimes	0.010000	f	2025-06-18 15:49:05.568244	2025-06-18 15:49:05.568244
111	BND	$	2	1	1	Brunei dollar	after	Dollars	Cents	0.010000	f	2025-06-18 15:49:05.568244	2025-06-18 15:49:05.568244
112	DZD	DA	2	1	1	Algerian dinar	after	Dinar	Centimes	0.010000	f	2025-06-18 15:49:05.568244	2025-06-18 15:49:05.568244
113	GHS	GH¢	2	1	1	Ghanaian cedi	after	Cedi	Pesewas	0.010000	f	2025-06-18 15:49:05.568244	2025-06-18 15:49:05.568244
114	GMD	D	2	1	1	Gambian dalasi	after	Dalasi	Butut	0.010000	f	2025-06-18 15:49:05.568244	2025-06-18 15:49:05.568244
115	MZN	MT	2	1	1	Mozambican metical	after	Metical	Centavo	0.010000	f	2025-06-18 15:49:05.568244	2025-06-18 15:49:05.568244
116	MMK	K	2	1	1	Myanmar kyat	after	Kyat	Pya	0.010000	f	2025-06-18 15:49:05.568244	2025-06-18 15:49:05.568244
117	NAD	$	2	1	1	Namibian dollar	after	Dollars	Cents	0.010000	f	2025-06-18 15:49:05.568244	2025-06-18 15:49:05.568244
118	NPR	₨	2	1	1	Nepalese rupee	after	Rupee	Paisa	0.010000	f	2025-06-18 15:49:05.568244	2025-06-18 15:49:05.568244
119	ALL	L	2	1	1	Albanian lek	after	Lek	Qindarke	0.010000	f	2025-06-18 15:49:05.568244	2025-06-18 15:49:05.568244
120	NIO	C$	2	1	1	Nicaraguan córdoba	after	Cordoba	Centavos	0.010000	f	2025-06-18 15:49:05.568244	2025-06-18 15:49:05.568244
121	NGN	₦	2	1	1	Nigerian naira	after	Naira	Kobo	0.010000	f	2025-06-18 15:49:05.568244	2025-06-18 15:49:05.568244
122	KPW	₩	2	1	1	North Korean won	after	Won	Chon	0.010000	f	2025-06-18 15:49:05.568244	2025-06-18 15:49:05.568244
123	ZWL	Z$	2	1	1	Zimbabwean dollar	after	Dollars	Cents	0.010000	f	2025-06-18 15:49:05.568244	2025-06-18 15:49:05.568244
124	ZIG	ZiG	2	1	1	Zimbabwe Gold	after	ZiGs	\N	0.010000	f	2025-06-18 15:49:05.568244	2025-06-18 15:49:05.568244
125	ZMW	ZK	2	1	1	Zambian kwacha	after	Kwacha	Ngwee	0.010000	f	2025-06-18 15:49:05.568244	2025-06-18 15:49:05.568244
126	YER	﷼	2	1	1	Yemeni rial	after	Rial	Fils	0.010000	f	2025-06-18 15:49:05.568244	2025-06-18 15:49:05.568244
128	UZS	лв	2	1	1	Uzbekistan som	after	Som	Tiyin	0.010000	f	2025-06-18 15:49:05.568244	2025-06-18 15:49:05.568244
129	AED	د.إ	2	1	1	United Arab Emirates dirham	after	Dirham	Fils	0.010000	f	2025-06-18 15:49:05.568244	2025-06-18 15:49:05.568244
130	TMT	T	2	1	1	Turkmenistan manat	after	Manat	Tenge	0.010000	f	2025-06-18 15:49:05.568244	2025-06-18 15:49:05.568244
132	TTD	$	2	1	1	Trinidad and Tobago dollar	after	Dollars	Cents	0.010000	f	2025-06-18 15:49:05.568244	2025-06-18 15:49:05.568244
133	TOP	T$	2	1	1	Tongan paʻanga	after	Paanga	Seniti	0.010000	f	2025-06-18 15:49:05.568244	2025-06-18 15:49:05.568244
134	THB	฿	2	1	1	Thai baht	after	Baht	Satang	0.010000	f	2025-06-18 15:49:05.568244	2025-06-18 15:49:05.568244
135	TZS	TSh	2	1	1	Tanzanian shilling	after	Shilling	Senti	0.010000	f	2025-06-18 15:49:05.568244	2025-06-18 15:49:05.568244
136	TJS	TJS	2	1	1	Tajikistani somoni	after	Somoni	Diram	0.010000	f	2025-06-18 15:49:05.568244	2025-06-18 15:49:05.568244
138	SYP	£	2	1	1	Syrian pound	after	Pound	Piastrp	0.010000	f	2025-06-18 15:49:05.568244	2025-06-18 15:49:05.568244
139	SZL	E	2	1	1	Swazi lilangeni	after	Lilangeni	Cents	0.010000	f	2025-06-18 15:49:05.568244	2025-06-18 15:49:05.568244
140	SRD	$	2	1	1	Surinamese dollar	after	Dollars	Cents	0.010000	f	2025-06-18 15:49:05.568244	2025-06-18 15:49:05.568244
141	SDG	ج.س.	2	1	1	Sudanese pound	after	\N	\N	0.010000	f	2025-06-18 15:49:05.568244	2025-06-18 15:49:05.568244
142	LKR	Rs	2	1	1	Sri Lankan rupee	after	Rupee	Cents	0.010000	f	2025-06-18 15:49:05.568244	2025-06-18 15:49:05.568244
143	SSP	£	2	1	1	South Sudanese pound	after	Pounds	Piasters	0.010000	f	2025-06-18 15:49:05.568244	2025-06-18 15:49:05.568244
144	GBP	£	2	1	1	Pound sterling	before	Sterling	Penny	0.010000	f	2025-06-18 15:49:05.568244	2025-06-18 15:49:05.568244
145	SOS	Sh.	2	1	1	Somali shilling	after	Shillings	Senti	0.010000	f	2025-06-18 15:49:05.568244	2025-06-18 15:49:05.568244
146	SBD	SI$	2	1	1	Solomon Islands dollar	after	Dollars	Cents	0.010000	f	2025-06-18 15:49:05.568244	2025-06-18 15:49:05.568244
147	SLL	Le	2	1	1	Sierra Leonean leone	after	Leone	Cents	0.010000	f	2025-06-18 15:49:05.568244	2025-06-18 15:49:05.568244
148	SCR	SR	2	1	1	Seychellois rupee	after	Rupee	Cents	0.010000	f	2025-06-18 15:49:05.568244	2025-06-18 15:49:05.568244
149	RSD	din.	2	1	1	Serbian dinar	after	Dinar	Para	0.010000	f	2025-06-18 15:49:05.568244	2025-06-18 15:49:05.568244
150	SAR	SR	2	1	1	Saudi riyal	after	Riyal	Halala	0.010000	f	2025-06-18 15:49:05.568244	2025-06-18 15:49:05.568244
151	STD	Db	2	1	1	São Tomé and Príncipe dobra	after	Dobra	Centimo	0.010000	f	2025-06-18 15:49:05.568244	2025-06-18 15:49:05.568244
152	WST	WS$	2	1	1	Samoan tālā	after	Tala	Sene	0.010000	f	2025-06-18 15:49:05.568244	2025-06-18 15:49:05.568244
153	SHP	£	2	1	1	Saint Helena pound	after	Pound	Penny	0.010000	f	2025-06-18 15:49:05.568244	2025-06-18 15:49:05.568244
155	QAR	QR	2	1	1	Qatari riyal	after	Rial	Dirham	0.010000	f	2025-06-18 15:49:05.568244	2025-06-18 15:49:05.568244
156	PEN	S/	2	1	1	Peruvian sol	before	Soles	Centimos	0.010000	f	2025-06-18 15:49:05.568244	2025-06-18 15:49:05.568244
158	PGK	K	2	1	1	Papua New Guinean kina	after	Kina	Toea	0.010000	f	2025-06-18 15:49:05.568244	2025-06-18 15:49:05.568244
159	PKR	Rs.	2	1	1	Pakistani rupee	after	Rupee	Paisa	0.010000	f	2025-06-18 15:49:05.568244	2025-06-18 15:49:05.568244
161	CVE	$	2	1	1	Cape Verdean escudo	after	Escudo	Centavo	0.010000	f	2025-06-18 15:49:05.568244	2025-06-18 15:49:05.568244
162	COU	$	2	1	1	Unidad de Valor Real	before	Peso	centavo	0.010000	f	2025-06-18 15:49:05.568244	2025-06-18 15:49:05.568244
164	CUC	$	2	1	1	Cuban convertible peso	after	Cuban convertible peso	\N	0.010000	f	2025-06-18 15:49:05.568244	2025-06-18 15:49:05.568244
165	GTQ	Q	2	1	1	Guatemalan Quetzal	after	Quetzales	Centavo	0.010000	f	2025-06-18 15:49:05.568244	2025-06-18 15:49:05.568244
166	VES	Bs	2	1	1	Venezuelan bolívar soberano	after	\N	\N	0.010000	f	2025-06-18 15:49:05.568244	2025-06-18 15:49:05.568244
169	STN	Db	2	1	1	São Tomé and Príncipe dobra	after	Dobra	cêntimo	0.010000	f	2025-06-18 15:49:05.568244	2025-06-18 15:49:05.568244
1	EUR	€	2	\N	1	Euro	after	Euros	Cents	0.010000	t	\N	2025-06-18 15:49:05.568244
16	XPF	XPF	0	1	1	CFP franc	after	Franc	Centimes	1.000000	f	2025-06-18 15:49:05.568244	2025-06-18 15:49:05.568244
26	JPY	¥	0	1	1	Japanese yen	before	Yen	Cen	1.000000	f	2025-06-18 15:49:05.568244	2025-06-18 15:49:05.568244
33	KRW	₩	0	1	1	South Korean won	before	Won	Chon	1.000000	f	2025-06-18 15:49:05.568244	2025-06-18 15:49:05.568244
42	XOF	CFA	0	1	1	CFA franc BCEAO	after	Franc	Centimes	1.000000	f	2025-06-18 15:49:05.568244	2025-06-18 15:49:05.568244
43	XAF	FCFA	0	1	1	CFA franc BEAC	after	Franc	Centimes	1.000000	f	2025-06-18 15:49:05.568244	2025-06-18 15:49:05.568244
44	UGX	USh	0	1	1	Ugandan shilling	after	Shilling	Cents	1.000000	f	2025-06-18 15:49:05.568244	2025-06-18 15:49:05.568244
46	CLP	$	0	1	1	Chilean peso	before	Peso	Centavos	1.000000	f	2025-06-18 15:49:05.568244	2025-06-18 15:49:05.568244
58	BYR	BR	0	1	1	Belarusian ruble	after	Ruble BYR	Kapeyka	1.000000	f	2025-06-18 15:49:05.568244	2025-06-18 15:49:05.568244
66	BIF	FBu	0	1	1	Burundian franc	after	Franc	Centime	1.000000	f	2025-06-18 15:49:05.568244	2025-06-18 15:49:05.568244
69	KMF	CF	0	1	1	Comorian franc	after	Franc	Centime	1.000000	f	2025-06-18 15:49:05.568244	2025-06-18 15:49:05.568244
73	DJF	Fdj	0	1	1	Djiboutian franc	after	Franc	Centime	1.000000	f	2025-06-18 15:49:05.568244	2025-06-18 15:49:05.568244
83	GNF	FG	0	1	1	Guinean franc	after	Franc	Centime	1.000000	f	2025-06-18 15:49:05.568244	2025-06-18 15:49:05.568244
86	ISK	kr	0	1	1	Icelandic króna	after	Krona	Aurar	1.000000	f	2025-06-18 15:49:05.568244	2025-06-18 15:49:05.568244
127	VUV	VT	0	1	1	Vanuatu vatu	after	Vatu	\N	1.000000	f	2025-06-18 15:49:05.568244	2025-06-18 15:49:05.568244
137	TWD	NT$	0	1	1	New Taiwan dollar	after	Dollars	Cents	1.000000	f	2025-06-18 15:49:05.568244	2025-06-18 15:49:05.568244
154	RWF	RF	0	1	1	Rwandan franc	after	Franc	Santime	1.000000	f	2025-06-18 15:49:05.568244	2025-06-18 15:49:05.568244
157	PYG	₲	0	1	1	Paraguayan guaraní	after	Guarani	Centimos	1.000000	f	2025-06-18 15:49:05.568244	2025-06-18 15:49:05.568244
168	UYI	$	0	1	1	Uruguay Peso en Unidades Indexadas	after	Peso	centésimo	1.000000	f	2025-06-18 15:49:05.568244	2025-06-18 15:49:05.568244
55	BHD	BD	3	1	1	Bahraini dinar	after	Dinar	Fils	0.001000	f	2025-06-18 15:49:05.568244	2025-06-18 15:49:05.568244
88	IQD	 ع.د	3	1	1	Iraqi dinar	after	Dinar	Fils	0.001000	f	2025-06-18 15:49:05.568244	2025-06-18 15:49:05.568244
91	JOD	 د.ا 	3	1	1	Jordanian dinar	after	Dinar	Fils	0.001000	f	2025-06-18 15:49:05.568244	2025-06-18 15:49:05.568244
94	KWD	 د.ك 	3	1	1	Kuwaiti dinar	after	Dinar	Fils	0.001000	f	2025-06-18 15:49:05.568244	2025-06-18 15:49:05.568244
100	LYD	 ل.د 	3	1	1	Libyan dinar	after	Dinar	Dirham	0.001000	f	2025-06-18 15:49:05.568244	2025-06-18 15:49:05.568244
131	TND	DT	3	1	1	Tunisian dinar	after	Dinar	Millimes	0.001000	f	2025-06-18 15:49:05.568244	2025-06-18 15:49:05.568244
160	OMR	ر.ع.	3	1	1	Omani rial	after	Rial	Baisa	0.001000	f	2025-06-18 15:49:05.568244	2025-06-18 15:49:05.568244
163	CLF	$	4	1	1	Unidad de Fomento	before	Peso	Centavos	0.000100	f	2025-06-18 15:49:05.568244	2025-06-18 15:49:05.568244
167	UYW	$	4	1	1	Unidad previsional	after	peso	centésimo	0.000100	f	2025-06-18 15:49:05.568244	2025-06-18 15:49:05.568244
24	VND	₫	0	1	1	Vietnamese đồng	after	Dong	Xu	1.000000	t	2025-06-18 15:49:05.568244	2025-06-18 15:59:18.657244
\.


--
-- Data for Name: res_currency_rate; Type: TABLE DATA; Schema: public; Owner: odoo
--

COPY public.res_currency_rate (id, currency_id, company_id, create_uid, write_uid, name, rate, create_date, write_date) FROM stdin;
\.


--
-- Data for Name: res_groups; Type: TABLE DATA; Schema: public; Owner: odoo
--

COPY public.res_groups (id, name, category_id, color, create_uid, write_uid, comment, share, create_date, write_date) FROM stdin;
2	{"en_US": "Access Rights", "vi_VN": "Quyền truy cập"}	85	\N	1	1	\N	\N	2025-06-18 15:49:05.568244	2025-06-18 15:49:05.568244
60	{"en_US": "Manage Multiple Stock Locations", "vi_VN": "Quản lý nhiều vị trí tồn kho"}	4	\N	1	1	\N	\N	2025-06-19 03:10:52.944233	2025-06-19 03:10:52.944233
61	{"en_US": "Manage Multiple Warehouses", "vi_VN": "Quản lý nhiều kho hàng"}	4	\N	1	1	\N	\N	2025-06-19 03:10:52.944233	2025-06-19 03:10:52.944233
62	{"en_US": "User", "vi_VN": "Người dùng"}	51	\N	1	1	\N	\N	2025-06-19 03:10:52.944233	2025-06-19 03:10:52.944233
63	{"en_US": "Administrator", "vi_VN": "Quản trị viên"}	51	\N	1	1	\N	\N	2025-06-19 03:10:52.944233	2025-06-19 03:10:52.944233
64	{"en_US": "Manage Lots / Serial Numbers", "vi_VN": "Quản lý số lô/sê-ri"}	4	\N	1	1	\N	\N	2025-06-19 03:10:52.944233	2025-06-19 03:10:52.944233
65	{"en_US": "Print GS1 Barcodes for Lot & Serial Numbers", "vi_VN": "In mã vạch GS1 cho số lô và sê-ri"}	4	\N	1	1	\N	\N	2025-06-19 03:10:52.944233	2025-06-19 03:10:52.944233
66	{"en_US": "Display Serial & Lot Number in Delivery Slips", "vi_VN": "Hiển thị số sê-ri và lô trên Phiếu giao hàng"}	4	\N	1	1	\N	\N	2025-06-19 03:10:52.944233	2025-06-19 03:10:52.944233
67	{"en_US": "Manage Packages", "vi_VN": "Quản lý kiện hàng"}	4	\N	1	1	\N	\N	2025-06-19 03:10:52.944233	2025-06-19 03:10:52.944233
68	{"en_US": "Manage Push and Pull inventory flows", "vi_VN": "Quản lý qui trình hàng tồn kho kéo và đẩy"}	4	\N	1	1	\N	\N	2025-06-19 03:10:52.944233	2025-06-19 03:10:52.944233
69	{"en_US": "Manage Different Stock Owners", "vi_VN": "Quản lý người phụ trách tồn kho khác nhau"}	4	\N	1	1	\N	\N	2025-06-19 03:10:52.944233	2025-06-19 03:10:52.944233
70	{"en_US": "A warning can be set on a partner (Stock)", "vi_VN": "Có thể đặt cảnh báo đối với đối tác (Tồn kho)"}	4	\N	1	1	\N	\N	2025-06-19 03:10:52.944233	2025-06-19 03:10:52.944233
71	{"en_US": "Require a signature on your delivery orders", "vi_VN": "Yêu cầu chữ ký trên lệnh giao hàng của bạn"}	4	\N	1	1	\N	\N	2025-06-19 03:10:52.944233	2025-06-19 03:10:52.944233
72	{"en_US": "Manage Storage Categories", "vi_VN": "Quản lý danh mục lưu kho"}	4	\N	1	1	\N	\N	2025-06-19 03:10:52.944233	2025-06-19 03:10:52.944233
73	{"en_US": "Use Reception Report", "vi_VN": "Sử dụng báo cáo nhập kho"}	4	\N	1	1	\N	\N	2025-06-19 03:10:52.944233	2025-06-19 03:10:52.944233
74	{"en_US": "Use wave pickings", "vi_VN": "Sử dụng lấy hàng theo đợt"}	4	\N	1	1	\N	\N	2025-06-19 03:10:52.944233	2025-06-19 03:10:52.944233
1	{"en_US": "Internal User", "vi_VN": "Người dùng Nội bộ"}	78	\N	\N	1	\N	\N	\N	2025-06-19 03:12:02.293263
12	{"en_US": "Access to Private Addresses", "vi_VN": "Truy cập vào Địa chỉ Riêng"}	4	\N	1	1	\N	\N	2025-06-18 15:49:05.568244	2025-06-18 15:49:05.568244
8	{"en_US": "Access to export feature", "vi_VN": "Truy cập vào tính năng xuất"}	4	\N	1	1	\N	\N	2025-06-18 15:49:05.568244	2025-06-18 15:49:05.568244
3	{"en_US": "Bypass HTML Field Sanitize", "vi_VN": "Bỏ qua tính năng Dọn dẹp Trường HTML"}	\N	\N	1	1	\N	\N	2025-06-18 15:49:05.568244	2025-06-18 15:49:05.568244
9	{"en_US": "Contact Creation", "vi_VN": "Tạo Liên hệ"}	86	\N	1	1	\N	\N	2025-06-18 15:49:05.568244	2025-06-18 15:49:05.568244
5	{"en_US": "Multi Companies", "vi_VN": "Đa công ty"}	86	\N	1	1	\N	\N	2025-06-18 15:49:05.568244	2025-06-18 15:49:05.568244
6	{"en_US": "Multi Currencies", "vi_VN": "Đa tiền tệ"}	86	\N	1	1	\N	\N	2025-06-18 15:49:05.568244	2025-06-18 15:49:05.568244
4	{"en_US": "Settings", "vi_VN": "Thiết lập"}	85	\N	1	1	\N	\N	2025-06-18 15:49:05.568244	2025-06-18 16:04:55.307597
7	{"en_US": "Technical Features", "vi_VN": "Tính năng kỹ thuật"}	86	\N	1	1	\N	\N	2025-06-18 15:49:05.568244	2025-06-18 15:49:05.568244
14	{"en_US": "Mail Template Editor", "vi_VN": "Trình chỉnh sửa mẫu thư"}	4	\N	1	1	\N	\N	2025-06-18 15:58:05.745465	2025-06-18 15:58:05.745465
75	{"en_US": "Display Serial & Lot Number on Invoices", "vi_VN": "Hiển thị số sê-ri và số lô trên hóa đơn"}	4	\N	1	1	\N	\N	2025-06-19 03:11:03.417508	2025-06-19 03:11:03.417508
76	{"en_US": "Display incoterms on Sales Order and related invoices", "vi_VN": "Hiển thị Incoterm trên đơn bán hàng &amp; hoá đơn liên quan"}	4	\N	1	1	\N	\N	2025-06-19 03:11:07.69283	2025-06-19 03:11:07.69283
10	{"en_US": "Portal", "vi_VN": "Cổng thông tin"}	78	\N	1	1	{"en_US": "Portal members have specific access rights (such as record rules and restricted menus).\\n                They usually do not belong to the usual Odoo groups.", "vi_VN": "Các thành viên cổng thông tin có quyền truy cập riêng (chẳng hạn như quy tắc ghi và menu bị hạn chế).\\n                Chúng thường không thuộc về các nhóm Odoo thông thường."}	\N	2025-06-18 15:49:05.568244	2025-06-18 15:58:29.583463
11	{"en_US": "Public", "vi_VN": "Public"}	78	\N	1	1	{"en_US": "Public users have specific access rights (such as record rules and restricted menus).\\n                They usually do not belong to the usual Odoo groups.", "vi_VN": "Người dùng công cộng có quyền truy cập cụ thể (such as record rules and restricted menus).\\n                Họ thường không thuộc nhóm người dùng thông thường."}	\N	2025-06-18 15:49:05.568244	2025-06-18 15:58:29.583463
13	{"en_US": "Manage Multiple Units of Measure", "vi_VN": "Quản lý Đa đơn vị Đo lường"}	4	\N	1	1	\N	\N	2025-06-18 15:58:01.571182	2025-06-18 15:58:01.571182
17	{"en_US": "Advanced Pricelists", "vi_VN": "Bảng giá nâng cao"}	4	\N	1	1	\N	\N	2025-06-18 15:58:16.099095	2025-06-18 15:58:16.099095
16	{"en_US": "Basic Pricelists", "vi_VN": "Bảng giá cơ bản"}	4	\N	1	1	\N	\N	2025-06-18 15:58:16.099095	2025-06-18 15:58:16.099095
20	{"en_US": "Discount on lines", "vi_VN": "Chiết khấu theo dòng"}	4	\N	1	1	\N	\N	2025-06-18 15:58:16.099095	2025-06-18 15:58:16.099095
18	{"en_US": "Manage Product Packaging", "vi_VN": "Quản lý bao bì sản phẩm"}	4	\N	1	1	\N	\N	2025-06-18 15:58:16.099095	2025-06-18 15:58:16.099095
19	{"en_US": "Manage Product Variants", "vi_VN": "Quản lý biến thể sản phẩm"}	4	\N	1	1	\N	\N	2025-06-18 15:58:16.099095	2025-06-18 15:58:16.099095
15	{"en_US": "Analytic Accounting", "vi_VN": "Kế toán Phân tích"}	4	\N	1	1	\N	\N	2025-06-18 15:58:12.212842	2025-06-18 15:58:12.212842
31	{"en_US": "A warning can be set on a partner (Account)", "vi_VN": "Cảnh báo có thể được thiết lập ở đối tác (Tài khoản)"}	4	\N	1	1	\N	\N	2025-06-18 15:58:29.583463	2025-06-18 15:58:29.583463
32	{"en_US": "Allow the cash rounding management", "vi_VN": "Cho phép quản lý làm tròn tiền mặt"}	4	\N	1	1	\N	\N	2025-06-18 15:58:29.583463	2025-06-18 15:58:29.583463
28	{"en_US": "Billing", "vi_VN": "Người lập hóa đơn"}	2	\N	1	1	\N	\N	2025-06-18 15:58:29.583463	2025-06-18 15:58:29.583463
30	{"en_US": "Billing Administrator", "vi_VN": "Quản trị viên thanh toán"}	2	\N	1	1	\N	\N	2025-06-18 15:58:29.583463	2025-06-18 15:58:29.583463
24	{"en_US": "Delivery Address", "vi_VN": "Địa chỉ giao hàng"}	4	\N	1	1	\N	\N	2025-06-18 15:58:29.583463	2025-06-18 15:58:29.583463
34	{"en_US": "Purchase Receipt", "vi_VN": "Biên lai mua hàng"}	4	\N	1	1	\N	\N	2025-06-18 15:58:29.583463	2025-06-18 15:58:29.583463
33	{"en_US": "Sale Receipt", "vi_VN": "Biên nhận bán hàng"}	4	\N	1	1	\N	\N	2025-06-18 15:58:29.583463	2025-06-18 15:58:29.583463
27	{"en_US": "Show Accounting Features - Readonly", "vi_VN": "Xem các tính năng kế toán - Chỉ xem"}	4	\N	1	1	\N	\N	2025-06-18 15:58:29.583463	2025-06-18 15:58:29.583463
29	{"en_US": "Show Full Accounting Features", "vi_VN": "Xem đầy đủ tính năng kế toán"}	4	\N	1	1	\N	\N	2025-06-18 15:58:29.583463	2025-06-18 15:58:29.583463
36	{"en_US": "A warning can be set on a product or a customer (Sale)", "vi_VN": "Có thể lập cảnh báo đối với Sản phẩm hoặc Khách hàng (Bán hàng)"}	4	\N	1	1	\N	\N	2025-06-18 15:58:45.008304	2025-06-18 15:58:45.008304
35	{"en_US": "Lock Confirmed Sales", "vi_VN": "Khóa đơn bán hàng đã xác nhận"}	4	\N	1	1	\N	\N	2025-06-18 15:58:45.008304	2025-06-18 15:58:45.008304
37	{"en_US": "Pro-forma Invoices", "vi_VN": "Hóa đơn chiếu lệ"}	4	\N	1	1	\N	\N	2025-06-18 15:58:45.008304	2025-06-18 15:58:45.008304
38	{"en_US": "Quotation Templates", "vi_VN": "Mẫu báo giá"}	4	\N	1	1	\N	\N	2025-06-18 15:58:48.952114	2025-06-18 15:58:48.952114
53	{"en_US": "Show Lead Menu", "vi_VN": "Hiển thị menu lead"}	4	\N	1	1	\N	\N	2025-06-18 16:03:55.245097	2025-06-18 16:03:55.245097
54	{"en_US": "Show Recurring Revenues Menu", "vi_VN": "Hiển thị menu doanh thu định kỳ"}	4	\N	1	1	\N	\N	2025-06-18 16:03:55.245097	2025-06-18 16:03:55.245097
56	{"en_US": "Editor and Designer", "vi_VN": "Biên tập và Thiết kế"}	75	\N	1	1	\N	\N	2025-06-18 16:04:55.307597	2025-06-18 16:04:55.307597
57	{"en_US": "Multi-website", "vi_VN": "Multi-website"}	4	\N	1	1	\N	\N	2025-06-18 16:04:55.307597	2025-06-18 16:04:55.307597
55	{"en_US": "Restricted Editor", "vi_VN": "Điều chỉnh giới hạn"}	75	\N	1	1	\N	\N	2025-06-18 16:04:55.307597	2025-06-18 16:04:55.307597
46	{"en_US": "Administrator", "vi_VN": "Người quản trị"}	59	\N	1	1	\N	\N	2025-06-18 15:59:10.560412	2025-06-18 15:59:10.560412
52	{"en_US": "Use Milestones", "vi_VN": "Sử dụng mốc thời gian"}	4	\N	1	1	\N	\N	2025-06-18 15:59:10.560412	2025-06-18 15:59:10.560412
48	{"en_US": "Use Rating on Project", "vi_VN": "Sử dụng đánh giá cho dự án"}	4	\N	1	1	\N	\N	2025-06-18 15:59:10.560412	2025-06-18 15:59:10.560412
50	{"en_US": "Use Recurring Tasks", "vi_VN": "Sử dụng nhiệm vụ định kỳ"}	4	\N	1	1	\N	\N	2025-06-18 15:59:10.560412	2025-06-18 15:59:10.560412
49	{"en_US": "Use Stages on Project", "vi_VN": "Dùng giai đoạn cho dự án"}	4	\N	1	1	\N	\N	2025-06-18 15:59:10.560412	2025-06-18 15:59:10.560412
47	{"en_US": "Use Subtasks", "vi_VN": "Sử dụng nhiệm vụ phụ"}	4	\N	1	1	\N	\N	2025-06-18 15:59:10.560412	2025-06-18 15:59:10.560412
51	{"en_US": "Use Task Dependencies", "vi_VN": "Sử dụng tính phụ thuộc của nhiệm vụ"}	4	\N	1	1	\N	\N	2025-06-18 15:59:10.560412	2025-06-18 15:59:10.560412
45	{"en_US": "User", "vi_VN": "Người dùng"}	59	\N	1	1	\N	\N	2025-06-18 15:59:10.560412	2025-06-18 15:59:10.560412
44	{"en_US": "Manage Mass Mailing Campaigns", "vi_VN": "Quản lý Chiến dịch Gửi mail hàng loạt"}	4	\N	1	1	\N	\N	2025-06-18 15:59:06.262166	2025-06-18 15:59:06.262166
43	{"en_US": "User", "vi_VN": "Người dùng"}	49	\N	1	1	\N	\N	2025-06-18 15:59:06.262166	2025-06-18 15:59:06.262166
77	{"en_US": "User", "vi_VN": "Người dùng"}	52	\N	1	1	\N	\N	2025-06-19 03:12:02.293263	2025-06-19 03:12:02.293263
78	{"en_US": "Administrator", "vi_VN": "Quản trị viên"}	52	\N	1	1	\N	\N	2025-06-19 03:12:02.293263	2025-06-19 03:12:02.293263
79	{"en_US": "A warning can be set on a product or a customer (Purchase)", "vi_VN": "Có thể đặt cảnh báo đối với Sản phẩm hoặc Khách hàng (Mua hàng)"}	4	\N	1	1	\N	\N	2025-06-19 03:12:02.293263	2025-06-19 03:12:02.293263
80	{"en_US": "Send an automatic reminder email to confirm delivery", "vi_VN": "Gửi email nhắc nhở tự động để xác nhận giao hàng"}	4	\N	1	1	\N	\N	2025-06-19 03:12:02.293263	2025-06-19 03:12:02.293263
42	{"en_US": "Administrator", "vi_VN": "Người quản trị"}	61	\N	1	1	\N	\N	2025-06-18 15:59:03.096296	2025-06-18 15:59:03.096296
41	{"en_US": "User", "vi_VN": "Người dùng"}	61	\N	1	1	\N	\N	2025-06-18 15:59:03.096296	2025-06-18 15:59:03.096296
21	{"en_US": "User: Own Documents Only", "vi_VN": "Người dùng: Chỉ tài liệu của chính mình"}	10	\N	1	1	{"en_US": "the user will have access to his own data in the sales application.", "vi_VN": "người dùng sẽ có quyền truy cập dữ liệu của chính mình trong ứng dụng bán hàng. "}	\N	2025-06-18 15:58:18.897712	2025-06-18 15:58:18.897712
22	{"en_US": "User: All Documents", "vi_VN": "Người dùng: Tất cả tài liệu"}	10	\N	1	1	{"en_US": "the user will have access to all records of everyone in the sales application.", "vi_VN": "người dùng sẽ có quyền truy cập tất cả dữ liệu của mọi người trong ứng dụng bán hàng."}	\N	2025-06-18 15:58:18.897712	2025-06-18 15:58:18.897712
23	{"en_US": "Administrator", "vi_VN": "Quản trị viên"}	10	\N	1	1	{"en_US": "the user will have an access to the sales configuration as well as statistic reports.", "vi_VN": "người dùng sẽ có quyền truy cập tới cấu hình bán hàng cũng như báo cáo thống kê. "}	\N	2025-06-18 15:58:18.897712	2025-06-18 15:58:18.897712
25	{"en_US": "Tax display B2B", "vi_VN": "Hiển thị Thuế B2B"}	4	\N	1	1	{"en_US": "Show line subtotals without taxes (B2B)", "vi_VN": "Hiển thị Thành tiền từng dòng với thuế không bao gồm (B2B)"}	\N	2025-06-18 15:58:29.583463	2025-06-18 15:58:29.583463
26	{"en_US": "Tax display B2C", "vi_VN": "Hiển thị Thuế B2C"}	4	\N	1	1	{"en_US": "Show line subtotals with taxes included (B2C)", "vi_VN": "Hiển thị Thành tiền từng dòng với thuế bao gồm (B2C)"}	\N	2025-06-18 15:58:29.583463	2025-06-18 15:58:29.583463
39	{"en_US": "Officer : Manage all employees", "vi_VN": "Cán bộ: Quản lý toàn bộ nhân viên"}	20	\N	1	1	{"en_US": "The user will be able to approve document created by employees.", "vi_VN": "Người sẽ phê chuẩn văn bản mà nhân viên tạo."}	\N	2025-06-18 15:58:54.527284	2025-06-18 15:58:54.527284
40	{"en_US": "Administrator", "vi_VN": "Người quản trị"}	20	\N	1	1	{"en_US": "The user will have access to the human resources configuration as well as statistic reports.", "vi_VN": "Người có thể thiết lập cấu hình của chức năng HR, cũng như là các báo cáo thống kê."}	\N	2025-06-18 15:58:54.527284	2025-06-18 15:58:54.527284
58	{"en_US": "User", "vi_VN": "Người dùng"}	32	\N	1	1	{"en_US": "The user will be able to join support channels.", "vi_VN": "Người dùng sẽ có khả năng tham gia kênh hỗ trợ"}	\N	2025-06-18 16:06:33.590251	2025-06-18 16:06:33.590251
59	{"en_US": "Administrator", "vi_VN": "Người quản trị"}	32	\N	1	1	{"en_US": "The user will be able to delete support channels.", "vi_VN": "Người dùng sẽ có khả năng xóa kênh hỗ trợ"}	\N	2025-06-18 16:06:33.590251	2025-06-18 16:06:33.590251
82	{"en_US": "Administrator", "vi_VN": "Người quản trị"}	22	\N	1	1	\N	\N	2025-06-19 03:12:50.286027	2025-06-19 03:12:50.286027
81	{"en_US": "Employee Manager", "vi_VN": "Quản lý của nhân viên"}	22	\N	1	1	\N	\N	2025-06-19 03:12:50.286027	2025-06-19 03:12:50.286027
85	{"en_US": "Administrator", "vi_VN": "Người quản trị"}	23	\N	1	1	\N	\N	2025-06-19 03:12:53.578007	2025-06-19 03:12:53.578007
84	{"en_US": "All Approver", "vi_VN": "Tất cả người phê duyệt"}	23	\N	1	1	\N	\N	2025-06-19 03:12:53.578007	2025-06-19 03:12:53.578007
83	{"en_US": "Team Approver", "vi_VN": "Người phê duyệt của bộ phận"}	23	\N	1	1	\N	\N	2025-06-19 03:12:53.578007	2025-06-19 03:12:53.578007
\.


--
-- Data for Name: res_groups_implied_rel; Type: TABLE DATA; Schema: public; Owner: odoo
--

COPY public.res_groups_implied_rel (gid, hid) FROM stdin;
2	1
4	2
4	3
1	7
1	6
4	14
1	14
17	16
21	1
22	21
23	22
27	1
28	1
29	28
29	27
30	28
30	12
11	25
10	25
1	25
39	12
39	1
40	39
42	41
43	1
43	14
45	1
46	45
1	16
56	55
56	3
4	56
59	58
1	53
62	1
63	62
77	1
78	77
1	80
81	1
82	81
83	1
84	83
85	84
\.


--
-- Data for Name: res_groups_report_rel; Type: TABLE DATA; Schema: public; Owner: odoo
--

COPY public.res_groups_report_rel (uid, gid) FROM stdin;
213	28
213	27
287	37
512	67
\.


--
-- Data for Name: res_groups_spreadsheet_dashboard_rel; Type: TABLE DATA; Schema: public; Owner: odoo
--

COPY public.res_groups_spreadsheet_dashboard_rel (spreadsheet_dashboard_id, res_groups_id) FROM stdin;
1	27
1	28
2	23
3	23
4	59
5	63
6	78
7	63
8	85
\.


--
-- Data for Name: res_groups_users_rel; Type: TABLE DATA; Schema: public; Owner: odoo
--

COPY public.res_groups_users_rel (gid, uid) FROM stdin;
4	1
4	2
1	1
3	2
3	1
1	2
2	2
2	1
1	3
8	1
8	2
7	1
7	2
7	3
9	1
9	2
9	3
8	3
11	4
10	5
6	1
6	3
6	2
14	2
14	1
14	3
23	1
23	2
21	2
22	2
22	1
21	1
23	3
22	3
21	3
30	1
30	2
28	1
28	2
12	1
12	2
25	4
25	5
25	3
25	1
25	2
30	3
12	3
28	3
40	1
40	2
39	1
39	2
40	3
39	3
42	1
42	2
41	1
41	2
42	3
41	3
43	1
43	2
43	3
46	1
46	2
45	2
45	1
46	3
45	3
16	3
16	1
16	2
56	1
56	2
55	1
55	2
56	3
55	3
3	3
59	1
59	2
58	2
58	1
59	3
58	3
53	1
53	2
53	3
63	1
63	2
62	1
62	2
63	3
62	3
78	1
78	2
77	1
77	2
80	2
80	1
80	3
78	3
77	3
82	1
82	2
81	1
81	2
82	3
81	3
85	1
85	2
84	2
83	2
84	1
83	1
85	3
84	3
83	3
\.


--
-- Data for Name: res_lang; Type: TABLE DATA; Schema: public; Owner: odoo
--

COPY public.res_lang (id, create_uid, write_uid, name, code, iso_code, url_code, direction, date_format, time_format, week_start, "grouping", decimal_point, thousands_sep, active, create_date, write_date) FROM stdin;
2	1	1	Amharic / አምሃርኛ	am_ET	am_ET	am_ET	ltr	%d/%m/%Y	%I:%M:%S	7	[3,0]	.	,	\N	2025-06-18 15:49:05.568244	2025-06-18 15:49:05.568244
3	1	1	Arabic / الْعَرَبيّة	ar_001	ar	ar	rtl	%d %b, %Y	%I:%M:%S	6	[3,0]	.	,	\N	2025-06-18 15:49:05.568244	2025-06-18 15:49:05.568244
4	1	1	Arabic (Syria) / الْعَرَبيّة	ar_SY	ar_SY	ar_SY	rtl	%d %b, %Y	%I:%M:%S	6	[3,0]	.	,	\N	2025-06-18 15:49:05.568244	2025-06-18 15:49:05.568244
5	1	1	Azerbaijani / Azərbaycanca	az_AZ	az	az	ltr	%d.%m.%Y	%H:%M:%S	1	[3,0]	,	 	\N	2025-06-18 15:49:05.568244	2025-06-18 15:49:05.568244
6	1	1	Basque / Euskara	eu_ES	eu_ES	eu_ES	ltr	%a, %Y.eko %bren %da	%H:%M:%S	1	[]	,	\N	\N	2025-06-18 15:49:05.568244	2025-06-18 15:49:05.568244
7	1	1	Bengali / বাংলা	bn_IN	bn_IN	bn_IN	ltr	%A %d %b %Y	%I:%M:%S	1	[]	,	\N	\N	2025-06-18 15:49:05.568244	2025-06-18 15:49:05.568244
8	1	1	Bosnian / bosanski jezik	bs_BA	bs	bs	ltr	%d.%m.%Y	%H:%M:%S	1	[3,0]	,	.	\N	2025-06-18 15:49:05.568244	2025-06-18 15:49:05.568244
9	1	1	Bulgarian / български език	bg_BG	bg	bg	ltr	%d.%m.%Y	%H,%M,%S	1	[3,0]	,	\N	\N	2025-06-18 15:49:05.568244	2025-06-18 15:49:05.568244
10	1	1	Catalan / Català	ca_ES	ca_ES	ca_ES	ltr	%d/%m/%Y	%H:%M:%S	1	[3,0]	,	.	\N	2025-06-18 15:49:05.568244	2025-06-18 15:49:05.568244
11	1	1	Chinese (Simplified) / 简体中文	zh_CN	zh_CN	zh_CN	ltr	%Y年%m月%d日	%H时%M分%S秒	7	[3,0]	.	,	\N	2025-06-18 15:49:05.568244	2025-06-18 15:49:05.568244
12	1	1	Chinese (HK)	zh_HK	zh_HK	zh_HK	ltr	%Y年%m月%d日 %A	%I時%M分%S秒	7	[3,0]	.	,	\N	2025-06-18 15:49:05.568244	2025-06-18 15:49:05.568244
13	1	1	Chinese (Traditional) / 繁體中文	zh_TW	zh_TW	zh_TW	ltr	%Y年%m月%d日	%H時%M分%S秒	7	[3,0]	.	,	\N	2025-06-18 15:49:05.568244	2025-06-18 15:49:05.568244
14	1	1	Croatian / hrvatski jezik	hr_HR	hr	hr	ltr	%d.%m.%Y	%H:%M:%S	1	[3,0]	,	.	\N	2025-06-18 15:49:05.568244	2025-06-18 15:49:05.568244
15	1	1	Czech / Čeština	cs_CZ	cs_CZ	cs_CZ	ltr	%d.%m.%Y	%H:%M:%S	1	[3,0]	,	 	\N	2025-06-18 15:49:05.568244	2025-06-18 15:49:05.568244
16	1	1	Danish / Dansk	da_DK	da_DK	da_DK	ltr	%d-%m-%Y	%H:%M:%S	1	[3,0]	,	.	\N	2025-06-18 15:49:05.568244	2025-06-18 15:49:05.568244
17	1	1	Dutch (BE) / Nederlands (BE)	nl_BE	nl_BE	nl_BE	ltr	%d-%m-%Y	%H:%M:%S	1	[3,0]	,	.	\N	2025-06-18 15:49:05.568244	2025-06-18 15:49:05.568244
18	1	1	Dutch / Nederlands	nl_NL	nl	nl	ltr	%d-%m-%Y	%H:%M:%S	1	[3,0]	,	.	\N	2025-06-18 15:49:05.568244	2025-06-18 15:49:05.568244
19	1	1	English (AU)	en_AU	en_AU	en_AU	ltr	%d/%m/%Y	%H:%M:%S	7	[3,0]	.	,	\N	2025-06-18 15:49:05.568244	2025-06-18 15:49:05.568244
20	1	1	English (CA)	en_CA	en_CA	en_CA	ltr	%Y-%m-%d	%H:%M:%S	7	[3,0]	.	,	\N	2025-06-18 15:49:05.568244	2025-06-18 15:49:05.568244
21	1	1	English (UK)	en_GB	en_GB	en_GB	ltr	%d/%m/%Y	%H:%M:%S	1	[3,0]	.	,	\N	2025-06-18 15:49:05.568244	2025-06-18 15:49:05.568244
22	1	1	English (IN)	en_IN	en_IN	en_IN	ltr	%d/%m/%Y	%H:%M:%S	7	[3,2,0]	.	,	\N	2025-06-18 15:49:05.568244	2025-06-18 15:49:05.568244
23	1	1	Estonian / Eesti keel	et_EE	et	et	ltr	%d.%m.%Y	%H:%M:%S	1	[3,0]	,	 	\N	2025-06-18 15:49:05.568244	2025-06-18 15:49:05.568244
24	1	1	Finnish / Suomi	fi_FI	fi	fi	ltr	%d.%m.%Y	%H.%M.%S	1	[3,0]	,	 	\N	2025-06-18 15:49:05.568244	2025-06-18 15:49:05.568244
25	1	1	French (BE) / Français (BE)	fr_BE	fr_BE	fr_BE	ltr	%d/%m/%Y	%H:%M:%S	1	[3,0]	,	.	\N	2025-06-18 15:49:05.568244	2025-06-18 15:49:05.568244
26	1	1	French (CA) / Français (CA)	fr_CA	fr_CA	fr_CA	ltr	%Y-%m-%d	%H:%M:%S	7	[3,0]	,	 	\N	2025-06-18 15:49:05.568244	2025-06-18 15:49:05.568244
27	1	1	French (CH) / Français (CH)	fr_CH	fr_CH	fr_CH	ltr	%d.%m.%Y	%H:%M:%S	1	[3,0]	.	'	\N	2025-06-18 15:49:05.568244	2025-06-18 15:49:05.568244
28	1	1	French / Français	fr_FR	fr	fr	ltr	%d/%m/%Y	%H:%M:%S	1	[3,0]	,	 	\N	2025-06-18 15:49:05.568244	2025-06-18 15:49:05.568244
29	1	1	Galician / Galego	gl_ES	gl	gl	ltr	%d/%m/%Y	%H:%M:%S	1	[]	,	\N	\N	2025-06-18 15:49:05.568244	2025-06-18 15:49:05.568244
30	1	1	Georgian / ქართული ენა	ka_GE	ka	ka	ltr	%m/%d/%Y	%H:%M:%S	1	[3,0]	,	.	\N	2025-06-18 15:49:05.568244	2025-06-18 15:49:05.568244
31	1	1	German / Deutsch	de_DE	de	de	ltr	%d.%m.%Y	%H:%M:%S	1	[3,0]	,	.	\N	2025-06-18 15:49:05.568244	2025-06-18 15:49:05.568244
32	1	1	German (CH) / Deutsch (CH)	de_CH	de_CH	de_CH	ltr	%d.%m.%Y	%H:%M:%S	1	[3,0]	.	'	\N	2025-06-18 15:49:05.568244	2025-06-18 15:49:05.568244
33	1	1	Greek / Ελληνικά	el_GR	el_GR	el_GR	ltr	%d/%m/%Y	%I:%M:%S %p	1	[]	,	.	\N	2025-06-18 15:49:05.568244	2025-06-18 15:49:05.568244
34	1	1	Gujarati / ગુજરાતી	gu_IN	gu	gu	ltr	%A %d %b %Y	%I:%M:%S	7	[]	.	,	\N	2025-06-18 15:49:05.568244	2025-06-18 15:49:05.568244
35	1	1	Hebrew / עברית	he_IL	he	he	rtl	%d/%m/%Y	%H:%M:%S	7	[3,0]	.	,	\N	2025-06-18 15:49:05.568244	2025-06-18 15:49:05.568244
36	1	1	Hindi / हिंदी	hi_IN	hi	hi	ltr	%A %d %b %Y	%I:%M:%S	7	[]	.	,	\N	2025-06-18 15:49:05.568244	2025-06-18 15:49:05.568244
37	1	1	Hungarian / Magyar	hu_HU	hu	hu	ltr	%Y-%m-%d	%H:%M:%S	1	[3,0]	,	.	\N	2025-06-18 15:49:05.568244	2025-06-18 15:49:05.568244
38	1	1	Indonesian / Bahasa Indonesia	id_ID	id	id	ltr	%d/%m/%Y	%H:%M:%S	7	[3,0]	,	.	\N	2025-06-18 15:49:05.568244	2025-06-18 15:49:05.568244
39	1	1	Italian / Italiano	it_IT	it	it	ltr	%d/%m/%Y	%H:%M:%S	1	[3,0]	,	.	\N	2025-06-18 15:49:05.568244	2025-06-18 15:49:05.568244
40	1	1	Japanese / 日本語	ja_JP	ja	ja	ltr	%Y年%m月%d日	%H時%M分%S秒	7	[3,0]	.	,	\N	2025-06-18 15:49:05.568244	2025-06-18 15:49:05.568244
41	1	1	Kabyle / Taqbaylit	kab_DZ	kab	kab	ltr	%m/%d/%Y	%I:%M:%S %p	6	[]	.	,	\N	2025-06-18 15:49:05.568244	2025-06-18 15:49:05.568244
42	1	1	Khmer / ភាសាខ្មែរ	km_KH	km	km	ltr	%d %B %Y	%H:%M:%S	7	[3,0]	.	,	\N	2025-06-18 15:49:05.568244	2025-06-18 15:49:05.568244
43	1	1	Korean (KP) / 한국어 (KP)	ko_KP	ko_KP	ko_KP	ltr	%m/%d/%Y	%I:%M:%S %p	1	[3,0]	.	,	\N	2025-06-18 15:49:05.568244	2025-06-18 15:49:05.568244
44	1	1	Korean (KR) / 한국어 (KR)	ko_KR	ko_KR	ko_KR	ltr	%Y년 %m월 %d일	%H시 %M분 %S초	7	[3,0]	.	,	\N	2025-06-18 15:49:05.568244	2025-06-18 15:49:05.568244
45	1	1	Lao / ພາສາລາວ	lo_LA	lo	lo	ltr	%d/%m/y	%H:%M:%S	7	[3,0]	.	,	\N	2025-06-18 15:49:05.568244	2025-06-18 15:49:05.568244
46	1	1	Latvian / latviešu valoda	lv_LV	lv	lv	ltr	%Y.%m.%d.	%H:%M:%S	1	[3,0]	,	 	\N	2025-06-18 15:49:05.568244	2025-06-18 15:49:05.568244
47	1	1	Lithuanian / Lietuvių kalba	lt_LT	lt	lt	ltr	%Y-%m-%d	%H:%M:%S	1	[3,0]	,	.	\N	2025-06-18 15:49:05.568244	2025-06-18 15:49:05.568244
48	1	1	Luxembourgish	lb_LU	lb	lb	ltr	%d/%m/%Y	%H:%M:%S	1	[3,0]	,	 	\N	2025-06-18 15:49:05.568244	2025-06-18 15:49:05.568244
49	1	1	Macedonian / македонски јазик	mk_MK	mk	mk	ltr	%d.%m.%Y	%H:%M:%S	1	[3,0]	,	 	\N	2025-06-18 15:49:05.568244	2025-06-18 15:49:05.568244
50	1	1	Malayalam / മലയാളം	ml_IN	ml	ml	ltr	%d/%m/%Y	%H:%M:%S	1	[3,0]	,	 	\N	2025-06-18 15:49:05.568244	2025-06-18 15:49:05.568244
51	1	1	Mongolian / монгол	mn_MN	mn	mn	ltr	%Y-%m-%d	%H:%M:%S	7	[3,0]	.	'	\N	2025-06-18 15:49:05.568244	2025-06-18 15:49:05.568244
52	1	1	Malay / Bahasa Melayu	ms_MY	ms	ms	ltr	%d/%m/%Y	%H:%M:%S	1	[3,0]	.	,	\N	2025-06-18 15:49:05.568244	2025-06-18 15:49:05.568244
54	1	1	Norwegian Bokmål / Norsk bokmål	nb_NO	nb_NO	nb_NO	ltr	%d.%m.%Y	%H:%M:%S	1	[3,0]	,	 	\N	2025-06-18 15:49:05.568244	2025-06-18 15:49:05.568244
55	1	1	Persian / فارسی	fa_IR	fa	fa	rtl	%Y/%m/%d	%H:%M:%S	6	[3,0]	.	,	\N	2025-06-18 15:49:05.568244	2025-06-18 15:49:05.568244
56	1	1	Polish / Język polski	pl_PL	pl	pl	ltr	%d.%m.%Y	%H:%M:%S	1	[]	,	\N	\N	2025-06-18 15:49:05.568244	2025-06-18 15:49:05.568244
57	1	1	Portuguese (AO) / Português (AO)	pt_AO	pt_AO	pt_AO	ltr	%d-%m-%Y	%H:%M:%S	1	[]	,	\N	\N	2025-06-18 15:49:05.568244	2025-06-18 15:49:05.568244
1	1	2	English (US)	en_US	en	en	ltr	%m/%d/%Y	%H:%M:%S	7	[3,0]	.	,	t	2025-06-18 15:49:05.568244	2025-06-18 15:57:55.584934
58	1	1	Portuguese (BR) / Português (BR)	pt_BR	pt_BR	pt_BR	ltr	%d/%m/%Y	%H:%M:%S	7	[3,0]	,	.	\N	2025-06-18 15:49:05.568244	2025-06-18 15:49:05.568244
59	1	1	Portuguese / Português	pt_PT	pt	pt	ltr	%d-%m-%Y	%H:%M:%S	1	[]	,	\N	\N	2025-06-18 15:49:05.568244	2025-06-18 15:49:05.568244
60	1	1	Romanian / română	ro_RO	ro	ro	ltr	%d.%m.%Y	%H:%M:%S	1	[3,0]	,	.	\N	2025-06-18 15:49:05.568244	2025-06-18 15:49:05.568244
61	1	1	Russian / русский язык	ru_RU	ru	ru	ltr	%d.%m.%Y	%H:%M:%S	1	[3,0]	,	 	\N	2025-06-18 15:49:05.568244	2025-06-18 15:49:05.568244
62	1	1	Serbian (Cyrillic) / српски	sr_RS	sr_RS	sr_RS	ltr	%d.%m.%Y.	%H:%M:%S	7	[]	,	\N	\N	2025-06-18 15:49:05.568244	2025-06-18 15:49:05.568244
63	1	1	Serbian (Latin) / srpski	sr@latin	sr@latin	sr@latin	ltr	%m/%d/%Y	%I:%M:%S %p	7	[]	.	,	\N	2025-06-18 15:49:05.568244	2025-06-18 15:49:05.568244
64	1	1	Slovak / Slovenský jazyk	sk_SK	sk	sk	ltr	%d.%m.%Y	%H:%M:%S	1	[3,0]	,	 	\N	2025-06-18 15:49:05.568244	2025-06-18 15:49:05.568244
65	1	1	Slovenian / slovenščina	sl_SI	sl	sl	ltr	%d. %m. %Y	%H:%M:%S	1	[]	,	 	\N	2025-06-18 15:49:05.568244	2025-06-18 15:49:05.568244
66	1	1	Spanish (AR) / Español (AR)	es_AR	es_AR	es_AR	ltr	%d/%m/%Y	%H:%M:%S	7	[3,0]	,	.	\N	2025-06-18 15:49:05.568244	2025-06-18 15:49:05.568244
67	1	1	Spanish (BO) / Español (BO)	es_BO	es_BO	es_BO	ltr	%d/%m/%Y	%H:%M:%S	1	[3,0]	,	.	\N	2025-06-18 15:49:05.568244	2025-06-18 15:49:05.568244
68	1	1	Spanish (CL) / Español (CL)	es_CL	es_CL	es_CL	ltr	%d/%m/%Y	%H:%M:%S	1	[3,0]	,	.	\N	2025-06-18 15:49:05.568244	2025-06-18 15:49:05.568244
69	1	1	Spanish (CO) / Español (CO)	es_CO	es_CO	es_CO	ltr	%d-%m-%Y	%H:%M:%S	7	[3,0]	,	.	\N	2025-06-18 15:49:05.568244	2025-06-18 15:49:05.568244
70	1	1	Spanish (CR) / Español (CR)	es_CR	es_CR	es_CR	ltr	%d/%m/%Y	%H:%M:%S	1	[3,0]	.	,	\N	2025-06-18 15:49:05.568244	2025-06-18 15:49:05.568244
71	1	1	Spanish (DO) / Español (DO)	es_DO	es_DO	es_DO	ltr	%d/%m/%Y	%I:%M:%S %p	1	[3,0]	.	,	\N	2025-06-18 15:49:05.568244	2025-06-18 15:49:05.568244
72	1	1	Spanish (EC) / Español (EC)	es_EC	es_EC	es_EC	ltr	%d/%m/%Y	%H:%M:%S	1	[3,0]	,	.	\N	2025-06-18 15:49:05.568244	2025-06-18 15:49:05.568244
73	1	1	Spanish (GT) / Español (GT)	es_GT	es_GT	es_GT	ltr	%d/%m/%Y	%H:%M:%S	7	[3,0]	.	,	\N	2025-06-18 15:49:05.568244	2025-06-18 15:49:05.568244
74	1	1	Spanish (MX) / Español (MX)	es_MX	es_MX	es_MX	ltr	%d/%m/%Y	%H:%M:%S	7	[3,0]	.	,	\N	2025-06-18 15:49:05.568244	2025-06-18 15:49:05.568244
75	1	1	Spanish (PA) / Español (PA)	es_PA	es_PA	es_PA	ltr	%d/%m/%Y	%H:%M:%S	7	[3,0]	.	,	\N	2025-06-18 15:49:05.568244	2025-06-18 15:49:05.568244
76	1	1	Spanish (PE) / Español (PE)	es_PE	es_PE	es_PE	ltr	%d/%m/%Y	%H:%M:%S	7	[3,0]	.	,	\N	2025-06-18 15:49:05.568244	2025-06-18 15:49:05.568244
77	1	1	Spanish (PY) / Español (PY)	es_PY	es_PY	es_PY	ltr	%d/%m/%Y	%H:%M:%S	7	[3,0]	,	.	\N	2025-06-18 15:49:05.568244	2025-06-18 15:49:05.568244
78	1	1	Spanish (UY) / Español (UY)	es_UY	es_UY	es_UY	ltr	%d/%m/%Y	%H:%M:%S	1	[3,0]	,	.	\N	2025-06-18 15:49:05.568244	2025-06-18 15:49:05.568244
79	1	1	Spanish (VE) / Español (VE)	es_VE	es_VE	es_VE	ltr	%d/%m/%Y	%H:%M:%S	7	[3,0]	,	.	\N	2025-06-18 15:49:05.568244	2025-06-18 15:49:05.568244
80	1	1	Spanish / Español	es_ES	es	es	ltr	%d/%m/%Y	%H:%M:%S	1	[3,0]	,	.	\N	2025-06-18 15:49:05.568244	2025-06-18 15:49:05.568244
81	1	1	Swedish / Svenska	sv_SE	sv	sv	ltr	%Y-%m-%d	%H:%M:%S	1	[3,0]	,	 	\N	2025-06-18 15:49:05.568244	2025-06-18 15:49:05.568244
82	1	1	Thai / ภาษาไทย	th_TH	th	th	ltr	%d/%m/%Y	%H:%M:%S	7	[3,0]	.	,	\N	2025-06-18 15:49:05.568244	2025-06-18 15:49:05.568244
83	1	1	Tagalog / Filipino	tl_PH	tl	tl	ltr	%m/%d/%y	%H:%M:%S	1	[3,0]	.	,	\N	2025-06-18 15:49:05.568244	2025-06-18 15:49:05.568244
84	1	1	Turkish / Türkçe	tr_TR	tr	tr	ltr	%d-%m-%Y	%H:%M:%S	1	[3,0]	,	.	\N	2025-06-18 15:49:05.568244	2025-06-18 15:49:05.568244
85	1	1	Ukrainian / українська	uk_UA	uk	uk	ltr	%d.%m.%Y	%H:%M:%S	1	[3,0]	,	 	\N	2025-06-18 15:49:05.568244	2025-06-18 15:49:05.568244
87	1	1	Albanian / Shqip	sq_AL	sq	sq	ltr	%Y-%b-%d	%I.%M.%S.	1	[3,0]	,	.	\N	2025-06-18 15:49:05.568244	2025-06-18 15:49:05.568244
88	1	1	Telugu / తెలుగు	te_IN	te	te	ltr	%B %d %A %Y	%p%I.%M.%S	7	[]	.	,	\N	2025-06-18 15:49:05.568244	2025-06-18 15:49:05.568244
53	1	1	Burmese / ဗမာစာ	my_MM	my	mya	ltr	%Y %b %d %A	%I:%M:%S %p	7	[3,3]	.	,	\N	2025-06-18 15:49:05.568244	2025-06-18 15:49:05.568244
86	1	2	Vietnamese / Tiếng Việt	vi_VN	vi	vi	ltr	%d/%m/%Y	%H:%M:%S	1	[3,0]	,	.	t	2025-06-18 15:49:05.568244	2025-06-19 03:06:25.188846
\.


--
-- Data for Name: res_lang_install_rel; Type: TABLE DATA; Schema: public; Owner: odoo
--

COPY public.res_lang_install_rel (language_wizard_id, lang_id) FROM stdin;
\.


--
-- Data for Name: res_partner; Type: TABLE DATA; Schema: public; Owner: odoo
--

COPY public.res_partner (id, company_id, create_date, name, title, parent_id, user_id, state_id, country_id, industry_id, color, commercial_partner_id, create_uid, write_uid, display_name, ref, lang, tz, vat, company_registry, website, function, type, street, street2, zip, city, email, phone, mobile, commercial_company_name, company_name, date, comment, partner_latitude, partner_longitude, active, employee, is_company, partner_share, write_date, message_main_attachment_id, message_bounce, email_normalized, signup_type, signup_expiration, signup_token, team_id, partner_gid, additional_info, phone_sanitized, supplier_rank, customer_rank, invoice_warn, invoice_warn_msg, debit_limit, last_time_entries_checked, sale_warn, sale_warn_msg, calendar_last_notif_ack, website_id, is_published, picking_warn, picking_warn_msg, purchase_warn, purchase_warn_msg) FROM stdin;
2	1	2025-06-18 15:49:05.568244	OdooBot	\N	\N	\N	\N	\N	\N	0	2	1	1	OdooBot	\N	vi_VN	\N	\N	\N	\N	\N	contact	\N	\N	\N	\N	odoobot@example.com	\N	\N	\N	\N	\N	\N	\N	\N	f	\N	f	f	2025-06-19 03:12:53.578007	\N	0	odoobot@example.com	\N	\N	\N	\N	\N	\N	\N	0	0	no-message	\N	\N	\N	no-message	\N	2025-06-18 16:03:53	\N	\N	no-message	\N	no-message	\N
5	\N	2025-06-18 15:49:05.568244	Default User Template	\N	\N	\N	\N	\N	\N	0	5	1	1	Default User Template	\N	vi_VN	\N	\N	\N	\N	\N	contact	\N	\N	\N	\N	\N	\N	\N	\N	\N	\N	\N	\N	\N	f	\N	f	t	2025-06-19 03:12:53.578007	\N	0	\N	\N	\N	\N	\N	\N	\N	\N	0	0	no-message	\N	\N	\N	no-message	\N	2025-06-18 16:03:53	\N	\N	no-message	\N	no-message	\N
3	1	2025-06-18 15:49:05.568244	Administrator	\N	\N	\N	\N	\N	\N	0	3	1	1	Administrator	\N	vi_VN	Asia/Ho_Chi_Minh	\N	\N	\N	\N	contact	\N	\N	\N	\N	rniinstitute.mkt@gmail.com	\N	\N	\N	\N	\N	\N	\N	\N	t	\N	f	f	2025-06-19 03:12:53.578007	\N	0	rniinstitute.mkt@gmail.com	\N	\N	\N	\N	\N	\N	\N	0	0	no-message	\N	\N	\N	no-message	\N	2025-06-18 16:03:53	\N	\N	no-message	\N	no-message	\N
1	\N	2025-06-18 15:49:03.854699	My Company	\N	\N	\N	\N	241	\N	0	1	\N	1	My Company	\N	vi_VN	\N	\N	\N	\N	\N	contact		\N			rniinstitute.mkt@gmail.com	+84867303712	\N	My Company	\N	\N	\N	\N	\N	t	\N	t	t	2025-06-19 03:10:52.944233	\N	0	rniinstitute.mkt@gmail.com	\N	\N	\N	\N	\N	\N	+84867303712	0	0	no-message	\N	\N	\N	no-message	\N	2025-06-18 16:03:53	\N	\N	no-message	\N	no-message	\N
8	\N	2025-06-18 16:06:33.590251	Welcome Bot	\N	\N	\N	\N	\N	\N	0	8	1	1	Welcome Bot	\N	vi_VN	\N	\N	\N	\N	\N	contact	\N	\N	\N	\N	\N	\N	\N	\N	\N	\N	\N	\N	\N	f	\N	f	t	2025-06-18 16:06:33.590251	\N	0	\N	\N	\N	\N	\N	\N	\N	\N	0	0	no-message	\N	\N	\N	no-message	\N	2025-06-18 16:06:36	\N	f	no-message	\N	no-message	\N
9	\N	2025-06-18 16:06:37.753287	Lead Generation Bot	\N	\N	\N	\N	\N	\N	0	9	1	1	Lead Generation Bot	\N	vi_VN	\N	\N	\N	\N	\N	contact	\N	\N	\N	\N	\N	\N	\N	\N	\N	\N	\N	\N	\N	f	\N	f	t	2025-06-18 16:06:37.753287	\N	0	\N	\N	\N	\N	\N	\N	\N	\N	0	0	no-message	\N	\N	\N	no-message	\N	2025-06-18 16:06:38	\N	f	no-message	\N	no-message	\N
7	1	2025-06-18 15:58:54.527284	Administrator	\N	\N	\N	\N	\N	\N	0	7	1	1	Administrator	\N	vi_VN	\N	\N	\N	\N	\N	private	\N	\N	\N	\N	admin@example.com	\N	\N	\N	\N	\N	\N	\N	\N	t	\N	f	t	2025-06-18 15:58:54.527284	\N	0	admin@example.com	\N	\N	\N	\N	\N	\N	\N	0	0	no-message	\N	\N	\N	no-message	\N	2025-06-18 16:03:53	\N	\N	no-message	\N	no-message	\N
4	\N	2025-06-18 15:49:05.568244	Public user	\N	\N	\N	\N	\N	\N	0	4	1	1	Public user	\N	vi_VN	\N	\N	\N	\N	\N	contact	\N	\N	\N	\N	\N	\N	\N	\N	\N	\N	\N	\N	\N	f	\N	f	t	2025-06-18 15:58:29.583463	\N	0	\N	\N	\N	\N	\N	\N	\N	\N	0	0	no-message	\N	\N	\N	no-message	\N	2025-06-18 16:03:53	\N	\N	no-message	\N	no-message	\N
6	\N	2025-06-18 15:49:05.568244	Portal User Template	\N	\N	\N	\N	\N	\N	0	6	1	1	Portal User Template	\N	vi_VN	\N	\N	\N	\N	\N	contact	\N	\N	\N	\N	\N	\N	\N	\N	\N	\N	\N	\N	\N	f	\N	f	t	2025-06-18 15:58:29.583463	\N	0	\N	\N	\N	\N	\N	\N	\N	\N	0	0	no-message	\N	\N	\N	no-message	\N	2025-06-18 16:03:53	\N	\N	no-message	\N	no-message	\N
\.


--
-- Data for Name: res_partner_autocomplete_sync; Type: TABLE DATA; Schema: public; Owner: odoo
--

COPY public.res_partner_autocomplete_sync (id, partner_id, create_uid, write_uid, synched, create_date, write_date) FROM stdin;
\.


--
-- Data for Name: res_partner_bank; Type: TABLE DATA; Schema: public; Owner: odoo
--

COPY public.res_partner_bank (id, partner_id, bank_id, sequence, currency_id, company_id, create_uid, write_uid, acc_number, sanitized_acc_number, acc_holder_name, active, allow_out_payment, create_date, write_date, message_main_attachment_id) FROM stdin;
\.


--
-- Data for Name: res_partner_category; Type: TABLE DATA; Schema: public; Owner: odoo
--

COPY public.res_partner_category (id, color, parent_id, create_uid, write_uid, parent_path, name, active, create_date, write_date) FROM stdin;
\.


--
-- Data for Name: res_partner_industry; Type: TABLE DATA; Schema: public; Owner: odoo
--

COPY public.res_partner_industry (id, create_uid, write_uid, name, full_name, active, create_date, write_date) FROM stdin;
14	1	1	{"en_US": "Administrative/Utilities", "vi_VN": "Hành chính/Tiện ích"}	{"en_US": "N - ADMINISTRATIVE AND SUPPORT SERVICE ACTIVITIES", "vi_VN": "N - HOẠT ĐỘNG HÀNH CHÍNH VÀ DỊCH VỤ HỖ TRỢ"}	t	2025-06-18 15:49:05.568244	2025-06-18 15:49:05.568244
1	1	1	{"en_US": "Agriculture", "vi_VN": "Nông nghiệp"}	{"en_US": "A - AGRICULTURE, FORESTRY AND FISHING", "vi_VN": "A - NÔNG NGHIỆP, LÂM NGHIỆP VÀ NGƯ NGHIỆP"}	t	2025-06-18 15:49:05.568244	2025-06-18 15:49:05.568244
6	1	1	{"en_US": "Construction", "vi_VN": "Xây dựng"}	{"en_US": "F - CONSTRUCTION", "vi_VN": "F - XÂY DỰNG"}	t	2025-06-18 15:49:05.568244	2025-06-18 15:49:05.568244
16	1	1	{"en_US": "Education", "vi_VN": "Giáo dục"}	{"en_US": "P - EDUCATION", "vi_VN": "P - GIÁO DỤC"}	t	2025-06-18 15:49:05.568244	2025-06-18 15:49:05.568244
4	1	1	{"en_US": "Energy supply", "vi_VN": "Cung ứng năng lượng"}	{"en_US": "D - ELECTRICITY, GAS, STEAM AND AIR CONDITIONING SUPPLY", "vi_VN": "D - NGUỒN CUNG ĐIỆN, KHÍ ĐỐT, HƠI NƯỚC VÀ ĐIỀU HÒA KHÔNG KHÍ"}	t	2025-06-18 15:49:05.568244	2025-06-18 15:49:05.568244
18	1	1	{"en_US": "Entertainment", "vi_VN": "Giải trí"}	{"en_US": "R - ARTS, ENTERTAINMENT AND RECREATION", "vi_VN": "R - NGHỆ THUẬT, GIẢI TRÍ VÀ ĐAM MÊ"}	t	2025-06-18 15:49:05.568244	2025-06-18 15:49:05.568244
11	1	1	{"en_US": "Finance/Insurance", "vi_VN": "Tài chính/Bảo hiểm"}	{"en_US": "K - FINANCIAL AND INSURANCE ACTIVITIES", "vi_VN": "K - HOẠT ĐỘNG TÀI CHÍNH VÀ BẢO HIỂM"}	t	2025-06-18 15:49:05.568244	2025-06-18 15:49:05.568244
9	1	1	{"en_US": "Food/Hospitality", "vi_VN": "Ẩm thực/Khách sạn"}	{"en_US": "I - ACCOMMODATION AND FOOD SERVICE ACTIVITIES", "vi_VN": "I - HOẠT ĐỘNG DỊCH VỤ LƯU TRÚ VÀ ĂN UỐNG"}	t	2025-06-18 15:49:05.568244	2025-06-18 15:49:05.568244
17	1	1	{"en_US": "Health/Social", "vi_VN": "Sức khoẻ/Xã hội"}	{"en_US": "Q - HUMAN HEALTH AND SOCIAL WORK ACTIVITIES", "vi_VN": "Q - CÁC HOẠT ĐỘNG SỨC KHỎE CON NGƯỜI VÀ CÔNG TÁC XÃ HỘI"}	t	2025-06-18 15:49:05.568244	2025-06-18 15:49:05.568244
20	1	1	{"en_US": "Households", "vi_VN": "Hộ gia đình"}	{"en_US": "T - ACTIVITIES OF HOUSEHOLDS AS EMPLOYERS; UNDIFFERENTIATED GOODS- AND SERVICES-PRODUCING ACTIVITIES OF HOUSEHOLDS FOR OWN USE", "vi_VN": "T - HOẠT ĐỘNG CỦA HỘ GIA ĐÌNH VỚI TƯ CÁCH LÀ NGƯỜI SỬ DỤNG LAO ĐỘNG; CÁC HOẠT ĐỘNG SẢN XUẤT HÀNG HÓA VÀ DỊCH VỤ KHÔNG PHÂN BIỆT CỦA CÁC HỘ GIA ĐÌNH ĐỂ SỬ DỤNG RIÊNG"}	t	2025-06-18 15:49:05.568244	2025-06-18 15:49:05.568244
10	1	1	{"en_US": "IT/Communication", "vi_VN": "IT/Truyền thông"}	{"en_US": "J - INFORMATION AND COMMUNICATION", "vi_VN": "J - THÔNG TIN VÀ TRUYỀN THÔNG"}	t	2025-06-18 15:49:05.568244	2025-06-18 15:49:05.568244
3	1	1	{"en_US": "Manufacturing", "vi_VN": "Sản xuất"}	{"en_US": "C - MANUFACTURING", "vi_VN": "C - SẢN XUẤT"}	t	2025-06-18 15:49:05.568244	2025-06-18 15:49:05.568244
2	1	1	{"en_US": "Mining", "vi_VN": "Khai thác"}	{"en_US": "B - MINING AND QUARRYING", "vi_VN": "B - KHAI KHOÁNG VÀ KHAI THÁC ĐÁ"}	t	2025-06-18 15:49:05.568244	2025-06-18 15:49:05.568244
19	1	1	{"en_US": "Other Services", "vi_VN": "Dịch vụ Khác"}	{"en_US": "S - OTHER SERVICE ACTIVITIES", "vi_VN": "S - CÁC HOẠT ĐỘNG DỊCH VỤ KHÁC"}	t	2025-06-18 15:49:05.568244	2025-06-18 15:49:05.568244
15	1	1	{"en_US": "Public Administration", "vi_VN": "Hành chính công"}	{"en_US": "O - PUBLIC ADMINISTRATION AND DEFENCE; COMPULSORY SOCIAL SECURITY", "vi_VN": "O - HÀNH CHÍNH CÔNG VÀ PHÒNG VỆ; AN NINH XÃ HỘI BẮT BUỘC"}	t	2025-06-18 15:49:05.568244	2025-06-18 15:49:05.568244
12	1	1	{"en_US": "Real Estate", "vi_VN": "Bất động sản"}	{"en_US": "L - REAL ESTATE ACTIVITIES", "vi_VN": "L - HOẠT ĐỘNG BẤT ĐỘNG SẢN"}	t	2025-06-18 15:49:05.568244	2025-06-18 15:49:05.568244
13	1	1	{"en_US": "Scientific", "vi_VN": "Thuộc về khoa học"}	{"en_US": "M - PROFESSIONAL, SCIENTIFIC AND TECHNICAL ACTIVITIES", "vi_VN": "M - HOẠT ĐỘNG NGHIỆP VỤ VÀ KHOA HỌC KỸ THUẬT"}	t	2025-06-18 15:49:05.568244	2025-06-18 15:49:05.568244
8	1	1	{"en_US": "Transportation/Logistics", "vi_VN": "Vận tải/hậu cần"}	{"en_US": "H - TRANSPORTATION AND STORAGE", "vi_VN": "H - GIAO THÔNG VẬN TẢI VÀ LƯU TRỮ"}	t	2025-06-18 15:49:05.568244	2025-06-18 15:49:05.568244
5	1	1	{"en_US": "Water supply", "vi_VN": "Cung cấp Nước"}	{"en_US": "E - WATER SUPPLY; SEWERAGE, WASTE MANAGEMENT AND REMEDIATION ACTIVITIES", "vi_VN": "E - NGUỒN CUNG NƯỚC; HOẠT ĐỘNG QUẢN LÝ VÀ KHẮC PHỤC KHẮC PHỤC THOÁT NƯỚC, CHẤT THẢI"}	t	2025-06-18 15:49:05.568244	2025-06-18 15:49:05.568244
7	1	1	{"en_US": "Wholesale/Retail", "vi_VN": "Bán sỉ/Bán lẻ"}	{"en_US": "G - WHOLESALE AND RETAIL TRADE; REPAIR OF MOTOR VEHICLES AND MOTORCYCLES", "vi_VN": "G - THƯƠNG MẠI BÁN BUÔN VÀ BÁN LẺ; SỬA CHỮA XE MÔ TÔ VÀ XE MÁY"}	t	2025-06-18 15:49:05.568244	2025-06-18 15:49:05.568244
21	1	1	{"en_US": "Extraterritorial", "vi_VN": "Ngoại vi"}	{"en_US": "U - ACTIVITIES OF EXTRATERRITORIAL ORGANISATIONS AND BODIES", "vi_VN": "U - HOẠT ĐỘNG CỦA CÁC TỔ CHỨC, CƠ QUAN BÊN NGOÀI"}	t	2025-06-18 15:49:05.568244	2025-06-18 15:49:05.568244
\.


--
-- Data for Name: res_partner_res_partner_category_rel; Type: TABLE DATA; Schema: public; Owner: odoo
--

COPY public.res_partner_res_partner_category_rel (category_id, partner_id) FROM stdin;
\.


--
-- Data for Name: res_partner_title; Type: TABLE DATA; Schema: public; Owner: odoo
--

COPY public.res_partner_title (id, create_uid, write_uid, name, shortcut, create_date, write_date) FROM stdin;
1	1	1	{"en_US": "Madam", "vi_VN": "Bà"}	{"en_US": "Mrs.", "vi_VN": "Mrs."}	2025-06-18 15:49:05.568244	2025-06-18 15:49:05.568244
2	1	1	{"en_US": "Miss", "vi_VN": "Cô"}	{"en_US": "Miss", "vi_VN": "Cô"}	2025-06-18 15:49:05.568244	2025-06-18 15:49:05.568244
3	1	1	{"en_US": "Mister", "vi_VN": "Ông"}	{"en_US": "Mr.", "vi_VN": "A."}	2025-06-18 15:49:05.568244	2025-06-18 15:49:05.568244
4	1	1	{"en_US": "Doctor", "vi_VN": "Tiến sĩ"}	{"en_US": "Dr.", "vi_VN": "Ts."}	2025-06-18 15:49:05.568244	2025-06-18 15:49:05.568244
5	1	1	{"en_US": "Professor", "vi_VN": "Giáo sư"}	{"en_US": "Prof.", "vi_VN": "Gs."}	2025-06-18 15:49:05.568244	2025-06-18 15:49:05.568244
\.


--
-- Data for Name: res_users; Type: TABLE DATA; Schema: public; Owner: odoo
--

COPY public.res_users (id, company_id, partner_id, active, create_date, login, password, action_id, create_uid, write_uid, signature, share, write_date, totp_secret, notification_type, odoobot_state, odoobot_failed, sale_team_id, karma, rank_id, next_rank_id, target_sales_won, target_sales_done, target_sales_invoiced, website_id, livechat_username) FROM stdin;
2	1	3	t	2025-06-18 15:49:05.568244	rniinstitute.mkt@gmail.com	$pbkdf2-sha512$600000$Was1BkAIQciZEyJkbK0VIg$f0PBReb9DIBg/ZK3nVRDkoz8IFQCdh9JD1G8HfB9H889jrwdJIo3y7DtRMgfC6MSc/2fRLWpkGY/ilbS1S5yqA	\N	1	1	<p style="margin:0px 0 0px 0;box-sizing:border-box;margin-bottom: 0px;"><span data-o-mail-quote="1">-- <br data-o-mail-quote="1">\nAdministrator</span></p>	f	2025-06-19 03:12:53.578007	\N	email	onboarding_emoji	\N	1	2500	4	\N	\N	\N	\N	\N	\N
3	1	5	f	2025-06-18 15:49:05.568244	default	\N	\N	1	1	<p data-o-mail-quote="1">--<br data-o-mail-quote="1">Default User Template</p>	f	2025-06-19 03:12:53.578007	\N	email	\N	\N	\N	0	\N	\N	\N	\N	\N	\N	\N
5	1	6	f	2025-06-18 15:49:05.568244	portaltemplate	\N	\N	1	1		t	2025-06-18 15:58:18.897712	\N	email	\N	\N	\N	0	\N	\N	\N	\N	\N	\N	\N
4	1	4	f	2025-06-18 15:49:05.568244	public	$pbkdf2-sha512$600000$szZGSMlZK2WM0bqXsjZGKA$rQP7RikocYdcz6rRrO7mpOupcX71a7dr7oL1n.Ckf5ZEUkgQnV/zI3S5rp/qo5bJoZt3xRgUSd311E3LoNixfA	\N	1	1	<p data-o-mail-quote="1">--<br data-o-mail-quote="1">Public user</p>	t	2025-06-18 15:58:18.897712	\N	email	\N	\N	\N	0	\N	\N	\N	\N	\N	\N	\N
1	1	2	f	2025-06-18 15:49:03.854699	__system__	\N	\N	\N	1	<span data-o-mail-quote="1">-- <br data-o-mail-quote="1">\nSystem</span>	f	2025-06-18 15:58:52.013416	\N	inbox	disabled	\N	\N	2500	\N	\N	\N	\N	\N	\N	\N
\.


--
-- Data for Name: res_users_apikeys; Type: TABLE DATA; Schema: public; Owner: odoo
--

COPY public.res_users_apikeys (id, name, user_id, scope, index, key, create_date) FROM stdin;
\.


--
-- Data for Name: res_users_apikeys_description; Type: TABLE DATA; Schema: public; Owner: odoo
--

COPY public.res_users_apikeys_description (id, create_uid, write_uid, name, create_date, write_date) FROM stdin;
\.


--
-- Data for Name: res_users_deletion; Type: TABLE DATA; Schema: public; Owner: odoo
--

COPY public.res_users_deletion (id, user_id, user_id_int, create_uid, write_uid, state, create_date, write_date) FROM stdin;
\.


--
-- Data for Name: res_users_identitycheck; Type: TABLE DATA; Schema: public; Owner: odoo
--

COPY public.res_users_identitycheck (id, create_uid, write_uid, request, password, create_date, write_date) FROM stdin;
\.


--
-- Data for Name: res_users_log; Type: TABLE DATA; Schema: public; Owner: odoo
--

COPY public.res_users_log (id, create_uid, write_uid, create_date, write_date) FROM stdin;
8	2	2	2025-10-23 03:09:38.015473	2025-10-23 03:09:38.015473
\.


--
-- Data for Name: res_users_settings; Type: TABLE DATA; Schema: public; Owner: odoo
--

COPY public.res_users_settings (id, user_id, voice_active_duration, create_uid, write_uid, push_to_talk_key, is_discuss_sidebar_category_channel_open, is_discuss_sidebar_category_chat_open, use_push_to_talk, create_date, write_date, is_discuss_sidebar_category_livechat_open) FROM stdin;
1	2	\N	2	2	\N	t	t	f	2025-06-18 15:59:34.287321	2025-06-18 15:59:34.287321	t
\.


--
-- Data for Name: res_users_settings_volumes; Type: TABLE DATA; Schema: public; Owner: odoo
--

COPY public.res_users_settings_volumes (id, user_setting_id, partner_id, guest_id, create_uid, write_uid, create_date, write_date, volume) FROM stdin;
\.


--
-- Data for Name: reset_view_arch_wizard; Type: TABLE DATA; Schema: public; Owner: odoo
--

COPY public.reset_view_arch_wizard (id, view_id, compare_view_id, create_uid, write_uid, reset_mode, create_date, write_date) FROM stdin;
\.


--
-- Data for Name: resource_calendar; Type: TABLE DATA; Schema: public; Owner: odoo
--

COPY public.resource_calendar (id, company_id, create_uid, write_uid, name, tz, active, two_weeks_calendar, create_date, write_date, hours_per_day) FROM stdin;
1	1	1	1	Standard 40 hours/week	Asia/Ho_Chi_Minh	t	\N	2025-06-18 15:58:03.730392	2025-06-18 15:58:03.730392	8
2	1	1	1	Standard 35 hours/week	Asia/Ho_Chi_Minh	t	\N	2025-06-18 15:58:03.730392	2025-06-18 15:58:03.730392	7
3	\N	1	1	Standard 38 hours/week	Asia/Ho_Chi_Minh	t	\N	2025-06-18 15:58:03.730392	2025-06-18 15:58:03.730392	7.6
\.


--
-- Data for Name: resource_calendar_attendance; Type: TABLE DATA; Schema: public; Owner: odoo
--

COPY public.resource_calendar_attendance (id, calendar_id, resource_id, sequence, create_uid, write_uid, name, dayofweek, day_period, week_type, display_type, date_from, date_to, create_date, write_date, hour_from, hour_to) FROM stdin;
1	1	\N	10	1	1	Monday Morning	0	morning	\N	\N	\N	\N	2025-06-18 15:58:03.730392	2025-06-18 15:58:03.730392	8	12
2	1	\N	10	1	1	Monday Afternoon	0	afternoon	\N	\N	\N	\N	2025-06-18 15:58:03.730392	2025-06-18 15:58:03.730392	13	17
3	1	\N	10	1	1	Tuesday Morning	1	morning	\N	\N	\N	\N	2025-06-18 15:58:03.730392	2025-06-18 15:58:03.730392	8	12
4	1	\N	10	1	1	Tuesday Afternoon	1	afternoon	\N	\N	\N	\N	2025-06-18 15:58:03.730392	2025-06-18 15:58:03.730392	13	17
5	1	\N	10	1	1	Wednesday Morning	2	morning	\N	\N	\N	\N	2025-06-18 15:58:03.730392	2025-06-18 15:58:03.730392	8	12
6	1	\N	10	1	1	Wednesday Afternoon	2	afternoon	\N	\N	\N	\N	2025-06-18 15:58:03.730392	2025-06-18 15:58:03.730392	13	17
7	1	\N	10	1	1	Thursday Morning	3	morning	\N	\N	\N	\N	2025-06-18 15:58:03.730392	2025-06-18 15:58:03.730392	8	12
8	1	\N	10	1	1	Thursday Afternoon	3	afternoon	\N	\N	\N	\N	2025-06-18 15:58:03.730392	2025-06-18 15:58:03.730392	13	17
9	1	\N	10	1	1	Friday Morning	4	morning	\N	\N	\N	\N	2025-06-18 15:58:03.730392	2025-06-18 15:58:03.730392	8	12
10	1	\N	10	1	1	Friday Afternoon	4	afternoon	\N	\N	\N	\N	2025-06-18 15:58:03.730392	2025-06-18 15:58:03.730392	13	17
11	2	\N	10	1	1	Monday Morning	0	morning	\N	\N	\N	\N	2025-06-18 15:58:03.730392	2025-06-18 15:58:03.730392	8	12
12	2	\N	10	1	1	Monday Afternoon	0	afternoon	\N	\N	\N	\N	2025-06-18 15:58:03.730392	2025-06-18 15:58:03.730392	13	16
13	2	\N	10	1	1	Tuesday Morning	1	morning	\N	\N	\N	\N	2025-06-18 15:58:03.730392	2025-06-18 15:58:03.730392	8	12
14	2	\N	10	1	1	Tuesday Afternoon	1	afternoon	\N	\N	\N	\N	2025-06-18 15:58:03.730392	2025-06-18 15:58:03.730392	13	16
15	2	\N	10	1	1	Wednesday Morning	2	morning	\N	\N	\N	\N	2025-06-18 15:58:03.730392	2025-06-18 15:58:03.730392	8	12
16	2	\N	10	1	1	Wednesday Afternoon	2	afternoon	\N	\N	\N	\N	2025-06-18 15:58:03.730392	2025-06-18 15:58:03.730392	13	16
17	2	\N	10	1	1	Thursday Morning	3	morning	\N	\N	\N	\N	2025-06-18 15:58:03.730392	2025-06-18 15:58:03.730392	8	12
18	2	\N	10	1	1	Thursday Afternoon	3	afternoon	\N	\N	\N	\N	2025-06-18 15:58:03.730392	2025-06-18 15:58:03.730392	13	16
19	2	\N	10	1	1	Friday Morning	4	morning	\N	\N	\N	\N	2025-06-18 15:58:03.730392	2025-06-18 15:58:03.730392	8	12
20	2	\N	10	1	1	Friday Afternoon	4	afternoon	\N	\N	\N	\N	2025-06-18 15:58:03.730392	2025-06-18 15:58:03.730392	13	16
21	3	\N	10	1	1	Monday Morning	0	morning	\N	\N	\N	\N	2025-06-18 15:58:03.730392	2025-06-18 15:58:03.730392	8	12
22	3	\N	10	1	1	Monday Afternoon	0	afternoon	\N	\N	\N	\N	2025-06-18 15:58:03.730392	2025-06-18 15:58:03.730392	13	16.6
23	3	\N	10	1	1	Tuesday Morning	1	morning	\N	\N	\N	\N	2025-06-18 15:58:03.730392	2025-06-18 15:58:03.730392	8	12
24	3	\N	10	1	1	Tuesday Afternoon	1	afternoon	\N	\N	\N	\N	2025-06-18 15:58:03.730392	2025-06-18 15:58:03.730392	13	16.6
25	3	\N	10	1	1	Wednesday Morning	2	morning	\N	\N	\N	\N	2025-06-18 15:58:03.730392	2025-06-18 15:58:03.730392	8	12
26	3	\N	10	1	1	Wednesday Afternoon	2	afternoon	\N	\N	\N	\N	2025-06-18 15:58:03.730392	2025-06-18 15:58:03.730392	13	16.6
27	3	\N	10	1	1	Thursday Morning	3	morning	\N	\N	\N	\N	2025-06-18 15:58:03.730392	2025-06-18 15:58:03.730392	8	12
28	3	\N	10	1	1	Thursday Afternoon	3	afternoon	\N	\N	\N	\N	2025-06-18 15:58:03.730392	2025-06-18 15:58:03.730392	13	16.6
29	3	\N	10	1	1	Friday Morning	4	morning	\N	\N	\N	\N	2025-06-18 15:58:03.730392	2025-06-18 15:58:03.730392	8	12
30	3	\N	10	1	1	Friday Afternoon	4	afternoon	\N	\N	\N	\N	2025-06-18 15:58:03.730392	2025-06-18 15:58:03.730392	13	16.6
\.


--
-- Data for Name: resource_calendar_leaves; Type: TABLE DATA; Schema: public; Owner: odoo
--

COPY public.resource_calendar_leaves (id, company_id, calendar_id, resource_id, create_uid, write_uid, name, time_type, date_from, date_to, create_date, write_date) FROM stdin;
\.


--
-- Data for Name: resource_resource; Type: TABLE DATA; Schema: public; Owner: odoo
--

COPY public.resource_resource (id, company_id, user_id, calendar_id, create_uid, write_uid, name, resource_type, tz, active, create_date, write_date, time_efficiency) FROM stdin;
1	1	2	1	1	1	Administrator	user	Asia/Ho_Chi_Minh	t	2025-06-18 15:58:54.527284	2025-06-18 15:58:54.527284	100
\.


--
-- Data for Name: rule_group_rel; Type: TABLE DATA; Schema: public; Owner: odoo
--

COPY public.rule_group_rel (rule_group_id, group_id) FROM stdin;
3	10
3	11
4	1
5	4
10	1
11	12
12	2
13	1
14	1
15	10
15	11
16	10
17	1
18	11
19	2
23	11
24	10
24	1
25	4
28	11
29	10
29	1
30	4
32	1
33	1
34	2
37	1
38	1
38	10
38	11
39	4
40	1
40	10
41	4
42	1
42	10
43	10
44	10
44	11
45	1
47	1
48	14
48	4
49	4
50	1
51	1
52	4
62	22
64	1
65	4
67	1
67	10
69	1
69	10
69	11
71	28
72	27
90	28
91	28
92	10
93	10
94	27
95	27
96	28
97	28
98	28
100	28
101	28
102	28
106	10
107	10
108	21
109	22
110	21
111	22
112	21
113	22
114	21
115	22
116	21
117	21
118	21
119	22
120	21
121	22
122	21
123	22
128	23
129	1
129	10
130	2
138	1
139	39
130	39
140	42
141	41
142	41
143	42
144	41
145	41
146	42
147	41
148	41
149	42
150	41
151	41
152	42
153	41
154	41
156	46
157	1
159	1
160	46
161	46
163	45
166	45
167	10
168	10
169	10
170	10
172	1
173	45
174	46
175	46
176	45
177	46
179	1
180	46
181	10
182	46
183	46
184	10
185	1
186	10
188	21
190	22
191	22
192	21
194	23
195	56
196	56
197	4
198	10
198	11
199	11
200	10
201	59
202	11
202	10
224	63
225	10
228	10
229	77
230	77
231	10
235	81
236	82
239	29
239	84
240	83
241	1
242	1
243	29
243	84
244	83
245	1
246	1
249	83
250	83
\.


--
-- Data for Name: sale_advance_payment_inv; Type: TABLE DATA; Schema: public; Owner: odoo
--

COPY public.sale_advance_payment_inv (id, product_id, currency_id, company_id, deposit_account_id, create_uid, write_uid, advance_payment_method, fixed_amount, deduct_down_payments, create_date, write_date, amount) FROM stdin;
\.


--
-- Data for Name: sale_advance_payment_inv_sale_order_rel; Type: TABLE DATA; Schema: public; Owner: odoo
--

COPY public.sale_advance_payment_inv_sale_order_rel (sale_advance_payment_inv_id, sale_order_id) FROM stdin;
\.


--
-- Data for Name: sale_order; Type: TABLE DATA; Schema: public; Owner: odoo
--

COPY public.sale_order (id, campaign_id, source_id, medium_id, message_main_attachment_id, company_id, partner_id, partner_invoice_id, partner_shipping_id, fiscal_position_id, payment_term_id, pricelist_id, currency_id, user_id, team_id, analytic_account_id, create_uid, write_uid, access_token, name, state, client_order_ref, origin, reference, signed_by, invoice_status, validity_date, note, currency_rate, amount_untaxed, amount_tax, amount_total, require_signature, require_payment, create_date, commitment_date, date_order, signed_on, write_date, sale_order_template_id, project_id, opportunity_id, incoterm, warehouse_id, procurement_group_id, incoterm_location, picking_policy, delivery_status, effective_date) FROM stdin;
\.


--
-- Data for Name: sale_order_cancel; Type: TABLE DATA; Schema: public; Owner: odoo
--

COPY public.sale_order_cancel (id, template_id, author_id, order_id, create_uid, write_uid, lang, subject, email_from, body, create_date, write_date) FROM stdin;
\.


--
-- Data for Name: sale_order_line; Type: TABLE DATA; Schema: public; Owner: odoo
--

COPY public.sale_order_line (id, order_id, sequence, company_id, currency_id, order_partner_id, salesman_id, product_id, product_uom, product_packaging_id, create_uid, write_uid, state, display_type, qty_delivered_method, invoice_status, analytic_distribution, name, product_uom_qty, price_unit, discount, price_reduce, price_subtotal, price_total, price_reduce_taxexcl, price_reduce_taxinc, qty_delivered, qty_invoiced, qty_to_invoice, untaxed_amount_invoiced, untaxed_amount_to_invoice, is_downpayment, is_expense, create_date, write_date, price_tax, product_packaging_qty, customer_lead, is_service, project_id, task_id, route_id) FROM stdin;
\.


--
-- Data for Name: sale_order_line_invoice_rel; Type: TABLE DATA; Schema: public; Owner: odoo
--

COPY public.sale_order_line_invoice_rel (invoice_line_id, order_line_id) FROM stdin;
\.


--
-- Data for Name: sale_order_option; Type: TABLE DATA; Schema: public; Owner: odoo
--

COPY public.sale_order_option (id, order_id, product_id, line_id, sequence, uom_id, create_uid, write_uid, name, quantity, price_unit, discount, create_date, write_date) FROM stdin;
\.


--
-- Data for Name: sale_order_tag_rel; Type: TABLE DATA; Schema: public; Owner: odoo
--

COPY public.sale_order_tag_rel (order_id, tag_id) FROM stdin;
\.


--
-- Data for Name: sale_order_template; Type: TABLE DATA; Schema: public; Owner: odoo
--

COPY public.sale_order_template (id, company_id, mail_template_id, number_of_days, create_uid, write_uid, name, note, active, require_signature, require_payment, create_date, write_date) FROM stdin;
\.


--
-- Data for Name: sale_order_template_line; Type: TABLE DATA; Schema: public; Owner: odoo
--

COPY public.sale_order_template_line (id, sale_order_template_id, sequence, company_id, product_id, product_uom_id, create_uid, write_uid, display_type, name, product_uom_qty, create_date, write_date) FROM stdin;
\.


--
-- Data for Name: sale_order_template_option; Type: TABLE DATA; Schema: public; Owner: odoo
--

COPY public.sale_order_template_option (id, sale_order_template_id, company_id, product_id, uom_id, create_uid, write_uid, name, quantity, create_date, write_date) FROM stdin;
\.


--
-- Data for Name: sale_order_transaction_rel; Type: TABLE DATA; Schema: public; Owner: odoo
--

COPY public.sale_order_transaction_rel (transaction_id, sale_order_id) FROM stdin;
\.


--
-- Data for Name: sale_payment_provider_onboarding_wizard; Type: TABLE DATA; Schema: public; Owner: odoo
--

COPY public.sale_payment_provider_onboarding_wizard (id, create_uid, write_uid, payment_method, paypal_user_type, paypal_email_account, paypal_seller_account, paypal_pdt_token, manual_name, journal_name, acc_number, manual_post_msg, create_date, write_date) FROM stdin;
\.


--
-- Data for Name: sms_composer; Type: TABLE DATA; Schema: public; Owner: odoo
--

COPY public.sms_composer (id, res_id, template_id, create_uid, write_uid, composition_mode, res_model, res_ids, recipient_single_number_itf, number_field_name, numbers, body, mass_keep_log, mass_force_send, mass_use_blacklist, create_date, write_date) FROM stdin;
\.


--
-- Data for Name: sms_resend; Type: TABLE DATA; Schema: public; Owner: odoo
--

COPY public.sms_resend (id, mail_message_id, create_uid, write_uid, create_date, write_date) FROM stdin;
\.


--
-- Data for Name: sms_resend_recipient; Type: TABLE DATA; Schema: public; Owner: odoo
--

COPY public.sms_resend_recipient (id, sms_resend_id, notification_id, create_uid, write_uid, partner_name, sms_number, resend, create_date, write_date) FROM stdin;
\.


--
-- Data for Name: sms_sms; Type: TABLE DATA; Schema: public; Owner: odoo
--

COPY public.sms_sms (id, partner_id, mail_message_id, create_uid, write_uid, number, state, failure_type, body, create_date, write_date) FROM stdin;
\.


--
-- Data for Name: sms_template; Type: TABLE DATA; Schema: public; Owner: odoo
--

COPY public.sms_template (id, model_id, sidebar_action_id, create_uid, write_uid, template_fs, lang, model, name, body, create_date, write_date) FROM stdin;
1	583	\N	1	1	calendar_sms/data/sms_data.xml	\N	calendar.event	{"en_US": "Calendar Event: Reminder", "vi_VN": "Calendar Event: Reminder"}	{"en_US": "Event reminder: {{ object.name }}, {{ object.get_display_time_tz(object.partner_id.tz) }}", "vi_VN": "Nhắc nhở sự kiện: {{ object.name }}, {{ object.get_display_time_tz(object.partner_id.tz) }}"}	2025-06-18 16:03:54.723875	2025-06-18 16:03:54.723875
2	662	\N	1	1	stock_sms/data/sms_data.xml	\N	stock.picking	{"en_US": "Delivery: Send by SMS Text Message", "vi_VN": "Giao hàng: Gửi bằng tin nhắn văn bản SMS"}	{"en_US": "\\n                {{ (object.company_id.name + ': We are glad to inform you that your order n° ' + object.origin + ' has been shipped.' if object.origin else object.company_id.name + ': We are glad to inform you that your order has been shipped.') + (' Your tracking reference is ' + (object.carrier_tracking_ref) + '.' if hasattr(object, 'carrier_tracking_ref') and object.carrier_tracking_ref else '') }}\\n            ", "vi_VN": "\\n                {{ (object.company_id.name + ': Chúng tôi rất vui mừng thông báo đơn hàng n° ' + object.origin + ' của bạn đã được vận chuyển.' if object.origin else object.company_id.name + ': Chúng tôi rất vui mừng thông báo đơn hàng của bạn đã được vận chuyển.') + (' Mã theo dõi đơn hàng là ' + (object.carrier_tracking_ref) + '.' if hasattr(object, 'carrier_tracking_ref') and object.carrier_tracking_ref else '') }}\\n            "}	2025-06-19 03:11:06.295861	2025-06-19 03:11:06.295861
\.


--
-- Data for Name: sms_template_preview; Type: TABLE DATA; Schema: public; Owner: odoo
--

COPY public.sms_template_preview (id, sms_template_id, create_uid, write_uid, lang, resource_ref, create_date, write_date) FROM stdin;
\.


--
-- Data for Name: sms_template_reset; Type: TABLE DATA; Schema: public; Owner: odoo
--

COPY public.sms_template_reset (id, create_uid, write_uid, create_date, write_date) FROM stdin;
\.


--
-- Data for Name: sms_template_sms_template_reset_rel; Type: TABLE DATA; Schema: public; Owner: odoo
--

COPY public.sms_template_sms_template_reset_rel (sms_template_reset_id, sms_template_id) FROM stdin;
\.


--
-- Data for Name: snailmail_confirm_invoice; Type: TABLE DATA; Schema: public; Owner: odoo
--

COPY public.snailmail_confirm_invoice (id, invoice_send_id, create_uid, write_uid, model_name, create_date, write_date) FROM stdin;
\.


--
-- Data for Name: snailmail_letter; Type: TABLE DATA; Schema: public; Owner: odoo
--

COPY public.snailmail_letter (id, user_id, res_id, partner_id, company_id, report_template, attachment_id, message_id, state_id, country_id, create_uid, write_uid, model, state, error_code, street, street2, zip, city, info_msg, color, cover, duplex, create_date, write_date) FROM stdin;
\.


--
-- Data for Name: snailmail_letter_format_error; Type: TABLE DATA; Schema: public; Owner: odoo
--

COPY public.snailmail_letter_format_error (id, message_id, create_uid, write_uid, snailmail_cover, create_date, write_date) FROM stdin;
\.


--
-- Data for Name: snailmail_letter_missing_required_fields; Type: TABLE DATA; Schema: public; Owner: odoo
--

COPY public.snailmail_letter_missing_required_fields (id, partner_id, letter_id, state_id, country_id, create_uid, write_uid, street, street2, zip, city, create_date, write_date) FROM stdin;
\.


--
-- Data for Name: spreadsheet_dashboard; Type: TABLE DATA; Schema: public; Owner: odoo
--

COPY public.spreadsheet_dashboard (id, dashboard_group_id, sequence, create_uid, write_uid, name, create_date, write_date) FROM stdin;
1	1	20	1	1	Invoicing	2025-06-18 15:58:43.744539	2025-06-18 15:58:43.744539
2	2	100	1	1	Sales	2025-06-18 15:58:51.012681	2025-06-18 15:58:51.012681
3	2	200	1	1	Product	2025-06-18 15:58:51.012681	2025-06-18 15:58:51.012681
4	4	100	1	1	Live chat	2025-06-18 16:06:38.78553	2025-06-18 16:06:38.78553
5	6	300	1	1	Inventory On Hand	2025-06-19 03:11:07.16886	2025-06-19 03:11:07.16886
6	6	200	1	1	Vendors	2025-06-19 03:12:10.049588	2025-06-19 03:12:10.049588
7	6	100	1	1	Purchase	2025-06-19 03:12:11.97592	2025-06-19 03:12:11.97592
8	1	40	1	1	Expenses	2025-06-19 03:12:58.415258	2025-06-19 03:13:00.038391
\.


--
-- Data for Name: spreadsheet_dashboard_group; Type: TABLE DATA; Schema: public; Owner: odoo
--

COPY public.spreadsheet_dashboard_group (id, sequence, create_uid, write_uid, name, create_date, write_date) FROM stdin;
1	300	1	1	Finance	2025-06-18 15:58:20.210972	2025-06-18 15:58:20.210972
2	100	1	1	Sales	2025-06-18 15:58:20.210972	2025-06-18 15:58:20.210972
3	800	1	1	Human Resources	2025-06-18 15:58:20.210972	2025-06-18 15:58:20.210972
4	700	1	1	Website	2025-06-18 15:58:20.210972	2025-06-18 15:58:20.210972
5	500	1	1	Project	2025-06-18 15:58:20.210972	2025-06-18 15:58:20.210972
6	400	1	1	Logistics	2025-06-18 15:58:20.210972	2025-06-18 15:58:20.210972
\.


--
-- Data for Name: stock_assign_serial; Type: TABLE DATA; Schema: public; Owner: odoo
--

COPY public.stock_assign_serial (id, move_id, next_serial_count, create_uid, write_uid, next_serial_number, create_date, write_date) FROM stdin;
\.


--
-- Data for Name: stock_backorder_confirmation; Type: TABLE DATA; Schema: public; Owner: odoo
--

COPY public.stock_backorder_confirmation (id, create_uid, write_uid, show_transfers, create_date, write_date) FROM stdin;
\.


--
-- Data for Name: stock_backorder_confirmation_line; Type: TABLE DATA; Schema: public; Owner: odoo
--

COPY public.stock_backorder_confirmation_line (id, backorder_confirmation_id, picking_id, create_uid, write_uid, to_backorder, create_date, write_date) FROM stdin;
\.


--
-- Data for Name: stock_change_product_qty; Type: TABLE DATA; Schema: public; Owner: odoo
--

COPY public.stock_change_product_qty (id, product_id, product_tmpl_id, create_uid, write_uid, new_quantity, create_date, write_date) FROM stdin;
\.


--
-- Data for Name: stock_conflict_quant_rel; Type: TABLE DATA; Schema: public; Owner: odoo
--

COPY public.stock_conflict_quant_rel (stock_inventory_conflict_id, stock_quant_id) FROM stdin;
\.


--
-- Data for Name: stock_immediate_transfer; Type: TABLE DATA; Schema: public; Owner: odoo
--

COPY public.stock_immediate_transfer (id, create_uid, write_uid, show_transfers, create_date, write_date) FROM stdin;
\.


--
-- Data for Name: stock_immediate_transfer_line; Type: TABLE DATA; Schema: public; Owner: odoo
--

COPY public.stock_immediate_transfer_line (id, immediate_transfer_id, picking_id, create_uid, write_uid, to_immediate, create_date, write_date) FROM stdin;
\.


--
-- Data for Name: stock_inventory_adjustment_name; Type: TABLE DATA; Schema: public; Owner: odoo
--

COPY public.stock_inventory_adjustment_name (id, create_uid, write_uid, inventory_adjustment_name, show_info, create_date, write_date) FROM stdin;
\.


--
-- Data for Name: stock_inventory_adjustment_name_stock_quant_rel; Type: TABLE DATA; Schema: public; Owner: odoo
--

COPY public.stock_inventory_adjustment_name_stock_quant_rel (stock_inventory_adjustment_name_id, stock_quant_id) FROM stdin;
\.


--
-- Data for Name: stock_inventory_conflict; Type: TABLE DATA; Schema: public; Owner: odoo
--

COPY public.stock_inventory_conflict (id, create_uid, write_uid, create_date, write_date) FROM stdin;
\.


--
-- Data for Name: stock_inventory_conflict_stock_quant_rel; Type: TABLE DATA; Schema: public; Owner: odoo
--

COPY public.stock_inventory_conflict_stock_quant_rel (stock_inventory_conflict_id, stock_quant_id) FROM stdin;
\.


--
-- Data for Name: stock_inventory_warning; Type: TABLE DATA; Schema: public; Owner: odoo
--

COPY public.stock_inventory_warning (id, create_uid, write_uid, create_date, write_date) FROM stdin;
\.


--
-- Data for Name: stock_inventory_warning_stock_quant_rel; Type: TABLE DATA; Schema: public; Owner: odoo
--

COPY public.stock_inventory_warning_stock_quant_rel (stock_inventory_warning_id, stock_quant_id) FROM stdin;
\.


--
-- Data for Name: stock_location; Type: TABLE DATA; Schema: public; Owner: odoo
--

COPY public.stock_location (id, location_id, posx, posy, posz, company_id, removal_strategy_id, cyclic_inventory_frequency, warehouse_id, storage_category_id, create_uid, write_uid, name, complete_name, usage, parent_path, barcode, last_inventory_date, next_inventory_date, comment, active, scrap_location, return_location, replenish_location, create_date, write_date, valuation_in_account_id, valuation_out_account_id) FROM stdin;
1	\N	0	0	0	\N	\N	0	\N	\N	1	1	Physical Locations	Physical Locations	view	1/	\N	\N	\N	\N	t	f	\N	f	2025-06-19 03:10:52.944233	2025-06-19 03:10:52.944233	\N	\N
2	\N	0	0	1	\N	\N	0	\N	\N	1	1	Partners	Partners	view	2/	\N	\N	\N	\N	t	f	\N	f	2025-06-19 03:10:52.944233	2025-06-19 03:10:52.944233	\N	\N
3	\N	0	0	1	\N	\N	0	\N	\N	1	1	Virtual Locations	Virtual Locations	view	3/	\N	\N	\N	\N	t	f	\N	f	2025-06-19 03:10:52.944233	2025-06-19 03:10:52.944233	\N	\N
4	2	0	0	0	\N	\N	0	\N	\N	1	1	Vendors	Partners/Vendors	supplier	2/4/	\N	\N	\N	\N	t	f	\N	f	2025-06-19 03:10:52.944233	2025-06-19 03:10:52.944233	\N	\N
5	2	0	0	0	\N	\N	0	\N	\N	1	1	Customers	Partners/Customers	customer	2/5/	\N	\N	\N	\N	t	f	\N	f	2025-06-19 03:10:52.944233	2025-06-19 03:10:52.944233	\N	\N
6	3	0	0	0	\N	\N	0	\N	\N	1	1	Inter-company transit	Virtual Locations/Inter-company transit	transit	3/6/	\N	\N	\N	\N	f	f	\N	f	2025-06-19 03:10:52.944233	2025-06-19 03:10:52.944233	\N	\N
9	7	0	0	0	1	\N	0	1	\N	1	1	Đầu vào	WH/Đầu vào	internal	1/7/9/	WH-INPUT	\N	\N	\N	f	f	\N	\N	2025-06-19 03:10:52.944233	2025-06-19 03:10:52.944233	\N	\N
10	7	0	0	0	1	\N	0	1	\N	1	1	Kiểm soát chất lượng	WH/Kiểm soát chất lượng	internal	1/7/10/	WH-QUALITY	\N	\N	\N	f	f	\N	\N	2025-06-19 03:10:52.944233	2025-06-19 03:10:52.944233	\N	\N
11	7	0	0	0	1	\N	0	1	\N	1	1	Đầu ra	WH/Đầu ra	internal	1/7/11/	WH-OUTPUT	\N	\N	\N	f	f	\N	\N	2025-06-19 03:10:52.944233	2025-06-19 03:10:52.944233	\N	\N
12	7	0	0	0	1	\N	0	1	\N	1	1	Khu vực đóng gói	WH/Khu vực đóng gói	internal	1/7/12/	WH-PACKING	\N	\N	\N	f	f	\N	\N	2025-06-19 03:10:52.944233	2025-06-19 03:10:52.944233	\N	\N
7	1	0	0	0	1	\N	0	1	\N	1	1	WH	WH	view	1/7/	\N	\N	\N	\N	t	f	\N	f	2025-06-19 03:10:52.944233	2025-06-19 03:10:52.944233	\N	\N
8	7	0	0	0	1	\N	0	1	\N	1	1	Tồn kho	WH/Tồn kho	internal	1/7/8/	WH-STOCK	\N	\N	\N	t	f	\N	t	2025-06-19 03:10:52.944233	2025-06-19 03:10:52.944233	\N	\N
13	1	0	0	0	1	\N	0	\N	\N	1	1	Trung chuyển giữ các kho hàng	Physical Locations/Trung chuyển giữ các kho hàng	transit	1/13/	\N	\N	\N	\N	f	f	\N	f	2025-06-19 03:10:52.944233	2025-06-19 03:10:52.944233	\N	\N
14	3	0	0	0	1	\N	0	\N	\N	1	1	Inventory adjustment	Virtual Locations/Inventory adjustment	inventory	3/14/	\N	\N	\N	\N	t	f	\N	f	2025-06-19 03:10:52.944233	2025-06-19 03:10:52.944233	\N	\N
15	3	0	0	0	1	\N	0	\N	\N	1	1	Production	Virtual Locations/Production	production	3/15/	\N	\N	\N	\N	t	f	\N	f	2025-06-19 03:10:52.944233	2025-06-19 03:10:52.944233	\N	\N
16	3	0	0	0	1	\N	0	\N	\N	1	1	Scrap	Virtual Locations/Scrap	inventory	3/16/	\N	\N	\N	\N	t	t	\N	f	2025-06-19 03:10:52.944233	2025-06-19 03:10:52.944233	\N	\N
\.


--
-- Data for Name: stock_lot; Type: TABLE DATA; Schema: public; Owner: odoo
--

COPY public.stock_lot (id, message_main_attachment_id, product_id, product_uom_id, company_id, create_uid, write_uid, name, ref, note, create_date, write_date) FROM stdin;
\.


--
-- Data for Name: stock_move; Type: TABLE DATA; Schema: public; Owner: odoo
--

COPY public.stock_move (id, sequence, company_id, product_id, product_uom, location_id, location_dest_id, partner_id, picking_id, group_id, rule_id, picking_type_id, origin_returned_move_id, restrict_partner_id, warehouse_id, package_level_id, next_serial_count, orderpoint_id, product_packaging_id, create_uid, write_uid, name, priority, state, origin, procure_method, reference, next_serial, reservation_date, description_picking, product_qty, product_uom_qty, quantity_done, scrapped, propagate_cancel, is_inventory, additional, date, date_deadline, delay_alert_date, create_date, write_date, price_unit, analytic_account_line_id, to_refund, sale_line_id, purchase_line_id, created_purchase_line_id) FROM stdin;
\.


--
-- Data for Name: stock_move_line; Type: TABLE DATA; Schema: public; Owner: odoo
--

COPY public.stock_move_line (id, picking_id, move_id, company_id, product_id, product_uom_id, package_id, package_level_id, lot_id, result_package_id, owner_id, location_id, location_dest_id, create_uid, write_uid, product_category_name, lot_name, state, reference, description_picking, reserved_qty, reserved_uom_qty, qty_done, date, create_date, write_date) FROM stdin;
\.


--
-- Data for Name: stock_move_line_consume_rel; Type: TABLE DATA; Schema: public; Owner: odoo
--

COPY public.stock_move_line_consume_rel (consume_line_id, produce_line_id) FROM stdin;
\.


--
-- Data for Name: stock_move_move_rel; Type: TABLE DATA; Schema: public; Owner: odoo
--

COPY public.stock_move_move_rel (move_orig_id, move_dest_id) FROM stdin;
\.


--
-- Data for Name: stock_orderpoint_snooze; Type: TABLE DATA; Schema: public; Owner: odoo
--

COPY public.stock_orderpoint_snooze (id, create_uid, write_uid, predefined_date, snoozed_until, create_date, write_date) FROM stdin;
\.


--
-- Data for Name: stock_orderpoint_snooze_stock_warehouse_orderpoint_rel; Type: TABLE DATA; Schema: public; Owner: odoo
--

COPY public.stock_orderpoint_snooze_stock_warehouse_orderpoint_rel (stock_orderpoint_snooze_id, stock_warehouse_orderpoint_id) FROM stdin;
\.


--
-- Data for Name: stock_package_destination; Type: TABLE DATA; Schema: public; Owner: odoo
--

COPY public.stock_package_destination (id, picking_id, location_dest_id, create_uid, write_uid, create_date, write_date) FROM stdin;
\.


--
-- Data for Name: stock_package_level; Type: TABLE DATA; Schema: public; Owner: odoo
--

COPY public.stock_package_level (id, package_id, picking_id, location_dest_id, company_id, create_uid, write_uid, create_date, write_date) FROM stdin;
\.


--
-- Data for Name: stock_package_type; Type: TABLE DATA; Schema: public; Owner: odoo
--

COPY public.stock_package_type (id, sequence, height, width, packaging_length, company_id, create_uid, write_uid, name, barcode, create_date, write_date, base_weight, max_weight) FROM stdin;
\.


--
-- Data for Name: stock_package_type_stock_putaway_rule_rel; Type: TABLE DATA; Schema: public; Owner: odoo
--

COPY public.stock_package_type_stock_putaway_rule_rel (stock_putaway_rule_id, stock_package_type_id) FROM stdin;
\.


--
-- Data for Name: stock_picking; Type: TABLE DATA; Schema: public; Owner: odoo
--

COPY public.stock_picking (id, message_main_attachment_id, backorder_id, group_id, location_id, location_dest_id, picking_type_id, partner_id, company_id, user_id, owner_id, create_uid, write_uid, name, origin, move_type, state, priority, note, has_deadline_issue, printed, is_locked, immediate_transfer, scheduled_date, date_deadline, date, date_done, create_date, write_date, sale_id) FROM stdin;
\.


--
-- Data for Name: stock_picking_backorder_rel; Type: TABLE DATA; Schema: public; Owner: odoo
--

COPY public.stock_picking_backorder_rel (stock_backorder_confirmation_id, stock_picking_id) FROM stdin;
\.


--
-- Data for Name: stock_picking_sms_rel; Type: TABLE DATA; Schema: public; Owner: odoo
--

COPY public.stock_picking_sms_rel (confirm_stock_sms_id, stock_picking_id) FROM stdin;
\.


--
-- Data for Name: stock_picking_transfer_rel; Type: TABLE DATA; Schema: public; Owner: odoo
--

COPY public.stock_picking_transfer_rel (stock_immediate_transfer_id, stock_picking_id) FROM stdin;
\.


--
-- Data for Name: stock_picking_type; Type: TABLE DATA; Schema: public; Owner: odoo
--

COPY public.stock_picking_type (id, color, sequence, sequence_id, default_location_src_id, default_location_dest_id, return_picking_type_id, warehouse_id, reservation_days_before, reservation_days_before_priority, company_id, create_uid, write_uid, sequence_code, code, reservation_method, barcode, create_backorder, name, show_entire_packs, active, use_create_lots, use_existing_lots, print_label, show_operations, show_reserved, auto_show_reception_report, create_date, write_date) FROM stdin;
4	0	4	7	12	12	\N	1	\N	\N	1	1	1	PACK	internal	at_confirm	WH-PACK	ask	{"en_US": "Gói"}	\N	f	f	t	\N	f	t	\N	2025-06-19 03:10:52.944233	2025-06-19 03:12:07.978439
3	0	3	6	8	12	\N	1	\N	\N	1	1	1	PICK	internal	at_confirm	WH-PICK	ask	{"en_US": "Lấy hàng"}	\N	f	f	t	\N	f	t	\N	2025-06-19 03:10:52.944233	2025-06-19 03:12:07.978439
6	0	6	9	\N	8	\N	1	\N	\N	1	1	1	RET	incoming	at_confirm	WH-RETURNS	ask	{"en_US": "Trả hàng"}	\N	t	f	t	\N	f	t	\N	2025-06-19 03:10:52.944233	2025-06-19 03:12:07.978439
1	0	1	4	\N	8	2	1	\N	\N	1	1	1	IN	incoming	at_confirm	WH-RECEIPTS	ask	{"en_US": "Phiếu nhập kho", "vi_VN": "Phiếu nhập kho"}	\N	t	t	f	\N	f	f	\N	2025-06-19 03:10:52.944233	2025-06-19 03:12:07.978439
2	0	5	5	8	\N	6	1	\N	\N	1	1	1	OUT	outgoing	at_confirm	WH-DELIVERY	ask	{"en_US": "Lệnh giao hàng", "vi_VN": "Lệnh giao hàng"}	\N	t	f	t	t	f	t	\N	2025-06-19 03:10:52.944233	2025-06-19 03:12:07.978439
5	0	2	8	8	8	\N	1	\N	\N	1	1	1	INT	internal	at_confirm	WH-INTERNAL	ask	{"en_US": "Lệnh chuyển hàng nội bộ", "vi_VN": "Lệnh chuyển hàng nội bộ"}	\N	f	f	t	\N	f	t	\N	2025-06-19 03:10:52.944233	2025-06-19 03:12:07.978439
\.


--
-- Data for Name: stock_putaway_rule; Type: TABLE DATA; Schema: public; Owner: odoo
--

COPY public.stock_putaway_rule (id, product_id, category_id, location_in_id, location_out_id, sequence, company_id, storage_category_id, create_uid, write_uid, active, create_date, write_date) FROM stdin;
\.


--
-- Data for Name: stock_quant; Type: TABLE DATA; Schema: public; Owner: odoo
--

COPY public.stock_quant (id, product_id, company_id, location_id, storage_category_id, lot_id, package_id, owner_id, user_id, create_uid, write_uid, inventory_date, quantity, reserved_quantity, inventory_quantity, inventory_diff_quantity, inventory_quantity_set, in_date, create_date, write_date, accounting_date) FROM stdin;
\.


--
-- Data for Name: stock_quant_package; Type: TABLE DATA; Schema: public; Owner: odoo
--

COPY public.stock_quant_package (id, package_type_id, location_id, company_id, create_uid, write_uid, name, package_use, pack_date, create_date, write_date) FROM stdin;
\.


--
-- Data for Name: stock_quant_stock_request_count_rel; Type: TABLE DATA; Schema: public; Owner: odoo
--

COPY public.stock_quant_stock_request_count_rel (stock_request_count_id, stock_quant_id) FROM stdin;
\.


--
-- Data for Name: stock_quant_stock_track_confirmation_rel; Type: TABLE DATA; Schema: public; Owner: odoo
--

COPY public.stock_quant_stock_track_confirmation_rel (stock_track_confirmation_id, stock_quant_id) FROM stdin;
\.


--
-- Data for Name: stock_quantity_history; Type: TABLE DATA; Schema: public; Owner: odoo
--

COPY public.stock_quantity_history (id, create_uid, write_uid, inventory_datetime, create_date, write_date) FROM stdin;
\.


--
-- Data for Name: stock_replenishment_info; Type: TABLE DATA; Schema: public; Owner: odoo
--

COPY public.stock_replenishment_info (id, orderpoint_id, create_uid, write_uid, create_date, write_date) FROM stdin;
\.


--
-- Data for Name: stock_replenishment_option; Type: TABLE DATA; Schema: public; Owner: odoo
--

COPY public.stock_replenishment_option (id, route_id, product_id, replenishment_info_id, create_uid, write_uid, create_date, write_date) FROM stdin;
\.


--
-- Data for Name: stock_request_count; Type: TABLE DATA; Schema: public; Owner: odoo
--

COPY public.stock_request_count (id, user_id, create_uid, write_uid, set_count, inventory_date, create_date, write_date, accounting_date) FROM stdin;
\.


--
-- Data for Name: stock_return_picking; Type: TABLE DATA; Schema: public; Owner: odoo
--

COPY public.stock_return_picking (id, picking_id, original_location_id, parent_location_id, location_id, create_uid, write_uid, move_dest_exists, create_date, write_date) FROM stdin;
\.


--
-- Data for Name: stock_return_picking_line; Type: TABLE DATA; Schema: public; Owner: odoo
--

COPY public.stock_return_picking_line (id, product_id, wizard_id, move_id, create_uid, write_uid, quantity, create_date, write_date, to_refund) FROM stdin;
\.


--
-- Data for Name: stock_route; Type: TABLE DATA; Schema: public; Owner: odoo
--

COPY public.stock_route (id, sequence, supplied_wh_id, supplier_wh_id, company_id, create_uid, write_uid, name, active, product_selectable, product_categ_selectable, warehouse_selectable, packaging_selectable, create_date, write_date, sale_selectable) FROM stdin;
1	5	\N	\N	\N	1	1	{"en_US": "Replenish on Order (MTO)", "vi_VN": "Bổ sung theo đơn đặt hàng (MTO)"}	f	t	\N	\N	\N	2025-06-19 03:10:52.944233	2025-06-19 03:11:07.69283	t
2	9	\N	\N	1	1	1	{"en_US": "My Company: Nhận hàng 1 bước (lưu kho)"}	t	f	t	t	\N	2025-06-19 03:10:52.944233	2025-06-19 03:12:07.978439	\N
3	10	\N	\N	1	1	1	{"en_US": "My Company: Giao hàng 1 bước (giao hàng)"}	t	f	t	t	\N	2025-06-19 03:10:52.944233	2025-06-19 03:12:07.978439	\N
4	20	\N	\N	1	1	1	{"en_US": "My Company: Cross-Dock"}	f	t	t	\N	\N	2025-06-19 03:10:52.944233	2025-06-19 03:12:07.978439	\N
5	5	\N	\N	\N	1	1	{"en_US": "Buy", "vi_VN": "Mua"}	t	t	\N	\N	\N	2025-06-19 03:12:07.978439	2025-06-19 03:12:07.978439	\N
\.


--
-- Data for Name: stock_route_categ; Type: TABLE DATA; Schema: public; Owner: odoo
--

COPY public.stock_route_categ (route_id, categ_id) FROM stdin;
\.


--
-- Data for Name: stock_route_move; Type: TABLE DATA; Schema: public; Owner: odoo
--

COPY public.stock_route_move (move_id, route_id) FROM stdin;
\.


--
-- Data for Name: stock_route_packaging; Type: TABLE DATA; Schema: public; Owner: odoo
--

COPY public.stock_route_packaging (route_id, packaging_id) FROM stdin;
\.


--
-- Data for Name: stock_route_product; Type: TABLE DATA; Schema: public; Owner: odoo
--

COPY public.stock_route_product (route_id, product_id) FROM stdin;
5	1
5	2
5	3
5	4
5	5
5	6
\.


--
-- Data for Name: stock_route_stock_rules_report_rel; Type: TABLE DATA; Schema: public; Owner: odoo
--

COPY public.stock_route_stock_rules_report_rel (stock_rules_report_id, stock_route_id) FROM stdin;
\.


--
-- Data for Name: stock_route_warehouse; Type: TABLE DATA; Schema: public; Owner: odoo
--

COPY public.stock_route_warehouse (route_id, warehouse_id) FROM stdin;
2	1
3	1
\.


--
-- Data for Name: stock_rule; Type: TABLE DATA; Schema: public; Owner: odoo
--

COPY public.stock_rule (id, group_id, sequence, company_id, location_dest_id, location_src_id, route_id, route_sequence, picking_type_id, delay, partner_address_id, warehouse_id, propagate_warehouse_id, create_uid, write_uid, group_propagation_option, action, procure_method, auto, name, active, propagate_cancel, propagate_carrier, create_date, write_date) FROM stdin;
1	\N	20	1	8	4	2	9	1	0	\N	1	\N	1	1	propagate	pull	make_to_stock	manual	{"en_US": "WH: Vendors → Tồn kho"}	f	f	f	2025-06-19 03:10:52.944233	2025-06-19 03:12:07.978439
2	\N	20	1	5	8	3	10	2	0	\N	1	\N	1	1	propagate	pull	make_to_stock	manual	{"en_US": "WH: Tồn kho → Customers"}	t	f	t	2025-06-19 03:10:52.944233	2025-06-19 03:12:07.978439
3	\N	20	1	11	9	4	20	5	0	\N	1	\N	1	1	propagate	pull	make_to_order	manual	{"en_US": "WH: Đầu vào → Đầu ra"}	t	f	f	2025-06-19 03:10:52.944233	2025-06-19 03:12:07.978439
5	\N	20	1	5	8	1	5	2	0	\N	1	\N	1	1	propagate	pull	mts_else_mto	manual	{"en_US": "WH: Tồn kho → Customers (MTO)"}	t	f	t	2025-06-19 03:10:52.944233	2025-06-19 03:12:07.978439
4	\N	20	1	5	11	4	20	2	0	\N	1	\N	1	1	propagate	pull	make_to_order	manual	{"en_US": "WH: Đầu ra → Customers"}	t	f	f	2025-06-19 03:10:52.944233	2025-06-19 03:12:07.978439
6	\N	20	1	8	\N	5	5	1	0	\N	1	\N	1	1	none	buy	make_to_stock	manual	{"en_US": "WH: Tồn kho (Buy)"}	t	f	f	2025-06-19 03:12:07.978439	2025-06-19 03:12:07.978439
\.


--
-- Data for Name: stock_rules_report; Type: TABLE DATA; Schema: public; Owner: odoo
--

COPY public.stock_rules_report (id, product_id, product_tmpl_id, create_uid, write_uid, product_has_variants, create_date, write_date) FROM stdin;
\.


--
-- Data for Name: stock_rules_report_stock_warehouse_rel; Type: TABLE DATA; Schema: public; Owner: odoo
--

COPY public.stock_rules_report_stock_warehouse_rel (stock_rules_report_id, stock_warehouse_id) FROM stdin;
\.


--
-- Data for Name: stock_scheduler_compute; Type: TABLE DATA; Schema: public; Owner: odoo
--

COPY public.stock_scheduler_compute (id, create_uid, write_uid, create_date, write_date) FROM stdin;
\.


--
-- Data for Name: stock_scrap; Type: TABLE DATA; Schema: public; Owner: odoo
--

COPY public.stock_scrap (id, message_main_attachment_id, company_id, product_id, product_uom_id, lot_id, package_id, owner_id, move_id, picking_id, location_id, scrap_location_id, create_uid, write_uid, name, origin, state, scrap_qty, date_done, create_date, write_date) FROM stdin;
\.


--
-- Data for Name: stock_storage_category; Type: TABLE DATA; Schema: public; Owner: odoo
--

COPY public.stock_storage_category (id, company_id, create_uid, write_uid, name, allow_new_product, max_weight, create_date, write_date) FROM stdin;
\.


--
-- Data for Name: stock_storage_category_capacity; Type: TABLE DATA; Schema: public; Owner: odoo
--

COPY public.stock_storage_category_capacity (id, storage_category_id, product_id, package_type_id, create_uid, write_uid, create_date, write_date, quantity) FROM stdin;
\.


--
-- Data for Name: stock_traceability_report; Type: TABLE DATA; Schema: public; Owner: odoo
--

COPY public.stock_traceability_report (id, create_uid, write_uid, create_date, write_date) FROM stdin;
\.


--
-- Data for Name: stock_track_confirmation; Type: TABLE DATA; Schema: public; Owner: odoo
--

COPY public.stock_track_confirmation (id, create_uid, write_uid, create_date, write_date) FROM stdin;
\.


--
-- Data for Name: stock_track_line; Type: TABLE DATA; Schema: public; Owner: odoo
--

COPY public.stock_track_line (id, product_id, wizard_id, create_uid, write_uid, create_date, write_date) FROM stdin;
\.


--
-- Data for Name: stock_valuation_layer; Type: TABLE DATA; Schema: public; Owner: odoo
--

COPY public.stock_valuation_layer (id, company_id, product_id, stock_valuation_layer_id, stock_move_id, account_move_id, account_move_line_id, create_uid, write_uid, description, quantity, unit_cost, value, remaining_qty, remaining_value, create_date, write_date, price_diff_value) FROM stdin;
\.


--
-- Data for Name: stock_valuation_layer_revaluation; Type: TABLE DATA; Schema: public; Owner: odoo
--

COPY public.stock_valuation_layer_revaluation (id, company_id, product_id, account_journal_id, account_id, create_uid, write_uid, reason, date, added_value, create_date, write_date) FROM stdin;
\.


--
-- Data for Name: stock_warehouse; Type: TABLE DATA; Schema: public; Owner: odoo
--

COPY public.stock_warehouse (id, company_id, partner_id, view_location_id, lot_stock_id, wh_input_stock_loc_id, wh_qc_stock_loc_id, wh_output_stock_loc_id, wh_pack_stock_loc_id, mto_pull_id, pick_type_id, pack_type_id, out_type_id, in_type_id, int_type_id, return_type_id, crossdock_route_id, reception_route_id, delivery_route_id, sequence, create_uid, write_uid, name, code, reception_steps, delivery_steps, active, create_date, write_date, buy_pull_id, buy_to_resupply) FROM stdin;
1	1	1	7	8	9	10	11	12	5	3	4	2	1	5	6	4	2	3	10	1	1	My Company	WH	one_step	ship_only	t	2025-06-19 03:10:52.944233	2025-06-19 03:12:07.978439	6	t
\.


--
-- Data for Name: stock_warehouse_orderpoint; Type: TABLE DATA; Schema: public; Owner: odoo
--

COPY public.stock_warehouse_orderpoint (id, warehouse_id, location_id, product_id, product_category_id, group_id, company_id, route_id, create_uid, write_uid, name, trigger, snoozed_until, product_min_qty, product_max_qty, qty_multiple, qty_to_order, active, create_date, write_date, supplier_id, vendor_id, purchase_visibility_days) FROM stdin;
\.


--
-- Data for Name: stock_warn_insufficient_qty_scrap; Type: TABLE DATA; Schema: public; Owner: odoo
--

COPY public.stock_warn_insufficient_qty_scrap (id, product_id, location_id, scrap_id, create_uid, write_uid, product_uom_name, create_date, write_date, quantity) FROM stdin;
\.


--
-- Data for Name: stock_wh_resupply_table; Type: TABLE DATA; Schema: public; Owner: odoo
--

COPY public.stock_wh_resupply_table (supplied_wh_id, supplier_wh_id) FROM stdin;
\.


--
-- Data for Name: survey_invite; Type: TABLE DATA; Schema: public; Owner: odoo
--

COPY public.survey_invite (id, template_id, author_id, mail_server_id, survey_id, create_uid, write_uid, lang, subject, email_from, existing_mode, body, emails, deadline, create_date, write_date) FROM stdin;
\.


--
-- Data for Name: survey_invite_partner_ids; Type: TABLE DATA; Schema: public; Owner: odoo
--

COPY public.survey_invite_partner_ids (invite_id, partner_id) FROM stdin;
\.


--
-- Data for Name: survey_mail_compose_message_ir_attachments_rel; Type: TABLE DATA; Schema: public; Owner: odoo
--

COPY public.survey_mail_compose_message_ir_attachments_rel (wizard_id, attachment_id) FROM stdin;
\.


--
-- Data for Name: survey_question; Type: TABLE DATA; Schema: public; Owner: odoo
--

COPY public.survey_question (id, survey_id, sequence, random_questions_count, page_id, time_limit, validation_length_min, validation_length_max, triggering_question_id, triggering_answer_id, create_uid, write_uid, question_type, matrix_subtype, answer_date, validation_min_date, validation_max_date, title, description, question_placeholder, comments_message, validation_error_msg, constr_error_msg, is_page, is_scored_question, save_as_email, save_as_nickname, is_time_limited, comments_allowed, comment_count_as_answer, validation_required, validation_email, constr_mandatory, is_conditional, answer_datetime, validation_min_datetime, validation_max_datetime, create_date, write_date, answer_numerical_box, answer_score, validation_min_float_value, validation_max_float_value) FROM stdin;
\.


--
-- Data for Name: survey_question_answer; Type: TABLE DATA; Schema: public; Owner: odoo
--

COPY public.survey_question_answer (id, question_id, matrix_question_id, sequence, create_uid, write_uid, value_image_filename, value, is_correct, create_date, write_date, answer_score) FROM stdin;
\.


--
-- Data for Name: survey_question_survey_user_input_rel; Type: TABLE DATA; Schema: public; Owner: odoo
--

COPY public.survey_question_survey_user_input_rel (survey_user_input_id, survey_question_id) FROM stdin;
\.


--
-- Data for Name: survey_survey; Type: TABLE DATA; Schema: public; Owner: odoo
--

COPY public.survey_survey (id, message_main_attachment_id, color, user_id, attempts_limit, certification_mail_template_id, certification_badge_id, session_question_id, create_uid, write_uid, questions_layout, questions_selection, progression_mode, access_mode, access_token, scoring_type, certification_report_layout, session_state, session_code, title, description, description_done, active, users_login_required, users_can_go_back, is_attempts_limited, is_time_limited, certification, certification_give_badge, session_speed_rating, session_start_time, session_question_start_time, create_date, write_date, scoring_success_min, time_limit) FROM stdin;
\.


--
-- Data for Name: survey_user_input; Type: TABLE DATA; Schema: public; Owner: odoo
--

COPY public.survey_user_input (id, message_main_attachment_id, survey_id, last_displayed_page_id, partner_id, create_uid, write_uid, state, access_token, invite_token, email, nickname, test_entry, scoring_success, is_session_answer, start_datetime, end_datetime, deadline, create_date, write_date, scoring_percentage, scoring_total) FROM stdin;
\.


--
-- Data for Name: survey_user_input_line; Type: TABLE DATA; Schema: public; Owner: odoo
--

COPY public.survey_user_input_line (id, user_input_id, survey_id, question_id, question_sequence, suggested_answer_id, matrix_row_id, create_uid, write_uid, answer_type, value_char_box, value_date, value_text_box, skipped, answer_is_correct, value_datetime, create_date, write_date, value_numerical_box, answer_score) FROM stdin;
\.


--
-- Data for Name: task_dependencies_rel; Type: TABLE DATA; Schema: public; Owner: odoo
--

COPY public.task_dependencies_rel (task_id, depends_on_id) FROM stdin;
\.


--
-- Data for Name: team_favorite_user_rel; Type: TABLE DATA; Schema: public; Owner: odoo
--

COPY public.team_favorite_user_rel (team_id, user_id) FROM stdin;
1	1
2	1
3	1
4	1
\.


--
-- Data for Name: theme_ir_asset; Type: TABLE DATA; Schema: public; Owner: odoo
--

COPY public.theme_ir_asset (id, sequence, create_uid, write_uid, key, name, bundle, directive, path, target, active, create_date, write_date) FROM stdin;
\.


--
-- Data for Name: theme_ir_attachment; Type: TABLE DATA; Schema: public; Owner: odoo
--

COPY public.theme_ir_attachment (id, create_uid, write_uid, name, key, url, create_date, write_date) FROM stdin;
\.


--
-- Data for Name: theme_ir_ui_view; Type: TABLE DATA; Schema: public; Owner: odoo
--

COPY public.theme_ir_ui_view (id, priority, create_uid, write_uid, name, key, type, mode, arch_fs, inherit_id, arch, active, customize_show, create_date, write_date) FROM stdin;
\.


--
-- Data for Name: theme_website_menu; Type: TABLE DATA; Schema: public; Owner: odoo
--

COPY public.theme_website_menu (id, page_id, sequence, parent_id, create_uid, write_uid, url, mega_menu_classes, name, mega_menu_content, new_window, use_main_menu_as_parent, create_date, write_date) FROM stdin;
\.


--
-- Data for Name: theme_website_page; Type: TABLE DATA; Schema: public; Owner: odoo
--

COPY public.theme_website_page (id, view_id, create_uid, write_uid, url, header_color, website_indexed, is_published, header_overlay, header_visible, footer_visible, create_date, write_date) FROM stdin;
\.


--
-- Data for Name: uom_category; Type: TABLE DATA; Schema: public; Owner: odoo
--

COPY public.uom_category (id, create_uid, write_uid, name, create_date, write_date) FROM stdin;
1	1	1	{"en_US": "Unit", "vi_VN": "Đơn vị"}	2025-06-18 15:58:01.571182	2025-06-18 15:58:01.571182
2	1	1	{"en_US": "Weight", "vi_VN": "Khối lượng"}	2025-06-18 15:58:01.571182	2025-06-18 15:58:01.571182
3	1	1	{"en_US": "Working Time", "vi_VN": "Thời gian làm việc"}	2025-06-18 15:58:01.571182	2025-06-18 15:58:01.571182
4	1	1	{"en_US": "Length / Distance", "vi_VN": "Chiều dài / Khoảng cách"}	2025-06-18 15:58:01.571182	2025-06-18 15:58:01.571182
5	1	1	{"en_US": "Surface", "vi_VN": "Bề mặt"}	2025-06-18 15:58:01.571182	2025-06-18 15:58:01.571182
6	1	1	{"en_US": "Volume", "vi_VN": "Thể tích"}	2025-06-18 15:58:01.571182	2025-06-18 15:58:01.571182
\.


--
-- Data for Name: uom_uom; Type: TABLE DATA; Schema: public; Owner: odoo
--

COPY public.uom_uom (id, category_id, create_uid, write_uid, uom_type, name, factor, rounding, active, create_date, write_date) FROM stdin;
5	4	1	1	reference	{"en_US": "m"}	1.0	0.01	t	2025-06-18 15:58:01.571182	2025-06-18 15:58:01.571182
10	6	1	1	reference	{"en_US": "L"}	1.0	0.01	t	2025-06-18 15:58:01.571182	2025-06-18 15:58:01.571182
13	2	1	1	smaller	{"en_US": "g"}	1000.0	0.01	t	2025-06-18 15:58:01.571182	2025-06-18 15:58:01.571182
14	2	1	1	bigger	{"en_US": "t"}	0.001	0.01	t	2025-06-18 15:58:01.571182	2025-06-18 15:58:01.571182
1	1	1	1	reference	{"en_US": "Units", "vi_VN": "Đơn vị"}	1.0	0.01	t	2025-06-18 15:58:01.571182	2025-06-18 15:58:01.571182
2	1	1	1	bigger	{"en_US": "Dozens", "vi_VN": "Dozens"}	0.08333333333333333	0.01	t	2025-06-18 15:58:01.571182	2025-06-18 15:58:01.571182
3	3	1	1	reference	{"en_US": "Days", "vi_VN": "Ngày"}	1.0	0.01	t	2025-06-18 15:58:01.571182	2025-06-18 15:58:01.571182
4	3	1	1	smaller	{"en_US": "Hours", "vi_VN": "Giờ"}	8.0	0.01	t	2025-06-18 15:58:01.571182	2025-06-18 15:58:01.571182
6	4	1	1	smaller	{"en_US": "mm", "vi_VN": "mm"}	1000.0	0.01	t	2025-06-18 15:58:01.571182	2025-06-18 15:58:01.571182
7	4	1	1	bigger	{"en_US": "km", "vi_VN": "km"}	0.001	0.01	t	2025-06-18 15:58:01.571182	2025-06-18 15:58:01.571182
8	4	1	1	smaller	{"en_US": "cm", "vi_VN": "cm"}	100.0	0.01	t	2025-06-18 15:58:01.571182	2025-06-18 15:58:01.571182
9	5	1	1	reference	{"en_US": "m²", "vi_VN": "m²"}	1.0	0.01	t	2025-06-18 15:58:01.571182	2025-06-18 15:58:01.571182
11	6	1	1	bigger	{"en_US": "m³", "vi_VN": "m³"}	0.001	0.01	t	2025-06-18 15:58:01.571182	2025-06-18 15:58:01.571182
12	2	1	1	reference	{"en_US": "kg", "vi_VN": "kg"}	1.0	0.01	t	2025-06-18 15:58:01.571182	2025-06-18 15:58:01.571182
15	2	1	1	smaller	{"en_US": "lb", "vi_VN": "lb"}	2.20462	0.01	t	2025-06-18 15:58:01.571182	2025-06-18 15:58:01.571182
16	2	1	1	smaller	{"en_US": "oz", "vi_VN": "oz"}	35.274	0.01	t	2025-06-18 15:58:01.571182	2025-06-18 15:58:01.571182
17	4	1	1	smaller	{"en_US": "in", "vi_VN": "trong"}	39.3701	0.01	t	2025-06-18 15:58:01.571182	2025-06-18 15:58:01.571182
18	4	1	1	smaller	{"en_US": "ft", "vi_VN": "ft"}	3.28084	0.01	t	2025-06-18 15:58:01.571182	2025-06-18 15:58:01.571182
19	4	1	1	smaller	{"en_US": "yd", "vi_VN": "yd"}	1.09361	0.01	t	2025-06-18 15:58:01.571182	2025-06-18 15:58:01.571182
20	4	1	1	bigger	{"en_US": "mi", "vi_VN": "mi"}	0.0006213727366498068	0.01	t	2025-06-18 15:58:01.571182	2025-06-18 15:58:01.571182
21	5	1	1	smaller	{"en_US": "ft²", "vi_VN": "ft²"}	10.76391	0.01	t	2025-06-18 15:58:01.571182	2025-06-18 15:58:01.571182
22	6	1	1	smaller	{"en_US": "fl oz (US)", "vi_VN": "fl oz (US)"}	33.814	0.01	t	2025-06-18 15:58:01.571182	2025-06-18 15:58:01.571182
23	6	1	1	smaller	{"en_US": "qt (US)", "vi_VN": "qt (US)"}	1.05669	0.01	t	2025-06-18 15:58:01.571182	2025-06-18 15:58:01.571182
24	6	1	1	bigger	{"en_US": "gal (US)", "vi_VN": "gal (US)"}	0.26417217685798894	0.01	t	2025-06-18 15:58:01.571182	2025-06-18 15:58:01.571182
25	6	1	1	smaller	{"en_US": "in³", "vi_VN": "in³"}	61.0237	0.01	t	2025-06-18 15:58:01.571182	2025-06-18 15:58:01.571182
26	6	1	1	bigger	{"en_US": "ft³", "vi_VN": "ft³"}	0.035314724827664144	0.01	t	2025-06-18 15:58:01.571182	2025-06-18 15:58:01.571182
\.


--
-- Data for Name: utm_campaign; Type: TABLE DATA; Schema: public; Owner: odoo
--

COPY public.utm_campaign (id, user_id, stage_id, color, create_uid, write_uid, name, title, is_auto_campaign, create_date, write_date, company_id, ab_testing_total_pc, ab_testing_winner_selection, ab_testing_completed, ab_testing_schedule_datetime) FROM stdin;
\.


--
-- Data for Name: utm_medium; Type: TABLE DATA; Schema: public; Owner: odoo
--

COPY public.utm_medium (id, create_uid, write_uid, name, active, create_date, write_date) FROM stdin;
1	1	1	Website	t	2025-06-18 15:58:04.580268	2025-06-18 15:58:04.580268
2	1	1	Phone	t	2025-06-18 15:58:04.580268	2025-06-18 15:58:04.580268
3	1	1	Direct	t	2025-06-18 15:58:04.580268	2025-06-18 15:58:04.580268
4	1	1	Email	t	2025-06-18 15:58:04.580268	2025-06-18 15:58:04.580268
5	1	1	Banner	t	2025-06-18 15:58:04.580268	2025-06-18 15:58:04.580268
6	1	1	Twitter	t	2025-06-18 15:58:04.580268	2025-06-18 15:58:04.580268
7	1	1	Facebook	t	2025-06-18 15:58:04.580268	2025-06-18 15:58:04.580268
8	1	1	LinkedIn	t	2025-06-18 15:58:04.580268	2025-06-18 15:58:04.580268
9	1	1	Television	t	2025-06-18 15:58:04.580268	2025-06-18 15:58:04.580268
10	1	1	Google Adwords	t	2025-06-18 15:58:04.580268	2025-06-18 15:58:04.580268
\.


--
-- Data for Name: utm_source; Type: TABLE DATA; Schema: public; Owner: odoo
--

COPY public.utm_source (id, create_uid, write_uid, name, create_date, write_date) FROM stdin;
1	1	1	Search engine	2025-06-18 15:58:04.580268	2025-06-18 15:58:04.580268
2	1	1	Lead Recall	2025-06-18 15:58:04.580268	2025-06-18 15:58:04.580268
3	1	1	Newsletter	2025-06-18 15:58:04.580268	2025-06-18 15:58:04.580268
4	1	1	Facebook	2025-06-18 15:58:04.580268	2025-06-18 15:58:04.580268
5	1	1	Twitter	2025-06-18 15:58:04.580268	2025-06-18 15:58:04.580268
6	1	1	LinkedIn	2025-06-18 15:58:04.580268	2025-06-18 15:58:04.580268
7	1	1	Monster	2025-06-18 15:58:04.580268	2025-06-18 15:58:04.580268
8	1	1	Glassdoor	2025-06-18 15:58:04.580268	2025-06-18 15:58:04.580268
9	1	1	Craigslist	2025-06-18 15:58:04.580268	2025-06-18 15:58:04.580268
10	1	1	Welcome Bot (Chatbot Script created on 2025-06-18)	2025-06-18 16:06:33.590251	2025-06-18 16:06:33.590251
11	1	1	Livechat	2025-06-18 16:06:37.753287	2025-06-18 16:06:37.753287
12	1	1	Lead Generation Bot (Chatbot Script created on 2025-06-18)	2025-06-18 16:06:37.753287	2025-06-18 16:06:37.753287
\.


--
-- Data for Name: utm_stage; Type: TABLE DATA; Schema: public; Owner: odoo
--

COPY public.utm_stage (id, sequence, create_uid, write_uid, name, create_date, write_date) FROM stdin;
1	10	1	1	{"en_US": "New", "vi_VN": "Mới"}	2025-06-18 15:58:04.580268	2025-06-18 15:58:04.580268
\.


--
-- Data for Name: utm_tag; Type: TABLE DATA; Schema: public; Owner: odoo
--

COPY public.utm_tag (id, color, create_uid, write_uid, name, create_date, write_date) FROM stdin;
1	1	1	1	{"en_US": "Marketing", "vi_VN": "Marketing"}	2025-06-18 15:58:04.580268	2025-06-18 15:58:04.580268
\.


--
-- Data for Name: utm_tag_rel; Type: TABLE DATA; Schema: public; Owner: odoo
--

COPY public.utm_tag_rel (tag_id, campaign_id) FROM stdin;
\.


--
-- Data for Name: validate_account_move; Type: TABLE DATA; Schema: public; Owner: odoo
--

COPY public.validate_account_move (id, create_uid, write_uid, force_post, create_date, write_date) FROM stdin;
\.


--
-- Data for Name: web_editor_converter_test; Type: TABLE DATA; Schema: public; Owner: odoo
--

COPY public.web_editor_converter_test (id, "integer", many2one, create_uid, write_uid, "char", selection_str, date, html, text, "numeric", datetime, create_date, write_date, "float", "binary") FROM stdin;
\.


--
-- Data for Name: web_editor_converter_test_sub; Type: TABLE DATA; Schema: public; Owner: odoo
--

COPY public.web_editor_converter_test_sub (id, create_uid, write_uid, name, create_date, write_date) FROM stdin;
\.


--
-- Data for Name: web_tour_tour; Type: TABLE DATA; Schema: public; Owner: odoo
--

COPY public.web_tour_tour (id, user_id, name) FROM stdin;
\.


--
-- Data for Name: website; Type: TABLE DATA; Schema: public; Owner: odoo
--

COPY public.website (id, sequence, company_id, default_lang_id, user_id, theme_id, create_uid, write_uid, name, domain, social_twitter, social_facebook, social_github, social_linkedin, social_youtube, social_instagram, google_analytics_key, google_search_console, google_maps_api_key, plausible_shared_key, plausible_site, cdn_url, homepage_url, auth_signup_uninvited, cdn_filters, custom_code_head, custom_code_footer, robots_txt, auto_redirect_lang, cookies_bar, configurator_done, has_social_default_image, cdn_activated, specific_user_account, create_date, write_date, crm_default_team_id, crm_default_user_id, channel_id) FROM stdin;
1	10	1	86	4	\N	1	2	My Website	\N	\N	\N	\N	\N	\N	\N	\N	\N	\N	\N	\N		\N	b2b	^/[^/]+/static/\n^/web/(css|js)/\n^/web/image\n^/web/content\n^/web/assets\n^/website/image/	\N	\N	\N	t	\N	t	f	\N	\N	2025-06-18 16:04:55.307597	2025-06-19 03:09:39.080154	1	\N	1
\.


--
-- Data for Name: website_configurator_feature; Type: TABLE DATA; Schema: public; Owner: odoo
--

COPY public.website_configurator_feature (id, sequence, page_view_id, module_id, menu_sequence, create_uid, write_uid, icon, iap_page_code, website_config_preselection, feature_url, name, description, menu_company, create_date, write_date) FROM stdin;
1	1	1378	\N	50	1	1	fa-building	about_us	\N	/about-us	{"en_US": "About Us", "vi_VN": "Giới thiệu"}	{"en_US": "Info and stats about your company", "vi_VN": "Thông tin và số liệu về công ty chúng tôi"}	t	2025-06-18 16:04:55.307597	2025-06-18 16:04:55.307597
2	3	1379	\N	30	1	1	fa-handshake-o	our_services	\N	/our-services	{"en_US": "Services", "vi_VN": "Các dịch vụ"}	{"en_US": "Description of your services offer", "vi_VN": "Mô tả các gói dịch vụ của bạn"}	\N	2025-06-18 16:04:55.307597	2025-06-18 16:04:55.307597
3	4	1380	\N	35	1	1	fa-random	pricing	\N	/pricing	{"en_US": "Pricing", "vi_VN": "Chi tiết giá"}	{"en_US": "Designed to drive conversion", "vi_VN": "Được thiết kế để tăng chuyển đổi"}	\N	2025-06-18 16:04:55.307597	2025-06-18 16:04:55.307597
4	5	1381	\N	\N	1	1	fa-gavel	privacy_policy	\N	/privacy	{"en_US": "Privacy Policy", "vi_VN": "Chính sách bảo mật"}	{"en_US": "Explain how you protect privacy", "vi_VN": "Giải thích cách bạn bảo vệ quyền riêng tư"}	\N	2025-06-18 16:04:55.307597	2025-06-18 16:04:55.307597
5	6	\N	482	40	1	1	fa-rss	\N	blog	/blog	{"en_US": "News", "vi_VN": "Tin tức"}	{"en_US": "Blogging and posting relevant content", "vi_VN": "Viết và đăng nội dung blog phù hợp"}	t	2025-06-18 16:04:55.307597	2025-06-18 16:04:55.307597
6	7	\N	482	45	1	1	fa-star	\N	\N	/blog	{"en_US": "Success Stories", "vi_VN": "Câu chuyện thành công"}	{"en_US": "Share your best case studies", "vi_VN": "Chia sẻ những trường hợp điển hình"}	t	2025-06-18 16:04:55.307597	2025-06-18 16:04:55.307597
7	8	\N	509	\N	1	1	fa-address-card	\N	\N	\N	{"en_US": "Career", "vi_VN": "Công việc"}	{"en_US": "Publish job offers and let people apply", "vi_VN": "Đăng thông tin việc làm và cho mọi người ứng tuyển"}	\N	2025-06-18 16:04:55.307597	2025-06-18 16:04:55.307597
8	9	\N	523	15	1	1	fa-shopping-cart	\N	online_store	/shop	{"en_US": "Shop", "vi_VN": "Sản phẩm & Dịch vụ"}	{"en_US": "Sell more with an eCommerce", "vi_VN": "Kinh doanh tốt hơn nhờ eCommerce"}	\N	2025-06-18 16:04:55.307597	2025-06-18 16:04:55.307597
9	10	\N	501	20	1	1	fa-ticket	\N	event	/event	{"en_US": "Events", "vi_VN": "Sự kiện"}	{"en_US": "Publish on-site and online events", "vi_VN": "Đăng sự kiện tại chỗ và trực tuyến"}	\N	2025-06-18 16:04:55.307597	2025-06-18 16:04:55.307597
10	11	\N	507	\N	1	1	fa-users	\N	\N	/forum	{"en_US": "Forum", "vi_VN": "Diễn đàn"}	{"en_US": "Give visitors the information they need", "vi_VN": "Cung cấp thông tin cần thiết cho khách truy cập"}	\N	2025-06-18 16:04:55.307597	2025-06-18 16:04:55.307597
11	12	\N	512	\N	1	1	fa-comments	\N	\N	\N	{"en_US": "Live Chat", "vi_VN": "Trò chuyện trực tiếp"}	{"en_US": "Chat with visitors to improve traction", "vi_VN": "Trò chuyện để giữ chân khách truy cập"}	\N	2025-06-18 16:04:55.307597	2025-06-18 16:04:55.307597
12	13	\N	539	25	1	1	fa-graduation-cap	\N	elearning	/slides	{"en_US": "eLearning", "vi_VN": "eLearning"}	{"en_US": "Share knowledge publicly or for a fee", "vi_VN": "Chia sẻ kiến thức miễn phí hoặc thu phí"}	\N	2025-06-18 16:04:55.307597	2025-06-18 16:04:55.307597
13	15	\N	508	\N	1	1	fa-map-marker	\N	\N	\N	{"en_US": "Stores Locator", "vi_VN": "Tìm cửa hàng"}	{"en_US": "A map and a listing of your stores", "vi_VN": "Bản đồ và danh sách cửa hàng"}	\N	2025-06-18 16:04:55.307597	2025-06-18 16:04:55.307597
\.


--
-- Data for Name: website_lang_rel; Type: TABLE DATA; Schema: public; Owner: odoo
--

COPY public.website_lang_rel (website_id, lang_id) FROM stdin;
1	1
1	86
\.


--
-- Data for Name: website_menu; Type: TABLE DATA; Schema: public; Owner: odoo
--

COPY public.website_menu (id, page_id, sequence, website_id, parent_id, create_uid, write_uid, theme_template_id, url, parent_path, mega_menu_classes, name, mega_menu_content, new_window, create_date, write_date) FROM stdin;
4	\N	0	1	\N	1	1	\N	/default-main-menu	4/	\N	{"en_US": "Top Menu for Website 1"}	\N	f	2025-06-18 16:04:55.307597	2025-06-18 16:04:55.307597
3	3	60	\N	1	1	1	\N	/contactus	1/3/	\N	{"en_US": "Contact us", "vi_VN": "Liên hệ"}	\N	\N	2025-06-18 16:04:55.307597	2025-06-18 16:04:55.307597
1	\N	0	\N	\N	1	1	\N	/default-main-menu	1/	\N	{"en_US": "Default Main Menu", "vi_VN": "Menu mặc định"}	\N	\N	2025-06-18 16:04:55.307597	2025-06-18 16:04:55.307597
2	2	10	\N	1	1	1	\N	/	1/2/	\N	{"en_US": "Home", "vi_VN": "Trang chủ"}	\N	\N	2025-06-18 16:04:55.307597	2025-06-18 16:04:55.307597
6	3	60	1	4	1	1	\N	/contactus	4/6/	\N	{"en_US": "Contact us", "vi_VN": "Liên hệ"}	\N	f	2025-06-18 16:04:55.307597	2025-06-18 16:04:55.307597
5	4	10	1	4	1	1	\N	/	4/5/	\N	{"en_US": "Home", "vi_VN": "Trang chủ"}	\N	f	2025-06-18 16:04:55.307597	2025-06-18 16:04:55.307597
\.


--
-- Data for Name: website_page; Type: TABLE DATA; Schema: public; Owner: odoo
--

COPY public.website_page (id, website_id, view_id, create_uid, write_uid, theme_template_id, url, header_color, is_published, website_indexed, header_overlay, header_visible, footer_visible, date_publish, create_date, write_date) FROM stdin;
1	\N	1376	1	1	\N	/contactus-thank-you	\N	t	f	\N	t	t	\N	2025-06-18 16:04:55.307597	2025-06-18 16:04:55.307597
2	\N	1374	1	1	\N	/	\N	t	t	\N	t	t	\N	2025-06-18 16:04:55.307597	2025-06-18 16:04:55.307597
3	\N	1375	1	1	\N	/contactus	\N	t	t	\N	t	t	\N	2025-06-18 16:04:55.307597	2025-06-18 16:04:55.307597
4	1	1382	1	1	\N	/	\N	t	t	f	t	t	\N	2025-06-18 16:04:55.307597	2025-06-18 16:04:55.307597
\.


--
-- Data for Name: website_rewrite; Type: TABLE DATA; Schema: public; Owner: odoo
--

COPY public.website_rewrite (id, website_id, route_id, sequence, create_uid, write_uid, name, url_from, url_to, redirect_type, active, create_date, write_date) FROM stdin;
\.


--
-- Data for Name: website_robots; Type: TABLE DATA; Schema: public; Owner: odoo
--

COPY public.website_robots (id, create_uid, write_uid, content, create_date, write_date) FROM stdin;
\.


--
-- Data for Name: website_route; Type: TABLE DATA; Schema: public; Owner: odoo
--

COPY public.website_route (id, create_uid, write_uid, path, create_date, write_date) FROM stdin;
\.


--
-- Data for Name: website_snippet_filter; Type: TABLE DATA; Schema: public; Owner: odoo
--

COPY public.website_snippet_filter (id, website_id, action_server_id, filter_id, "limit", create_uid, write_uid, field_names, name, is_published, create_date, write_date) FROM stdin;
\.


--
-- Data for Name: website_track; Type: TABLE DATA; Schema: public; Owner: odoo
--

COPY public.website_track (id, visitor_id, page_id, url, visit_datetime) FROM stdin;
1	1	4	http://odoo.rni.vn/	2025-06-18 16:05:42.368058
2	1	4	http://odoo.rni.vn/	2025-06-18 16:05:47.954172
3	1	4	http://odoo.rni.vn/	2025-06-18 16:05:57.777677
21	1	4	http://odoo.rni.vn/	2025-06-19 02:53:41.00278
31	1	4	http://odoo.rni.vn/	2025-08-08 04:35:40.733635
32	1	4	http://odoo.rni.vn/	2025-08-10 20:20:18.286171
33	1	4	http://odoo.rni.vn/	2025-08-19 08:08:28.751539
34	35	4	http://odoo.rni.vn/	2025-11-04 07:32:06.582316
35	36	4	http://odoo.rni.vn/	2025-11-05 00:42:51.950415
\.


--
-- Data for Name: website_visitor; Type: TABLE DATA; Schema: public; Owner: odoo
--

COPY public.website_visitor (id, website_id, partner_id, country_id, lang_id, visit_count, create_uid, write_uid, access_token, timezone, create_date, last_connection_datetime, write_date, livechat_operator_id) FROM stdin;
1	1	3	\N	1	5	2	2	3	Asia/Saigon	2025-06-18 16:05:42.368058	2025-08-19 08:08:28.751539	2025-06-19 03:05:48.88343	\N
35	1	\N	\N	1	1	4	4	05aa6f4fe4bddfb018b271b0c48a23f6	Asia/Saigon	2025-11-04 07:32:06.582316	2025-11-04 07:32:06.582316	2025-11-04 07:32:06.582316	\N
36	1	\N	\N	86	1	4	4	f931e64d217839852fa6020fc2b7fe66	Asia/Bangkok	2025-11-05 00:42:51.950415	2025-11-05 00:42:51.950415	2025-11-05 00:42:51.950415	\N
\.


--
-- Data for Name: wizard_ir_model_menu_create; Type: TABLE DATA; Schema: public; Owner: odoo
--

COPY public.wizard_ir_model_menu_create (id, menu_id, create_uid, write_uid, name, create_date, write_date) FROM stdin;
\.


--
-- Name: account_account_id_seq; Type: SEQUENCE SET; Schema: public; Owner: odoo
--

SELECT pg_catalog.setval('public.account_account_id_seq', 199, true);


--
-- Name: account_account_tag_id_seq; Type: SEQUENCE SET; Schema: public; Owner: odoo
--

SELECT pg_catalog.setval('public.account_account_tag_id_seq', 27, true);


--
-- Name: account_account_template_id_seq; Type: SEQUENCE SET; Schema: public; Owner: odoo
--

SELECT pg_catalog.setval('public.account_account_template_id_seq', 192, true);


--
-- Name: account_accrued_orders_wizard_id_seq; Type: SEQUENCE SET; Schema: public; Owner: odoo
--

SELECT pg_catalog.setval('public.account_accrued_orders_wizard_id_seq', 1, false);


--
-- Name: account_analytic_account_id_seq; Type: SEQUENCE SET; Schema: public; Owner: odoo
--

SELECT pg_catalog.setval('public.account_analytic_account_id_seq', 1, false);


--
-- Name: account_analytic_applicability_id_seq; Type: SEQUENCE SET; Schema: public; Owner: odoo
--

SELECT pg_catalog.setval('public.account_analytic_applicability_id_seq', 1, false);


--
-- Name: account_analytic_distribution_model_id_seq; Type: SEQUENCE SET; Schema: public; Owner: odoo
--

SELECT pg_catalog.setval('public.account_analytic_distribution_model_id_seq', 1, false);


--
-- Name: account_analytic_line_id_seq; Type: SEQUENCE SET; Schema: public; Owner: odoo
--

SELECT pg_catalog.setval('public.account_analytic_line_id_seq', 1, false);


--
-- Name: account_analytic_plan_id_seq; Type: SEQUENCE SET; Schema: public; Owner: odoo
--

SELECT pg_catalog.setval('public.account_analytic_plan_id_seq', 1, true);


--
-- Name: account_automatic_entry_wizard_id_seq; Type: SEQUENCE SET; Schema: public; Owner: odoo
--

SELECT pg_catalog.setval('public.account_automatic_entry_wizard_id_seq', 1, false);


--
-- Name: account_bank_statement_id_seq; Type: SEQUENCE SET; Schema: public; Owner: odoo
--

SELECT pg_catalog.setval('public.account_bank_statement_id_seq', 1, false);


--
-- Name: account_bank_statement_line_id_seq; Type: SEQUENCE SET; Schema: public; Owner: odoo
--

SELECT pg_catalog.setval('public.account_bank_statement_line_id_seq', 1, false);


--
-- Name: account_cash_rounding_id_seq; Type: SEQUENCE SET; Schema: public; Owner: odoo
--

SELECT pg_catalog.setval('public.account_cash_rounding_id_seq', 1, false);


--
-- Name: account_chart_template_id_seq; Type: SEQUENCE SET; Schema: public; Owner: odoo
--

SELECT pg_catalog.setval('public.account_chart_template_id_seq', 1, true);


--
-- Name: account_edi_document_id_seq; Type: SEQUENCE SET; Schema: public; Owner: odoo
--

SELECT pg_catalog.setval('public.account_edi_document_id_seq', 1, false);


--
-- Name: account_edi_format_id_seq; Type: SEQUENCE SET; Schema: public; Owner: odoo
--

SELECT pg_catalog.setval('public.account_edi_format_id_seq', 8, true);


--
-- Name: account_financial_year_op_id_seq; Type: SEQUENCE SET; Schema: public; Owner: odoo
--

SELECT pg_catalog.setval('public.account_financial_year_op_id_seq', 1, false);


--
-- Name: account_fiscal_position_account_id_seq; Type: SEQUENCE SET; Schema: public; Owner: odoo
--

SELECT pg_catalog.setval('public.account_fiscal_position_account_id_seq', 1, false);


--
-- Name: account_fiscal_position_account_template_id_seq; Type: SEQUENCE SET; Schema: public; Owner: odoo
--

SELECT pg_catalog.setval('public.account_fiscal_position_account_template_id_seq', 1, false);


--
-- Name: account_fiscal_position_id_seq; Type: SEQUENCE SET; Schema: public; Owner: odoo
--

SELECT pg_catalog.setval('public.account_fiscal_position_id_seq', 1, false);


--
-- Name: account_fiscal_position_tax_id_seq; Type: SEQUENCE SET; Schema: public; Owner: odoo
--

SELECT pg_catalog.setval('public.account_fiscal_position_tax_id_seq', 1, false);


--
-- Name: account_fiscal_position_tax_template_id_seq; Type: SEQUENCE SET; Schema: public; Owner: odoo
--

SELECT pg_catalog.setval('public.account_fiscal_position_tax_template_id_seq', 1, false);


--
-- Name: account_fiscal_position_template_id_seq; Type: SEQUENCE SET; Schema: public; Owner: odoo
--

SELECT pg_catalog.setval('public.account_fiscal_position_template_id_seq', 1, false);


--
-- Name: account_full_reconcile_id_seq; Type: SEQUENCE SET; Schema: public; Owner: odoo
--

SELECT pg_catalog.setval('public.account_full_reconcile_id_seq', 1, false);


--
-- Name: account_group_id_seq; Type: SEQUENCE SET; Schema: public; Owner: odoo
--

SELECT pg_catalog.setval('public.account_group_id_seq', 1, false);


--
-- Name: account_group_template_id_seq; Type: SEQUENCE SET; Schema: public; Owner: odoo
--

SELECT pg_catalog.setval('public.account_group_template_id_seq', 1, false);


--
-- Name: account_incoterms_id_seq; Type: SEQUENCE SET; Schema: public; Owner: odoo
--

SELECT pg_catalog.setval('public.account_incoterms_id_seq', 11, true);


--
-- Name: account_invoice_send_id_seq; Type: SEQUENCE SET; Schema: public; Owner: odoo
--

SELECT pg_catalog.setval('public.account_invoice_send_id_seq', 1, false);


--
-- Name: account_journal_group_id_seq; Type: SEQUENCE SET; Schema: public; Owner: odoo
--

SELECT pg_catalog.setval('public.account_journal_group_id_seq', 1, false);


--
-- Name: account_journal_id_seq; Type: SEQUENCE SET; Schema: public; Owner: odoo
--

SELECT pg_catalog.setval('public.account_journal_id_seq', 8, true);


--
-- Name: account_move_id_seq; Type: SEQUENCE SET; Schema: public; Owner: odoo
--

SELECT pg_catalog.setval('public.account_move_id_seq', 1, false);


--
-- Name: account_move_line_id_seq; Type: SEQUENCE SET; Schema: public; Owner: odoo
--

SELECT pg_catalog.setval('public.account_move_line_id_seq', 1, false);


--
-- Name: account_move_reversal_id_seq; Type: SEQUENCE SET; Schema: public; Owner: odoo
--

SELECT pg_catalog.setval('public.account_move_reversal_id_seq', 1, false);


--
-- Name: account_partial_reconcile_id_seq; Type: SEQUENCE SET; Schema: public; Owner: odoo
--

SELECT pg_catalog.setval('public.account_partial_reconcile_id_seq', 1, false);


--
-- Name: account_payment_id_seq; Type: SEQUENCE SET; Schema: public; Owner: odoo
--

SELECT pg_catalog.setval('public.account_payment_id_seq', 1, false);


--
-- Name: account_payment_method_id_seq; Type: SEQUENCE SET; Schema: public; Owner: odoo
--

SELECT pg_catalog.setval('public.account_payment_method_id_seq', 2, true);


--
-- Name: account_payment_method_line_id_seq; Type: SEQUENCE SET; Schema: public; Owner: odoo
--

SELECT pg_catalog.setval('public.account_payment_method_line_id_seq', 4, true);


--
-- Name: account_payment_register_id_seq; Type: SEQUENCE SET; Schema: public; Owner: odoo
--

SELECT pg_catalog.setval('public.account_payment_register_id_seq', 1, false);


--
-- Name: account_payment_term_id_seq; Type: SEQUENCE SET; Schema: public; Owner: odoo
--

SELECT pg_catalog.setval('public.account_payment_term_id_seq', 10, true);


--
-- Name: account_payment_term_line_id_seq; Type: SEQUENCE SET; Schema: public; Owner: odoo
--

SELECT pg_catalog.setval('public.account_payment_term_line_id_seq', 11, true);


--
-- Name: account_reconcile_model_id_seq; Type: SEQUENCE SET; Schema: public; Owner: odoo
--

SELECT pg_catalog.setval('public.account_reconcile_model_id_seq', 2, true);


--
-- Name: account_reconcile_model_line_id_seq; Type: SEQUENCE SET; Schema: public; Owner: odoo
--

SELECT pg_catalog.setval('public.account_reconcile_model_line_id_seq', 1, false);


--
-- Name: account_reconcile_model_line_template_id_seq; Type: SEQUENCE SET; Schema: public; Owner: odoo
--

SELECT pg_catalog.setval('public.account_reconcile_model_line_template_id_seq', 1, false);


--
-- Name: account_reconcile_model_partner_mapping_id_seq; Type: SEQUENCE SET; Schema: public; Owner: odoo
--

SELECT pg_catalog.setval('public.account_reconcile_model_partner_mapping_id_seq', 1, false);


--
-- Name: account_reconcile_model_template_id_seq; Type: SEQUENCE SET; Schema: public; Owner: odoo
--

SELECT pg_catalog.setval('public.account_reconcile_model_template_id_seq', 1, false);


--
-- Name: account_report_column_id_seq; Type: SEQUENCE SET; Schema: public; Owner: odoo
--

SELECT pg_catalog.setval('public.account_report_column_id_seq', 7, true);


--
-- Name: account_report_expression_id_seq; Type: SEQUENCE SET; Schema: public; Owner: odoo
--

SELECT pg_catalog.setval('public.account_report_expression_id_seq', 18, true);


--
-- Name: account_report_external_value_id_seq; Type: SEQUENCE SET; Schema: public; Owner: odoo
--

SELECT pg_catalog.setval('public.account_report_external_value_id_seq', 1, false);


--
-- Name: account_report_id_seq; Type: SEQUENCE SET; Schema: public; Owner: odoo
--

SELECT pg_catalog.setval('public.account_report_id_seq', 4, true);


--
-- Name: account_report_line_id_seq; Type: SEQUENCE SET; Schema: public; Owner: odoo
--

SELECT pg_catalog.setval('public.account_report_line_id_seq', 18, true);


--
-- Name: account_resequence_wizard_id_seq; Type: SEQUENCE SET; Schema: public; Owner: odoo
--

SELECT pg_catalog.setval('public.account_resequence_wizard_id_seq', 1, false);


--
-- Name: account_setup_bank_manual_config_id_seq; Type: SEQUENCE SET; Schema: public; Owner: odoo
--

SELECT pg_catalog.setval('public.account_setup_bank_manual_config_id_seq', 1, false);


--
-- Name: account_tax_group_id_seq; Type: SEQUENCE SET; Schema: public; Owner: odoo
--

SELECT pg_catalog.setval('public.account_tax_group_id_seq', 4, true);


--
-- Name: account_tax_id_seq; Type: SEQUENCE SET; Schema: public; Owner: odoo
--

SELECT pg_catalog.setval('public.account_tax_id_seq', 6, true);


--
-- Name: account_tax_repartition_line_id_seq; Type: SEQUENCE SET; Schema: public; Owner: odoo
--

SELECT pg_catalog.setval('public.account_tax_repartition_line_id_seq', 24, true);


--
-- Name: account_tax_repartition_line_template_id_seq; Type: SEQUENCE SET; Schema: public; Owner: odoo
--

SELECT pg_catalog.setval('public.account_tax_repartition_line_template_id_seq', 24, true);


--
-- Name: account_tax_template_id_seq; Type: SEQUENCE SET; Schema: public; Owner: odoo
--

SELECT pg_catalog.setval('public.account_tax_template_id_seq', 6, true);


--
-- Name: account_tour_upload_bill_email_confirm_id_seq; Type: SEQUENCE SET; Schema: public; Owner: odoo
--

SELECT pg_catalog.setval('public.account_tour_upload_bill_email_confirm_id_seq', 1, false);


--
-- Name: account_tour_upload_bill_id_seq; Type: SEQUENCE SET; Schema: public; Owner: odoo
--

SELECT pg_catalog.setval('public.account_tour_upload_bill_id_seq', 1, false);


--
-- Name: account_unreconcile_id_seq; Type: SEQUENCE SET; Schema: public; Owner: odoo
--

SELECT pg_catalog.setval('public.account_unreconcile_id_seq', 1, false);


--
-- Name: auth_totp_device_id_seq; Type: SEQUENCE SET; Schema: public; Owner: odoo
--

SELECT pg_catalog.setval('public.auth_totp_device_id_seq', 1, false);


--
-- Name: auth_totp_wizard_id_seq; Type: SEQUENCE SET; Schema: public; Owner: odoo
--

SELECT pg_catalog.setval('public.auth_totp_wizard_id_seq', 1, false);


--
-- Name: barcode_nomenclature_id_seq; Type: SEQUENCE SET; Schema: public; Owner: odoo
--

SELECT pg_catalog.setval('public.barcode_nomenclature_id_seq', 2, true);


--
-- Name: barcode_rule_id_seq; Type: SEQUENCE SET; Schema: public; Owner: odoo
--

SELECT pg_catalog.setval('public.barcode_rule_id_seq', 34, true);


--
-- Name: base_cache_signaling; Type: SEQUENCE SET; Schema: public; Owner: odoo
--

SELECT pg_catalog.setval('public.base_cache_signaling', 23, true);


--
-- Name: base_document_layout_id_seq; Type: SEQUENCE SET; Schema: public; Owner: odoo
--

SELECT pg_catalog.setval('public.base_document_layout_id_seq', 1, false);


--
-- Name: base_enable_profiling_wizard_id_seq; Type: SEQUENCE SET; Schema: public; Owner: odoo
--

SELECT pg_catalog.setval('public.base_enable_profiling_wizard_id_seq', 1, false);


--
-- Name: base_import_import_id_seq; Type: SEQUENCE SET; Schema: public; Owner: odoo
--

SELECT pg_catalog.setval('public.base_import_import_id_seq', 1, false);


--
-- Name: base_import_mapping_id_seq; Type: SEQUENCE SET; Schema: public; Owner: odoo
--

SELECT pg_catalog.setval('public.base_import_mapping_id_seq', 1, false);


--
-- Name: base_import_tests_models_char_id_seq; Type: SEQUENCE SET; Schema: public; Owner: odoo
--

SELECT pg_catalog.setval('public.base_import_tests_models_char_id_seq', 1, false);


--
-- Name: base_import_tests_models_char_noreadonly_id_seq; Type: SEQUENCE SET; Schema: public; Owner: odoo
--

SELECT pg_catalog.setval('public.base_import_tests_models_char_noreadonly_id_seq', 1, false);


--
-- Name: base_import_tests_models_char_readonly_id_seq; Type: SEQUENCE SET; Schema: public; Owner: odoo
--

SELECT pg_catalog.setval('public.base_import_tests_models_char_readonly_id_seq', 1, false);


--
-- Name: base_import_tests_models_char_required_id_seq; Type: SEQUENCE SET; Schema: public; Owner: odoo
--

SELECT pg_catalog.setval('public.base_import_tests_models_char_required_id_seq', 1, false);


--
-- Name: base_import_tests_models_char_states_id_seq; Type: SEQUENCE SET; Schema: public; Owner: odoo
--

SELECT pg_catalog.setval('public.base_import_tests_models_char_states_id_seq', 1, false);


--
-- Name: base_import_tests_models_char_stillreadonly_id_seq; Type: SEQUENCE SET; Schema: public; Owner: odoo
--

SELECT pg_catalog.setval('public.base_import_tests_models_char_stillreadonly_id_seq', 1, false);


--
-- Name: base_import_tests_models_complex_id_seq; Type: SEQUENCE SET; Schema: public; Owner: odoo
--

SELECT pg_catalog.setval('public.base_import_tests_models_complex_id_seq', 1, false);


--
-- Name: base_import_tests_models_float_id_seq; Type: SEQUENCE SET; Schema: public; Owner: odoo
--

SELECT pg_catalog.setval('public.base_import_tests_models_float_id_seq', 1, false);


--
-- Name: base_import_tests_models_m2o_id_seq; Type: SEQUENCE SET; Schema: public; Owner: odoo
--

SELECT pg_catalog.setval('public.base_import_tests_models_m2o_id_seq', 1, false);


--
-- Name: base_import_tests_models_m2o_related_id_seq; Type: SEQUENCE SET; Schema: public; Owner: odoo
--

SELECT pg_catalog.setval('public.base_import_tests_models_m2o_related_id_seq', 1, false);


--
-- Name: base_import_tests_models_m2o_required_id_seq; Type: SEQUENCE SET; Schema: public; Owner: odoo
--

SELECT pg_catalog.setval('public.base_import_tests_models_m2o_required_id_seq', 1, false);


--
-- Name: base_import_tests_models_m2o_required_related_id_seq; Type: SEQUENCE SET; Schema: public; Owner: odoo
--

SELECT pg_catalog.setval('public.base_import_tests_models_m2o_required_related_id_seq', 1, false);


--
-- Name: base_import_tests_models_o2m_child_id_seq; Type: SEQUENCE SET; Schema: public; Owner: odoo
--

SELECT pg_catalog.setval('public.base_import_tests_models_o2m_child_id_seq', 1, false);


--
-- Name: base_import_tests_models_o2m_id_seq; Type: SEQUENCE SET; Schema: public; Owner: odoo
--

SELECT pg_catalog.setval('public.base_import_tests_models_o2m_id_seq', 1, false);


--
-- Name: base_import_tests_models_preview_id_seq; Type: SEQUENCE SET; Schema: public; Owner: odoo
--

SELECT pg_catalog.setval('public.base_import_tests_models_preview_id_seq', 1, false);


--
-- Name: base_language_export_id_seq; Type: SEQUENCE SET; Schema: public; Owner: odoo
--

SELECT pg_catalog.setval('public.base_language_export_id_seq', 1, false);


--
-- Name: base_language_import_id_seq; Type: SEQUENCE SET; Schema: public; Owner: odoo
--

SELECT pg_catalog.setval('public.base_language_import_id_seq', 1, false);


--
-- Name: base_language_install_id_seq; Type: SEQUENCE SET; Schema: public; Owner: odoo
--

SELECT pg_catalog.setval('public.base_language_install_id_seq', 3, true);


--
-- Name: base_module_install_request_id_seq; Type: SEQUENCE SET; Schema: public; Owner: odoo
--

SELECT pg_catalog.setval('public.base_module_install_request_id_seq', 1, false);


--
-- Name: base_module_install_review_id_seq; Type: SEQUENCE SET; Schema: public; Owner: odoo
--

SELECT pg_catalog.setval('public.base_module_install_review_id_seq', 1, false);


--
-- Name: base_module_uninstall_id_seq; Type: SEQUENCE SET; Schema: public; Owner: odoo
--

SELECT pg_catalog.setval('public.base_module_uninstall_id_seq', 1, false);


--
-- Name: base_module_update_id_seq; Type: SEQUENCE SET; Schema: public; Owner: odoo
--

SELECT pg_catalog.setval('public.base_module_update_id_seq', 1, false);


--
-- Name: base_module_upgrade_id_seq; Type: SEQUENCE SET; Schema: public; Owner: odoo
--

SELECT pg_catalog.setval('public.base_module_upgrade_id_seq', 1, false);


--
-- Name: base_partner_merge_automatic_wizard_id_seq; Type: SEQUENCE SET; Schema: public; Owner: odoo
--

SELECT pg_catalog.setval('public.base_partner_merge_automatic_wizard_id_seq', 1, false);


--
-- Name: base_partner_merge_line_id_seq; Type: SEQUENCE SET; Schema: public; Owner: odoo
--

SELECT pg_catalog.setval('public.base_partner_merge_line_id_seq', 1, false);


--
-- Name: base_registry_signaling; Type: SEQUENCE SET; Schema: public; Owner: odoo
--

SELECT pg_catalog.setval('public.base_registry_signaling', 11, true);


--
-- Name: bus_bus_id_seq; Type: SEQUENCE SET; Schema: public; Owner: odoo
--

SELECT pg_catalog.setval('public.bus_bus_id_seq', 32, true);


--
-- Name: bus_presence_id_seq; Type: SEQUENCE SET; Schema: public; Owner: odoo
--

SELECT pg_catalog.setval('public.bus_presence_id_seq', 1, true);


--
-- Name: calendar_alarm_id_seq; Type: SEQUENCE SET; Schema: public; Owner: odoo
--

SELECT pg_catalog.setval('public.calendar_alarm_id_seq', 7, true);


--
-- Name: calendar_attendee_id_seq; Type: SEQUENCE SET; Schema: public; Owner: odoo
--

SELECT pg_catalog.setval('public.calendar_attendee_id_seq', 1, false);


--
-- Name: calendar_event_id_seq; Type: SEQUENCE SET; Schema: public; Owner: odoo
--

SELECT pg_catalog.setval('public.calendar_event_id_seq', 1, false);


--
-- Name: calendar_event_type_id_seq; Type: SEQUENCE SET; Schema: public; Owner: odoo
--

SELECT pg_catalog.setval('public.calendar_event_type_id_seq', 1, false);


--
-- Name: calendar_filters_id_seq; Type: SEQUENCE SET; Schema: public; Owner: odoo
--

SELECT pg_catalog.setval('public.calendar_filters_id_seq', 1, false);


--
-- Name: calendar_provider_config_id_seq; Type: SEQUENCE SET; Schema: public; Owner: odoo
--

SELECT pg_catalog.setval('public.calendar_provider_config_id_seq', 1, false);


--
-- Name: calendar_recurrence_id_seq; Type: SEQUENCE SET; Schema: public; Owner: odoo
--

SELECT pg_catalog.setval('public.calendar_recurrence_id_seq', 1, false);


--
-- Name: change_password_own_id_seq; Type: SEQUENCE SET; Schema: public; Owner: odoo
--

SELECT pg_catalog.setval('public.change_password_own_id_seq', 1, false);


--
-- Name: change_password_user_id_seq; Type: SEQUENCE SET; Schema: public; Owner: odoo
--

SELECT pg_catalog.setval('public.change_password_user_id_seq', 1, false);


--
-- Name: change_password_wizard_id_seq; Type: SEQUENCE SET; Schema: public; Owner: odoo
--

SELECT pg_catalog.setval('public.change_password_wizard_id_seq', 1, false);


--
-- Name: chatbot_message_id_seq; Type: SEQUENCE SET; Schema: public; Owner: odoo
--

SELECT pg_catalog.setval('public.chatbot_message_id_seq', 1, false);


--
-- Name: chatbot_script_answer_id_seq; Type: SEQUENCE SET; Schema: public; Owner: odoo
--

SELECT pg_catalog.setval('public.chatbot_script_answer_id_seq', 3, true);


--
-- Name: chatbot_script_id_seq; Type: SEQUENCE SET; Schema: public; Owner: odoo
--

SELECT pg_catalog.setval('public.chatbot_script_id_seq', 2, true);


--
-- Name: chatbot_script_step_id_seq; Type: SEQUENCE SET; Schema: public; Owner: odoo
--

SELECT pg_catalog.setval('public.chatbot_script_step_id_seq', 14, true);


--
-- Name: confirm_stock_sms_id_seq; Type: SEQUENCE SET; Schema: public; Owner: odoo
--

SELECT pg_catalog.setval('public.confirm_stock_sms_id_seq', 1, false);


--
-- Name: crm_iap_lead_helpers_id_seq; Type: SEQUENCE SET; Schema: public; Owner: odoo
--

SELECT pg_catalog.setval('public.crm_iap_lead_helpers_id_seq', 1, false);


--
-- Name: crm_iap_lead_industry_id_seq; Type: SEQUENCE SET; Schema: public; Owner: odoo
--

SELECT pg_catalog.setval('public.crm_iap_lead_industry_id_seq', 23, true);


--
-- Name: crm_iap_lead_mining_request_id_seq; Type: SEQUENCE SET; Schema: public; Owner: odoo
--

SELECT pg_catalog.setval('public.crm_iap_lead_mining_request_id_seq', 1, false);


--
-- Name: crm_iap_lead_role_id_seq; Type: SEQUENCE SET; Schema: public; Owner: odoo
--

SELECT pg_catalog.setval('public.crm_iap_lead_role_id_seq', 22, true);


--
-- Name: crm_iap_lead_seniority_id_seq; Type: SEQUENCE SET; Schema: public; Owner: odoo
--

SELECT pg_catalog.setval('public.crm_iap_lead_seniority_id_seq', 3, true);


--
-- Name: crm_lead2opportunity_partner_id_seq; Type: SEQUENCE SET; Schema: public; Owner: odoo
--

SELECT pg_catalog.setval('public.crm_lead2opportunity_partner_id_seq', 1, false);


--
-- Name: crm_lead2opportunity_partner_mass_id_seq; Type: SEQUENCE SET; Schema: public; Owner: odoo
--

SELECT pg_catalog.setval('public.crm_lead2opportunity_partner_mass_id_seq', 1, false);


--
-- Name: crm_lead_id_seq; Type: SEQUENCE SET; Schema: public; Owner: odoo
--

SELECT pg_catalog.setval('public.crm_lead_id_seq', 1, false);


--
-- Name: crm_lead_lost_id_seq; Type: SEQUENCE SET; Schema: public; Owner: odoo
--

SELECT pg_catalog.setval('public.crm_lead_lost_id_seq', 1, false);


--
-- Name: crm_lead_pls_update_id_seq; Type: SEQUENCE SET; Schema: public; Owner: odoo
--

SELECT pg_catalog.setval('public.crm_lead_pls_update_id_seq', 1, false);


--
-- Name: crm_lead_scoring_frequency_field_id_seq; Type: SEQUENCE SET; Schema: public; Owner: odoo
--

SELECT pg_catalog.setval('public.crm_lead_scoring_frequency_field_id_seq', 7, true);


--
-- Name: crm_lead_scoring_frequency_id_seq; Type: SEQUENCE SET; Schema: public; Owner: odoo
--

SELECT pg_catalog.setval('public.crm_lead_scoring_frequency_id_seq', 1, false);


--
-- Name: crm_lost_reason_id_seq; Type: SEQUENCE SET; Schema: public; Owner: odoo
--

SELECT pg_catalog.setval('public.crm_lost_reason_id_seq', 3, true);


--
-- Name: crm_merge_opportunity_id_seq; Type: SEQUENCE SET; Schema: public; Owner: odoo
--

SELECT pg_catalog.setval('public.crm_merge_opportunity_id_seq', 1, false);


--
-- Name: crm_quotation_partner_id_seq; Type: SEQUENCE SET; Schema: public; Owner: odoo
--

SELECT pg_catalog.setval('public.crm_quotation_partner_id_seq', 1, false);


--
-- Name: crm_recurring_plan_id_seq; Type: SEQUENCE SET; Schema: public; Owner: odoo
--

SELECT pg_catalog.setval('public.crm_recurring_plan_id_seq', 4, true);


--
-- Name: crm_stage_id_seq; Type: SEQUENCE SET; Schema: public; Owner: odoo
--

SELECT pg_catalog.setval('public.crm_stage_id_seq', 4, true);


--
-- Name: crm_tag_id_seq; Type: SEQUENCE SET; Schema: public; Owner: odoo
--

SELECT pg_catalog.setval('public.crm_tag_id_seq', 1, false);


--
-- Name: crm_team_id_seq; Type: SEQUENCE SET; Schema: public; Owner: odoo
--

SELECT pg_catalog.setval('public.crm_team_id_seq', 4, true);


--
-- Name: crm_team_member_id_seq; Type: SEQUENCE SET; Schema: public; Owner: odoo
--

SELECT pg_catalog.setval('public.crm_team_member_id_seq', 1, true);


--
-- Name: decimal_precision_id_seq; Type: SEQUENCE SET; Schema: public; Owner: odoo
--

SELECT pg_catalog.setval('public.decimal_precision_id_seq', 7, true);


--
-- Name: digest_digest_id_seq; Type: SEQUENCE SET; Schema: public; Owner: odoo
--

SELECT pg_catalog.setval('public.digest_digest_id_seq', 1, true);


--
-- Name: digest_tip_id_seq; Type: SEQUENCE SET; Schema: public; Owner: odoo
--

SELECT pg_catalog.setval('public.digest_tip_id_seq', 26, true);


--
-- Name: fetchmail_server_id_seq; Type: SEQUENCE SET; Schema: public; Owner: odoo
--

SELECT pg_catalog.setval('public.fetchmail_server_id_seq', 1, false);


--
-- Name: gamification_badge_id_seq; Type: SEQUENCE SET; Schema: public; Owner: odoo
--

SELECT pg_catalog.setval('public.gamification_badge_id_seq', 4, true);


--
-- Name: gamification_badge_user_id_seq; Type: SEQUENCE SET; Schema: public; Owner: odoo
--

SELECT pg_catalog.setval('public.gamification_badge_user_id_seq', 1, false);


--
-- Name: gamification_badge_user_wizard_id_seq; Type: SEQUENCE SET; Schema: public; Owner: odoo
--

SELECT pg_catalog.setval('public.gamification_badge_user_wizard_id_seq', 1, false);


--
-- Name: gamification_challenge_id_seq; Type: SEQUENCE SET; Schema: public; Owner: odoo
--

SELECT pg_catalog.setval('public.gamification_challenge_id_seq', 4, true);


--
-- Name: gamification_challenge_line_id_seq; Type: SEQUENCE SET; Schema: public; Owner: odoo
--

SELECT pg_catalog.setval('public.gamification_challenge_line_id_seq', 8, true);


--
-- Name: gamification_goal_definition_id_seq; Type: SEQUENCE SET; Schema: public; Owner: odoo
--

SELECT pg_catalog.setval('public.gamification_goal_definition_id_seq', 14, true);


--
-- Name: gamification_goal_id_seq; Type: SEQUENCE SET; Schema: public; Owner: odoo
--

SELECT pg_catalog.setval('public.gamification_goal_id_seq', 4, true);


--
-- Name: gamification_goal_wizard_id_seq; Type: SEQUENCE SET; Schema: public; Owner: odoo
--

SELECT pg_catalog.setval('public.gamification_goal_wizard_id_seq', 1, false);


--
-- Name: gamification_karma_rank_id_seq; Type: SEQUENCE SET; Schema: public; Owner: odoo
--

SELECT pg_catalog.setval('public.gamification_karma_rank_id_seq', 5, true);


--
-- Name: gamification_karma_tracking_id_seq; Type: SEQUENCE SET; Schema: public; Owner: odoo
--

SELECT pg_catalog.setval('public.gamification_karma_tracking_id_seq', 4, true);


--
-- Name: hr_contract_id_seq; Type: SEQUENCE SET; Schema: public; Owner: odoo
--

SELECT pg_catalog.setval('public.hr_contract_id_seq', 1, false);


--
-- Name: hr_contract_type_id_seq; Type: SEQUENCE SET; Schema: public; Owner: odoo
--

SELECT pg_catalog.setval('public.hr_contract_type_id_seq', 1, false);


--
-- Name: hr_department_id_seq; Type: SEQUENCE SET; Schema: public; Owner: odoo
--

SELECT pg_catalog.setval('public.hr_department_id_seq', 2, true);


--
-- Name: hr_departure_reason_id_seq; Type: SEQUENCE SET; Schema: public; Owner: odoo
--

SELECT pg_catalog.setval('public.hr_departure_reason_id_seq', 3, true);


--
-- Name: hr_departure_wizard_id_seq; Type: SEQUENCE SET; Schema: public; Owner: odoo
--

SELECT pg_catalog.setval('public.hr_departure_wizard_id_seq', 1, false);


--
-- Name: hr_employee_category_id_seq; Type: SEQUENCE SET; Schema: public; Owner: odoo
--

SELECT pg_catalog.setval('public.hr_employee_category_id_seq', 1, false);


--
-- Name: hr_employee_id_seq; Type: SEQUENCE SET; Schema: public; Owner: odoo
--

SELECT pg_catalog.setval('public.hr_employee_id_seq', 1, true);


--
-- Name: hr_expense_approve_duplicate_id_seq; Type: SEQUENCE SET; Schema: public; Owner: odoo
--

SELECT pg_catalog.setval('public.hr_expense_approve_duplicate_id_seq', 1, false);


--
-- Name: hr_expense_id_seq; Type: SEQUENCE SET; Schema: public; Owner: odoo
--

SELECT pg_catalog.setval('public.hr_expense_id_seq', 1, false);


--
-- Name: hr_expense_refuse_wizard_id_seq; Type: SEQUENCE SET; Schema: public; Owner: odoo
--

SELECT pg_catalog.setval('public.hr_expense_refuse_wizard_id_seq', 1, false);


--
-- Name: hr_expense_sheet_id_seq; Type: SEQUENCE SET; Schema: public; Owner: odoo
--

SELECT pg_catalog.setval('public.hr_expense_sheet_id_seq', 1, false);


--
-- Name: hr_expense_split_id_seq; Type: SEQUENCE SET; Schema: public; Owner: odoo
--

SELECT pg_catalog.setval('public.hr_expense_split_id_seq', 1, false);


--
-- Name: hr_expense_split_wizard_id_seq; Type: SEQUENCE SET; Schema: public; Owner: odoo
--

SELECT pg_catalog.setval('public.hr_expense_split_wizard_id_seq', 1, false);


--
-- Name: hr_job_id_seq; Type: SEQUENCE SET; Schema: public; Owner: odoo
--

SELECT pg_catalog.setval('public.hr_job_id_seq', 1, false);


--
-- Name: hr_payroll_structure_type_id_seq; Type: SEQUENCE SET; Schema: public; Owner: odoo
--

SELECT pg_catalog.setval('public.hr_payroll_structure_type_id_seq', 4, true);


--
-- Name: hr_plan_activity_type_id_seq; Type: SEQUENCE SET; Schema: public; Owner: odoo
--

SELECT pg_catalog.setval('public.hr_plan_activity_type_id_seq', 5, true);


--
-- Name: hr_plan_id_seq; Type: SEQUENCE SET; Schema: public; Owner: odoo
--

SELECT pg_catalog.setval('public.hr_plan_id_seq', 2, true);


--
-- Name: hr_plan_wizard_id_seq; Type: SEQUENCE SET; Schema: public; Owner: odoo
--

SELECT pg_catalog.setval('public.hr_plan_wizard_id_seq', 1, false);


--
-- Name: hr_work_location_id_seq; Type: SEQUENCE SET; Schema: public; Owner: odoo
--

SELECT pg_catalog.setval('public.hr_work_location_id_seq', 1, false);


--
-- Name: iap_account_id_seq; Type: SEQUENCE SET; Schema: public; Owner: odoo
--

SELECT pg_catalog.setval('public.iap_account_id_seq', 1, false);


--
-- Name: im_livechat_channel_id_seq; Type: SEQUENCE SET; Schema: public; Owner: odoo
--

SELECT pg_catalog.setval('public.im_livechat_channel_id_seq', 1, true);


--
-- Name: im_livechat_channel_rule_id_seq; Type: SEQUENCE SET; Schema: public; Owner: odoo
--

SELECT pg_catalog.setval('public.im_livechat_channel_rule_id_seq', 1, false);


--
-- Name: ir_act_window_view_id_seq; Type: SEQUENCE SET; Schema: public; Owner: odoo
--

SELECT pg_catalog.setval('public.ir_act_window_view_id_seq', 175, true);


--
-- Name: ir_actions_id_seq; Type: SEQUENCE SET; Schema: public; Owner: odoo
--

SELECT pg_catalog.setval('public.ir_actions_id_seq', 624, true);


--
-- Name: ir_actions_todo_id_seq; Type: SEQUENCE SET; Schema: public; Owner: odoo
--

SELECT pg_catalog.setval('public.ir_actions_todo_id_seq', 3, true);


--
-- Name: ir_asset_id_seq; Type: SEQUENCE SET; Schema: public; Owner: odoo
--

SELECT pg_catalog.setval('public.ir_asset_id_seq', 89, true);


--
-- Name: ir_attachment_id_seq; Type: SEQUENCE SET; Schema: public; Owner: odoo
--

SELECT pg_catalog.setval('public.ir_attachment_id_seq', 457, true);


--
-- Name: ir_config_parameter_id_seq; Type: SEQUENCE SET; Schema: public; Owner: odoo
--

SELECT pg_catalog.setval('public.ir_config_parameter_id_seq', 29, true);


--
-- Name: ir_cron_id_seq; Type: SEQUENCE SET; Schema: public; Owner: odoo
--

SELECT pg_catalog.setval('public.ir_cron_id_seq', 31, true);


--
-- Name: ir_cron_trigger_id_seq; Type: SEQUENCE SET; Schema: public; Owner: odoo
--

SELECT pg_catalog.setval('public.ir_cron_trigger_id_seq', 9, true);


--
-- Name: ir_default_id_seq; Type: SEQUENCE SET; Schema: public; Owner: odoo
--

SELECT pg_catalog.setval('public.ir_default_id_seq', 1, true);


--
-- Name: ir_demo_failure_id_seq; Type: SEQUENCE SET; Schema: public; Owner: odoo
--

SELECT pg_catalog.setval('public.ir_demo_failure_id_seq', 1, false);


--
-- Name: ir_demo_failure_wizard_id_seq; Type: SEQUENCE SET; Schema: public; Owner: odoo
--

SELECT pg_catalog.setval('public.ir_demo_failure_wizard_id_seq', 1, false);


--
-- Name: ir_demo_id_seq; Type: SEQUENCE SET; Schema: public; Owner: odoo
--

SELECT pg_catalog.setval('public.ir_demo_id_seq', 1, false);


--
-- Name: ir_exports_id_seq; Type: SEQUENCE SET; Schema: public; Owner: odoo
--

SELECT pg_catalog.setval('public.ir_exports_id_seq', 1, false);


--
-- Name: ir_exports_line_id_seq; Type: SEQUENCE SET; Schema: public; Owner: odoo
--

SELECT pg_catalog.setval('public.ir_exports_line_id_seq', 1, false);


--
-- Name: ir_filters_id_seq; Type: SEQUENCE SET; Schema: public; Owner: odoo
--

SELECT pg_catalog.setval('public.ir_filters_id_seq', 5, true);


--
-- Name: ir_logging_id_seq; Type: SEQUENCE SET; Schema: public; Owner: odoo
--

SELECT pg_catalog.setval('public.ir_logging_id_seq', 1, false);


--
-- Name: ir_mail_server_id_seq; Type: SEQUENCE SET; Schema: public; Owner: odoo
--

SELECT pg_catalog.setval('public.ir_mail_server_id_seq', 1, false);


--
-- Name: ir_model_access_id_seq; Type: SEQUENCE SET; Schema: public; Owner: odoo
--

SELECT pg_catalog.setval('public.ir_model_access_id_seq', 1000, true);


--
-- Name: ir_model_constraint_id_seq; Type: SEQUENCE SET; Schema: public; Owner: odoo
--

SELECT pg_catalog.setval('public.ir_model_constraint_id_seq', 2515, true);


--
-- Name: ir_model_data_id_seq; Type: SEQUENCE SET; Schema: public; Owner: odoo
--

SELECT pg_catalog.setval('public.ir_model_data_id_seq', 34456, true);


--
-- Name: ir_model_fields_id_seq; Type: SEQUENCE SET; Schema: public; Owner: odoo
--

SELECT pg_catalog.setval('public.ir_model_fields_id_seq', 11146, true);


--
-- Name: ir_model_fields_selection_id_seq; Type: SEQUENCE SET; Schema: public; Owner: odoo
--

SELECT pg_catalog.setval('public.ir_model_fields_selection_id_seq', 1770, true);


--
-- Name: ir_model_id_seq; Type: SEQUENCE SET; Schema: public; Owner: odoo
--

SELECT pg_catalog.setval('public.ir_model_id_seq', 722, true);


--
-- Name: ir_model_relation_id_seq; Type: SEQUENCE SET; Schema: public; Owner: odoo
--

SELECT pg_catalog.setval('public.ir_model_relation_id_seq', 187, true);


--
-- Name: ir_module_category_id_seq; Type: SEQUENCE SET; Schema: public; Owner: odoo
--

SELECT pg_catalog.setval('public.ir_module_category_id_seq', 88, true);


--
-- Name: ir_module_module_dependency_id_seq; Type: SEQUENCE SET; Schema: public; Owner: odoo
--

SELECT pg_catalog.setval('public.ir_module_module_dependency_id_seq', 1125, true);


--
-- Name: ir_module_module_exclusion_id_seq; Type: SEQUENCE SET; Schema: public; Owner: odoo
--

SELECT pg_catalog.setval('public.ir_module_module_exclusion_id_seq', 1, false);


--
-- Name: ir_module_module_id_seq; Type: SEQUENCE SET; Schema: public; Owner: odoo
--

SELECT pg_catalog.setval('public.ir_module_module_id_seq', 565, true);


--
-- Name: ir_profile_id_seq; Type: SEQUENCE SET; Schema: public; Owner: odoo
--

SELECT pg_catalog.setval('public.ir_profile_id_seq', 1, false);


--
-- Name: ir_property_id_seq; Type: SEQUENCE SET; Schema: public; Owner: odoo
--

SELECT pg_catalog.setval('public.ir_property_id_seq', 35, true);


--
-- Name: ir_rule_id_seq; Type: SEQUENCE SET; Schema: public; Owner: odoo
--

SELECT pg_catalog.setval('public.ir_rule_id_seq', 250, true);


--
-- Name: ir_sequence_001; Type: SEQUENCE SET; Schema: public; Owner: odoo
--

SELECT pg_catalog.setval('public.ir_sequence_001', 1, false);


--
-- Name: ir_sequence_002; Type: SEQUENCE SET; Schema: public; Owner: odoo
--

SELECT pg_catalog.setval('public.ir_sequence_002', 1, false);


--
-- Name: ir_sequence_003; Type: SEQUENCE SET; Schema: public; Owner: odoo
--

SELECT pg_catalog.setval('public.ir_sequence_003', 1, false);


--
-- Name: ir_sequence_004; Type: SEQUENCE SET; Schema: public; Owner: odoo
--

SELECT pg_catalog.setval('public.ir_sequence_004', 1, false);


--
-- Name: ir_sequence_005; Type: SEQUENCE SET; Schema: public; Owner: odoo
--

SELECT pg_catalog.setval('public.ir_sequence_005', 1, false);


--
-- Name: ir_sequence_006; Type: SEQUENCE SET; Schema: public; Owner: odoo
--

SELECT pg_catalog.setval('public.ir_sequence_006', 1, false);


--
-- Name: ir_sequence_007; Type: SEQUENCE SET; Schema: public; Owner: odoo
--

SELECT pg_catalog.setval('public.ir_sequence_007', 1, false);


--
-- Name: ir_sequence_008; Type: SEQUENCE SET; Schema: public; Owner: odoo
--

SELECT pg_catalog.setval('public.ir_sequence_008', 1, false);


--
-- Name: ir_sequence_009; Type: SEQUENCE SET; Schema: public; Owner: odoo
--

SELECT pg_catalog.setval('public.ir_sequence_009', 1, false);


--
-- Name: ir_sequence_010; Type: SEQUENCE SET; Schema: public; Owner: odoo
--

SELECT pg_catalog.setval('public.ir_sequence_010', 1, false);


--
-- Name: ir_sequence_011; Type: SEQUENCE SET; Schema: public; Owner: odoo
--

SELECT pg_catalog.setval('public.ir_sequence_011', 1, false);


--
-- Name: ir_sequence_012; Type: SEQUENCE SET; Schema: public; Owner: odoo
--

SELECT pg_catalog.setval('public.ir_sequence_012', 1, false);


--
-- Name: ir_sequence_013; Type: SEQUENCE SET; Schema: public; Owner: odoo
--

SELECT pg_catalog.setval('public.ir_sequence_013', 1, false);


--
-- Name: ir_sequence_014; Type: SEQUENCE SET; Schema: public; Owner: odoo
--

SELECT pg_catalog.setval('public.ir_sequence_014', 1, false);


--
-- Name: ir_sequence_015; Type: SEQUENCE SET; Schema: public; Owner: odoo
--

SELECT pg_catalog.setval('public.ir_sequence_015', 1, false);


--
-- Name: ir_sequence_016; Type: SEQUENCE SET; Schema: public; Owner: odoo
--

SELECT pg_catalog.setval('public.ir_sequence_016', 1, false);


--
-- Name: ir_sequence_017; Type: SEQUENCE SET; Schema: public; Owner: odoo
--

SELECT pg_catalog.setval('public.ir_sequence_017', 1, false);


--
-- Name: ir_sequence_date_range_id_seq; Type: SEQUENCE SET; Schema: public; Owner: odoo
--

SELECT pg_catalog.setval('public.ir_sequence_date_range_id_seq', 1, false);


--
-- Name: ir_sequence_id_seq; Type: SEQUENCE SET; Schema: public; Owner: odoo
--

SELECT pg_catalog.setval('public.ir_sequence_id_seq', 17, true);


--
-- Name: ir_server_object_lines_id_seq; Type: SEQUENCE SET; Schema: public; Owner: odoo
--

SELECT pg_catalog.setval('public.ir_server_object_lines_id_seq', 1, false);


--
-- Name: ir_ui_menu_id_seq; Type: SEQUENCE SET; Schema: public; Owner: odoo
--

SELECT pg_catalog.setval('public.ir_ui_menu_id_seq', 433, true);


--
-- Name: ir_ui_view_custom_id_seq; Type: SEQUENCE SET; Schema: public; Owner: odoo
--

SELECT pg_catalog.setval('public.ir_ui_view_custom_id_seq', 1, false);


--
-- Name: ir_ui_view_id_seq; Type: SEQUENCE SET; Schema: public; Owner: odoo
--

SELECT pg_catalog.setval('public.ir_ui_view_id_seq', 2113, true);


--
-- Name: link_tracker_click_id_seq; Type: SEQUENCE SET; Schema: public; Owner: odoo
--

SELECT pg_catalog.setval('public.link_tracker_click_id_seq', 1, false);


--
-- Name: link_tracker_code_id_seq; Type: SEQUENCE SET; Schema: public; Owner: odoo
--

SELECT pg_catalog.setval('public.link_tracker_code_id_seq', 1, false);


--
-- Name: link_tracker_id_seq; Type: SEQUENCE SET; Schema: public; Owner: odoo
--

SELECT pg_catalog.setval('public.link_tracker_id_seq', 1, false);


--
-- Name: lot_label_layout_id_seq; Type: SEQUENCE SET; Schema: public; Owner: odoo
--

SELECT pg_catalog.setval('public.lot_label_layout_id_seq', 1, false);


--
-- Name: mail_activity_id_seq; Type: SEQUENCE SET; Schema: public; Owner: odoo
--

SELECT pg_catalog.setval('public.mail_activity_id_seq', 1, false);


--
-- Name: mail_activity_type_id_seq; Type: SEQUENCE SET; Schema: public; Owner: odoo
--

SELECT pg_catalog.setval('public.mail_activity_type_id_seq', 9, true);


--
-- Name: mail_alias_id_seq; Type: SEQUENCE SET; Schema: public; Owner: odoo
--

SELECT pg_catalog.setval('public.mail_alias_id_seq', 7, true);


--
-- Name: mail_blacklist_id_seq; Type: SEQUENCE SET; Schema: public; Owner: odoo
--

SELECT pg_catalog.setval('public.mail_blacklist_id_seq', 1, false);


--
-- Name: mail_blacklist_remove_id_seq; Type: SEQUENCE SET; Schema: public; Owner: odoo
--

SELECT pg_catalog.setval('public.mail_blacklist_remove_id_seq', 1, false);


--
-- Name: mail_channel_id_seq; Type: SEQUENCE SET; Schema: public; Owner: odoo
--

SELECT pg_catalog.setval('public.mail_channel_id_seq', 2, true);


--
-- Name: mail_channel_member_id_seq; Type: SEQUENCE SET; Schema: public; Owner: odoo
--

SELECT pg_catalog.setval('public.mail_channel_member_id_seq', 4, true);


--
-- Name: mail_channel_rtc_session_id_seq; Type: SEQUENCE SET; Schema: public; Owner: odoo
--

SELECT pg_catalog.setval('public.mail_channel_rtc_session_id_seq', 1, false);


--
-- Name: mail_compose_message_id_seq; Type: SEQUENCE SET; Schema: public; Owner: odoo
--

SELECT pg_catalog.setval('public.mail_compose_message_id_seq', 1, false);


--
-- Name: mail_followers_id_seq; Type: SEQUENCE SET; Schema: public; Owner: odoo
--

SELECT pg_catalog.setval('public.mail_followers_id_seq', 1, true);


--
-- Name: mail_gateway_allowed_id_seq; Type: SEQUENCE SET; Schema: public; Owner: odoo
--

SELECT pg_catalog.setval('public.mail_gateway_allowed_id_seq', 1, false);


--
-- Name: mail_guest_id_seq; Type: SEQUENCE SET; Schema: public; Owner: odoo
--

SELECT pg_catalog.setval('public.mail_guest_id_seq', 1, false);


--
-- Name: mail_ice_server_id_seq; Type: SEQUENCE SET; Schema: public; Owner: odoo
--

SELECT pg_catalog.setval('public.mail_ice_server_id_seq', 1, false);


--
-- Name: mail_link_preview_id_seq; Type: SEQUENCE SET; Schema: public; Owner: odoo
--

SELECT pg_catalog.setval('public.mail_link_preview_id_seq', 1, false);


--
-- Name: mail_mail_id_seq; Type: SEQUENCE SET; Schema: public; Owner: odoo
--

SELECT pg_catalog.setval('public.mail_mail_id_seq', 4, true);


--
-- Name: mail_message_id_seq; Type: SEQUENCE SET; Schema: public; Owner: odoo
--

SELECT pg_catalog.setval('public.mail_message_id_seq', 432, true);


--
-- Name: mail_message_reaction_id_seq; Type: SEQUENCE SET; Schema: public; Owner: odoo
--

SELECT pg_catalog.setval('public.mail_message_reaction_id_seq', 1, false);


--
-- Name: mail_message_schedule_id_seq; Type: SEQUENCE SET; Schema: public; Owner: odoo
--

SELECT pg_catalog.setval('public.mail_message_schedule_id_seq', 1, false);


--
-- Name: mail_message_subtype_id_seq; Type: SEQUENCE SET; Schema: public; Owner: odoo
--

SELECT pg_catalog.setval('public.mail_message_subtype_id_seq', 49, true);


--
-- Name: mail_notification_id_seq; Type: SEQUENCE SET; Schema: public; Owner: odoo
--

SELECT pg_catalog.setval('public.mail_notification_id_seq', 1, false);


--
-- Name: mail_resend_message_id_seq; Type: SEQUENCE SET; Schema: public; Owner: odoo
--

SELECT pg_catalog.setval('public.mail_resend_message_id_seq', 1, false);


--
-- Name: mail_resend_partner_id_seq; Type: SEQUENCE SET; Schema: public; Owner: odoo
--

SELECT pg_catalog.setval('public.mail_resend_partner_id_seq', 1, false);


--
-- Name: mail_shortcode_id_seq; Type: SEQUENCE SET; Schema: public; Owner: odoo
--

SELECT pg_catalog.setval('public.mail_shortcode_id_seq', 1, true);


--
-- Name: mail_template_id_seq; Type: SEQUENCE SET; Schema: public; Owner: odoo
--

SELECT pg_catalog.setval('public.mail_template_id_seq', 31, true);


--
-- Name: mail_template_preview_id_seq; Type: SEQUENCE SET; Schema: public; Owner: odoo
--

SELECT pg_catalog.setval('public.mail_template_preview_id_seq', 1, false);


--
-- Name: mail_template_reset_id_seq; Type: SEQUENCE SET; Schema: public; Owner: odoo
--

SELECT pg_catalog.setval('public.mail_template_reset_id_seq', 1, false);


--
-- Name: mail_tracking_value_id_seq; Type: SEQUENCE SET; Schema: public; Owner: odoo
--

SELECT pg_catalog.setval('public.mail_tracking_value_id_seq', 1, false);


--
-- Name: mail_wizard_invite_id_seq; Type: SEQUENCE SET; Schema: public; Owner: odoo
--

SELECT pg_catalog.setval('public.mail_wizard_invite_id_seq', 1, false);


--
-- Name: mailing_contact_id_seq; Type: SEQUENCE SET; Schema: public; Owner: odoo
--

SELECT pg_catalog.setval('public.mailing_contact_id_seq', 1, true);


--
-- Name: mailing_contact_import_id_seq; Type: SEQUENCE SET; Schema: public; Owner: odoo
--

SELECT pg_catalog.setval('public.mailing_contact_import_id_seq', 1, false);


--
-- Name: mailing_contact_list_rel_id_seq; Type: SEQUENCE SET; Schema: public; Owner: odoo
--

SELECT pg_catalog.setval('public.mailing_contact_list_rel_id_seq', 1, true);


--
-- Name: mailing_contact_to_list_id_seq; Type: SEQUENCE SET; Schema: public; Owner: odoo
--

SELECT pg_catalog.setval('public.mailing_contact_to_list_id_seq', 1, false);


--
-- Name: mailing_filter_id_seq; Type: SEQUENCE SET; Schema: public; Owner: odoo
--

SELECT pg_catalog.setval('public.mailing_filter_id_seq', 1, false);


--
-- Name: mailing_list_id_seq; Type: SEQUENCE SET; Schema: public; Owner: odoo
--

SELECT pg_catalog.setval('public.mailing_list_id_seq', 1, true);


--
-- Name: mailing_list_merge_id_seq; Type: SEQUENCE SET; Schema: public; Owner: odoo
--

SELECT pg_catalog.setval('public.mailing_list_merge_id_seq', 1, false);


--
-- Name: mailing_mailing_id_seq; Type: SEQUENCE SET; Schema: public; Owner: odoo
--

SELECT pg_catalog.setval('public.mailing_mailing_id_seq', 1, false);


--
-- Name: mailing_mailing_schedule_date_id_seq; Type: SEQUENCE SET; Schema: public; Owner: odoo
--

SELECT pg_catalog.setval('public.mailing_mailing_schedule_date_id_seq', 1, false);


--
-- Name: mailing_mailing_test_id_seq; Type: SEQUENCE SET; Schema: public; Owner: odoo
--

SELECT pg_catalog.setval('public.mailing_mailing_test_id_seq', 1, false);


--
-- Name: mailing_trace_id_seq; Type: SEQUENCE SET; Schema: public; Owner: odoo
--

SELECT pg_catalog.setval('public.mailing_trace_id_seq', 1, false);


--
-- Name: note_note_id_seq; Type: SEQUENCE SET; Schema: public; Owner: odoo
--

SELECT pg_catalog.setval('public.note_note_id_seq', 1, false);


--
-- Name: note_stage_id_seq; Type: SEQUENCE SET; Schema: public; Owner: odoo
--

SELECT pg_catalog.setval('public.note_stage_id_seq', 4, true);


--
-- Name: note_tag_id_seq; Type: SEQUENCE SET; Schema: public; Owner: odoo
--

SELECT pg_catalog.setval('public.note_tag_id_seq', 1, false);


--
-- Name: payment_icon_id_seq; Type: SEQUENCE SET; Schema: public; Owner: odoo
--

SELECT pg_catalog.setval('public.payment_icon_id_seq', 30, true);


--
-- Name: payment_link_wizard_id_seq; Type: SEQUENCE SET; Schema: public; Owner: odoo
--

SELECT pg_catalog.setval('public.payment_link_wizard_id_seq', 1, false);


--
-- Name: payment_provider_id_seq; Type: SEQUENCE SET; Schema: public; Owner: odoo
--

SELECT pg_catalog.setval('public.payment_provider_id_seq', 15, true);


--
-- Name: payment_provider_onboarding_wizard_id_seq; Type: SEQUENCE SET; Schema: public; Owner: odoo
--

SELECT pg_catalog.setval('public.payment_provider_onboarding_wizard_id_seq', 1, false);


--
-- Name: payment_refund_wizard_id_seq; Type: SEQUENCE SET; Schema: public; Owner: odoo
--

SELECT pg_catalog.setval('public.payment_refund_wizard_id_seq', 1, false);


--
-- Name: payment_token_id_seq; Type: SEQUENCE SET; Schema: public; Owner: odoo
--

SELECT pg_catalog.setval('public.payment_token_id_seq', 1, false);


--
-- Name: payment_transaction_id_seq; Type: SEQUENCE SET; Schema: public; Owner: odoo
--

SELECT pg_catalog.setval('public.payment_transaction_id_seq', 1, false);


--
-- Name: phone_blacklist_id_seq; Type: SEQUENCE SET; Schema: public; Owner: odoo
--

SELECT pg_catalog.setval('public.phone_blacklist_id_seq', 1, false);


--
-- Name: phone_blacklist_remove_id_seq; Type: SEQUENCE SET; Schema: public; Owner: odoo
--

SELECT pg_catalog.setval('public.phone_blacklist_remove_id_seq', 1, false);


--
-- Name: picking_label_type_id_seq; Type: SEQUENCE SET; Schema: public; Owner: odoo
--

SELECT pg_catalog.setval('public.picking_label_type_id_seq', 1, false);


--
-- Name: portal_share_id_seq; Type: SEQUENCE SET; Schema: public; Owner: odoo
--

SELECT pg_catalog.setval('public.portal_share_id_seq', 1, false);


--
-- Name: portal_wizard_id_seq; Type: SEQUENCE SET; Schema: public; Owner: odoo
--

SELECT pg_catalog.setval('public.portal_wizard_id_seq', 1, false);


--
-- Name: portal_wizard_user_id_seq; Type: SEQUENCE SET; Schema: public; Owner: odoo
--

SELECT pg_catalog.setval('public.portal_wizard_user_id_seq', 1, false);


--
-- Name: privacy_log_id_seq; Type: SEQUENCE SET; Schema: public; Owner: odoo
--

SELECT pg_catalog.setval('public.privacy_log_id_seq', 1, false);


--
-- Name: privacy_lookup_wizard_id_seq; Type: SEQUENCE SET; Schema: public; Owner: odoo
--

SELECT pg_catalog.setval('public.privacy_lookup_wizard_id_seq', 1, false);


--
-- Name: privacy_lookup_wizard_line_id_seq; Type: SEQUENCE SET; Schema: public; Owner: odoo
--

SELECT pg_catalog.setval('public.privacy_lookup_wizard_line_id_seq', 1, false);


--
-- Name: procurement_group_id_seq; Type: SEQUENCE SET; Schema: public; Owner: odoo
--

SELECT pg_catalog.setval('public.procurement_group_id_seq', 1, false);


--
-- Name: product_attribute_custom_value_id_seq; Type: SEQUENCE SET; Schema: public; Owner: odoo
--

SELECT pg_catalog.setval('public.product_attribute_custom_value_id_seq', 1, false);


--
-- Name: product_attribute_id_seq; Type: SEQUENCE SET; Schema: public; Owner: odoo
--

SELECT pg_catalog.setval('public.product_attribute_id_seq', 1, false);


--
-- Name: product_attribute_value_id_seq; Type: SEQUENCE SET; Schema: public; Owner: odoo
--

SELECT pg_catalog.setval('public.product_attribute_value_id_seq', 1, false);


--
-- Name: product_category_id_seq; Type: SEQUENCE SET; Schema: public; Owner: odoo
--

SELECT pg_catalog.setval('public.product_category_id_seq', 3, true);


--
-- Name: product_label_layout_id_seq; Type: SEQUENCE SET; Schema: public; Owner: odoo
--

SELECT pg_catalog.setval('public.product_label_layout_id_seq', 1, false);


--
-- Name: product_packaging_id_seq; Type: SEQUENCE SET; Schema: public; Owner: odoo
--

SELECT pg_catalog.setval('public.product_packaging_id_seq', 1, false);


--
-- Name: product_pricelist_id_seq; Type: SEQUENCE SET; Schema: public; Owner: odoo
--

SELECT pg_catalog.setval('public.product_pricelist_id_seq', 1, true);


--
-- Name: product_pricelist_item_id_seq; Type: SEQUENCE SET; Schema: public; Owner: odoo
--

SELECT pg_catalog.setval('public.product_pricelist_item_id_seq', 1, false);


--
-- Name: product_product_id_seq; Type: SEQUENCE SET; Schema: public; Owner: odoo
--

SELECT pg_catalog.setval('public.product_product_id_seq', 6, true);


--
-- Name: product_removal_id_seq; Type: SEQUENCE SET; Schema: public; Owner: odoo
--

SELECT pg_catalog.setval('public.product_removal_id_seq', 3, true);


--
-- Name: product_replenish_id_seq; Type: SEQUENCE SET; Schema: public; Owner: odoo
--

SELECT pg_catalog.setval('public.product_replenish_id_seq', 1, false);


--
-- Name: product_supplierinfo_id_seq; Type: SEQUENCE SET; Schema: public; Owner: odoo
--

SELECT pg_catalog.setval('public.product_supplierinfo_id_seq', 1, false);


--
-- Name: product_tag_id_seq; Type: SEQUENCE SET; Schema: public; Owner: odoo
--

SELECT pg_catalog.setval('public.product_tag_id_seq', 1, false);


--
-- Name: product_template_attribute_exclusion_id_seq; Type: SEQUENCE SET; Schema: public; Owner: odoo
--

SELECT pg_catalog.setval('public.product_template_attribute_exclusion_id_seq', 1, false);


--
-- Name: product_template_attribute_line_id_seq; Type: SEQUENCE SET; Schema: public; Owner: odoo
--

SELECT pg_catalog.setval('public.product_template_attribute_line_id_seq', 1, false);


--
-- Name: product_template_attribute_value_id_seq; Type: SEQUENCE SET; Schema: public; Owner: odoo
--

SELECT pg_catalog.setval('public.product_template_attribute_value_id_seq', 1, false);


--
-- Name: product_template_id_seq; Type: SEQUENCE SET; Schema: public; Owner: odoo
--

SELECT pg_catalog.setval('public.product_template_id_seq', 6, true);


--
-- Name: project_collaborator_id_seq; Type: SEQUENCE SET; Schema: public; Owner: odoo
--

SELECT pg_catalog.setval('public.project_collaborator_id_seq', 1, false);


--
-- Name: project_milestone_id_seq; Type: SEQUENCE SET; Schema: public; Owner: odoo
--

SELECT pg_catalog.setval('public.project_milestone_id_seq', 1, false);


--
-- Name: project_project_id_seq; Type: SEQUENCE SET; Schema: public; Owner: odoo
--

SELECT pg_catalog.setval('public.project_project_id_seq', 1, false);


--
-- Name: project_project_stage_id_seq; Type: SEQUENCE SET; Schema: public; Owner: odoo
--

SELECT pg_catalog.setval('public.project_project_stage_id_seq', 4, true);


--
-- Name: project_share_wizard_id_seq; Type: SEQUENCE SET; Schema: public; Owner: odoo
--

SELECT pg_catalog.setval('public.project_share_wizard_id_seq', 1, false);


--
-- Name: project_tags_id_seq; Type: SEQUENCE SET; Schema: public; Owner: odoo
--

SELECT pg_catalog.setval('public.project_tags_id_seq', 1, false);


--
-- Name: project_task_id_seq; Type: SEQUENCE SET; Schema: public; Owner: odoo
--

SELECT pg_catalog.setval('public.project_task_id_seq', 1, false);


--
-- Name: project_task_recurrence_id_seq; Type: SEQUENCE SET; Schema: public; Owner: odoo
--

SELECT pg_catalog.setval('public.project_task_recurrence_id_seq', 1, false);


--
-- Name: project_task_type_delete_wizard_id_seq; Type: SEQUENCE SET; Schema: public; Owner: odoo
--

SELECT pg_catalog.setval('public.project_task_type_delete_wizard_id_seq', 1, false);


--
-- Name: project_task_type_id_seq; Type: SEQUENCE SET; Schema: public; Owner: odoo
--

SELECT pg_catalog.setval('public.project_task_type_id_seq', 1, false);


--
-- Name: project_task_user_rel_id_seq; Type: SEQUENCE SET; Schema: public; Owner: odoo
--

SELECT pg_catalog.setval('public.project_task_user_rel_id_seq', 1, false);


--
-- Name: project_update_id_seq; Type: SEQUENCE SET; Schema: public; Owner: odoo
--

SELECT pg_catalog.setval('public.project_update_id_seq', 1, false);


--
-- Name: purchase_order_id_seq; Type: SEQUENCE SET; Schema: public; Owner: odoo
--

SELECT pg_catalog.setval('public.purchase_order_id_seq', 1, false);


--
-- Name: purchase_order_line_id_seq; Type: SEQUENCE SET; Schema: public; Owner: odoo
--

SELECT pg_catalog.setval('public.purchase_order_line_id_seq', 1, false);


--
-- Name: rating_rating_id_seq; Type: SEQUENCE SET; Schema: public; Owner: odoo
--

SELECT pg_catalog.setval('public.rating_rating_id_seq', 1, false);


--
-- Name: report_layout_id_seq; Type: SEQUENCE SET; Schema: public; Owner: odoo
--

SELECT pg_catalog.setval('public.report_layout_id_seq', 4, true);


--
-- Name: report_paperformat_id_seq; Type: SEQUENCE SET; Schema: public; Owner: odoo
--

SELECT pg_catalog.setval('public.report_paperformat_id_seq', 6, true);


--
-- Name: res_bank_id_seq; Type: SEQUENCE SET; Schema: public; Owner: odoo
--

SELECT pg_catalog.setval('public.res_bank_id_seq', 1, true);


--
-- Name: res_company_id_seq; Type: SEQUENCE SET; Schema: public; Owner: odoo
--

SELECT pg_catalog.setval('public.res_company_id_seq', 1, true);


--
-- Name: res_config_id_seq; Type: SEQUENCE SET; Schema: public; Owner: odoo
--

SELECT pg_catalog.setval('public.res_config_id_seq', 1, false);


--
-- Name: res_config_installer_id_seq; Type: SEQUENCE SET; Schema: public; Owner: odoo
--

SELECT pg_catalog.setval('public.res_config_installer_id_seq', 1, false);


--
-- Name: res_config_settings_id_seq; Type: SEQUENCE SET; Schema: public; Owner: odoo
--

SELECT pg_catalog.setval('public.res_config_settings_id_seq', 2, true);


--
-- Name: res_country_group_id_seq; Type: SEQUENCE SET; Schema: public; Owner: odoo
--

SELECT pg_catalog.setval('public.res_country_group_id_seq', 5, true);


--
-- Name: res_country_id_seq; Type: SEQUENCE SET; Schema: public; Owner: odoo
--

SELECT pg_catalog.setval('public.res_country_id_seq', 250, true);


--
-- Name: res_country_state_id_seq; Type: SEQUENCE SET; Schema: public; Owner: odoo
--

SELECT pg_catalog.setval('public.res_country_state_id_seq', 1668, true);


--
-- Name: res_currency_id_seq; Type: SEQUENCE SET; Schema: public; Owner: odoo
--

SELECT pg_catalog.setval('public.res_currency_id_seq', 169, true);


--
-- Name: res_currency_rate_id_seq; Type: SEQUENCE SET; Schema: public; Owner: odoo
--

SELECT pg_catalog.setval('public.res_currency_rate_id_seq', 1, false);


--
-- Name: res_groups_id_seq; Type: SEQUENCE SET; Schema: public; Owner: odoo
--

SELECT pg_catalog.setval('public.res_groups_id_seq', 85, true);


--
-- Name: res_lang_id_seq; Type: SEQUENCE SET; Schema: public; Owner: odoo
--

SELECT pg_catalog.setval('public.res_lang_id_seq', 88, true);


--
-- Name: res_partner_autocomplete_sync_id_seq; Type: SEQUENCE SET; Schema: public; Owner: odoo
--

SELECT pg_catalog.setval('public.res_partner_autocomplete_sync_id_seq', 1, false);


--
-- Name: res_partner_bank_id_seq; Type: SEQUENCE SET; Schema: public; Owner: odoo
--

SELECT pg_catalog.setval('public.res_partner_bank_id_seq', 1, false);


--
-- Name: res_partner_category_id_seq; Type: SEQUENCE SET; Schema: public; Owner: odoo
--

SELECT pg_catalog.setval('public.res_partner_category_id_seq', 1, false);


--
-- Name: res_partner_id_seq; Type: SEQUENCE SET; Schema: public; Owner: odoo
--

SELECT pg_catalog.setval('public.res_partner_id_seq', 9, true);


--
-- Name: res_partner_industry_id_seq; Type: SEQUENCE SET; Schema: public; Owner: odoo
--

SELECT pg_catalog.setval('public.res_partner_industry_id_seq', 21, true);


--
-- Name: res_partner_title_id_seq; Type: SEQUENCE SET; Schema: public; Owner: odoo
--

SELECT pg_catalog.setval('public.res_partner_title_id_seq', 5, true);


--
-- Name: res_users_apikeys_description_id_seq; Type: SEQUENCE SET; Schema: public; Owner: odoo
--

SELECT pg_catalog.setval('public.res_users_apikeys_description_id_seq', 1, false);


--
-- Name: res_users_apikeys_id_seq; Type: SEQUENCE SET; Schema: public; Owner: odoo
--

SELECT pg_catalog.setval('public.res_users_apikeys_id_seq', 1, false);


--
-- Name: res_users_deletion_id_seq; Type: SEQUENCE SET; Schema: public; Owner: odoo
--

SELECT pg_catalog.setval('public.res_users_deletion_id_seq', 1, false);


--
-- Name: res_users_id_seq; Type: SEQUENCE SET; Schema: public; Owner: odoo
--

SELECT pg_catalog.setval('public.res_users_id_seq', 5, true);


--
-- Name: res_users_identitycheck_id_seq; Type: SEQUENCE SET; Schema: public; Owner: odoo
--

SELECT pg_catalog.setval('public.res_users_identitycheck_id_seq', 1, false);


--
-- Name: res_users_log_id_seq; Type: SEQUENCE SET; Schema: public; Owner: odoo
--

SELECT pg_catalog.setval('public.res_users_log_id_seq', 8, true);


--
-- Name: res_users_settings_id_seq; Type: SEQUENCE SET; Schema: public; Owner: odoo
--

SELECT pg_catalog.setval('public.res_users_settings_id_seq', 1, true);


--
-- Name: res_users_settings_volumes_id_seq; Type: SEQUENCE SET; Schema: public; Owner: odoo
--

SELECT pg_catalog.setval('public.res_users_settings_volumes_id_seq', 1, false);


--
-- Name: reset_view_arch_wizard_id_seq; Type: SEQUENCE SET; Schema: public; Owner: odoo
--

SELECT pg_catalog.setval('public.reset_view_arch_wizard_id_seq', 1, false);


--
-- Name: resource_calendar_attendance_id_seq; Type: SEQUENCE SET; Schema: public; Owner: odoo
--

SELECT pg_catalog.setval('public.resource_calendar_attendance_id_seq', 30, true);


--
-- Name: resource_calendar_id_seq; Type: SEQUENCE SET; Schema: public; Owner: odoo
--

SELECT pg_catalog.setval('public.resource_calendar_id_seq', 3, true);


--
-- Name: resource_calendar_leaves_id_seq; Type: SEQUENCE SET; Schema: public; Owner: odoo
--

SELECT pg_catalog.setval('public.resource_calendar_leaves_id_seq', 1, false);


--
-- Name: resource_resource_id_seq; Type: SEQUENCE SET; Schema: public; Owner: odoo
--

SELECT pg_catalog.setval('public.resource_resource_id_seq', 1, true);


--
-- Name: sale_advance_payment_inv_id_seq; Type: SEQUENCE SET; Schema: public; Owner: odoo
--

SELECT pg_catalog.setval('public.sale_advance_payment_inv_id_seq', 1, false);


--
-- Name: sale_order_cancel_id_seq; Type: SEQUENCE SET; Schema: public; Owner: odoo
--

SELECT pg_catalog.setval('public.sale_order_cancel_id_seq', 1, false);


--
-- Name: sale_order_id_seq; Type: SEQUENCE SET; Schema: public; Owner: odoo
--

SELECT pg_catalog.setval('public.sale_order_id_seq', 1, false);


--
-- Name: sale_order_line_id_seq; Type: SEQUENCE SET; Schema: public; Owner: odoo
--

SELECT pg_catalog.setval('public.sale_order_line_id_seq', 1, false);


--
-- Name: sale_order_option_id_seq; Type: SEQUENCE SET; Schema: public; Owner: odoo
--

SELECT pg_catalog.setval('public.sale_order_option_id_seq', 1, false);


--
-- Name: sale_order_template_id_seq; Type: SEQUENCE SET; Schema: public; Owner: odoo
--

SELECT pg_catalog.setval('public.sale_order_template_id_seq', 1, false);


--
-- Name: sale_order_template_line_id_seq; Type: SEQUENCE SET; Schema: public; Owner: odoo
--

SELECT pg_catalog.setval('public.sale_order_template_line_id_seq', 1, false);


--
-- Name: sale_order_template_option_id_seq; Type: SEQUENCE SET; Schema: public; Owner: odoo
--

SELECT pg_catalog.setval('public.sale_order_template_option_id_seq', 1, false);


--
-- Name: sale_payment_provider_onboarding_wizard_id_seq; Type: SEQUENCE SET; Schema: public; Owner: odoo
--

SELECT pg_catalog.setval('public.sale_payment_provider_onboarding_wizard_id_seq', 1, false);


--
-- Name: sms_composer_id_seq; Type: SEQUENCE SET; Schema: public; Owner: odoo
--

SELECT pg_catalog.setval('public.sms_composer_id_seq', 1, false);


--
-- Name: sms_resend_id_seq; Type: SEQUENCE SET; Schema: public; Owner: odoo
--

SELECT pg_catalog.setval('public.sms_resend_id_seq', 1, false);


--
-- Name: sms_resend_recipient_id_seq; Type: SEQUENCE SET; Schema: public; Owner: odoo
--

SELECT pg_catalog.setval('public.sms_resend_recipient_id_seq', 1, false);


--
-- Name: sms_sms_id_seq; Type: SEQUENCE SET; Schema: public; Owner: odoo
--

SELECT pg_catalog.setval('public.sms_sms_id_seq', 1, false);


--
-- Name: sms_template_id_seq; Type: SEQUENCE SET; Schema: public; Owner: odoo
--

SELECT pg_catalog.setval('public.sms_template_id_seq', 2, true);


--
-- Name: sms_template_preview_id_seq; Type: SEQUENCE SET; Schema: public; Owner: odoo
--

SELECT pg_catalog.setval('public.sms_template_preview_id_seq', 1, false);


--
-- Name: sms_template_reset_id_seq; Type: SEQUENCE SET; Schema: public; Owner: odoo
--

SELECT pg_catalog.setval('public.sms_template_reset_id_seq', 1, false);


--
-- Name: snailmail_confirm_invoice_id_seq; Type: SEQUENCE SET; Schema: public; Owner: odoo
--

SELECT pg_catalog.setval('public.snailmail_confirm_invoice_id_seq', 1, false);


--
-- Name: snailmail_letter_format_error_id_seq; Type: SEQUENCE SET; Schema: public; Owner: odoo
--

SELECT pg_catalog.setval('public.snailmail_letter_format_error_id_seq', 1, false);


--
-- Name: snailmail_letter_id_seq; Type: SEQUENCE SET; Schema: public; Owner: odoo
--

SELECT pg_catalog.setval('public.snailmail_letter_id_seq', 1, false);


--
-- Name: snailmail_letter_missing_required_fields_id_seq; Type: SEQUENCE SET; Schema: public; Owner: odoo
--

SELECT pg_catalog.setval('public.snailmail_letter_missing_required_fields_id_seq', 1, false);


--
-- Name: spreadsheet_dashboard_group_id_seq; Type: SEQUENCE SET; Schema: public; Owner: odoo
--

SELECT pg_catalog.setval('public.spreadsheet_dashboard_group_id_seq', 6, true);


--
-- Name: spreadsheet_dashboard_id_seq; Type: SEQUENCE SET; Schema: public; Owner: odoo
--

SELECT pg_catalog.setval('public.spreadsheet_dashboard_id_seq', 8, true);


--
-- Name: stock_assign_serial_id_seq; Type: SEQUENCE SET; Schema: public; Owner: odoo
--

SELECT pg_catalog.setval('public.stock_assign_serial_id_seq', 1, false);


--
-- Name: stock_backorder_confirmation_id_seq; Type: SEQUENCE SET; Schema: public; Owner: odoo
--

SELECT pg_catalog.setval('public.stock_backorder_confirmation_id_seq', 1, false);


--
-- Name: stock_backorder_confirmation_line_id_seq; Type: SEQUENCE SET; Schema: public; Owner: odoo
--

SELECT pg_catalog.setval('public.stock_backorder_confirmation_line_id_seq', 1, false);


--
-- Name: stock_change_product_qty_id_seq; Type: SEQUENCE SET; Schema: public; Owner: odoo
--

SELECT pg_catalog.setval('public.stock_change_product_qty_id_seq', 1, false);


--
-- Name: stock_immediate_transfer_id_seq; Type: SEQUENCE SET; Schema: public; Owner: odoo
--

SELECT pg_catalog.setval('public.stock_immediate_transfer_id_seq', 1, false);


--
-- Name: stock_immediate_transfer_line_id_seq; Type: SEQUENCE SET; Schema: public; Owner: odoo
--

SELECT pg_catalog.setval('public.stock_immediate_transfer_line_id_seq', 1, false);


--
-- Name: stock_inventory_adjustment_name_id_seq; Type: SEQUENCE SET; Schema: public; Owner: odoo
--

SELECT pg_catalog.setval('public.stock_inventory_adjustment_name_id_seq', 1, false);


--
-- Name: stock_inventory_conflict_id_seq; Type: SEQUENCE SET; Schema: public; Owner: odoo
--

SELECT pg_catalog.setval('public.stock_inventory_conflict_id_seq', 1, false);


--
-- Name: stock_inventory_warning_id_seq; Type: SEQUENCE SET; Schema: public; Owner: odoo
--

SELECT pg_catalog.setval('public.stock_inventory_warning_id_seq', 1, false);


--
-- Name: stock_location_id_seq; Type: SEQUENCE SET; Schema: public; Owner: odoo
--

SELECT pg_catalog.setval('public.stock_location_id_seq', 16, true);


--
-- Name: stock_lot_id_seq; Type: SEQUENCE SET; Schema: public; Owner: odoo
--

SELECT pg_catalog.setval('public.stock_lot_id_seq', 1, false);


--
-- Name: stock_move_id_seq; Type: SEQUENCE SET; Schema: public; Owner: odoo
--

SELECT pg_catalog.setval('public.stock_move_id_seq', 1, false);


--
-- Name: stock_move_line_id_seq; Type: SEQUENCE SET; Schema: public; Owner: odoo
--

SELECT pg_catalog.setval('public.stock_move_line_id_seq', 1, false);


--
-- Name: stock_orderpoint_snooze_id_seq; Type: SEQUENCE SET; Schema: public; Owner: odoo
--

SELECT pg_catalog.setval('public.stock_orderpoint_snooze_id_seq', 1, false);


--
-- Name: stock_package_destination_id_seq; Type: SEQUENCE SET; Schema: public; Owner: odoo
--

SELECT pg_catalog.setval('public.stock_package_destination_id_seq', 1, false);


--
-- Name: stock_package_level_id_seq; Type: SEQUENCE SET; Schema: public; Owner: odoo
--

SELECT pg_catalog.setval('public.stock_package_level_id_seq', 1, false);


--
-- Name: stock_package_type_id_seq; Type: SEQUENCE SET; Schema: public; Owner: odoo
--

SELECT pg_catalog.setval('public.stock_package_type_id_seq', 1, false);


--
-- Name: stock_picking_id_seq; Type: SEQUENCE SET; Schema: public; Owner: odoo
--

SELECT pg_catalog.setval('public.stock_picking_id_seq', 1, false);


--
-- Name: stock_picking_type_id_seq; Type: SEQUENCE SET; Schema: public; Owner: odoo
--

SELECT pg_catalog.setval('public.stock_picking_type_id_seq', 6, true);


--
-- Name: stock_putaway_rule_id_seq; Type: SEQUENCE SET; Schema: public; Owner: odoo
--

SELECT pg_catalog.setval('public.stock_putaway_rule_id_seq', 1, false);


--
-- Name: stock_quant_id_seq; Type: SEQUENCE SET; Schema: public; Owner: odoo
--

SELECT pg_catalog.setval('public.stock_quant_id_seq', 1, false);


--
-- Name: stock_quant_package_id_seq; Type: SEQUENCE SET; Schema: public; Owner: odoo
--

SELECT pg_catalog.setval('public.stock_quant_package_id_seq', 1, false);


--
-- Name: stock_quantity_history_id_seq; Type: SEQUENCE SET; Schema: public; Owner: odoo
--

SELECT pg_catalog.setval('public.stock_quantity_history_id_seq', 1, false);


--
-- Name: stock_replenishment_info_id_seq; Type: SEQUENCE SET; Schema: public; Owner: odoo
--

SELECT pg_catalog.setval('public.stock_replenishment_info_id_seq', 1, false);


--
-- Name: stock_replenishment_option_id_seq; Type: SEQUENCE SET; Schema: public; Owner: odoo
--

SELECT pg_catalog.setval('public.stock_replenishment_option_id_seq', 1, false);


--
-- Name: stock_request_count_id_seq; Type: SEQUENCE SET; Schema: public; Owner: odoo
--

SELECT pg_catalog.setval('public.stock_request_count_id_seq', 1, false);


--
-- Name: stock_return_picking_id_seq; Type: SEQUENCE SET; Schema: public; Owner: odoo
--

SELECT pg_catalog.setval('public.stock_return_picking_id_seq', 1, false);


--
-- Name: stock_return_picking_line_id_seq; Type: SEQUENCE SET; Schema: public; Owner: odoo
--

SELECT pg_catalog.setval('public.stock_return_picking_line_id_seq', 1, false);


--
-- Name: stock_route_id_seq; Type: SEQUENCE SET; Schema: public; Owner: odoo
--

SELECT pg_catalog.setval('public.stock_route_id_seq', 5, true);


--
-- Name: stock_rule_id_seq; Type: SEQUENCE SET; Schema: public; Owner: odoo
--

SELECT pg_catalog.setval('public.stock_rule_id_seq', 6, true);


--
-- Name: stock_rules_report_id_seq; Type: SEQUENCE SET; Schema: public; Owner: odoo
--

SELECT pg_catalog.setval('public.stock_rules_report_id_seq', 1, false);


--
-- Name: stock_scheduler_compute_id_seq; Type: SEQUENCE SET; Schema: public; Owner: odoo
--

SELECT pg_catalog.setval('public.stock_scheduler_compute_id_seq', 1, false);


--
-- Name: stock_scrap_id_seq; Type: SEQUENCE SET; Schema: public; Owner: odoo
--

SELECT pg_catalog.setval('public.stock_scrap_id_seq', 1, false);


--
-- Name: stock_storage_category_capacity_id_seq; Type: SEQUENCE SET; Schema: public; Owner: odoo
--

SELECT pg_catalog.setval('public.stock_storage_category_capacity_id_seq', 1, false);


--
-- Name: stock_storage_category_id_seq; Type: SEQUENCE SET; Schema: public; Owner: odoo
--

SELECT pg_catalog.setval('public.stock_storage_category_id_seq', 1, false);


--
-- Name: stock_traceability_report_id_seq; Type: SEQUENCE SET; Schema: public; Owner: odoo
--

SELECT pg_catalog.setval('public.stock_traceability_report_id_seq', 1, false);


--
-- Name: stock_track_confirmation_id_seq; Type: SEQUENCE SET; Schema: public; Owner: odoo
--

SELECT pg_catalog.setval('public.stock_track_confirmation_id_seq', 1, false);


--
-- Name: stock_track_line_id_seq; Type: SEQUENCE SET; Schema: public; Owner: odoo
--

SELECT pg_catalog.setval('public.stock_track_line_id_seq', 1, false);


--
-- Name: stock_valuation_layer_id_seq; Type: SEQUENCE SET; Schema: public; Owner: odoo
--

SELECT pg_catalog.setval('public.stock_valuation_layer_id_seq', 1, false);


--
-- Name: stock_valuation_layer_revaluation_id_seq; Type: SEQUENCE SET; Schema: public; Owner: odoo
--

SELECT pg_catalog.setval('public.stock_valuation_layer_revaluation_id_seq', 1, false);


--
-- Name: stock_warehouse_id_seq; Type: SEQUENCE SET; Schema: public; Owner: odoo
--

SELECT pg_catalog.setval('public.stock_warehouse_id_seq', 1, true);


--
-- Name: stock_warehouse_orderpoint_id_seq; Type: SEQUENCE SET; Schema: public; Owner: odoo
--

SELECT pg_catalog.setval('public.stock_warehouse_orderpoint_id_seq', 1, false);


--
-- Name: stock_warn_insufficient_qty_scrap_id_seq; Type: SEQUENCE SET; Schema: public; Owner: odoo
--

SELECT pg_catalog.setval('public.stock_warn_insufficient_qty_scrap_id_seq', 1, false);


--
-- Name: survey_invite_id_seq; Type: SEQUENCE SET; Schema: public; Owner: odoo
--

SELECT pg_catalog.setval('public.survey_invite_id_seq', 1, false);


--
-- Name: survey_question_answer_id_seq; Type: SEQUENCE SET; Schema: public; Owner: odoo
--

SELECT pg_catalog.setval('public.survey_question_answer_id_seq', 1, false);


--
-- Name: survey_question_id_seq; Type: SEQUENCE SET; Schema: public; Owner: odoo
--

SELECT pg_catalog.setval('public.survey_question_id_seq', 1, false);


--
-- Name: survey_survey_id_seq; Type: SEQUENCE SET; Schema: public; Owner: odoo
--

SELECT pg_catalog.setval('public.survey_survey_id_seq', 1, false);


--
-- Name: survey_user_input_id_seq; Type: SEQUENCE SET; Schema: public; Owner: odoo
--

SELECT pg_catalog.setval('public.survey_user_input_id_seq', 1, false);


--
-- Name: survey_user_input_line_id_seq; Type: SEQUENCE SET; Schema: public; Owner: odoo
--

SELECT pg_catalog.setval('public.survey_user_input_line_id_seq', 1, false);


--
-- Name: theme_ir_asset_id_seq; Type: SEQUENCE SET; Schema: public; Owner: odoo
--

SELECT pg_catalog.setval('public.theme_ir_asset_id_seq', 1, false);


--
-- Name: theme_ir_attachment_id_seq; Type: SEQUENCE SET; Schema: public; Owner: odoo
--

SELECT pg_catalog.setval('public.theme_ir_attachment_id_seq', 1, false);


--
-- Name: theme_ir_ui_view_id_seq; Type: SEQUENCE SET; Schema: public; Owner: odoo
--

SELECT pg_catalog.setval('public.theme_ir_ui_view_id_seq', 1, false);


--
-- Name: theme_website_menu_id_seq; Type: SEQUENCE SET; Schema: public; Owner: odoo
--

SELECT pg_catalog.setval('public.theme_website_menu_id_seq', 1, false);


--
-- Name: theme_website_page_id_seq; Type: SEQUENCE SET; Schema: public; Owner: odoo
--

SELECT pg_catalog.setval('public.theme_website_page_id_seq', 1, false);


--
-- Name: uom_category_id_seq; Type: SEQUENCE SET; Schema: public; Owner: odoo
--

SELECT pg_catalog.setval('public.uom_category_id_seq', 6, true);


--
-- Name: uom_uom_id_seq; Type: SEQUENCE SET; Schema: public; Owner: odoo
--

SELECT pg_catalog.setval('public.uom_uom_id_seq', 26, true);


--
-- Name: utm_campaign_id_seq; Type: SEQUENCE SET; Schema: public; Owner: odoo
--

SELECT pg_catalog.setval('public.utm_campaign_id_seq', 1, false);


--
-- Name: utm_medium_id_seq; Type: SEQUENCE SET; Schema: public; Owner: odoo
--

SELECT pg_catalog.setval('public.utm_medium_id_seq', 10, true);


--
-- Name: utm_source_id_seq; Type: SEQUENCE SET; Schema: public; Owner: odoo
--

SELECT pg_catalog.setval('public.utm_source_id_seq', 12, true);


--
-- Name: utm_stage_id_seq; Type: SEQUENCE SET; Schema: public; Owner: odoo
--

SELECT pg_catalog.setval('public.utm_stage_id_seq', 1, true);


--
-- Name: utm_tag_id_seq; Type: SEQUENCE SET; Schema: public; Owner: odoo
--

SELECT pg_catalog.setval('public.utm_tag_id_seq', 1, true);


--
-- Name: validate_account_move_id_seq; Type: SEQUENCE SET; Schema: public; Owner: odoo
--

SELECT pg_catalog.setval('public.validate_account_move_id_seq', 1, false);


--
-- Name: web_editor_converter_test_id_seq; Type: SEQUENCE SET; Schema: public; Owner: odoo
--

SELECT pg_catalog.setval('public.web_editor_converter_test_id_seq', 1, false);


--
-- Name: web_editor_converter_test_sub_id_seq; Type: SEQUENCE SET; Schema: public; Owner: odoo
--

SELECT pg_catalog.setval('public.web_editor_converter_test_sub_id_seq', 1, false);


--
-- Name: web_tour_tour_id_seq; Type: SEQUENCE SET; Schema: public; Owner: odoo
--

SELECT pg_catalog.setval('public.web_tour_tour_id_seq', 1, false);


--
-- Name: website_configurator_feature_id_seq; Type: SEQUENCE SET; Schema: public; Owner: odoo
--

SELECT pg_catalog.setval('public.website_configurator_feature_id_seq', 13, true);


--
-- Name: website_id_seq; Type: SEQUENCE SET; Schema: public; Owner: odoo
--

SELECT pg_catalog.setval('public.website_id_seq', 1, true);


--
-- Name: website_menu_id_seq; Type: SEQUENCE SET; Schema: public; Owner: odoo
--

SELECT pg_catalog.setval('public.website_menu_id_seq', 6, true);


--
-- Name: website_page_id_seq; Type: SEQUENCE SET; Schema: public; Owner: odoo
--

SELECT pg_catalog.setval('public.website_page_id_seq', 4, true);


--
-- Name: website_rewrite_id_seq; Type: SEQUENCE SET; Schema: public; Owner: odoo
--

SELECT pg_catalog.setval('public.website_rewrite_id_seq', 1, false);


--
-- Name: website_robots_id_seq; Type: SEQUENCE SET; Schema: public; Owner: odoo
--

SELECT pg_catalog.setval('public.website_robots_id_seq', 1, false);


--
-- Name: website_route_id_seq; Type: SEQUENCE SET; Schema: public; Owner: odoo
--

SELECT pg_catalog.setval('public.website_route_id_seq', 1, false);


--
-- Name: website_snippet_filter_id_seq; Type: SEQUENCE SET; Schema: public; Owner: odoo
--

SELECT pg_catalog.setval('public.website_snippet_filter_id_seq', 1, false);


--
-- Name: website_track_id_seq; Type: SEQUENCE SET; Schema: public; Owner: odoo
--

SELECT pg_catalog.setval('public.website_track_id_seq', 35, true);


--
-- Name: website_visitor_id_seq; Type: SEQUENCE SET; Schema: public; Owner: odoo
--

SELECT pg_catalog.setval('public.website_visitor_id_seq', 36, true);


--
-- Name: wizard_ir_model_menu_create_id_seq; Type: SEQUENCE SET; Schema: public; Owner: odoo
--

SELECT pg_catalog.setval('public.wizard_ir_model_menu_create_id_seq', 1, false);


--
-- Name: account_account_account_journal_rel account_account_account_journal_rel_pkey; Type: CONSTRAINT; Schema: public; Owner: odoo
--

ALTER TABLE ONLY public.account_account_account_journal_rel
    ADD CONSTRAINT account_account_account_journal_rel_pkey PRIMARY KEY (account_account_id, account_journal_id);


--
-- Name: account_account_account_tag account_account_account_tag_pkey; Type: CONSTRAINT; Schema: public; Owner: odoo
--

ALTER TABLE ONLY public.account_account_account_tag
    ADD CONSTRAINT account_account_account_tag_pkey PRIMARY KEY (account_account_id, account_account_tag_id);


--
-- Name: account_account account_account_code_company_uniq; Type: CONSTRAINT; Schema: public; Owner: odoo
--

ALTER TABLE ONLY public.account_account
    ADD CONSTRAINT account_account_code_company_uniq UNIQUE (code, company_id);


--
-- Name: CONSTRAINT account_account_code_company_uniq ON account_account; Type: COMMENT; Schema: public; Owner: odoo
--

COMMENT ON CONSTRAINT account_account_code_company_uniq ON public.account_account IS 'unique (code,company_id)';


--
-- Name: account_account account_account_pkey; Type: CONSTRAINT; Schema: public; Owner: odoo
--

ALTER TABLE ONLY public.account_account
    ADD CONSTRAINT account_account_pkey PRIMARY KEY (id);


--
-- Name: account_account_tag_account_move_line_rel account_account_tag_account_move_line_rel_pkey; Type: CONSTRAINT; Schema: public; Owner: odoo
--

ALTER TABLE ONLY public.account_account_tag_account_move_line_rel
    ADD CONSTRAINT account_account_tag_account_move_line_rel_pkey PRIMARY KEY (account_move_line_id, account_account_tag_id);


--
-- Name: account_account_tag_account_tax_repartition_line_rel account_account_tag_account_tax_repartition_line_rel_pkey; Type: CONSTRAINT; Schema: public; Owner: odoo
--

ALTER TABLE ONLY public.account_account_tag_account_tax_repartition_line_rel
    ADD CONSTRAINT account_account_tag_account_tax_repartition_line_rel_pkey PRIMARY KEY (account_tax_repartition_line_id, account_account_tag_id);


--
-- Name: account_account_tag account_account_tag_pkey; Type: CONSTRAINT; Schema: public; Owner: odoo
--

ALTER TABLE ONLY public.account_account_tag
    ADD CONSTRAINT account_account_tag_pkey PRIMARY KEY (id);


--
-- Name: account_account_tag_product_template_rel account_account_tag_product_template_rel_pkey; Type: CONSTRAINT; Schema: public; Owner: odoo
--

ALTER TABLE ONLY public.account_account_tag_product_template_rel
    ADD CONSTRAINT account_account_tag_product_template_rel_pkey PRIMARY KEY (product_template_id, account_account_tag_id);


--
-- Name: account_account_tax_default_rel account_account_tax_default_rel_pkey; Type: CONSTRAINT; Schema: public; Owner: odoo
--

ALTER TABLE ONLY public.account_account_tax_default_rel
    ADD CONSTRAINT account_account_tax_default_rel_pkey PRIMARY KEY (account_id, tax_id);


--
-- Name: account_account_template_account_tag account_account_template_account_tag_pkey; Type: CONSTRAINT; Schema: public; Owner: odoo
--

ALTER TABLE ONLY public.account_account_template_account_tag
    ADD CONSTRAINT account_account_template_account_tag_pkey PRIMARY KEY (account_account_template_id, account_account_tag_id);


--
-- Name: account_account_template account_account_template_pkey; Type: CONSTRAINT; Schema: public; Owner: odoo
--

ALTER TABLE ONLY public.account_account_template
    ADD CONSTRAINT account_account_template_pkey PRIMARY KEY (id);


--
-- Name: account_account_template_tax_rel account_account_template_tax_rel_pkey; Type: CONSTRAINT; Schema: public; Owner: odoo
--

ALTER TABLE ONLY public.account_account_template_tax_rel
    ADD CONSTRAINT account_account_template_tax_rel_pkey PRIMARY KEY (account_id, tax_id);


--
-- Name: account_accrued_orders_wizard account_accrued_orders_wizard_pkey; Type: CONSTRAINT; Schema: public; Owner: odoo
--

ALTER TABLE ONLY public.account_accrued_orders_wizard
    ADD CONSTRAINT account_accrued_orders_wizard_pkey PRIMARY KEY (id);


--
-- Name: account_analytic_account account_analytic_account_pkey; Type: CONSTRAINT; Schema: public; Owner: odoo
--

ALTER TABLE ONLY public.account_analytic_account
    ADD CONSTRAINT account_analytic_account_pkey PRIMARY KEY (id);


--
-- Name: account_analytic_applicability account_analytic_applicability_pkey; Type: CONSTRAINT; Schema: public; Owner: odoo
--

ALTER TABLE ONLY public.account_analytic_applicability
    ADD CONSTRAINT account_analytic_applicability_pkey PRIMARY KEY (id);


--
-- Name: account_analytic_distribution_model account_analytic_distribution_model_pkey; Type: CONSTRAINT; Schema: public; Owner: odoo
--

ALTER TABLE ONLY public.account_analytic_distribution_model
    ADD CONSTRAINT account_analytic_distribution_model_pkey PRIMARY KEY (id);


--
-- Name: account_analytic_line account_analytic_line_pkey; Type: CONSTRAINT; Schema: public; Owner: odoo
--

ALTER TABLE ONLY public.account_analytic_line
    ADD CONSTRAINT account_analytic_line_pkey PRIMARY KEY (id);


--
-- Name: account_analytic_plan account_analytic_plan_pkey; Type: CONSTRAINT; Schema: public; Owner: odoo
--

ALTER TABLE ONLY public.account_analytic_plan
    ADD CONSTRAINT account_analytic_plan_pkey PRIMARY KEY (id);


--
-- Name: account_automatic_entry_wizard_account_move_line_rel account_automatic_entry_wizard_account_move_line_rel_pkey; Type: CONSTRAINT; Schema: public; Owner: odoo
--

ALTER TABLE ONLY public.account_automatic_entry_wizard_account_move_line_rel
    ADD CONSTRAINT account_automatic_entry_wizard_account_move_line_rel_pkey PRIMARY KEY (account_automatic_entry_wizard_id, account_move_line_id);


--
-- Name: account_automatic_entry_wizard account_automatic_entry_wizard_pkey; Type: CONSTRAINT; Schema: public; Owner: odoo
--

ALTER TABLE ONLY public.account_automatic_entry_wizard
    ADD CONSTRAINT account_automatic_entry_wizard_pkey PRIMARY KEY (id);


--
-- Name: account_bank_statement_ir_attachment_rel account_bank_statement_ir_attachment_rel_pkey; Type: CONSTRAINT; Schema: public; Owner: odoo
--

ALTER TABLE ONLY public.account_bank_statement_ir_attachment_rel
    ADD CONSTRAINT account_bank_statement_ir_attachment_rel_pkey PRIMARY KEY (account_bank_statement_id, ir_attachment_id);


--
-- Name: account_bank_statement_line account_bank_statement_line_pkey; Type: CONSTRAINT; Schema: public; Owner: odoo
--

ALTER TABLE ONLY public.account_bank_statement_line
    ADD CONSTRAINT account_bank_statement_line_pkey PRIMARY KEY (id);


--
-- Name: account_bank_statement account_bank_statement_pkey; Type: CONSTRAINT; Schema: public; Owner: odoo
--

ALTER TABLE ONLY public.account_bank_statement
    ADD CONSTRAINT account_bank_statement_pkey PRIMARY KEY (id);


--
-- Name: account_cash_rounding account_cash_rounding_pkey; Type: CONSTRAINT; Schema: public; Owner: odoo
--

ALTER TABLE ONLY public.account_cash_rounding
    ADD CONSTRAINT account_cash_rounding_pkey PRIMARY KEY (id);


--
-- Name: account_chart_template account_chart_template_pkey; Type: CONSTRAINT; Schema: public; Owner: odoo
--

ALTER TABLE ONLY public.account_chart_template
    ADD CONSTRAINT account_chart_template_pkey PRIMARY KEY (id);


--
-- Name: account_edi_document account_edi_document_pkey; Type: CONSTRAINT; Schema: public; Owner: odoo
--

ALTER TABLE ONLY public.account_edi_document
    ADD CONSTRAINT account_edi_document_pkey PRIMARY KEY (id);


--
-- Name: account_edi_document account_edi_document_unique_edi_document_by_move_by_format; Type: CONSTRAINT; Schema: public; Owner: odoo
--

ALTER TABLE ONLY public.account_edi_document
    ADD CONSTRAINT account_edi_document_unique_edi_document_by_move_by_format UNIQUE (edi_format_id, move_id);


--
-- Name: CONSTRAINT account_edi_document_unique_edi_document_by_move_by_format ON account_edi_document; Type: COMMENT; Schema: public; Owner: odoo
--

COMMENT ON CONSTRAINT account_edi_document_unique_edi_document_by_move_by_format ON public.account_edi_document IS 'UNIQUE(edi_format_id, move_id)';


--
-- Name: account_edi_format_account_journal_rel account_edi_format_account_journal_rel_pkey; Type: CONSTRAINT; Schema: public; Owner: odoo
--

ALTER TABLE ONLY public.account_edi_format_account_journal_rel
    ADD CONSTRAINT account_edi_format_account_journal_rel_pkey PRIMARY KEY (account_journal_id, account_edi_format_id);


--
-- Name: account_edi_format account_edi_format_pkey; Type: CONSTRAINT; Schema: public; Owner: odoo
--

ALTER TABLE ONLY public.account_edi_format
    ADD CONSTRAINT account_edi_format_pkey PRIMARY KEY (id);


--
-- Name: account_edi_format account_edi_format_unique_code; Type: CONSTRAINT; Schema: public; Owner: odoo
--

ALTER TABLE ONLY public.account_edi_format
    ADD CONSTRAINT account_edi_format_unique_code UNIQUE (code);


--
-- Name: CONSTRAINT account_edi_format_unique_code ON account_edi_format; Type: COMMENT; Schema: public; Owner: odoo
--

COMMENT ON CONSTRAINT account_edi_format_unique_code ON public.account_edi_format IS 'unique (code)';


--
-- Name: account_financial_year_op account_financial_year_op_pkey; Type: CONSTRAINT; Schema: public; Owner: odoo
--

ALTER TABLE ONLY public.account_financial_year_op
    ADD CONSTRAINT account_financial_year_op_pkey PRIMARY KEY (id);


--
-- Name: account_fiscal_position_account account_fiscal_position_account_account_src_dest_uniq; Type: CONSTRAINT; Schema: public; Owner: odoo
--

ALTER TABLE ONLY public.account_fiscal_position_account
    ADD CONSTRAINT account_fiscal_position_account_account_src_dest_uniq UNIQUE (position_id, account_src_id, account_dest_id);


--
-- Name: CONSTRAINT account_fiscal_position_account_account_src_dest_uniq ON account_fiscal_position_account; Type: COMMENT; Schema: public; Owner: odoo
--

COMMENT ON CONSTRAINT account_fiscal_position_account_account_src_dest_uniq ON public.account_fiscal_position_account IS 'unique (position_id,account_src_id,account_dest_id)';


--
-- Name: account_fiscal_position_account account_fiscal_position_account_pkey; Type: CONSTRAINT; Schema: public; Owner: odoo
--

ALTER TABLE ONLY public.account_fiscal_position_account
    ADD CONSTRAINT account_fiscal_position_account_pkey PRIMARY KEY (id);


--
-- Name: account_fiscal_position_account_template account_fiscal_position_account_template_pkey; Type: CONSTRAINT; Schema: public; Owner: odoo
--

ALTER TABLE ONLY public.account_fiscal_position_account_template
    ADD CONSTRAINT account_fiscal_position_account_template_pkey PRIMARY KEY (id);


--
-- Name: account_fiscal_position account_fiscal_position_pkey; Type: CONSTRAINT; Schema: public; Owner: odoo
--

ALTER TABLE ONLY public.account_fiscal_position
    ADD CONSTRAINT account_fiscal_position_pkey PRIMARY KEY (id);


--
-- Name: account_fiscal_position_res_country_state_rel account_fiscal_position_res_country_state_rel_pkey; Type: CONSTRAINT; Schema: public; Owner: odoo
--

ALTER TABLE ONLY public.account_fiscal_position_res_country_state_rel
    ADD CONSTRAINT account_fiscal_position_res_country_state_rel_pkey PRIMARY KEY (account_fiscal_position_id, res_country_state_id);


--
-- Name: account_fiscal_position_tax account_fiscal_position_tax_pkey; Type: CONSTRAINT; Schema: public; Owner: odoo
--

ALTER TABLE ONLY public.account_fiscal_position_tax
    ADD CONSTRAINT account_fiscal_position_tax_pkey PRIMARY KEY (id);


--
-- Name: account_fiscal_position_tax account_fiscal_position_tax_tax_src_dest_uniq; Type: CONSTRAINT; Schema: public; Owner: odoo
--

ALTER TABLE ONLY public.account_fiscal_position_tax
    ADD CONSTRAINT account_fiscal_position_tax_tax_src_dest_uniq UNIQUE (position_id, tax_src_id, tax_dest_id);


--
-- Name: CONSTRAINT account_fiscal_position_tax_tax_src_dest_uniq ON account_fiscal_position_tax; Type: COMMENT; Schema: public; Owner: odoo
--

COMMENT ON CONSTRAINT account_fiscal_position_tax_tax_src_dest_uniq ON public.account_fiscal_position_tax IS 'unique (position_id,tax_src_id,tax_dest_id)';


--
-- Name: account_fiscal_position_tax_template account_fiscal_position_tax_template_pkey; Type: CONSTRAINT; Schema: public; Owner: odoo
--

ALTER TABLE ONLY public.account_fiscal_position_tax_template
    ADD CONSTRAINT account_fiscal_position_tax_template_pkey PRIMARY KEY (id);


--
-- Name: account_fiscal_position_template account_fiscal_position_template_pkey; Type: CONSTRAINT; Schema: public; Owner: odoo
--

ALTER TABLE ONLY public.account_fiscal_position_template
    ADD CONSTRAINT account_fiscal_position_template_pkey PRIMARY KEY (id);


--
-- Name: account_fiscal_position_template_res_country_state_rel account_fiscal_position_template_res_country_state_rel_pkey; Type: CONSTRAINT; Schema: public; Owner: odoo
--

ALTER TABLE ONLY public.account_fiscal_position_template_res_country_state_rel
    ADD CONSTRAINT account_fiscal_position_template_res_country_state_rel_pkey PRIMARY KEY (account_fiscal_position_template_id, res_country_state_id);


--
-- Name: account_full_reconcile account_full_reconcile_pkey; Type: CONSTRAINT; Schema: public; Owner: odoo
--

ALTER TABLE ONLY public.account_full_reconcile
    ADD CONSTRAINT account_full_reconcile_pkey PRIMARY KEY (id);


--
-- Name: account_group account_group_pkey; Type: CONSTRAINT; Schema: public; Owner: odoo
--

ALTER TABLE ONLY public.account_group
    ADD CONSTRAINT account_group_pkey PRIMARY KEY (id);


--
-- Name: account_group_template account_group_template_pkey; Type: CONSTRAINT; Schema: public; Owner: odoo
--

ALTER TABLE ONLY public.account_group_template
    ADD CONSTRAINT account_group_template_pkey PRIMARY KEY (id);


--
-- Name: account_incoterms account_incoterms_pkey; Type: CONSTRAINT; Schema: public; Owner: odoo
--

ALTER TABLE ONLY public.account_incoterms
    ADD CONSTRAINT account_incoterms_pkey PRIMARY KEY (id);


--
-- Name: account_invoice_send account_invoice_send_pkey; Type: CONSTRAINT; Schema: public; Owner: odoo
--

ALTER TABLE ONLY public.account_invoice_send
    ADD CONSTRAINT account_invoice_send_pkey PRIMARY KEY (id);


--
-- Name: account_invoice_transaction_rel account_invoice_transaction_rel_pkey; Type: CONSTRAINT; Schema: public; Owner: odoo
--

ALTER TABLE ONLY public.account_invoice_transaction_rel
    ADD CONSTRAINT account_invoice_transaction_rel_pkey PRIMARY KEY (invoice_id, transaction_id);


--
-- Name: account_journal_account_journal_group_rel account_journal_account_journal_group_rel_pkey; Type: CONSTRAINT; Schema: public; Owner: odoo
--

ALTER TABLE ONLY public.account_journal_account_journal_group_rel
    ADD CONSTRAINT account_journal_account_journal_group_rel_pkey PRIMARY KEY (account_journal_group_id, account_journal_id);


--
-- Name: account_journal_account_reconcile_model_rel account_journal_account_reconcile_model_rel_pkey; Type: CONSTRAINT; Schema: public; Owner: odoo
--

ALTER TABLE ONLY public.account_journal_account_reconcile_model_rel
    ADD CONSTRAINT account_journal_account_reconcile_model_rel_pkey PRIMARY KEY (account_reconcile_model_id, account_journal_id);


--
-- Name: account_journal_account_reconcile_model_template_rel account_journal_account_reconcile_model_template_rel_pkey; Type: CONSTRAINT; Schema: public; Owner: odoo
--

ALTER TABLE ONLY public.account_journal_account_reconcile_model_template_rel
    ADD CONSTRAINT account_journal_account_reconcile_model_template_rel_pkey PRIMARY KEY (account_reconcile_model_template_id, account_journal_id);


--
-- Name: account_journal account_journal_code_company_uniq; Type: CONSTRAINT; Schema: public; Owner: odoo
--

ALTER TABLE ONLY public.account_journal
    ADD CONSTRAINT account_journal_code_company_uniq UNIQUE (company_id, code);


--
-- Name: CONSTRAINT account_journal_code_company_uniq ON account_journal; Type: COMMENT; Schema: public; Owner: odoo
--

COMMENT ON CONSTRAINT account_journal_code_company_uniq ON public.account_journal IS 'unique (company_id, code)';


--
-- Name: account_journal_group account_journal_group_pkey; Type: CONSTRAINT; Schema: public; Owner: odoo
--

ALTER TABLE ONLY public.account_journal_group
    ADD CONSTRAINT account_journal_group_pkey PRIMARY KEY (id);


--
-- Name: account_journal_group account_journal_group_uniq_name; Type: CONSTRAINT; Schema: public; Owner: odoo
--

ALTER TABLE ONLY public.account_journal_group
    ADD CONSTRAINT account_journal_group_uniq_name UNIQUE (company_id, name);


--
-- Name: CONSTRAINT account_journal_group_uniq_name ON account_journal_group; Type: COMMENT; Schema: public; Owner: odoo
--

COMMENT ON CONSTRAINT account_journal_group_uniq_name ON public.account_journal_group IS 'unique(company_id, name)';


--
-- Name: account_journal account_journal_pkey; Type: CONSTRAINT; Schema: public; Owner: odoo
--

ALTER TABLE ONLY public.account_journal
    ADD CONSTRAINT account_journal_pkey PRIMARY KEY (id);


--
-- Name: account_move_account_invoice_send_rel account_move_account_invoice_send_rel_pkey; Type: CONSTRAINT; Schema: public; Owner: odoo
--

ALTER TABLE ONLY public.account_move_account_invoice_send_rel
    ADD CONSTRAINT account_move_account_invoice_send_rel_pkey PRIMARY KEY (account_invoice_send_id, account_move_id);


--
-- Name: account_move_account_resequence_wizard_rel account_move_account_resequence_wizard_rel_pkey; Type: CONSTRAINT; Schema: public; Owner: odoo
--

ALTER TABLE ONLY public.account_move_account_resequence_wizard_rel
    ADD CONSTRAINT account_move_account_resequence_wizard_rel_pkey PRIMARY KEY (account_resequence_wizard_id, account_move_id);


--
-- Name: account_move_line_account_tax_rel account_move_line_account_tax_rel_pkey; Type: CONSTRAINT; Schema: public; Owner: odoo
--

ALTER TABLE ONLY public.account_move_line_account_tax_rel
    ADD CONSTRAINT account_move_line_account_tax_rel_pkey PRIMARY KEY (account_move_line_id, account_tax_id);


--
-- Name: account_move_line account_move_line_pkey; Type: CONSTRAINT; Schema: public; Owner: odoo
--

ALTER TABLE ONLY public.account_move_line
    ADD CONSTRAINT account_move_line_pkey PRIMARY KEY (id);


--
-- Name: account_move account_move_pkey; Type: CONSTRAINT; Schema: public; Owner: odoo
--

ALTER TABLE ONLY public.account_move
    ADD CONSTRAINT account_move_pkey PRIMARY KEY (id);


--
-- Name: account_move_purchase_order_rel account_move_purchase_order_rel_pkey; Type: CONSTRAINT; Schema: public; Owner: odoo
--

ALTER TABLE ONLY public.account_move_purchase_order_rel
    ADD CONSTRAINT account_move_purchase_order_rel_pkey PRIMARY KEY (purchase_order_id, account_move_id);


--
-- Name: account_move_reversal_move account_move_reversal_move_pkey; Type: CONSTRAINT; Schema: public; Owner: odoo
--

ALTER TABLE ONLY public.account_move_reversal_move
    ADD CONSTRAINT account_move_reversal_move_pkey PRIMARY KEY (reversal_id, move_id);


--
-- Name: account_move_reversal_new_move account_move_reversal_new_move_pkey; Type: CONSTRAINT; Schema: public; Owner: odoo
--

ALTER TABLE ONLY public.account_move_reversal_new_move
    ADD CONSTRAINT account_move_reversal_new_move_pkey PRIMARY KEY (reversal_id, new_move_id);


--
-- Name: account_move_reversal account_move_reversal_pkey; Type: CONSTRAINT; Schema: public; Owner: odoo
--

ALTER TABLE ONLY public.account_move_reversal
    ADD CONSTRAINT account_move_reversal_pkey PRIMARY KEY (id);


--
-- Name: account_partial_reconcile account_partial_reconcile_pkey; Type: CONSTRAINT; Schema: public; Owner: odoo
--

ALTER TABLE ONLY public.account_partial_reconcile
    ADD CONSTRAINT account_partial_reconcile_pkey PRIMARY KEY (id);


--
-- Name: account_payment_account_bank_statement_line_rel account_payment_account_bank_statement_line_rel_pkey; Type: CONSTRAINT; Schema: public; Owner: odoo
--

ALTER TABLE ONLY public.account_payment_account_bank_statement_line_rel
    ADD CONSTRAINT account_payment_account_bank_statement_line_rel_pkey PRIMARY KEY (account_bank_statement_line_id, account_payment_id);


--
-- Name: account_payment_method_line account_payment_method_line_pkey; Type: CONSTRAINT; Schema: public; Owner: odoo
--

ALTER TABLE ONLY public.account_payment_method_line
    ADD CONSTRAINT account_payment_method_line_pkey PRIMARY KEY (id);


--
-- Name: account_payment_method account_payment_method_name_code_unique; Type: CONSTRAINT; Schema: public; Owner: odoo
--

ALTER TABLE ONLY public.account_payment_method
    ADD CONSTRAINT account_payment_method_name_code_unique UNIQUE (code, payment_type);


--
-- Name: CONSTRAINT account_payment_method_name_code_unique ON account_payment_method; Type: COMMENT; Schema: public; Owner: odoo
--

COMMENT ON CONSTRAINT account_payment_method_name_code_unique ON public.account_payment_method IS 'unique (code, payment_type)';


--
-- Name: account_payment_method account_payment_method_pkey; Type: CONSTRAINT; Schema: public; Owner: odoo
--

ALTER TABLE ONLY public.account_payment_method
    ADD CONSTRAINT account_payment_method_pkey PRIMARY KEY (id);


--
-- Name: account_payment account_payment_pkey; Type: CONSTRAINT; Schema: public; Owner: odoo
--

ALTER TABLE ONLY public.account_payment
    ADD CONSTRAINT account_payment_pkey PRIMARY KEY (id);


--
-- Name: account_payment_register_move_line_rel account_payment_register_move_line_rel_pkey; Type: CONSTRAINT; Schema: public; Owner: odoo
--

ALTER TABLE ONLY public.account_payment_register_move_line_rel
    ADD CONSTRAINT account_payment_register_move_line_rel_pkey PRIMARY KEY (wizard_id, line_id);


--
-- Name: account_payment_register account_payment_register_pkey; Type: CONSTRAINT; Schema: public; Owner: odoo
--

ALTER TABLE ONLY public.account_payment_register
    ADD CONSTRAINT account_payment_register_pkey PRIMARY KEY (id);


--
-- Name: account_payment_term_line account_payment_term_line_pkey; Type: CONSTRAINT; Schema: public; Owner: odoo
--

ALTER TABLE ONLY public.account_payment_term_line
    ADD CONSTRAINT account_payment_term_line_pkey PRIMARY KEY (id);


--
-- Name: account_payment_term account_payment_term_pkey; Type: CONSTRAINT; Schema: public; Owner: odoo
--

ALTER TABLE ONLY public.account_payment_term
    ADD CONSTRAINT account_payment_term_pkey PRIMARY KEY (id);


--
-- Name: account_reconcile_model_line_account_tax_rel account_reconcile_model_line_account_tax_rel_pkey; Type: CONSTRAINT; Schema: public; Owner: odoo
--

ALTER TABLE ONLY public.account_reconcile_model_line_account_tax_rel
    ADD CONSTRAINT account_reconcile_model_line_account_tax_rel_pkey PRIMARY KEY (account_reconcile_model_line_id, account_tax_id);


--
-- Name: account_reconcile_model_line account_reconcile_model_line_pkey; Type: CONSTRAINT; Schema: public; Owner: odoo
--

ALTER TABLE ONLY public.account_reconcile_model_line
    ADD CONSTRAINT account_reconcile_model_line_pkey PRIMARY KEY (id);


--
-- Name: account_reconcile_model_line_template_account_tax_template_rel account_reconcile_model_line_template_account_tax_template_pkey; Type: CONSTRAINT; Schema: public; Owner: odoo
--

ALTER TABLE ONLY public.account_reconcile_model_line_template_account_tax_template_rel
    ADD CONSTRAINT account_reconcile_model_line_template_account_tax_template_pkey PRIMARY KEY (account_reconcile_model_line_template_id, account_tax_template_id);


--
-- Name: account_reconcile_model_line_template account_reconcile_model_line_template_pkey; Type: CONSTRAINT; Schema: public; Owner: odoo
--

ALTER TABLE ONLY public.account_reconcile_model_line_template
    ADD CONSTRAINT account_reconcile_model_line_template_pkey PRIMARY KEY (id);


--
-- Name: account_reconcile_model account_reconcile_model_name_unique; Type: CONSTRAINT; Schema: public; Owner: odoo
--

ALTER TABLE ONLY public.account_reconcile_model
    ADD CONSTRAINT account_reconcile_model_name_unique UNIQUE (name, company_id);


--
-- Name: CONSTRAINT account_reconcile_model_name_unique ON account_reconcile_model; Type: COMMENT; Schema: public; Owner: odoo
--

COMMENT ON CONSTRAINT account_reconcile_model_name_unique ON public.account_reconcile_model IS 'unique(name, company_id)';


--
-- Name: account_reconcile_model_partner_mapping account_reconcile_model_partner_mapping_pkey; Type: CONSTRAINT; Schema: public; Owner: odoo
--

ALTER TABLE ONLY public.account_reconcile_model_partner_mapping
    ADD CONSTRAINT account_reconcile_model_partner_mapping_pkey PRIMARY KEY (id);


--
-- Name: account_reconcile_model account_reconcile_model_pkey; Type: CONSTRAINT; Schema: public; Owner: odoo
--

ALTER TABLE ONLY public.account_reconcile_model
    ADD CONSTRAINT account_reconcile_model_pkey PRIMARY KEY (id);


--
-- Name: account_reconcile_model_res_partner_category_rel account_reconcile_model_res_partner_category_rel_pkey; Type: CONSTRAINT; Schema: public; Owner: odoo
--

ALTER TABLE ONLY public.account_reconcile_model_res_partner_category_rel
    ADD CONSTRAINT account_reconcile_model_res_partner_category_rel_pkey PRIMARY KEY (account_reconcile_model_id, res_partner_category_id);


--
-- Name: account_reconcile_model_res_partner_rel account_reconcile_model_res_partner_rel_pkey; Type: CONSTRAINT; Schema: public; Owner: odoo
--

ALTER TABLE ONLY public.account_reconcile_model_res_partner_rel
    ADD CONSTRAINT account_reconcile_model_res_partner_rel_pkey PRIMARY KEY (account_reconcile_model_id, res_partner_id);


--
-- Name: account_reconcile_model_template account_reconcile_model_template_pkey; Type: CONSTRAINT; Schema: public; Owner: odoo
--

ALTER TABLE ONLY public.account_reconcile_model_template
    ADD CONSTRAINT account_reconcile_model_template_pkey PRIMARY KEY (id);


--
-- Name: account_reconcile_model_template_res_partner_category_rel account_reconcile_model_template_res_partner_category_rel_pkey; Type: CONSTRAINT; Schema: public; Owner: odoo
--

ALTER TABLE ONLY public.account_reconcile_model_template_res_partner_category_rel
    ADD CONSTRAINT account_reconcile_model_template_res_partner_category_rel_pkey PRIMARY KEY (account_reconcile_model_template_id, res_partner_category_id);


--
-- Name: account_reconcile_model_template_res_partner_rel account_reconcile_model_template_res_partner_rel_pkey; Type: CONSTRAINT; Schema: public; Owner: odoo
--

ALTER TABLE ONLY public.account_reconcile_model_template_res_partner_rel
    ADD CONSTRAINT account_reconcile_model_template_res_partner_rel_pkey PRIMARY KEY (account_reconcile_model_template_id, res_partner_id);


--
-- Name: account_report_column account_report_column_pkey; Type: CONSTRAINT; Schema: public; Owner: odoo
--

ALTER TABLE ONLY public.account_report_column
    ADD CONSTRAINT account_report_column_pkey PRIMARY KEY (id);


--
-- Name: account_report_expression account_report_expression_pkey; Type: CONSTRAINT; Schema: public; Owner: odoo
--

ALTER TABLE ONLY public.account_report_expression
    ADD CONSTRAINT account_report_expression_pkey PRIMARY KEY (id);


--
-- Name: account_report_external_value account_report_external_value_pkey; Type: CONSTRAINT; Schema: public; Owner: odoo
--

ALTER TABLE ONLY public.account_report_external_value
    ADD CONSTRAINT account_report_external_value_pkey PRIMARY KEY (id);


--
-- Name: account_report_line account_report_line_code_uniq; Type: CONSTRAINT; Schema: public; Owner: odoo
--

ALTER TABLE ONLY public.account_report_line
    ADD CONSTRAINT account_report_line_code_uniq UNIQUE (code);


--
-- Name: CONSTRAINT account_report_line_code_uniq ON account_report_line; Type: COMMENT; Schema: public; Owner: odoo
--

COMMENT ON CONSTRAINT account_report_line_code_uniq ON public.account_report_line IS 'unique (code)';


--
-- Name: account_report_line account_report_line_pkey; Type: CONSTRAINT; Schema: public; Owner: odoo
--

ALTER TABLE ONLY public.account_report_line
    ADD CONSTRAINT account_report_line_pkey PRIMARY KEY (id);


--
-- Name: account_report account_report_pkey; Type: CONSTRAINT; Schema: public; Owner: odoo
--

ALTER TABLE ONLY public.account_report
    ADD CONSTRAINT account_report_pkey PRIMARY KEY (id);


--
-- Name: account_resequence_wizard account_resequence_wizard_pkey; Type: CONSTRAINT; Schema: public; Owner: odoo
--

ALTER TABLE ONLY public.account_resequence_wizard
    ADD CONSTRAINT account_resequence_wizard_pkey PRIMARY KEY (id);


--
-- Name: account_setup_bank_manual_config account_setup_bank_manual_config_pkey; Type: CONSTRAINT; Schema: public; Owner: odoo
--

ALTER TABLE ONLY public.account_setup_bank_manual_config
    ADD CONSTRAINT account_setup_bank_manual_config_pkey PRIMARY KEY (id);


--
-- Name: account_tax_filiation_rel account_tax_filiation_rel_pkey; Type: CONSTRAINT; Schema: public; Owner: odoo
--

ALTER TABLE ONLY public.account_tax_filiation_rel
    ADD CONSTRAINT account_tax_filiation_rel_pkey PRIMARY KEY (parent_tax, child_tax);


--
-- Name: account_tax_group account_tax_group_pkey; Type: CONSTRAINT; Schema: public; Owner: odoo
--

ALTER TABLE ONLY public.account_tax_group
    ADD CONSTRAINT account_tax_group_pkey PRIMARY KEY (id);


--
-- Name: account_tax_hr_expense_split_rel account_tax_hr_expense_split_rel_pkey; Type: CONSTRAINT; Schema: public; Owner: odoo
--

ALTER TABLE ONLY public.account_tax_hr_expense_split_rel
    ADD CONSTRAINT account_tax_hr_expense_split_rel_pkey PRIMARY KEY (hr_expense_split_id, account_tax_id);


--
-- Name: account_tax account_tax_name_company_uniq; Type: CONSTRAINT; Schema: public; Owner: odoo
--

ALTER TABLE ONLY public.account_tax
    ADD CONSTRAINT account_tax_name_company_uniq UNIQUE (name, company_id, type_tax_use, tax_scope);


--
-- Name: CONSTRAINT account_tax_name_company_uniq ON account_tax; Type: COMMENT; Schema: public; Owner: odoo
--

COMMENT ON CONSTRAINT account_tax_name_company_uniq ON public.account_tax IS 'unique(name, company_id, type_tax_use, tax_scope)';


--
-- Name: account_tax account_tax_pkey; Type: CONSTRAINT; Schema: public; Owner: odoo
--

ALTER TABLE ONLY public.account_tax
    ADD CONSTRAINT account_tax_pkey PRIMARY KEY (id);


--
-- Name: account_tax_purchase_order_line_rel account_tax_purchase_order_line_rel_pkey; Type: CONSTRAINT; Schema: public; Owner: odoo
--

ALTER TABLE ONLY public.account_tax_purchase_order_line_rel
    ADD CONSTRAINT account_tax_purchase_order_line_rel_pkey PRIMARY KEY (purchase_order_line_id, account_tax_id);


--
-- Name: account_tax_rep_template_minus account_tax_rep_template_minus_pkey; Type: CONSTRAINT; Schema: public; Owner: odoo
--

ALTER TABLE ONLY public.account_tax_rep_template_minus
    ADD CONSTRAINT account_tax_rep_template_minus_pkey PRIMARY KEY (account_tax_repartition_line_template_id, account_report_expression_id);


--
-- Name: account_tax_rep_template_plus account_tax_rep_template_plus_pkey; Type: CONSTRAINT; Schema: public; Owner: odoo
--

ALTER TABLE ONLY public.account_tax_rep_template_plus
    ADD CONSTRAINT account_tax_rep_template_plus_pkey PRIMARY KEY (account_tax_repartition_line_template_id, account_report_expression_id);


--
-- Name: account_tax_repartition_financial_tags account_tax_repartition_financial_tags_pkey; Type: CONSTRAINT; Schema: public; Owner: odoo
--

ALTER TABLE ONLY public.account_tax_repartition_financial_tags
    ADD CONSTRAINT account_tax_repartition_financial_tags_pkey PRIMARY KEY (account_tax_repartition_line_template_id, account_account_tag_id);


--
-- Name: account_tax_repartition_line account_tax_repartition_line_pkey; Type: CONSTRAINT; Schema: public; Owner: odoo
--

ALTER TABLE ONLY public.account_tax_repartition_line
    ADD CONSTRAINT account_tax_repartition_line_pkey PRIMARY KEY (id);


--
-- Name: account_tax_repartition_line_template account_tax_repartition_line_template_pkey; Type: CONSTRAINT; Schema: public; Owner: odoo
--

ALTER TABLE ONLY public.account_tax_repartition_line_template
    ADD CONSTRAINT account_tax_repartition_line_template_pkey PRIMARY KEY (id);


--
-- Name: account_tax_sale_advance_payment_inv_rel account_tax_sale_advance_payment_inv_rel_pkey; Type: CONSTRAINT; Schema: public; Owner: odoo
--

ALTER TABLE ONLY public.account_tax_sale_advance_payment_inv_rel
    ADD CONSTRAINT account_tax_sale_advance_payment_inv_rel_pkey PRIMARY KEY (sale_advance_payment_inv_id, account_tax_id);


--
-- Name: account_tax_sale_order_line_rel account_tax_sale_order_line_rel_pkey; Type: CONSTRAINT; Schema: public; Owner: odoo
--

ALTER TABLE ONLY public.account_tax_sale_order_line_rel
    ADD CONSTRAINT account_tax_sale_order_line_rel_pkey PRIMARY KEY (sale_order_line_id, account_tax_id);


--
-- Name: account_tax_template_filiation_rel account_tax_template_filiation_rel_pkey; Type: CONSTRAINT; Schema: public; Owner: odoo
--

ALTER TABLE ONLY public.account_tax_template_filiation_rel
    ADD CONSTRAINT account_tax_template_filiation_rel_pkey PRIMARY KEY (parent_tax, child_tax);


--
-- Name: account_tax_template account_tax_template_name_company_uniq; Type: CONSTRAINT; Schema: public; Owner: odoo
--

ALTER TABLE ONLY public.account_tax_template
    ADD CONSTRAINT account_tax_template_name_company_uniq UNIQUE (name, type_tax_use, tax_scope, chart_template_id);


--
-- Name: CONSTRAINT account_tax_template_name_company_uniq ON account_tax_template; Type: COMMENT; Schema: public; Owner: odoo
--

COMMENT ON CONSTRAINT account_tax_template_name_company_uniq ON public.account_tax_template IS 'unique(name, type_tax_use, tax_scope, chart_template_id)';


--
-- Name: account_tax_template account_tax_template_pkey; Type: CONSTRAINT; Schema: public; Owner: odoo
--

ALTER TABLE ONLY public.account_tax_template
    ADD CONSTRAINT account_tax_template_pkey PRIMARY KEY (id);


--
-- Name: account_tour_upload_bill_email_confirm account_tour_upload_bill_email_confirm_pkey; Type: CONSTRAINT; Schema: public; Owner: odoo
--

ALTER TABLE ONLY public.account_tour_upload_bill_email_confirm
    ADD CONSTRAINT account_tour_upload_bill_email_confirm_pkey PRIMARY KEY (id);


--
-- Name: account_tour_upload_bill_ir_attachments_rel account_tour_upload_bill_ir_attachments_rel_pkey; Type: CONSTRAINT; Schema: public; Owner: odoo
--

ALTER TABLE ONLY public.account_tour_upload_bill_ir_attachments_rel
    ADD CONSTRAINT account_tour_upload_bill_ir_attachments_rel_pkey PRIMARY KEY (account_tour_upload_bill_id, ir_attachment_id);


--
-- Name: account_tour_upload_bill account_tour_upload_bill_pkey; Type: CONSTRAINT; Schema: public; Owner: odoo
--

ALTER TABLE ONLY public.account_tour_upload_bill
    ADD CONSTRAINT account_tour_upload_bill_pkey PRIMARY KEY (id);


--
-- Name: account_unreconcile account_unreconcile_pkey; Type: CONSTRAINT; Schema: public; Owner: odoo
--

ALTER TABLE ONLY public.account_unreconcile
    ADD CONSTRAINT account_unreconcile_pkey PRIMARY KEY (id);


--
-- Name: auth_totp_device auth_totp_device_pkey; Type: CONSTRAINT; Schema: public; Owner: odoo
--

ALTER TABLE ONLY public.auth_totp_device
    ADD CONSTRAINT auth_totp_device_pkey PRIMARY KEY (id);


--
-- Name: auth_totp_wizard auth_totp_wizard_pkey; Type: CONSTRAINT; Schema: public; Owner: odoo
--

ALTER TABLE ONLY public.auth_totp_wizard
    ADD CONSTRAINT auth_totp_wizard_pkey PRIMARY KEY (id);


--
-- Name: badge_unlocked_definition_rel badge_unlocked_definition_rel_pkey; Type: CONSTRAINT; Schema: public; Owner: odoo
--

ALTER TABLE ONLY public.badge_unlocked_definition_rel
    ADD CONSTRAINT badge_unlocked_definition_rel_pkey PRIMARY KEY (gamification_badge_id, gamification_goal_definition_id);


--
-- Name: barcode_nomenclature barcode_nomenclature_pkey; Type: CONSTRAINT; Schema: public; Owner: odoo
--

ALTER TABLE ONLY public.barcode_nomenclature
    ADD CONSTRAINT barcode_nomenclature_pkey PRIMARY KEY (id);


--
-- Name: barcode_rule barcode_rule_pkey; Type: CONSTRAINT; Schema: public; Owner: odoo
--

ALTER TABLE ONLY public.barcode_rule
    ADD CONSTRAINT barcode_rule_pkey PRIMARY KEY (id);


--
-- Name: base_document_layout base_document_layout_pkey; Type: CONSTRAINT; Schema: public; Owner: odoo
--

ALTER TABLE ONLY public.base_document_layout
    ADD CONSTRAINT base_document_layout_pkey PRIMARY KEY (id);


--
-- Name: base_enable_profiling_wizard base_enable_profiling_wizard_pkey; Type: CONSTRAINT; Schema: public; Owner: odoo
--

ALTER TABLE ONLY public.base_enable_profiling_wizard
    ADD CONSTRAINT base_enable_profiling_wizard_pkey PRIMARY KEY (id);


--
-- Name: base_import_import base_import_import_pkey; Type: CONSTRAINT; Schema: public; Owner: odoo
--

ALTER TABLE ONLY public.base_import_import
    ADD CONSTRAINT base_import_import_pkey PRIMARY KEY (id);


--
-- Name: base_import_mapping base_import_mapping_pkey; Type: CONSTRAINT; Schema: public; Owner: odoo
--

ALTER TABLE ONLY public.base_import_mapping
    ADD CONSTRAINT base_import_mapping_pkey PRIMARY KEY (id);


--
-- Name: base_import_tests_models_char_noreadonly base_import_tests_models_char_noreadonly_pkey; Type: CONSTRAINT; Schema: public; Owner: odoo
--

ALTER TABLE ONLY public.base_import_tests_models_char_noreadonly
    ADD CONSTRAINT base_import_tests_models_char_noreadonly_pkey PRIMARY KEY (id);


--
-- Name: base_import_tests_models_char base_import_tests_models_char_pkey; Type: CONSTRAINT; Schema: public; Owner: odoo
--

ALTER TABLE ONLY public.base_import_tests_models_char
    ADD CONSTRAINT base_import_tests_models_char_pkey PRIMARY KEY (id);


--
-- Name: base_import_tests_models_char_readonly base_import_tests_models_char_readonly_pkey; Type: CONSTRAINT; Schema: public; Owner: odoo
--

ALTER TABLE ONLY public.base_import_tests_models_char_readonly
    ADD CONSTRAINT base_import_tests_models_char_readonly_pkey PRIMARY KEY (id);


--
-- Name: base_import_tests_models_char_required base_import_tests_models_char_required_pkey; Type: CONSTRAINT; Schema: public; Owner: odoo
--

ALTER TABLE ONLY public.base_import_tests_models_char_required
    ADD CONSTRAINT base_import_tests_models_char_required_pkey PRIMARY KEY (id);


--
-- Name: base_import_tests_models_char_states base_import_tests_models_char_states_pkey; Type: CONSTRAINT; Schema: public; Owner: odoo
--

ALTER TABLE ONLY public.base_import_tests_models_char_states
    ADD CONSTRAINT base_import_tests_models_char_states_pkey PRIMARY KEY (id);


--
-- Name: base_import_tests_models_char_stillreadonly base_import_tests_models_char_stillreadonly_pkey; Type: CONSTRAINT; Schema: public; Owner: odoo
--

ALTER TABLE ONLY public.base_import_tests_models_char_stillreadonly
    ADD CONSTRAINT base_import_tests_models_char_stillreadonly_pkey PRIMARY KEY (id);


--
-- Name: base_import_tests_models_complex base_import_tests_models_complex_pkey; Type: CONSTRAINT; Schema: public; Owner: odoo
--

ALTER TABLE ONLY public.base_import_tests_models_complex
    ADD CONSTRAINT base_import_tests_models_complex_pkey PRIMARY KEY (id);


--
-- Name: base_import_tests_models_float base_import_tests_models_float_pkey; Type: CONSTRAINT; Schema: public; Owner: odoo
--

ALTER TABLE ONLY public.base_import_tests_models_float
    ADD CONSTRAINT base_import_tests_models_float_pkey PRIMARY KEY (id);


--
-- Name: base_import_tests_models_m2o base_import_tests_models_m2o_pkey; Type: CONSTRAINT; Schema: public; Owner: odoo
--

ALTER TABLE ONLY public.base_import_tests_models_m2o
    ADD CONSTRAINT base_import_tests_models_m2o_pkey PRIMARY KEY (id);


--
-- Name: base_import_tests_models_m2o_related base_import_tests_models_m2o_related_pkey; Type: CONSTRAINT; Schema: public; Owner: odoo
--

ALTER TABLE ONLY public.base_import_tests_models_m2o_related
    ADD CONSTRAINT base_import_tests_models_m2o_related_pkey PRIMARY KEY (id);


--
-- Name: base_import_tests_models_m2o_required base_import_tests_models_m2o_required_pkey; Type: CONSTRAINT; Schema: public; Owner: odoo
--

ALTER TABLE ONLY public.base_import_tests_models_m2o_required
    ADD CONSTRAINT base_import_tests_models_m2o_required_pkey PRIMARY KEY (id);


--
-- Name: base_import_tests_models_m2o_required_related base_import_tests_models_m2o_required_related_pkey; Type: CONSTRAINT; Schema: public; Owner: odoo
--

ALTER TABLE ONLY public.base_import_tests_models_m2o_required_related
    ADD CONSTRAINT base_import_tests_models_m2o_required_related_pkey PRIMARY KEY (id);


--
-- Name: base_import_tests_models_o2m_child base_import_tests_models_o2m_child_pkey; Type: CONSTRAINT; Schema: public; Owner: odoo
--

ALTER TABLE ONLY public.base_import_tests_models_o2m_child
    ADD CONSTRAINT base_import_tests_models_o2m_child_pkey PRIMARY KEY (id);


--
-- Name: base_import_tests_models_o2m base_import_tests_models_o2m_pkey; Type: CONSTRAINT; Schema: public; Owner: odoo
--

ALTER TABLE ONLY public.base_import_tests_models_o2m
    ADD CONSTRAINT base_import_tests_models_o2m_pkey PRIMARY KEY (id);


--
-- Name: base_import_tests_models_preview base_import_tests_models_preview_pkey; Type: CONSTRAINT; Schema: public; Owner: odoo
--

ALTER TABLE ONLY public.base_import_tests_models_preview
    ADD CONSTRAINT base_import_tests_models_preview_pkey PRIMARY KEY (id);


--
-- Name: base_language_export base_language_export_pkey; Type: CONSTRAINT; Schema: public; Owner: odoo
--

ALTER TABLE ONLY public.base_language_export
    ADD CONSTRAINT base_language_export_pkey PRIMARY KEY (id);


--
-- Name: base_language_import base_language_import_pkey; Type: CONSTRAINT; Schema: public; Owner: odoo
--

ALTER TABLE ONLY public.base_language_import
    ADD CONSTRAINT base_language_import_pkey PRIMARY KEY (id);


--
-- Name: base_language_install base_language_install_pkey; Type: CONSTRAINT; Schema: public; Owner: odoo
--

ALTER TABLE ONLY public.base_language_install
    ADD CONSTRAINT base_language_install_pkey PRIMARY KEY (id);


--
-- Name: base_language_install_website_rel base_language_install_website_rel_pkey; Type: CONSTRAINT; Schema: public; Owner: odoo
--

ALTER TABLE ONLY public.base_language_install_website_rel
    ADD CONSTRAINT base_language_install_website_rel_pkey PRIMARY KEY (base_language_install_id, website_id);


--
-- Name: base_module_install_request base_module_install_request_pkey; Type: CONSTRAINT; Schema: public; Owner: odoo
--

ALTER TABLE ONLY public.base_module_install_request
    ADD CONSTRAINT base_module_install_request_pkey PRIMARY KEY (id);


--
-- Name: base_module_install_review base_module_install_review_pkey; Type: CONSTRAINT; Schema: public; Owner: odoo
--

ALTER TABLE ONLY public.base_module_install_review
    ADD CONSTRAINT base_module_install_review_pkey PRIMARY KEY (id);


--
-- Name: base_module_uninstall base_module_uninstall_pkey; Type: CONSTRAINT; Schema: public; Owner: odoo
--

ALTER TABLE ONLY public.base_module_uninstall
    ADD CONSTRAINT base_module_uninstall_pkey PRIMARY KEY (id);


--
-- Name: base_module_update base_module_update_pkey; Type: CONSTRAINT; Schema: public; Owner: odoo
--

ALTER TABLE ONLY public.base_module_update
    ADD CONSTRAINT base_module_update_pkey PRIMARY KEY (id);


--
-- Name: base_module_upgrade base_module_upgrade_pkey; Type: CONSTRAINT; Schema: public; Owner: odoo
--

ALTER TABLE ONLY public.base_module_upgrade
    ADD CONSTRAINT base_module_upgrade_pkey PRIMARY KEY (id);


--
-- Name: base_partner_merge_automatic_wizard base_partner_merge_automatic_wizard_pkey; Type: CONSTRAINT; Schema: public; Owner: odoo
--

ALTER TABLE ONLY public.base_partner_merge_automatic_wizard
    ADD CONSTRAINT base_partner_merge_automatic_wizard_pkey PRIMARY KEY (id);


--
-- Name: base_partner_merge_automatic_wizard_res_partner_rel base_partner_merge_automatic_wizard_res_partner_rel_pkey; Type: CONSTRAINT; Schema: public; Owner: odoo
--

ALTER TABLE ONLY public.base_partner_merge_automatic_wizard_res_partner_rel
    ADD CONSTRAINT base_partner_merge_automatic_wizard_res_partner_rel_pkey PRIMARY KEY (base_partner_merge_automatic_wizard_id, res_partner_id);


--
-- Name: base_partner_merge_line base_partner_merge_line_pkey; Type: CONSTRAINT; Schema: public; Owner: odoo
--

ALTER TABLE ONLY public.base_partner_merge_line
    ADD CONSTRAINT base_partner_merge_line_pkey PRIMARY KEY (id);


--
-- Name: bus_bus bus_bus_pkey; Type: CONSTRAINT; Schema: public; Owner: odoo
--

ALTER TABLE ONLY public.bus_bus
    ADD CONSTRAINT bus_bus_pkey PRIMARY KEY (id);


--
-- Name: bus_presence bus_presence_pkey; Type: CONSTRAINT; Schema: public; Owner: odoo
--

ALTER TABLE ONLY public.bus_presence
    ADD CONSTRAINT bus_presence_pkey PRIMARY KEY (id);


--
-- Name: calendar_alarm_calendar_event_rel calendar_alarm_calendar_event_rel_pkey; Type: CONSTRAINT; Schema: public; Owner: odoo
--

ALTER TABLE ONLY public.calendar_alarm_calendar_event_rel
    ADD CONSTRAINT calendar_alarm_calendar_event_rel_pkey PRIMARY KEY (calendar_event_id, calendar_alarm_id);


--
-- Name: calendar_alarm calendar_alarm_pkey; Type: CONSTRAINT; Schema: public; Owner: odoo
--

ALTER TABLE ONLY public.calendar_alarm
    ADD CONSTRAINT calendar_alarm_pkey PRIMARY KEY (id);


--
-- Name: calendar_attendee calendar_attendee_pkey; Type: CONSTRAINT; Schema: public; Owner: odoo
--

ALTER TABLE ONLY public.calendar_attendee
    ADD CONSTRAINT calendar_attendee_pkey PRIMARY KEY (id);


--
-- Name: calendar_event calendar_event_pkey; Type: CONSTRAINT; Schema: public; Owner: odoo
--

ALTER TABLE ONLY public.calendar_event
    ADD CONSTRAINT calendar_event_pkey PRIMARY KEY (id);


--
-- Name: calendar_event_res_partner_rel calendar_event_res_partner_rel_pkey; Type: CONSTRAINT; Schema: public; Owner: odoo
--

ALTER TABLE ONLY public.calendar_event_res_partner_rel
    ADD CONSTRAINT calendar_event_res_partner_rel_pkey PRIMARY KEY (res_partner_id, calendar_event_id);


--
-- Name: calendar_event_type calendar_event_type_name_uniq; Type: CONSTRAINT; Schema: public; Owner: odoo
--

ALTER TABLE ONLY public.calendar_event_type
    ADD CONSTRAINT calendar_event_type_name_uniq UNIQUE (name);


--
-- Name: CONSTRAINT calendar_event_type_name_uniq ON calendar_event_type; Type: COMMENT; Schema: public; Owner: odoo
--

COMMENT ON CONSTRAINT calendar_event_type_name_uniq ON public.calendar_event_type IS 'unique (name)';


--
-- Name: calendar_event_type calendar_event_type_pkey; Type: CONSTRAINT; Schema: public; Owner: odoo
--

ALTER TABLE ONLY public.calendar_event_type
    ADD CONSTRAINT calendar_event_type_pkey PRIMARY KEY (id);


--
-- Name: calendar_filters calendar_filters_pkey; Type: CONSTRAINT; Schema: public; Owner: odoo
--

ALTER TABLE ONLY public.calendar_filters
    ADD CONSTRAINT calendar_filters_pkey PRIMARY KEY (id);


--
-- Name: calendar_filters calendar_filters_user_id_partner_id_unique; Type: CONSTRAINT; Schema: public; Owner: odoo
--

ALTER TABLE ONLY public.calendar_filters
    ADD CONSTRAINT calendar_filters_user_id_partner_id_unique UNIQUE (user_id, partner_id);


--
-- Name: CONSTRAINT calendar_filters_user_id_partner_id_unique ON calendar_filters; Type: COMMENT; Schema: public; Owner: odoo
--

COMMENT ON CONSTRAINT calendar_filters_user_id_partner_id_unique ON public.calendar_filters IS 'UNIQUE(user_id, partner_id)';


--
-- Name: calendar_provider_config calendar_provider_config_pkey; Type: CONSTRAINT; Schema: public; Owner: odoo
--

ALTER TABLE ONLY public.calendar_provider_config
    ADD CONSTRAINT calendar_provider_config_pkey PRIMARY KEY (id);


--
-- Name: calendar_recurrence calendar_recurrence_pkey; Type: CONSTRAINT; Schema: public; Owner: odoo
--

ALTER TABLE ONLY public.calendar_recurrence
    ADD CONSTRAINT calendar_recurrence_pkey PRIMARY KEY (id);


--
-- Name: change_password_own change_password_own_pkey; Type: CONSTRAINT; Schema: public; Owner: odoo
--

ALTER TABLE ONLY public.change_password_own
    ADD CONSTRAINT change_password_own_pkey PRIMARY KEY (id);


--
-- Name: change_password_user change_password_user_pkey; Type: CONSTRAINT; Schema: public; Owner: odoo
--

ALTER TABLE ONLY public.change_password_user
    ADD CONSTRAINT change_password_user_pkey PRIMARY KEY (id);


--
-- Name: change_password_wizard change_password_wizard_pkey; Type: CONSTRAINT; Schema: public; Owner: odoo
--

ALTER TABLE ONLY public.change_password_wizard
    ADD CONSTRAINT change_password_wizard_pkey PRIMARY KEY (id);


--
-- Name: chatbot_message chatbot_message__unique_mail_message_id; Type: CONSTRAINT; Schema: public; Owner: odoo
--

ALTER TABLE ONLY public.chatbot_message
    ADD CONSTRAINT chatbot_message__unique_mail_message_id UNIQUE (mail_message_id);


--
-- Name: CONSTRAINT chatbot_message__unique_mail_message_id ON chatbot_message; Type: COMMENT; Schema: public; Owner: odoo
--

COMMENT ON CONSTRAINT chatbot_message__unique_mail_message_id ON public.chatbot_message IS 'unique (mail_message_id)';


--
-- Name: chatbot_message chatbot_message_pkey; Type: CONSTRAINT; Schema: public; Owner: odoo
--

ALTER TABLE ONLY public.chatbot_message
    ADD CONSTRAINT chatbot_message_pkey PRIMARY KEY (id);


--
-- Name: chatbot_script_answer_chatbot_script_step_rel chatbot_script_answer_chatbot_script_step_rel_pkey; Type: CONSTRAINT; Schema: public; Owner: odoo
--

ALTER TABLE ONLY public.chatbot_script_answer_chatbot_script_step_rel
    ADD CONSTRAINT chatbot_script_answer_chatbot_script_step_rel_pkey PRIMARY KEY (chatbot_script_step_id, chatbot_script_answer_id);


--
-- Name: chatbot_script_answer chatbot_script_answer_pkey; Type: CONSTRAINT; Schema: public; Owner: odoo
--

ALTER TABLE ONLY public.chatbot_script_answer
    ADD CONSTRAINT chatbot_script_answer_pkey PRIMARY KEY (id);


--
-- Name: chatbot_script chatbot_script_pkey; Type: CONSTRAINT; Schema: public; Owner: odoo
--

ALTER TABLE ONLY public.chatbot_script
    ADD CONSTRAINT chatbot_script_pkey PRIMARY KEY (id);


--
-- Name: chatbot_script_step chatbot_script_step_pkey; Type: CONSTRAINT; Schema: public; Owner: odoo
--

ALTER TABLE ONLY public.chatbot_script_step
    ADD CONSTRAINT chatbot_script_step_pkey PRIMARY KEY (id);


--
-- Name: confirm_stock_sms confirm_stock_sms_pkey; Type: CONSTRAINT; Schema: public; Owner: odoo
--

ALTER TABLE ONLY public.confirm_stock_sms
    ADD CONSTRAINT confirm_stock_sms_pkey PRIMARY KEY (id);


--
-- Name: crm_convert_lead_mass_lead_rel crm_convert_lead_mass_lead_rel_pkey; Type: CONSTRAINT; Schema: public; Owner: odoo
--

ALTER TABLE ONLY public.crm_convert_lead_mass_lead_rel
    ADD CONSTRAINT crm_convert_lead_mass_lead_rel_pkey PRIMARY KEY (crm_lead2opportunity_partner_mass_id, crm_lead_id);


--
-- Name: crm_iap_lead_helpers crm_iap_lead_helpers_pkey; Type: CONSTRAINT; Schema: public; Owner: odoo
--

ALTER TABLE ONLY public.crm_iap_lead_helpers
    ADD CONSTRAINT crm_iap_lead_helpers_pkey PRIMARY KEY (id);


--
-- Name: crm_iap_lead_industry_crm_iap_lead_mining_request_rel crm_iap_lead_industry_crm_iap_lead_mining_request_rel_pkey; Type: CONSTRAINT; Schema: public; Owner: odoo
--

ALTER TABLE ONLY public.crm_iap_lead_industry_crm_iap_lead_mining_request_rel
    ADD CONSTRAINT crm_iap_lead_industry_crm_iap_lead_mining_request_rel_pkey PRIMARY KEY (crm_iap_lead_mining_request_id, crm_iap_lead_industry_id);


--
-- Name: crm_iap_lead_industry crm_iap_lead_industry_name_uniq; Type: CONSTRAINT; Schema: public; Owner: odoo
--

ALTER TABLE ONLY public.crm_iap_lead_industry
    ADD CONSTRAINT crm_iap_lead_industry_name_uniq UNIQUE (name);


--
-- Name: CONSTRAINT crm_iap_lead_industry_name_uniq ON crm_iap_lead_industry; Type: COMMENT; Schema: public; Owner: odoo
--

COMMENT ON CONSTRAINT crm_iap_lead_industry_name_uniq ON public.crm_iap_lead_industry IS 'unique (name)';


--
-- Name: crm_iap_lead_industry crm_iap_lead_industry_pkey; Type: CONSTRAINT; Schema: public; Owner: odoo
--

ALTER TABLE ONLY public.crm_iap_lead_industry
    ADD CONSTRAINT crm_iap_lead_industry_pkey PRIMARY KEY (id);


--
-- Name: crm_iap_lead_mining_request_crm_iap_lead_role_rel crm_iap_lead_mining_request_crm_iap_lead_role_rel_pkey; Type: CONSTRAINT; Schema: public; Owner: odoo
--

ALTER TABLE ONLY public.crm_iap_lead_mining_request_crm_iap_lead_role_rel
    ADD CONSTRAINT crm_iap_lead_mining_request_crm_iap_lead_role_rel_pkey PRIMARY KEY (crm_iap_lead_mining_request_id, crm_iap_lead_role_id);


--
-- Name: crm_iap_lead_mining_request_crm_tag_rel crm_iap_lead_mining_request_crm_tag_rel_pkey; Type: CONSTRAINT; Schema: public; Owner: odoo
--

ALTER TABLE ONLY public.crm_iap_lead_mining_request_crm_tag_rel
    ADD CONSTRAINT crm_iap_lead_mining_request_crm_tag_rel_pkey PRIMARY KEY (crm_iap_lead_mining_request_id, crm_tag_id);


--
-- Name: crm_iap_lead_mining_request crm_iap_lead_mining_request_pkey; Type: CONSTRAINT; Schema: public; Owner: odoo
--

ALTER TABLE ONLY public.crm_iap_lead_mining_request
    ADD CONSTRAINT crm_iap_lead_mining_request_pkey PRIMARY KEY (id);


--
-- Name: crm_iap_lead_mining_request_res_country_rel crm_iap_lead_mining_request_res_country_rel_pkey; Type: CONSTRAINT; Schema: public; Owner: odoo
--

ALTER TABLE ONLY public.crm_iap_lead_mining_request_res_country_rel
    ADD CONSTRAINT crm_iap_lead_mining_request_res_country_rel_pkey PRIMARY KEY (crm_iap_lead_mining_request_id, res_country_id);


--
-- Name: crm_iap_lead_mining_request_res_country_state_rel crm_iap_lead_mining_request_res_country_state_rel_pkey; Type: CONSTRAINT; Schema: public; Owner: odoo
--

ALTER TABLE ONLY public.crm_iap_lead_mining_request_res_country_state_rel
    ADD CONSTRAINT crm_iap_lead_mining_request_res_country_state_rel_pkey PRIMARY KEY (crm_iap_lead_mining_request_id, res_country_state_id);


--
-- Name: crm_iap_lead_role crm_iap_lead_role_name_uniq; Type: CONSTRAINT; Schema: public; Owner: odoo
--

ALTER TABLE ONLY public.crm_iap_lead_role
    ADD CONSTRAINT crm_iap_lead_role_name_uniq UNIQUE (name);


--
-- Name: CONSTRAINT crm_iap_lead_role_name_uniq ON crm_iap_lead_role; Type: COMMENT; Schema: public; Owner: odoo
--

COMMENT ON CONSTRAINT crm_iap_lead_role_name_uniq ON public.crm_iap_lead_role IS 'unique (name)';


--
-- Name: crm_iap_lead_role crm_iap_lead_role_pkey; Type: CONSTRAINT; Schema: public; Owner: odoo
--

ALTER TABLE ONLY public.crm_iap_lead_role
    ADD CONSTRAINT crm_iap_lead_role_pkey PRIMARY KEY (id);


--
-- Name: crm_iap_lead_seniority crm_iap_lead_seniority_name_uniq; Type: CONSTRAINT; Schema: public; Owner: odoo
--

ALTER TABLE ONLY public.crm_iap_lead_seniority
    ADD CONSTRAINT crm_iap_lead_seniority_name_uniq UNIQUE (name);


--
-- Name: CONSTRAINT crm_iap_lead_seniority_name_uniq ON crm_iap_lead_seniority; Type: COMMENT; Schema: public; Owner: odoo
--

COMMENT ON CONSTRAINT crm_iap_lead_seniority_name_uniq ON public.crm_iap_lead_seniority IS 'unique (name)';


--
-- Name: crm_iap_lead_seniority crm_iap_lead_seniority_pkey; Type: CONSTRAINT; Schema: public; Owner: odoo
--

ALTER TABLE ONLY public.crm_iap_lead_seniority
    ADD CONSTRAINT crm_iap_lead_seniority_pkey PRIMARY KEY (id);


--
-- Name: crm_lead2opportunity_partner_mass crm_lead2opportunity_partner_mass_pkey; Type: CONSTRAINT; Schema: public; Owner: odoo
--

ALTER TABLE ONLY public.crm_lead2opportunity_partner_mass
    ADD CONSTRAINT crm_lead2opportunity_partner_mass_pkey PRIMARY KEY (id);


--
-- Name: crm_lead2opportunity_partner_mass_res_users_rel crm_lead2opportunity_partner_mass_res_users_rel_pkey; Type: CONSTRAINT; Schema: public; Owner: odoo
--

ALTER TABLE ONLY public.crm_lead2opportunity_partner_mass_res_users_rel
    ADD CONSTRAINT crm_lead2opportunity_partner_mass_res_users_rel_pkey PRIMARY KEY (crm_lead2opportunity_partner_mass_id, res_users_id);


--
-- Name: crm_lead2opportunity_partner crm_lead2opportunity_partner_pkey; Type: CONSTRAINT; Schema: public; Owner: odoo
--

ALTER TABLE ONLY public.crm_lead2opportunity_partner
    ADD CONSTRAINT crm_lead2opportunity_partner_pkey PRIMARY KEY (id);


--
-- Name: crm_lead_crm_lead2opportunity_partner_mass_rel crm_lead_crm_lead2opportunity_partner_mass_rel_pkey; Type: CONSTRAINT; Schema: public; Owner: odoo
--

ALTER TABLE ONLY public.crm_lead_crm_lead2opportunity_partner_mass_rel
    ADD CONSTRAINT crm_lead_crm_lead2opportunity_partner_mass_rel_pkey PRIMARY KEY (crm_lead2opportunity_partner_mass_id, crm_lead_id);


--
-- Name: crm_lead_crm_lead2opportunity_partner_rel crm_lead_crm_lead2opportunity_partner_rel_pkey; Type: CONSTRAINT; Schema: public; Owner: odoo
--

ALTER TABLE ONLY public.crm_lead_crm_lead2opportunity_partner_rel
    ADD CONSTRAINT crm_lead_crm_lead2opportunity_partner_rel_pkey PRIMARY KEY (crm_lead2opportunity_partner_id, crm_lead_id);


--
-- Name: crm_lead_lost crm_lead_lost_pkey; Type: CONSTRAINT; Schema: public; Owner: odoo
--

ALTER TABLE ONLY public.crm_lead_lost
    ADD CONSTRAINT crm_lead_lost_pkey PRIMARY KEY (id);


--
-- Name: crm_lead crm_lead_pkey; Type: CONSTRAINT; Schema: public; Owner: odoo
--

ALTER TABLE ONLY public.crm_lead
    ADD CONSTRAINT crm_lead_pkey PRIMARY KEY (id);


--
-- Name: crm_lead_pls_update_crm_lead_scoring_frequency_field_rel crm_lead_pls_update_crm_lead_scoring_frequency_field_rel_pkey; Type: CONSTRAINT; Schema: public; Owner: odoo
--

ALTER TABLE ONLY public.crm_lead_pls_update_crm_lead_scoring_frequency_field_rel
    ADD CONSTRAINT crm_lead_pls_update_crm_lead_scoring_frequency_field_rel_pkey PRIMARY KEY (crm_lead_pls_update_id, crm_lead_scoring_frequency_field_id);


--
-- Name: crm_lead_pls_update crm_lead_pls_update_pkey; Type: CONSTRAINT; Schema: public; Owner: odoo
--

ALTER TABLE ONLY public.crm_lead_pls_update
    ADD CONSTRAINT crm_lead_pls_update_pkey PRIMARY KEY (id);


--
-- Name: crm_lead_scoring_frequency_field crm_lead_scoring_frequency_field_pkey; Type: CONSTRAINT; Schema: public; Owner: odoo
--

ALTER TABLE ONLY public.crm_lead_scoring_frequency_field
    ADD CONSTRAINT crm_lead_scoring_frequency_field_pkey PRIMARY KEY (id);


--
-- Name: crm_lead_scoring_frequency crm_lead_scoring_frequency_pkey; Type: CONSTRAINT; Schema: public; Owner: odoo
--

ALTER TABLE ONLY public.crm_lead_scoring_frequency
    ADD CONSTRAINT crm_lead_scoring_frequency_pkey PRIMARY KEY (id);


--
-- Name: crm_lead_website_visitor_rel crm_lead_website_visitor_rel_pkey; Type: CONSTRAINT; Schema: public; Owner: odoo
--

ALTER TABLE ONLY public.crm_lead_website_visitor_rel
    ADD CONSTRAINT crm_lead_website_visitor_rel_pkey PRIMARY KEY (crm_lead_id, website_visitor_id);


--
-- Name: crm_lost_reason crm_lost_reason_pkey; Type: CONSTRAINT; Schema: public; Owner: odoo
--

ALTER TABLE ONLY public.crm_lost_reason
    ADD CONSTRAINT crm_lost_reason_pkey PRIMARY KEY (id);


--
-- Name: crm_merge_opportunity crm_merge_opportunity_pkey; Type: CONSTRAINT; Schema: public; Owner: odoo
--

ALTER TABLE ONLY public.crm_merge_opportunity
    ADD CONSTRAINT crm_merge_opportunity_pkey PRIMARY KEY (id);


--
-- Name: crm_quotation_partner crm_quotation_partner_pkey; Type: CONSTRAINT; Schema: public; Owner: odoo
--

ALTER TABLE ONLY public.crm_quotation_partner
    ADD CONSTRAINT crm_quotation_partner_pkey PRIMARY KEY (id);


--
-- Name: crm_recurring_plan crm_recurring_plan_pkey; Type: CONSTRAINT; Schema: public; Owner: odoo
--

ALTER TABLE ONLY public.crm_recurring_plan
    ADD CONSTRAINT crm_recurring_plan_pkey PRIMARY KEY (id);


--
-- Name: crm_stage crm_stage_pkey; Type: CONSTRAINT; Schema: public; Owner: odoo
--

ALTER TABLE ONLY public.crm_stage
    ADD CONSTRAINT crm_stage_pkey PRIMARY KEY (id);


--
-- Name: crm_tag crm_tag_name_uniq; Type: CONSTRAINT; Schema: public; Owner: odoo
--

ALTER TABLE ONLY public.crm_tag
    ADD CONSTRAINT crm_tag_name_uniq UNIQUE (name);


--
-- Name: CONSTRAINT crm_tag_name_uniq ON crm_tag; Type: COMMENT; Schema: public; Owner: odoo
--

COMMENT ON CONSTRAINT crm_tag_name_uniq ON public.crm_tag IS 'unique (name)';


--
-- Name: crm_tag crm_tag_pkey; Type: CONSTRAINT; Schema: public; Owner: odoo
--

ALTER TABLE ONLY public.crm_tag
    ADD CONSTRAINT crm_tag_pkey PRIMARY KEY (id);


--
-- Name: crm_tag_rel crm_tag_rel_pkey; Type: CONSTRAINT; Schema: public; Owner: odoo
--

ALTER TABLE ONLY public.crm_tag_rel
    ADD CONSTRAINT crm_tag_rel_pkey PRIMARY KEY (lead_id, tag_id);


--
-- Name: crm_team_member crm_team_member_pkey; Type: CONSTRAINT; Schema: public; Owner: odoo
--

ALTER TABLE ONLY public.crm_team_member
    ADD CONSTRAINT crm_team_member_pkey PRIMARY KEY (id);


--
-- Name: crm_team crm_team_pkey; Type: CONSTRAINT; Schema: public; Owner: odoo
--

ALTER TABLE ONLY public.crm_team
    ADD CONSTRAINT crm_team_pkey PRIMARY KEY (id);


--
-- Name: decimal_precision decimal_precision_name_uniq; Type: CONSTRAINT; Schema: public; Owner: odoo
--

ALTER TABLE ONLY public.decimal_precision
    ADD CONSTRAINT decimal_precision_name_uniq UNIQUE (name);


--
-- Name: CONSTRAINT decimal_precision_name_uniq ON decimal_precision; Type: COMMENT; Schema: public; Owner: odoo
--

COMMENT ON CONSTRAINT decimal_precision_name_uniq ON public.decimal_precision IS 'unique (name)';


--
-- Name: decimal_precision decimal_precision_pkey; Type: CONSTRAINT; Schema: public; Owner: odoo
--

ALTER TABLE ONLY public.decimal_precision
    ADD CONSTRAINT decimal_precision_pkey PRIMARY KEY (id);


--
-- Name: digest_digest digest_digest_pkey; Type: CONSTRAINT; Schema: public; Owner: odoo
--

ALTER TABLE ONLY public.digest_digest
    ADD CONSTRAINT digest_digest_pkey PRIMARY KEY (id);


--
-- Name: digest_digest_res_users_rel digest_digest_res_users_rel_pkey; Type: CONSTRAINT; Schema: public; Owner: odoo
--

ALTER TABLE ONLY public.digest_digest_res_users_rel
    ADD CONSTRAINT digest_digest_res_users_rel_pkey PRIMARY KEY (digest_digest_id, res_users_id);


--
-- Name: digest_tip digest_tip_pkey; Type: CONSTRAINT; Schema: public; Owner: odoo
--

ALTER TABLE ONLY public.digest_tip
    ADD CONSTRAINT digest_tip_pkey PRIMARY KEY (id);


--
