-- Data for Name: res_country_group; Type: TABLE DATA; Schema: public; Owner: odoo
--

COPY public.res_country_group (id, create_uid, write_uid, name, create_date, write_date) FROM stdin;
1	1	1	{"en_US": "Europe", "vi_VN": "Châu Âu"}	2025-06-18 15:49:05.568244	2025-06-18 15:49:05.568244
2	1	1	{"en_US": "South America", "vi_VN": "Nam Phi"}	2025-06-18 15:49:05.568244	2025-06-18 15:49:05.568244
3	1	1	{"en_US": "SEPA Countries", "vi_VN": "Quốc gia SEPA"}	2025-06-18 15:49:05.568244	2025-06-18 15:49:05.568244
4	1	1	{"en_US": "Gulf Cooperation Council (GCC)", "vi_VN": "Hội đồng Hợp tác vùng Vịnh (GCC)"}	2025-06-18 15:49:05.568244	2025-06-18 15:49:05.568244
5	1	1	{"en_US": "Switzerland and Liechtenstein", "vi_VN": "Thụy Sĩ và Liechtenstein"}	2025-06-18 15:49:05.568244	2025-06-18 15:49:05.568244
\.


--
-- Data for Name: res_country_group_pricelist_rel; Type: TABLE DATA; Schema: public; Owner: odoo
--

COPY public.res_country_group_pricelist_rel (pricelist_id, res_country_group_id) FROM stdin;
\.


--
-- Data for Name: res_country_res_country_group_rel; Type: TABLE DATA; Schema: public; Owner: odoo
--

COPY public.res_country_res_country_group_rel (res_country_id, res_country_group_id) FROM stdin;
12	1
20	1
22	1
97	1
55	1
56	1
59	1
64	1
70	1
75	1
57	1
88	1
99	1
101	1
109	1
134	1
132	1
133	1
152	1
165	1
178	1
183	1
188	1
201	1
199	1
68	1
196	1
10	2
29	2
31	2
46	2
49	2
63	2
72	2
89	2
79	2
93	2
185	2
173	2
206	2
234	2
238	2
1	3
12	3
15	3
20	3
22	3
26	3
43	3
55	3
56	3
57	3
59	3
64	3
68	3
70	3
75	3
231	3
79	3
82	3
81	3
86	3
88	3
97	3
99	3
101	3
103	3
108	3
109	3
110	3
128	3
132	3
133	3
134	3
137	3
140	3
149	3
152	3
165	3
166	3
178	3
179	3
183	3
187	3
188	3
196	3
199	3
201	3
203	3
236	3
246	3
192	4
2	4
23	4
171	4
186	4
122	4
43	5
128	5
\.


--
-- Data for Name: res_country_state; Type: TABLE DATA; Schema: public; Owner: odoo
--

COPY public.res_country_state (id, country_id, create_uid, write_uid, name, code, create_date, write_date) FROM stdin;
1	13	1	1	Australian Capital Territory	ACT	2025-06-18 15:49:05.568244	2025-06-18 15:49:05.568244
2	13	1	1	New South Wales	NSW	2025-06-18 15:49:05.568244	2025-06-18 15:49:05.568244
3	13	1	1	Northern Territory	NT	2025-06-18 15:49:05.568244	2025-06-18 15:49:05.568244
4	13	1	1	Queensland	QLD	2025-06-18 15:49:05.568244	2025-06-18 15:49:05.568244
5	13	1	1	South Australia	SA	2025-06-18 15:49:05.568244	2025-06-18 15:49:05.568244
6	13	1	1	Tasmania	TAS	2025-06-18 15:49:05.568244	2025-06-18 15:49:05.568244
7	13	1	1	Victoria	VIC	2025-06-18 15:49:05.568244	2025-06-18 15:49:05.568244
8	13	1	1	Western Australia	WA	2025-06-18 15:49:05.568244	2025-06-18 15:49:05.568244
9	233	1	1	Alabama	AL	2025-06-18 15:49:05.568244	2025-06-18 15:49:05.568244
10	233	1	1	Alaska	AK	2025-06-18 15:49:05.568244	2025-06-18 15:49:05.568244
11	233	1	1	Arizona	AZ	2025-06-18 15:49:05.568244	2025-06-18 15:49:05.568244
12	233	1	1	Arkansas	AR	2025-06-18 15:49:05.568244	2025-06-18 15:49:05.568244
13	233	1	1	California	CA	2025-06-18 15:49:05.568244	2025-06-18 15:49:05.568244
14	233	1	1	Colorado	CO	2025-06-18 15:49:05.568244	2025-06-18 15:49:05.568244
15	233	1	1	Connecticut	CT	2025-06-18 15:49:05.568244	2025-06-18 15:49:05.568244
16	233	1	1	Delaware	DE	2025-06-18 15:49:05.568244	2025-06-18 15:49:05.568244
17	233	1	1	District of Columbia	DC	2025-06-18 15:49:05.568244	2025-06-18 15:49:05.568244
18	233	1	1	Florida	FL	2025-06-18 15:49:05.568244	2025-06-18 15:49:05.568244
19	233	1	1	Georgia	GA	2025-06-18 15:49:05.568244	2025-06-18 15:49:05.568244
20	233	1	1	Hawaii	HI	2025-06-18 15:49:05.568244	2025-06-18 15:49:05.568244
21	233	1	1	Idaho	ID	2025-06-18 15:49:05.568244	2025-06-18 15:49:05.568244
22	233	1	1	Illinois	IL	2025-06-18 15:49:05.568244	2025-06-18 15:49:05.568244
23	233	1	1	Indiana	IN	2025-06-18 15:49:05.568244	2025-06-18 15:49:05.568244
24	233	1	1	Iowa	IA	2025-06-18 15:49:05.568244	2025-06-18 15:49:05.568244
25	233	1	1	Kansas	KS	2025-06-18 15:49:05.568244	2025-06-18 15:49:05.568244
26	233	1	1	Kentucky	KY	2025-06-18 15:49:05.568244	2025-06-18 15:49:05.568244
27	233	1	1	Louisiana	LA	2025-06-18 15:49:05.568244	2025-06-18 15:49:05.568244
28	233	1	1	Maine	ME	2025-06-18 15:49:05.568244	2025-06-18 15:49:05.568244
29	233	1	1	Montana	MT	2025-06-18 15:49:05.568244	2025-06-18 15:49:05.568244
30	233	1	1	Nebraska	NE	2025-06-18 15:49:05.568244	2025-06-18 15:49:05.568244
31	233	1	1	Nevada	NV	2025-06-18 15:49:05.568244	2025-06-18 15:49:05.568244
32	233	1	1	New Hampshire	NH	2025-06-18 15:49:05.568244	2025-06-18 15:49:05.568244
33	233	1	1	New Jersey	NJ	2025-06-18 15:49:05.568244	2025-06-18 15:49:05.568244
34	233	1	1	New Mexico	NM	2025-06-18 15:49:05.568244	2025-06-18 15:49:05.568244
35	233	1	1	New York	NY	2025-06-18 15:49:05.568244	2025-06-18 15:49:05.568244
36	233	1	1	North Carolina	NC	2025-06-18 15:49:05.568244	2025-06-18 15:49:05.568244
37	233	1	1	North Dakota	ND	2025-06-18 15:49:05.568244	2025-06-18 15:49:05.568244
38	233	1	1	Ohio	OH	2025-06-18 15:49:05.568244	2025-06-18 15:49:05.568244
39	233	1	1	Oklahoma	OK	2025-06-18 15:49:05.568244	2025-06-18 15:49:05.568244
40	233	1	1	Oregon	OR	2025-06-18 15:49:05.568244	2025-06-18 15:49:05.568244
41	233	1	1	Maryland	MD	2025-06-18 15:49:05.568244	2025-06-18 15:49:05.568244
42	233	1	1	Massachusetts	MA	2025-06-18 15:49:05.568244	2025-06-18 15:49:05.568244
43	233	1	1	Michigan	MI	2025-06-18 15:49:05.568244	2025-06-18 15:49:05.568244
44	233	1	1	Minnesota	MN	2025-06-18 15:49:05.568244	2025-06-18 15:49:05.568244
45	233	1	1	Mississippi	MS	2025-06-18 15:49:05.568244	2025-06-18 15:49:05.568244
46	233	1	1	Missouri	MO	2025-06-18 15:49:05.568244	2025-06-18 15:49:05.568244
47	233	1	1	Pennsylvania	PA	2025-06-18 15:49:05.568244	2025-06-18 15:49:05.568244
48	233	1	1	Rhode Island	RI	2025-06-18 15:49:05.568244	2025-06-18 15:49:05.568244
49	233	1	1	South Carolina	SC	2025-06-18 15:49:05.568244	2025-06-18 15:49:05.568244
50	233	1	1	South Dakota	SD	2025-06-18 15:49:05.568244	2025-06-18 15:49:05.568244
51	233	1	1	Tennessee	TN	2025-06-18 15:49:05.568244	2025-06-18 15:49:05.568244
52	233	1	1	Texas	TX	2025-06-18 15:49:05.568244	2025-06-18 15:49:05.568244
53	233	1	1	Utah	UT	2025-06-18 15:49:05.568244	2025-06-18 15:49:05.568244
54	233	1	1	Vermont	VT	2025-06-18 15:49:05.568244	2025-06-18 15:49:05.568244
55	233	1	1	Virginia	VA	2025-06-18 15:49:05.568244	2025-06-18 15:49:05.568244
56	233	1	1	Washington	WA	2025-06-18 15:49:05.568244	2025-06-18 15:49:05.568244
57	233	1	1	West Virginia	WV	2025-06-18 15:49:05.568244	2025-06-18 15:49:05.568244
58	233	1	1	Wisconsin	WI	2025-06-18 15:49:05.568244	2025-06-18 15:49:05.568244
59	233	1	1	Wyoming	WY	2025-06-18 15:49:05.568244	2025-06-18 15:49:05.568244
60	233	1	1	American Samoa	AS	2025-06-18 15:49:05.568244	2025-06-18 15:49:05.568244
61	233	1	1	Federated States of Micronesia	FM	2025-06-18 15:49:05.568244	2025-06-18 15:49:05.568244
62	233	1	1	Guam	GU	2025-06-18 15:49:05.568244	2025-06-18 15:49:05.568244
63	233	1	1	Marshall Islands	MH	2025-06-18 15:49:05.568244	2025-06-18 15:49:05.568244
64	233	1	1	Northern Mariana Islands	MP	2025-06-18 15:49:05.568244	2025-06-18 15:49:05.568244
65	233	1	1	Palau	PW	2025-06-18 15:49:05.568244	2025-06-18 15:49:05.568244
66	233	1	1	Puerto Rico	PR	2025-06-18 15:49:05.568244	2025-06-18 15:49:05.568244
67	233	1	1	Virgin Islands	VI	2025-06-18 15:49:05.568244	2025-06-18 15:49:05.568244
68	233	1	1	Armed Forces Americas	AA	2025-06-18 15:49:05.568244	2025-06-18 15:49:05.568244
69	233	1	1	Armed Forces Europe	AE	2025-06-18 15:49:05.568244	2025-06-18 15:49:05.568244
70	233	1	1	Armed Forces Pacific	AP	2025-06-18 15:49:05.568244	2025-06-18 15:49:05.568244
71	31	1	1	Acre	AC	2025-06-18 15:49:05.568244	2025-06-18 15:49:05.568244
72	31	1	1	Alagoas	AL	2025-06-18 15:49:05.568244	2025-06-18 15:49:05.568244
73	31	1	1	Amapá	AP	2025-06-18 15:49:05.568244	2025-06-18 15:49:05.568244
74	31	1	1	Amazonas	AM	2025-06-18 15:49:05.568244	2025-06-18 15:49:05.568244
75	31	1	1	Bahia	BA	2025-06-18 15:49:05.568244	2025-06-18 15:49:05.568244
76	31	1	1	Ceará	CE	2025-06-18 15:49:05.568244	2025-06-18 15:49:05.568244
77	31	1	1	Distrito Federal	DF	2025-06-18 15:49:05.568244	2025-06-18 15:49:05.568244
78	31	1	1	Espírito Santo	ES	2025-06-18 15:49:05.568244	2025-06-18 15:49:05.568244
79	31	1	1	Goiás	GO	2025-06-18 15:49:05.568244	2025-06-18 15:49:05.568244
80	31	1	1	Maranhão	MA	2025-06-18 15:49:05.568244	2025-06-18 15:49:05.568244
81	31	1	1	Mato Grosso	MT	2025-06-18 15:49:05.568244	2025-06-18 15:49:05.568244
82	31	1	1	Mato Grosso do Sul	MS	2025-06-18 15:49:05.568244	2025-06-18 15:49:05.568244
83	31	1	1	Minas Gerais	MG	2025-06-18 15:49:05.568244	2025-06-18 15:49:05.568244
84	31	1	1	Pará	PA	2025-06-18 15:49:05.568244	2025-06-18 15:49:05.568244
85	31	1	1	Paraíba	PB	2025-06-18 15:49:05.568244	2025-06-18 15:49:05.568244
86	31	1	1	Paraná	PR	2025-06-18 15:49:05.568244	2025-06-18 15:49:05.568244
87	31	1	1	Pernambuco	PE	2025-06-18 15:49:05.568244	2025-06-18 15:49:05.568244
88	31	1	1	Piauí	PI	2025-06-18 15:49:05.568244	2025-06-18 15:49:05.568244
89	31	1	1	Rio de Janeiro	RJ	2025-06-18 15:49:05.568244	2025-06-18 15:49:05.568244
90	31	1	1	Rio Grande do Norte	RN	2025-06-18 15:49:05.568244	2025-06-18 15:49:05.568244
91	31	1	1	Rio Grande do Sul	RS	2025-06-18 15:49:05.568244	2025-06-18 15:49:05.568244
92	31	1	1	Rondônia	RO	2025-06-18 15:49:05.568244	2025-06-18 15:49:05.568244
93	31	1	1	Roraima	RR	2025-06-18 15:49:05.568244	2025-06-18 15:49:05.568244
94	31	1	1	Santa Catarina	SC	2025-06-18 15:49:05.568244	2025-06-18 15:49:05.568244
95	31	1	1	São Paulo	SP	2025-06-18 15:49:05.568244	2025-06-18 15:49:05.568244
96	31	1	1	Sergipe	SE	2025-06-18 15:49:05.568244	2025-06-18 15:49:05.568244
97	31	1	1	Tocantins	TO	2025-06-18 15:49:05.568244	2025-06-18 15:49:05.568244
98	190	1	1	Republic of Adygeya	AD	2025-06-18 15:49:05.568244	2025-06-18 15:49:05.568244
99	190	1	1	Altai Republic	AL	2025-06-18 15:49:05.568244	2025-06-18 15:49:05.568244
100	190	1	1	Altai Krai	ALT	2025-06-18 15:49:05.568244	2025-06-18 15:49:05.568244
101	190	1	1	Amur Oblast	AMU	2025-06-18 15:49:05.568244	2025-06-18 15:49:05.568244
102	190	1	1	Arkhangelsk Oblast	ARK	2025-06-18 15:49:05.568244	2025-06-18 15:49:05.568244
103	190	1	1	Astrakhan Oblast	AST	2025-06-18 15:49:05.568244	2025-06-18 15:49:05.568244
104	190	1	1	Republic of Bashkortostan	BA	2025-06-18 15:49:05.568244	2025-06-18 15:49:05.568244
105	190	1	1	Belgorod Oblast	BEL	2025-06-18 15:49:05.568244	2025-06-18 15:49:05.568244
106	190	1	1	Bryansk Oblast	BRY	2025-06-18 15:49:05.568244	2025-06-18 15:49:05.568244
107	190	1	1	Republic of Buryatia	BU	2025-06-18 15:49:05.568244	2025-06-18 15:49:05.568244
108	190	1	1	Chechen Republic	CE	2025-06-18 15:49:05.568244	2025-06-18 15:49:05.568244
109	190	1	1	Chelyabinsk Oblast	CHE	2025-06-18 15:49:05.568244	2025-06-18 15:49:05.568244
110	190	1	1	Chukotka Autonomous Okrug	CHU	2025-06-18 15:49:05.568244	2025-06-18 15:49:05.568244
111	190	1	1	Chuvash Republic	CU	2025-06-18 15:49:05.568244	2025-06-18 15:49:05.568244
112	190	1	1	Republic of Dagestan	DA	2025-06-18 15:49:05.568244	2025-06-18 15:49:05.568244
113	190	1	1	Republic of Ingushetia	IN	2025-06-18 15:49:05.568244	2025-06-18 15:49:05.568244
114	190	1	1	Irkutsk Oblast	IRK	2025-06-18 15:49:05.568244	2025-06-18 15:49:05.568244
115	190	1	1	Ivanovo Oblast	IVA	2025-06-18 15:49:05.568244	2025-06-18 15:49:05.568244
116	190	1	1	Kamchatka Krai	KAM	2025-06-18 15:49:05.568244	2025-06-18 15:49:05.568244
117	190	1	1	Kabardino-Balkarian Republic	KB	2025-06-18 15:49:05.568244	2025-06-18 15:49:05.568244
118	190	1	1	Kaliningrad Oblast	KGD	2025-06-18 15:49:05.568244	2025-06-18 15:49:05.568244
119	190	1	1	Republic of Kalmykia	KL	2025-06-18 15:49:05.568244	2025-06-18 15:49:05.568244
120	190	1	1	Kaluga Oblast	KLU	2025-06-18 15:49:05.568244	2025-06-18 15:49:05.568244
121	190	1	1	Karachay–Cherkess Republic	KC	2025-06-18 15:49:05.568244	2025-06-18 15:49:05.568244
122	190	1	1	Republic of Karelia	KR	2025-06-18 15:49:05.568244	2025-06-18 15:49:05.568244
123	190	1	1	Kemerovo Oblast	KEM	2025-06-18 15:49:05.568244	2025-06-18 15:49:05.568244
124	190	1	1	Khabarovsk Krai	KHA	2025-06-18 15:49:05.568244	2025-06-18 15:49:05.568244
125	190	1	1	Republic of Khakassia	KK	2025-06-18 15:49:05.568244	2025-06-18 15:49:05.568244
126	190	1	1	Khanty-Mansi Autonomous Okrug	KHM	2025-06-18 15:49:05.568244	2025-06-18 15:49:05.568244
127	190	1	1	Kirov Oblast	KIR	2025-06-18 15:49:05.568244	2025-06-18 15:49:05.568244
128	190	1	1	Komi Republic	KO	2025-06-18 15:49:05.568244	2025-06-18 15:49:05.568244
129	190	1	1	Kostroma Oblast	KOS	2025-06-18 15:49:05.568244	2025-06-18 15:49:05.568244
130	190	1	1	Krasnodar Krai	KDA	2025-06-18 15:49:05.568244	2025-06-18 15:49:05.568244
131	190	1	1	Krasnoyarsk Krai	KYA	2025-06-18 15:49:05.568244	2025-06-18 15:49:05.568244
132	190	1	1	Kurgan Oblast	KGN	2025-06-18 15:49:05.568244	2025-06-18 15:49:05.568244
133	190	1	1	Kursk Oblast	KRS	2025-06-18 15:49:05.568244	2025-06-18 15:49:05.568244
134	190	1	1	Leningrad Oblast	LEN	2025-06-18 15:49:05.568244	2025-06-18 15:49:05.568244
135	190	1	1	Lipetsk Oblast	LIP	2025-06-18 15:49:05.568244	2025-06-18 15:49:05.568244
136	190	1	1	Magadan Oblast	MAG	2025-06-18 15:49:05.568244	2025-06-18 15:49:05.568244
137	190	1	1	Mari El Republic	ME	2025-06-18 15:49:05.568244	2025-06-18 15:49:05.568244
138	190	1	1	Republic of Mordovia	MO	2025-06-18 15:49:05.568244	2025-06-18 15:49:05.568244
139	190	1	1	Moscow Oblast	MOS	2025-06-18 15:49:05.568244	2025-06-18 15:49:05.568244
140	190	1	1	Moscow	MOW	2025-06-18 15:49:05.568244	2025-06-18 15:49:05.568244
141	190	1	1	Murmansk Oblast	MUR	2025-06-18 15:49:05.568244	2025-06-18 15:49:05.568244
142	190	1	1	Nizhny Novgorod Oblast	NIZ	2025-06-18 15:49:05.568244	2025-06-18 15:49:05.568244
143	190	1	1	Novgorod Oblast	NGR	2025-06-18 15:49:05.568244	2025-06-18 15:49:05.568244
144	190	1	1	Novosibirsk Oblast	NVS	2025-06-18 15:49:05.568244	2025-06-18 15:49:05.568244
145	190	1	1	Omsk Oblast	OMS	2025-06-18 15:49:05.568244	2025-06-18 15:49:05.568244
146	190	1	1	Orenburg Oblast	ORE	2025-06-18 15:49:05.568244	2025-06-18 15:49:05.568244
147	190	1	1	Oryol Oblast	ORL	2025-06-18 15:49:05.568244	2025-06-18 15:49:05.568244
148	190	1	1	Penza Oblast	PNZ	2025-06-18 15:49:05.568244	2025-06-18 15:49:05.568244
149	190	1	1	Perm Krai	PER	2025-06-18 15:49:05.568244	2025-06-18 15:49:05.568244
150	190	1	1	Primorsky Krai	PRI	2025-06-18 15:49:05.568244	2025-06-18 15:49:05.568244
151	190	1	1	Pskov Oblast	PSK	2025-06-18 15:49:05.568244	2025-06-18 15:49:05.568244
152	190	1	1	Rostov Oblast	ROS	2025-06-18 15:49:05.568244	2025-06-18 15:49:05.568244
153	190	1	1	Ryazan Oblast	RYA	2025-06-18 15:49:05.568244	2025-06-18 15:49:05.568244
154	190	1	1	Sakha Republic (Yakutia)	SA	2025-06-18 15:49:05.568244	2025-06-18 15:49:05.568244
155	190	1	1	Sakhalin Oblast	SAK	2025-06-18 15:49:05.568244	2025-06-18 15:49:05.568244
156	190	1	1	Samara Oblast	SAM	2025-06-18 15:49:05.568244	2025-06-18 15:49:05.568244
157	190	1	1	Saint Petersburg	SPE	2025-06-18 15:49:05.568244	2025-06-18 15:49:05.568244
158	190	1	1	Saratov Oblast	SAR	2025-06-18 15:49:05.568244	2025-06-18 15:49:05.568244
159	190	1	1	Republic of North Ossetia–Alania	SE	2025-06-18 15:49:05.568244	2025-06-18 15:49:05.568244
160	190	1	1	Smolensk Oblast	SMO	2025-06-18 15:49:05.568244	2025-06-18 15:49:05.568244
161	190	1	1	Stavropol Krai	STA	2025-06-18 15:49:05.568244	2025-06-18 15:49:05.568244
162	190	1	1	Sverdlovsk Oblast	SVE	2025-06-18 15:49:05.568244	2025-06-18 15:49:05.568244
163	190	1	1	Tambov Oblast	TAM	2025-06-18 15:49:05.568244	2025-06-18 15:49:05.568244
164	190	1	1	Republic of Tatarstan	TA	2025-06-18 15:49:05.568244	2025-06-18 15:49:05.568244
165	190	1	1	Tomsk Oblast	TOM	2025-06-18 15:49:05.568244	2025-06-18 15:49:05.568244
166	190	1	1	Tula Oblast	TUL	2025-06-18 15:49:05.568244	2025-06-18 15:49:05.568244
167	190	1	1	Tver Oblast	TVE	2025-06-18 15:49:05.568244	2025-06-18 15:49:05.568244
168	190	1	1	Tyumen Oblast	TYU	2025-06-18 15:49:05.568244	2025-06-18 15:49:05.568244
169	190	1	1	Tyva Republic	TY	2025-06-18 15:49:05.568244	2025-06-18 15:49:05.568244
170	190	1	1	Udmurtia	UD	2025-06-18 15:49:05.568244	2025-06-18 15:49:05.568244
171	190	1	1	Ulyanovsk Oblast	ULY	2025-06-18 15:49:05.568244	2025-06-18 15:49:05.568244
172	190	1	1	Vladimir Oblast	VLA	2025-06-18 15:49:05.568244	2025-06-18 15:49:05.568244
173	190	1	1	Volgograd Oblast	VGG	2025-06-18 15:49:05.568244	2025-06-18 15:49:05.568244
174	190	1	1	Vologda Oblast	VLG	2025-06-18 15:49:05.568244	2025-06-18 15:49:05.568244
175	190	1	1	Voronezh Oblast	VOR	2025-06-18 15:49:05.568244	2025-06-18 15:49:05.568244
176	190	1	1	Yamalo-Nenets Autonomous Okrug	YAN	2025-06-18 15:49:05.568244	2025-06-18 15:49:05.568244
177	190	1	1	Yaroslavl Oblast	YAR	2025-06-18 15:49:05.568244	2025-06-18 15:49:05.568244
178	190	1	1	Jewish Autonomous Oblast	YEV	2025-06-18 15:49:05.568244	2025-06-18 15:49:05.568244
179	90	1	1	Alta Verapaz	AVE	2025-06-18 15:49:05.568244	2025-06-18 15:49:05.568244
180	90	1	1	Baja Verapaz	BVE	2025-06-18 15:49:05.568244	2025-06-18 15:49:05.568244
181	90	1	1	Chimaltenango	CMT	2025-06-18 15:49:05.568244	2025-06-18 15:49:05.568244
182	90	1	1	Chiquimula	CQM	2025-06-18 15:49:05.568244	2025-06-18 15:49:05.568244
183	90	1	1	El Progreso	EPR	2025-06-18 15:49:05.568244	2025-06-18 15:49:05.568244
184	90	1	1	Escuintla	ESC	2025-06-18 15:49:05.568244	2025-06-18 15:49:05.568244
185	90	1	1	Guatemala	GUA	2025-06-18 15:49:05.568244	2025-06-18 15:49:05.568244
186	90	1	1	Huehuetenango	HUE	2025-06-18 15:49:05.568244	2025-06-18 15:49:05.568244
187	90	1	1	Izabal	IZA	2025-06-18 15:49:05.568244	2025-06-18 15:49:05.568244
188	90	1	1	Jalapa	JAL	2025-06-18 15:49:05.568244	2025-06-18 15:49:05.568244
189	90	1	1	Jutiapa	JUT	2025-06-18 15:49:05.568244	2025-06-18 15:49:05.568244
190	90	1	1	Petén	PET	2025-06-18 15:49:05.568244	2025-06-18 15:49:05.568244
191	90	1	1	Quetzaltenango	QUE	2025-06-18 15:49:05.568244	2025-06-18 15:49:05.568244
192	90	1	1	Quiché	QUI	2025-06-18 15:49:05.568244	2025-06-18 15:49:05.568244
193	90	1	1	Retalhuleu	RET	2025-06-18 15:49:05.568244	2025-06-18 15:49:05.568244
194	90	1	1	Sacatepéquez	SAC	2025-06-18 15:49:05.568244	2025-06-18 15:49:05.568244
195	90	1	1	San Marcos	SMA	2025-06-18 15:49:05.568244	2025-06-18 15:49:05.568244
196	90	1	1	Santa Rosa	SRO	2025-06-18 15:49:05.568244	2025-06-18 15:49:05.568244
197	90	1	1	Sololá	SOL	2025-06-18 15:49:05.568244	2025-06-18 15:49:05.568244
198	90	1	1	Suchitepéquez	SUC	2025-06-18 15:49:05.568244	2025-06-18 15:49:05.568244
199	90	1	1	Totonicapán	TOT	2025-06-18 15:49:05.568244	2025-06-18 15:49:05.568244
200	90	1	1	Zacapa	ZAC	2025-06-18 15:49:05.568244	2025-06-18 15:49:05.568244
201	113	1	1	Aichi	23	2025-06-18 15:49:05.568244	2025-06-18 15:49:05.568244
202	113	1	1	Akita	05	2025-06-18 15:49:05.568244	2025-06-18 15:49:05.568244
203	113	1	1	Aomori	02	2025-06-18 15:49:05.568244	2025-06-18 15:49:05.568244
204	113	1	1	Chiba	12	2025-06-18 15:49:05.568244	2025-06-18 15:49:05.568244
205	113	1	1	Ehime	38	2025-06-18 15:49:05.568244	2025-06-18 15:49:05.568244
206	113	1	1	Fukui	18	2025-06-18 15:49:05.568244	2025-06-18 15:49:05.568244
207	113	1	1	Fukuoka	40	2025-06-18 15:49:05.568244	2025-06-18 15:49:05.568244
208	113	1	1	Fukushima	07	2025-06-18 15:49:05.568244	2025-06-18 15:49:05.568244
209	113	1	1	Gifu	21	2025-06-18 15:49:05.568244	2025-06-18 15:49:05.568244
210	113	1	1	Gunma	10	2025-06-18 15:49:05.568244	2025-06-18 15:49:05.568244
211	113	1	1	Hiroshima	34	2025-06-18 15:49:05.568244	2025-06-18 15:49:05.568244
212	113	1	1	Hokkaido	01	2025-06-18 15:49:05.568244	2025-06-18 15:49:05.568244
213	113	1	1	Hyogo	28	2025-06-18 15:49:05.568244	2025-06-18 15:49:05.568244
214	113	1	1	Ibaraki	08	2025-06-18 15:49:05.568244	2025-06-18 15:49:05.568244
215	113	1	1	Ishikawa	17	2025-06-18 15:49:05.568244	2025-06-18 15:49:05.568244
216	113	1	1	Iwate	03	2025-06-18 15:49:05.568244	2025-06-18 15:49:05.568244
217	113	1	1	Kagawa	37	2025-06-18 15:49:05.568244	2025-06-18 15:49:05.568244
218	113	1	1	Kagoshima	46	2025-06-18 15:49:05.568244	2025-06-18 15:49:05.568244
219	113	1	1	Kanagawa	14	2025-06-18 15:49:05.568244	2025-06-18 15:49:05.568244
220	113	1	1	Kochi	39	2025-06-18 15:49:05.568244	2025-06-18 15:49:05.568244
221	113	1	1	Kumamoto	43	2025-06-18 15:49:05.568244	2025-06-18 15:49:05.568244
222	113	1	1	Kyoto	26	2025-06-18 15:49:05.568244	2025-06-18 15:49:05.568244
223	113	1	1	Mie	24	2025-06-18 15:49:05.568244	2025-06-18 15:49:05.568244
224	113	1	1	Miyagi	04	2025-06-18 15:49:05.568244	2025-06-18 15:49:05.568244
225	113	1	1	Miyazaki	45	2025-06-18 15:49:05.568244	2025-06-18 15:49:05.568244
226	113	1	1	Nagano	20	2025-06-18 15:49:05.568244	2025-06-18 15:49:05.568244
227	113	1	1	Nagasaki	42	2025-06-18 15:49:05.568244	2025-06-18 15:49:05.568244
228	113	1	1	Nara	29	2025-06-18 15:49:05.568244	2025-06-18 15:49:05.568244
229	113	1	1	Niigata	15	2025-06-18 15:49:05.568244	2025-06-18 15:49:05.568244
230	113	1	1	Oita	44	2025-06-18 15:49:05.568244	2025-06-18 15:49:05.568244
231	113	1	1	Okayama	33	2025-06-18 15:49:05.568244	2025-06-18 15:49:05.568244
232	113	1	1	Okinawa	47	2025-06-18 15:49:05.568244	2025-06-18 15:49:05.568244
233	113	1	1	Osaka	27	2025-06-18 15:49:05.568244	2025-06-18 15:49:05.568244
234	113	1	1	Saga	41	2025-06-18 15:49:05.568244	2025-06-18 15:49:05.568244
235	113	1	1	Saitama	11	2025-06-18 15:49:05.568244	2025-06-18 15:49:05.568244
236	113	1	1	Shiga	25	2025-06-18 15:49:05.568244	2025-06-18 15:49:05.568244
237	113	1	1	Shimane	32	2025-06-18 15:49:05.568244	2025-06-18 15:49:05.568244
238	113	1	1	Shizuoka	22	2025-06-18 15:49:05.568244	2025-06-18 15:49:05.568244
239	113	1	1	Tochigi	09	2025-06-18 15:49:05.568244	2025-06-18 15:49:05.568244
240	113	1	1	Tokushima	36	2025-06-18 15:49:05.568244	2025-06-18 15:49:05.568244
241	113	1	1	Tottori	31	2025-06-18 15:49:05.568244	2025-06-18 15:49:05.568244
242	113	1	1	Toyama	16	2025-06-18 15:49:05.568244	2025-06-18 15:49:05.568244
243	113	1	1	Tokyo	13	2025-06-18 15:49:05.568244	2025-06-18 15:49:05.568244
244	113	1	1	Wakayama	30	2025-06-18 15:49:05.568244	2025-06-18 15:49:05.568244
245	113	1	1	Yamagata	06	2025-06-18 15:49:05.568244	2025-06-18 15:49:05.568244
246	113	1	1	Yamaguchi	35	2025-06-18 15:49:05.568244	2025-06-18 15:49:05.568244
247	113	1	1	Yamanashi	19	2025-06-18 15:49:05.568244	2025-06-18 15:49:05.568244
248	183	1	1	Aveiro	01	2025-06-18 15:49:05.568244	2025-06-18 15:49:05.568244
249	183	1	1	Beja	02	2025-06-18 15:49:05.568244	2025-06-18 15:49:05.568244
250	183	1	1	Braga	03	2025-06-18 15:49:05.568244	2025-06-18 15:49:05.568244
251	183	1	1	Bragança	04	2025-06-18 15:49:05.568244	2025-06-18 15:49:05.568244
252	183	1	1	Castelo Branco	05	2025-06-18 15:49:05.568244	2025-06-18 15:49:05.568244
253	183	1	1	Coimbra	06	2025-06-18 15:49:05.568244	2025-06-18 15:49:05.568244
254	183	1	1	Évora	07	2025-06-18 15:49:05.568244	2025-06-18 15:49:05.568244
255	183	1	1	Faro	08	2025-06-18 15:49:05.568244	2025-06-18 15:49:05.568244
256	183	1	1	Guarda	09	2025-06-18 15:49:05.568244	2025-06-18 15:49:05.568244
257	183	1	1	Leiria	10	2025-06-18 15:49:05.568244	2025-06-18 15:49:05.568244
258	183	1	1	Lisboa	11	2025-06-18 15:49:05.568244	2025-06-18 15:49:05.568244
259	183	1	1	Portalegre	12	2025-06-18 15:49:05.568244	2025-06-18 15:49:05.568244
260	183	1	1	Porto	13	2025-06-18 15:49:05.568244	2025-06-18 15:49:05.568244
261	183	1	1	Santarém	14	2025-06-18 15:49:05.568244	2025-06-18 15:49:05.568244
262	183	1	1	Setúbal	15	2025-06-18 15:49:05.568244	2025-06-18 15:49:05.568244
263	183	1	1	Viana do Castelo	16	2025-06-18 15:49:05.568244	2025-06-18 15:49:05.568244
264	183	1	1	Vila Real	17	2025-06-18 15:49:05.568244	2025-06-18 15:49:05.568244
265	183	1	1	Viseu	18	2025-06-18 15:49:05.568244	2025-06-18 15:49:05.568244
266	183	1	1	Açores	20	2025-06-18 15:49:05.568244	2025-06-18 15:49:05.568244
267	183	1	1	Madeira	30	2025-06-18 15:49:05.568244	2025-06-18 15:49:05.568244
268	65	1	1	Dakahlia	DK	2025-06-18 15:49:05.568244	2025-06-18 15:49:05.568244
269	65	1	1	Red Sea	BA	2025-06-18 15:49:05.568244	2025-06-18 15:49:05.568244
270	65	1	1	Beheira	BH	2025-06-18 15:49:05.568244	2025-06-18 15:49:05.568244
271	65	1	1	Faiyum	FYM	2025-06-18 15:49:05.568244	2025-06-18 15:49:05.568244
272	65	1	1	Gharbia	GH	2025-06-18 15:49:05.568244	2025-06-18 15:49:05.568244
273	65	1	1	Alexandria	ALX	2025-06-18 15:49:05.568244	2025-06-18 15:49:05.568244
274	65	1	1	Ismailia	IS	2025-06-18 15:49:05.568244	2025-06-18 15:49:05.568244
275	65	1	1	Giza	GZ	2025-06-18 15:49:05.568244	2025-06-18 15:49:05.568244
276	65	1	1	Monufia	MNF	2025-06-18 15:49:05.568244	2025-06-18 15:49:05.568244
277	65	1	1	Minya	MN	2025-06-18 15:49:05.568244	2025-06-18 15:49:05.568244
278	65	1	1	Cairo	C	2025-06-18 15:49:05.568244	2025-06-18 15:49:05.568244
279	65	1	1	Qalyubia	KB	2025-06-18 15:49:05.568244	2025-06-18 15:49:05.568244
280	65	1	1	Luxor	LX	2025-06-18 15:49:05.568244	2025-06-18 15:49:05.568244
281	65	1	1	New Valley	WAD	2025-06-18 15:49:05.568244	2025-06-18 15:49:05.568244
282	65	1	1	Al Sharqia	SHR	2025-06-18 15:49:05.568244	2025-06-18 15:49:05.568244
283	65	1	1	6th of October	SU	2025-06-18 15:49:05.568244	2025-06-18 15:49:05.568244
284	65	1	1	Suez	SUZ	2025-06-18 15:49:05.568244	2025-06-18 15:49:05.568244
285	65	1	1	Aswan	ASN	2025-06-18 15:49:05.568244	2025-06-18 15:49:05.568244
286	65	1	1	Asyut	AST	2025-06-18 15:49:05.568244	2025-06-18 15:49:05.568244
287	65	1	1	Beni Suef	BNS	2025-06-18 15:49:05.568244	2025-06-18 15:49:05.568244
288	65	1	1	Port Said	PTS	2025-06-18 15:49:05.568244	2025-06-18 15:49:05.568244
289	65	1	1	Damietta	DT	2025-06-18 15:49:05.568244	2025-06-18 15:49:05.568244
290	65	1	1	Helwan	HU	2025-06-18 15:49:05.568244	2025-06-18 15:49:05.568244
291	65	1	1	South Sinai	JS	2025-06-18 15:49:05.568244	2025-06-18 15:49:05.568244
292	65	1	1	Kafr el-Sheikh	KFS	2025-06-18 15:49:05.568244	2025-06-18 15:49:05.568244
293	65	1	1	Matrouh	MT	2025-06-18 15:49:05.568244	2025-06-18 15:49:05.568244
294	65	1	1	Qena	KN	2025-06-18 15:49:05.568244	2025-06-18 15:49:05.568244
295	65	1	1	North Sinai	SIN	2025-06-18 15:49:05.568244	2025-06-18 15:49:05.568244
296	65	1	1	Sohag	SHG	2025-06-18 15:49:05.568244	2025-06-18 15:49:05.568244
297	247	1	1	Eastern Cape	EC	2025-06-18 15:49:05.568244	2025-06-18 15:49:05.568244
298	247	1	1	Free State	FS	2025-06-18 15:49:05.568244	2025-06-18 15:49:05.568244
299	247	1	1	Gauteng	GP	2025-06-18 15:49:05.568244	2025-06-18 15:49:05.568244
300	247	1	1	KwaZulu-Natal	KZN	2025-06-18 15:49:05.568244	2025-06-18 15:49:05.568244
301	247	1	1	Limpopo	LP	2025-06-18 15:49:05.568244	2025-06-18 15:49:05.568244
302	247	1	1	Mpumalanga	MP	2025-06-18 15:49:05.568244	2025-06-18 15:49:05.568244
303	247	1	1	Northern Cape	NC	2025-06-18 15:49:05.568244	2025-06-18 15:49:05.568244
304	247	1	1	North West	NW	2025-06-18 15:49:05.568244	2025-06-18 15:49:05.568244
305	247	1	1	Western Cape	WC	2025-06-18 15:49:05.568244	2025-06-18 15:49:05.568244
306	109	1	1	Agrigento	AG	2025-06-18 15:49:05.568244	2025-06-18 15:49:05.568244
307	109	1	1	Alessandria	AL	2025-06-18 15:49:05.568244	2025-06-18 15:49:05.568244
308	109	1	1	Ancona	AN	2025-06-18 15:49:05.568244	2025-06-18 15:49:05.568244
309	109	1	1	Aosta	AO	2025-06-18 15:49:05.568244	2025-06-18 15:49:05.568244
310	109	1	1	Arezzo	AR	2025-06-18 15:49:05.568244	2025-06-18 15:49:05.568244
311	109	1	1	Ascoli Piceno	AP	2025-06-18 15:49:05.568244	2025-06-18 15:49:05.568244
312	109	1	1	Asti	AT	2025-06-18 15:49:05.568244	2025-06-18 15:49:05.568244
313	109	1	1	Avellino	AV	2025-06-18 15:49:05.568244	2025-06-18 15:49:05.568244
314	109	1	1	Bari	BA	2025-06-18 15:49:05.568244	2025-06-18 15:49:05.568244
315	109	1	1	Barletta-Andria-Trani	BT	2025-06-18 15:49:05.568244	2025-06-18 15:49:05.568244
316	109	1	1	Belluno	BL	2025-06-18 15:49:05.568244	2025-06-18 15:49:05.568244
317	109	1	1	Benevento	BN	2025-06-18 15:49:05.568244	2025-06-18 15:49:05.568244
318	109	1	1	Bergamo	BG	2025-06-18 15:49:05.568244	2025-06-18 15:49:05.568244
319	109	1	1	Biella	BI	2025-06-18 15:49:05.568244	2025-06-18 15:49:05.568244
320	109	1	1	Bologna	BO	2025-06-18 15:49:05.568244	2025-06-18 15:49:05.568244
321	109	1	1	Bolzano	BZ	2025-06-18 15:49:05.568244	2025-06-18 15:49:05.568244
322	109	1	1	Brescia	BS	2025-06-18 15:49:05.568244	2025-06-18 15:49:05.568244
323	109	1	1	Brindisi	BR	2025-06-18 15:49:05.568244	2025-06-18 15:49:05.568244
324	109	1	1	Cagliari	CA	2025-06-18 15:49:05.568244	2025-06-18 15:49:05.568244
325	109	1	1	Caltanissetta	CL	2025-06-18 15:49:05.568244	2025-06-18 15:49:05.568244
326	109	1	1	Campobasso	CB	2025-06-18 15:49:05.568244	2025-06-18 15:49:05.568244
327	109	1	1	Carbonia-Iglesias	CI	2025-06-18 15:49:05.568244	2025-06-18 15:49:05.568244
328	109	1	1	Caserta	CE	2025-06-18 15:49:05.568244	2025-06-18 15:49:05.568244
329	109	1	1	Catania	CT	2025-06-18 15:49:05.568244	2025-06-18 15:49:05.568244
330	109	1	1	Catanzaro	CZ	2025-06-18 15:49:05.568244	2025-06-18 15:49:05.568244
331	109	1	1	Chieti	CH	2025-06-18 15:49:05.568244	2025-06-18 15:49:05.568244
332	109	1	1	Como	CO	2025-06-18 15:49:05.568244	2025-06-18 15:49:05.568244
333	109	1	1	Cosenza	CS	2025-06-18 15:49:05.568244	2025-06-18 15:49:05.568244
334	109	1	1	Cremona	CR	2025-06-18 15:49:05.568244	2025-06-18 15:49:05.568244
335	109	1	1	Crotone	KR	2025-06-18 15:49:05.568244	2025-06-18 15:49:05.568244
336	109	1	1	Cuneo	CN	2025-06-18 15:49:05.568244	2025-06-18 15:49:05.568244
337	109	1	1	Enna	EN	2025-06-18 15:49:05.568244	2025-06-18 15:49:05.568244
338	109	1	1	Fermo	FM	2025-06-18 15:49:05.568244	2025-06-18 15:49:05.568244
339	109	1	1	Ferrara	FE	2025-06-18 15:49:05.568244	2025-06-18 15:49:05.568244
340	109	1	1	Firenze	FI	2025-06-18 15:49:05.568244	2025-06-18 15:49:05.568244
341	109	1	1	Foggia	FG	2025-06-18 15:49:05.568244	2025-06-18 15:49:05.568244
342	109	1	1	Forlì-Cesena	FC	2025-06-18 15:49:05.568244	2025-06-18 15:49:05.568244
343	109	1	1	Frosinone	FR	2025-06-18 15:49:05.568244	2025-06-18 15:49:05.568244
344	109	1	1	Genova	GE	2025-06-18 15:49:05.568244	2025-06-18 15:49:05.568244
345	109	1	1	Gorizia	GO	2025-06-18 15:49:05.568244	2025-06-18 15:49:05.568244
346	109	1	1	Grosseto	GR	2025-06-18 15:49:05.568244	2025-06-18 15:49:05.568244
347	109	1	1	Imperia	IM	2025-06-18 15:49:05.568244	2025-06-18 15:49:05.568244
348	109	1	1	Isernia	IS	2025-06-18 15:49:05.568244	2025-06-18 15:49:05.568244
349	109	1	1	La Spezia	SP	2025-06-18 15:49:05.568244	2025-06-18 15:49:05.568244
350	109	1	1	L'Aquila	AQ	2025-06-18 15:49:05.568244	2025-06-18 15:49:05.568244
351	109	1	1	Latina	LT	2025-06-18 15:49:05.568244	2025-06-18 15:49:05.568244
352	109	1	1	Lecce	LE	2025-06-18 15:49:05.568244	2025-06-18 15:49:05.568244
353	109	1	1	Lecco	LC	2025-06-18 15:49:05.568244	2025-06-18 15:49:05.568244
354	109	1	1	Livorno	LI	2025-06-18 15:49:05.568244	2025-06-18 15:49:05.568244
355	109	1	1	Lodi	LO	2025-06-18 15:49:05.568244	2025-06-18 15:49:05.568244
356	109	1	1	Lucca	LU	2025-06-18 15:49:05.568244	2025-06-18 15:49:05.568244
357	109	1	1	Macerata	MC	2025-06-18 15:49:05.568244	2025-06-18 15:49:05.568244
358	109	1	1	Mantova	MN	2025-06-18 15:49:05.568244	2025-06-18 15:49:05.568244
359	109	1	1	Massa-Carrara	MS	2025-06-18 15:49:05.568244	2025-06-18 15:49:05.568244
360	109	1	1	Matera	MT	2025-06-18 15:49:05.568244	2025-06-18 15:49:05.568244
361	109	1	1	Medio Campidano	VS	2025-06-18 15:49:05.568244	2025-06-18 15:49:05.568244
362	109	1	1	Messina	ME	2025-06-18 15:49:05.568244	2025-06-18 15:49:05.568244
363	109	1	1	Milano	MI	2025-06-18 15:49:05.568244	2025-06-18 15:49:05.568244
364	109	1	1	Modena	MO	2025-06-18 15:49:05.568244	2025-06-18 15:49:05.568244
365	109	1	1	Monza e Brianza	MB	2025-06-18 15:49:05.568244	2025-06-18 15:49:05.568244
366	109	1	1	Napoli	NA	2025-06-18 15:49:05.568244	2025-06-18 15:49:05.568244
367	109	1	1	Novara	NO	2025-06-18 15:49:05.568244	2025-06-18 15:49:05.568244
368	109	1	1	Nuoro	NU	2025-06-18 15:49:05.568244	2025-06-18 15:49:05.568244
369	109	1	1	Ogliastra	OG	2025-06-18 15:49:05.568244	2025-06-18 15:49:05.568244
370	109	1	1	Olbia-Tempio	OT	2025-06-18 15:49:05.568244	2025-06-18 15:49:05.568244
371	109	1	1	Oristano	OR	2025-06-18 15:49:05.568244	2025-06-18 15:49:05.568244
372	109	1	1	Padova	PD	2025-06-18 15:49:05.568244	2025-06-18 15:49:05.568244
373	109	1	1	Palermo	PA	2025-06-18 15:49:05.568244	2025-06-18 15:49:05.568244
374	109	1	1	Parma	PR	2025-06-18 15:49:05.568244	2025-06-18 15:49:05.568244
375	109	1	1	Pavia	PV	2025-06-18 15:49:05.568244	2025-06-18 15:49:05.568244
376	109	1	1	Perugia	PG	2025-06-18 15:49:05.568244	2025-06-18 15:49:05.568244
377	109	1	1	Pesaro e Urbino	PU	2025-06-18 15:49:05.568244	2025-06-18 15:49:05.568244
378	109	1	1	Pescara	PE	2025-06-18 15:49:05.568244	2025-06-18 15:49:05.568244
379	109	1	1	Piacenza	PC	2025-06-18 15:49:05.568244	2025-06-18 15:49:05.568244
380	109	1	1	Pisa	PI	2025-06-18 15:49:05.568244	2025-06-18 15:49:05.568244
381	109	1	1	Pistoia	PT	2025-06-18 15:49:05.568244	2025-06-18 15:49:05.568244
382	109	1	1	Pordenone	PN	2025-06-18 15:49:05.568244	2025-06-18 15:49:05.568244
383	109	1	1	Potenza	PZ	2025-06-18 15:49:05.568244	2025-06-18 15:49:05.568244
384	109	1	1	Prato	PO	2025-06-18 15:49:05.568244	2025-06-18 15:49:05.568244
385	109	1	1	Ragusa	RG	2025-06-18 15:49:05.568244	2025-06-18 15:49:05.568244
386	109	1	1	Ravenna	RA	2025-06-18 15:49:05.568244	2025-06-18 15:49:05.568244
387	109	1	1	Reggio Calabria	RC	2025-06-18 15:49:05.568244	2025-06-18 15:49:05.568244
388	109	1	1	Reggio Emilia	RE	2025-06-18 15:49:05.568244	2025-06-18 15:49:05.568244
389	109	1	1	Rieti	RI	2025-06-18 15:49:05.568244	2025-06-18 15:49:05.568244
390	109	1	1	Rimini	RN	2025-06-18 15:49:05.568244	2025-06-18 15:49:05.568244
391	109	1	1	Roma	RM	2025-06-18 15:49:05.568244	2025-06-18 15:49:05.568244
392	109	1	1	Rovigo	RO	2025-06-18 15:49:05.568244	2025-06-18 15:49:05.568244
393	109	1	1	Salerno	SA	2025-06-18 15:49:05.568244	2025-06-18 15:49:05.568244
394	109	1	1	Sassari	SS	2025-06-18 15:49:05.568244	2025-06-18 15:49:05.568244
395	109	1	1	Savona	SV	2025-06-18 15:49:05.568244	2025-06-18 15:49:05.568244
396	109	1	1	Siena	SI	2025-06-18 15:49:05.568244	2025-06-18 15:49:05.568244
397	109	1	1	Siracusa	SR	2025-06-18 15:49:05.568244	2025-06-18 15:49:05.568244
398	109	1	1	Sondrio	SO	2025-06-18 15:49:05.568244	2025-06-18 15:49:05.568244
399	109	1	1	Sud Sardegna	SU	2025-06-18 15:49:05.568244	2025-06-18 15:49:05.568244
400	109	1	1	Taranto	TA	2025-06-18 15:49:05.568244	2025-06-18 15:49:05.568244
401	109	1	1	Teramo	TE	2025-06-18 15:49:05.568244	2025-06-18 15:49:05.568244
402	109	1	1	Terni	TR	2025-06-18 15:49:05.568244	2025-06-18 15:49:05.568244
403	109	1	1	Torino	TO	2025-06-18 15:49:05.568244	2025-06-18 15:49:05.568244
404	109	1	1	Trapani	TP	2025-06-18 15:49:05.568244	2025-06-18 15:49:05.568244
405	109	1	1	Trento	TN	2025-06-18 15:49:05.568244	2025-06-18 15:49:05.568244
406	109	1	1	Treviso	TV	2025-06-18 15:49:05.568244	2025-06-18 15:49:05.568244
407	109	1	1	Trieste	TS	2025-06-18 15:49:05.568244	2025-06-18 15:49:05.568244
408	109	1	1	Udine	UD	2025-06-18 15:49:05.568244	2025-06-18 15:49:05.568244
409	109	1	1	Varese	VA	2025-06-18 15:49:05.568244	2025-06-18 15:49:05.568244
410	109	1	1	Venezia	VE	2025-06-18 15:49:05.568244	2025-06-18 15:49:05.568244
411	109	1	1	Verbano-Cusio-Ossola	VB	2025-06-18 15:49:05.568244	2025-06-18 15:49:05.568244
412	109	1	1	Vercelli	VC	2025-06-18 15:49:05.568244	2025-06-18 15:49:05.568244
413	109	1	1	Verona	VR	2025-06-18 15:49:05.568244	2025-06-18 15:49:05.568244
414	109	1	1	Vibo Valentia	VV	2025-06-18 15:49:05.568244	2025-06-18 15:49:05.568244
415	109	1	1	Vicenza	VI	2025-06-18 15:49:05.568244	2025-06-18 15:49:05.568244
416	109	1	1	Viterbo	VT	2025-06-18 15:49:05.568244	2025-06-18 15:49:05.568244
417	68	1	1	A Coruña (La Coruña)	C	2025-06-18 15:49:05.568244	2025-06-18 15:49:05.568244
418	68	1	1	Araba/Álava	VI	2025-06-18 15:49:05.568244	2025-06-18 15:49:05.568244
419	68	1	1	Albacete	AB	2025-06-18 15:49:05.568244	2025-06-18 15:49:05.568244
420	68	1	1	Alacant (Alicante)	A	2025-06-18 15:49:05.568244	2025-06-18 15:49:05.568244
421	68	1	1	Almería	AL	2025-06-18 15:49:05.568244	2025-06-18 15:49:05.568244
422	68	1	1	Asturias	O	2025-06-18 15:49:05.568244	2025-06-18 15:49:05.568244
423	68	1	1	Ávila	AV	2025-06-18 15:49:05.568244	2025-06-18 15:49:05.568244
424	68	1	1	Badajoz	BA	2025-06-18 15:49:05.568244	2025-06-18 15:49:05.568244
425	68	1	1	Illes Balears (Islas Baleares)	PM	2025-06-18 15:49:05.568244	2025-06-18 15:49:05.568244
426	68	1	1	Barcelona	B	2025-06-18 15:49:05.568244	2025-06-18 15:49:05.568244
427	68	1	1	Burgos	BU	2025-06-18 15:49:05.568244	2025-06-18 15:49:05.568244
428	68	1	1	Cáceres	CC	2025-06-18 15:49:05.568244	2025-06-18 15:49:05.568244
429	68	1	1	Cádiz	CA	2025-06-18 15:49:05.568244	2025-06-18 15:49:05.568244
430	68	1	1	Cantabria	S	2025-06-18 15:49:05.568244	2025-06-18 15:49:05.568244
431	68	1	1	Castelló (Castellón)	CS	2025-06-18 15:49:05.568244	2025-06-18 15:49:05.568244
432	68	1	1	Ceuta	CE	2025-06-18 15:49:05.568244	2025-06-18 15:49:05.568244
433	68	1	1	Ciudad Real	CR	2025-06-18 15:49:05.568244	2025-06-18 15:49:05.568244
434	68	1	1	Córdoba	CO	2025-06-18 15:49:05.568244	2025-06-18 15:49:05.568244
435	68	1	1	Cuenca	CU	2025-06-18 15:49:05.568244	2025-06-18 15:49:05.568244
436	68	1	1	Girona (Gerona)	GI	2025-06-18 15:49:05.568244	2025-06-18 15:49:05.568244
437	68	1	1	Granada	GR	2025-06-18 15:49:05.568244	2025-06-18 15:49:05.568244
438	68	1	1	Guadalajara	GU	2025-06-18 15:49:05.568244	2025-06-18 15:49:05.568244
439	68	1	1	Gipuzkoa (Guipúzcoa)	SS	2025-06-18 15:49:05.568244	2025-06-18 15:49:05.568244
440	68	1	1	Huelva	H	2025-06-18 15:49:05.568244	2025-06-18 15:49:05.568244
441	68	1	1	Huesca	HU	2025-06-18 15:49:05.568244	2025-06-18 15:49:05.568244
442	68	1	1	Jaén	J	2025-06-18 15:49:05.568244	2025-06-18 15:49:05.568244
443	68	1	1	La Rioja	LO	2025-06-18 15:49:05.568244	2025-06-18 15:49:05.568244
444	68	1	1	Las Palmas	GC	2025-06-18 15:49:05.568244	2025-06-18 15:49:05.568244
445	68	1	1	León	LE	2025-06-18 15:49:05.568244	2025-06-18 15:49:05.568244
446	68	1	1	Lleida (Lérida)	L	2025-06-18 15:49:05.568244	2025-06-18 15:49:05.568244
447	68	1	1	Lugo	LU	2025-06-18 15:49:05.568244	2025-06-18 15:49:05.568244
448	68	1	1	Madrid	M	2025-06-18 15:49:05.568244	2025-06-18 15:49:05.568244
449	68	1	1	Málaga	MA	2025-06-18 15:49:05.568244	2025-06-18 15:49:05.568244
450	68	1	1	Melilla	ME	2025-06-18 15:49:05.568244	2025-06-18 15:49:05.568244
451	68	1	1	Murcia	MU	2025-06-18 15:49:05.568244	2025-06-18 15:49:05.568244
452	68	1	1	Navarra (Nafarroa)	NA	2025-06-18 15:49:05.568244	2025-06-18 15:49:05.568244
453	68	1	1	Ourense (Orense)	OR	2025-06-18 15:49:05.568244	2025-06-18 15:49:05.568244
454	68	1	1	Palencia	P	2025-06-18 15:49:05.568244	2025-06-18 15:49:05.568244
455	68	1	1	Pontevedra	PO	2025-06-18 15:49:05.568244	2025-06-18 15:49:05.568244
456	68	1	1	Salamanca	SA	2025-06-18 15:49:05.568244	2025-06-18 15:49:05.568244
457	68	1	1	Santa Cruz de Tenerife	TF	2025-06-18 15:49:05.568244	2025-06-18 15:49:05.568244
458	68	1	1	Segovia	SG	2025-06-18 15:49:05.568244	2025-06-18 15:49:05.568244
459	68	1	1	Sevilla	SE	2025-06-18 15:49:05.568244	2025-06-18 15:49:05.568244
460	68	1	1	Soria	SO	2025-06-18 15:49:05.568244	2025-06-18 15:49:05.568244
461	68	1	1	Tarragona	T	2025-06-18 15:49:05.568244	2025-06-18 15:49:05.568244
462	68	1	1	Teruel	TE	2025-06-18 15:49:05.568244	2025-06-18 15:49:05.568244
463	68	1	1	Toledo	TO	2025-06-18 15:49:05.568244	2025-06-18 15:49:05.568244
464	68	1	1	València (Valencia)	V	2025-06-18 15:49:05.568244	2025-06-18 15:49:05.568244
465	68	1	1	Valladolid	VA	2025-06-18 15:49:05.568244	2025-06-18 15:49:05.568244
466	68	1	1	Bizkaia (Vizcaya)	BI	2025-06-18 15:49:05.568244	2025-06-18 15:49:05.568244
467	68	1	1	Zamora	ZA	2025-06-18 15:49:05.568244	2025-06-18 15:49:05.568244
468	68	1	1	Zaragoza	Z	2025-06-18 15:49:05.568244	2025-06-18 15:49:05.568244
469	157	1	1	Johor	JHR	2025-06-18 15:49:05.568244	2025-06-18 15:49:05.568244
470	157	1	1	Kedah	KDH	2025-06-18 15:49:05.568244	2025-06-18 15:49:05.568244
471	157	1	1	Kelantan	KTN	2025-06-18 15:49:05.568244	2025-06-18 15:49:05.568244
472	157	1	1	Kuala Lumpur	KUL	2025-06-18 15:49:05.568244	2025-06-18 15:49:05.568244
473	157	1	1	Labuan	LBN	2025-06-18 15:49:05.568244	2025-06-18 15:49:05.568244
474	157	1	1	Melaka	MLK	2025-06-18 15:49:05.568244	2025-06-18 15:49:05.568244
475	157	1	1	Negeri Sembilan	NSN	2025-06-18 15:49:05.568244	2025-06-18 15:49:05.568244
476	157	1	1	Pahang	PHG	2025-06-18 15:49:05.568244	2025-06-18 15:49:05.568244
477	157	1	1	Perak	PRK	2025-06-18 15:49:05.568244	2025-06-18 15:49:05.568244
478	157	1	1	Perlis	PLS	2025-06-18 15:49:05.568244	2025-06-18 15:49:05.568244
479	157	1	1	Pulau Pinang	PNG	2025-06-18 15:49:05.568244	2025-06-18 15:49:05.568244
480	157	1	1	Putrajaya	PJY	2025-06-18 15:49:05.568244	2025-06-18 15:49:05.568244
481	157	1	1	Sabah	SBH	2025-06-18 15:49:05.568244	2025-06-18 15:49:05.568244
482	157	1	1	Sarawak	SWK	2025-06-18 15:49:05.568244	2025-06-18 15:49:05.568244
483	157	1	1	Selangor	SGR	2025-06-18 15:49:05.568244	2025-06-18 15:49:05.568244
484	157	1	1	Terengganu	TRG	2025-06-18 15:49:05.568244	2025-06-18 15:49:05.568244
485	156	1	1	Aguascalientes	AGU	2025-06-18 15:49:05.568244	2025-06-18 15:49:05.568244
486	156	1	1	Baja California	BCN	2025-06-18 15:49:05.568244	2025-06-18 15:49:05.568244
487	156	1	1	Baja California Sur	BCS	2025-06-18 15:49:05.568244	2025-06-18 15:49:05.568244
488	156	1	1	Chihuahua	CHH	2025-06-18 15:49:05.568244	2025-06-18 15:49:05.568244
489	156	1	1	Colima	COL	2025-06-18 15:49:05.568244	2025-06-18 15:49:05.568244
490	156	1	1	Campeche	CAM	2025-06-18 15:49:05.568244	2025-06-18 15:49:05.568244
491	156	1	1	Coahuila	COA	2025-06-18 15:49:05.568244	2025-06-18 15:49:05.568244
492	156	1	1	Chiapas	CHP	2025-06-18 15:49:05.568244	2025-06-18 15:49:05.568244
493	156	1	1	Ciudad de México	CMX	2025-06-18 15:49:05.568244	2025-06-18 15:49:05.568244
494	156	1	1	Durango	DUR	2025-06-18 15:49:05.568244	2025-06-18 15:49:05.568244
495	156	1	1	Guerrero	GRO	2025-06-18 15:49:05.568244	2025-06-18 15:49:05.568244
496	156	1	1	Guanajuato	GUA	2025-06-18 15:49:05.568244	2025-06-18 15:49:05.568244
497	156	1	1	Hidalgo	HID	2025-06-18 15:49:05.568244	2025-06-18 15:49:05.568244
498	156	1	1	Jalisco	JAL	2025-06-18 15:49:05.568244	2025-06-18 15:49:05.568244
499	156	1	1	Michoacán	MIC	2025-06-18 15:49:05.568244	2025-06-18 15:49:05.568244
500	156	1	1	Morelos	MOR	2025-06-18 15:49:05.568244	2025-06-18 15:49:05.568244
501	156	1	1	México	MEX	2025-06-18 15:49:05.568244	2025-06-18 15:49:05.568244
502	156	1	1	Nayarit	NAY	2025-06-18 15:49:05.568244	2025-06-18 15:49:05.568244
503	156	1	1	Nuevo León	NLE	2025-06-18 15:49:05.568244	2025-06-18 15:49:05.568244
504	156	1	1	Oaxaca	OAX	2025-06-18 15:49:05.568244	2025-06-18 15:49:05.568244
505	156	1	1	Puebla	PUE	2025-06-18 15:49:05.568244	2025-06-18 15:49:05.568244
506	156	1	1	Quintana Roo	ROO	2025-06-18 15:49:05.568244	2025-06-18 15:49:05.568244
507	156	1	1	Querétaro	QUE	2025-06-18 15:49:05.568244	2025-06-18 15:49:05.568244
508	156	1	1	Sinaloa	SIN	2025-06-18 15:49:05.568244	2025-06-18 15:49:05.568244
509	156	1	1	San Luis Potosí	SLP	2025-06-18 15:49:05.568244	2025-06-18 15:49:05.568244
510	156	1	1	Sonora	SON	2025-06-18 15:49:05.568244	2025-06-18 15:49:05.568244
511	156	1	1	Tabasco	TAB	2025-06-18 15:49:05.568244	2025-06-18 15:49:05.568244
512	156	1	1	Tlaxcala	TLA	2025-06-18 15:49:05.568244	2025-06-18 15:49:05.568244
513	156	1	1	Tamaulipas	TAM	2025-06-18 15:49:05.568244	2025-06-18 15:49:05.568244
514	156	1	1	Veracruz	VER	2025-06-18 15:49:05.568244	2025-06-18 15:49:05.568244
515	156	1	1	Yucatán	YUC	2025-06-18 15:49:05.568244	2025-06-18 15:49:05.568244
516	156	1	1	Zacatecas	ZAC	2025-06-18 15:49:05.568244	2025-06-18 15:49:05.568244
517	170	1	1	Auckland	AUK	2025-06-18 15:49:05.568244	2025-06-18 15:49:05.568244
518	170	1	1	Bay of Plenty	BOP	2025-06-18 15:49:05.568244	2025-06-18 15:49:05.568244
519	170	1	1	Canterbury	CAN	2025-06-18 15:49:05.568244	2025-06-18 15:49:05.568244
520	170	1	1	Gisborne	GIS	2025-06-18 15:49:05.568244	2025-06-18 15:49:05.568244
521	170	1	1	Hawke's Bay	HKB	2025-06-18 15:49:05.568244	2025-06-18 15:49:05.568244
522	170	1	1	Manawatu-Wanganui	MWT	2025-06-18 15:49:05.568244	2025-06-18 15:49:05.568244
523	170	1	1	Marlborough	MBH	2025-06-18 15:49:05.568244	2025-06-18 15:49:05.568244
524	170	1	1	Nelson	NSN	2025-06-18 15:49:05.568244	2025-06-18 15:49:05.568244
525	170	1	1	Northland	NTL	2025-06-18 15:49:05.568244	2025-06-18 15:49:05.568244
526	170	1	1	Otago	OTA	2025-06-18 15:49:05.568244	2025-06-18 15:49:05.568244
527	170	1	1	Southland	STL	2025-06-18 15:49:05.568244	2025-06-18 15:49:05.568244
528	170	1	1	Taranaki	TKI	2025-06-18 15:49:05.568244	2025-06-18 15:49:05.568244
529	170	1	1	Tasman	TAS	2025-06-18 15:49:05.568244	2025-06-18 15:49:05.568244
530	170	1	1	Waikato	WKO	2025-06-18 15:49:05.568244	2025-06-18 15:49:05.568244
531	170	1	1	Wellington	WGN	2025-06-18 15:49:05.568244	2025-06-18 15:49:05.568244
532	170	1	1	West Coast	WTC	2025-06-18 15:49:05.568244	2025-06-18 15:49:05.568244
533	38	1	1	Alberta	AB	2025-06-18 15:49:05.568244	2025-06-18 15:49:05.568244
534	38	1	1	British Columbia	BC	2025-06-18 15:49:05.568244	2025-06-18 15:49:05.568244
535	38	1	1	Manitoba	MB	2025-06-18 15:49:05.568244	2025-06-18 15:49:05.568244
536	38	1	1	New Brunswick	NB	2025-06-18 15:49:05.568244	2025-06-18 15:49:05.568244
537	38	1	1	Newfoundland and Labrador	NL	2025-06-18 15:49:05.568244	2025-06-18 15:49:05.568244
538	38	1	1	Northwest Territories	NT	2025-06-18 15:49:05.568244	2025-06-18 15:49:05.568244
539	38	1	1	Nova Scotia	NS	2025-06-18 15:49:05.568244	2025-06-18 15:49:05.568244
540	38	1	1	Nunavut	NU	2025-06-18 15:49:05.568244	2025-06-18 15:49:05.568244
541	38	1	1	Ontario	ON	2025-06-18 15:49:05.568244	2025-06-18 15:49:05.568244
542	38	1	1	Prince Edward Island	PE	2025-06-18 15:49:05.568244	2025-06-18 15:49:05.568244
543	38	1	1	Quebec	QC	2025-06-18 15:49:05.568244	2025-06-18 15:49:05.568244
544	38	1	1	Saskatchewan	SK	2025-06-18 15:49:05.568244	2025-06-18 15:49:05.568244
545	38	1	1	Yukon	YT	2025-06-18 15:49:05.568244	2025-06-18 15:49:05.568244
546	2	1	1	Abu Dhabi	AZ	2025-06-18 15:49:05.568244	2025-06-18 15:49:05.568244
547	2	1	1	Ajman	AJ	2025-06-18 15:49:05.568244	2025-06-18 15:49:05.568244
548	2	1	1	Dubai	DU	2025-06-18 15:49:05.568244	2025-06-18 15:49:05.568244
549	2	1	1	Fujairah	FU	2025-06-18 15:49:05.568244	2025-06-18 15:49:05.568244
550	2	1	1	Ras al-Khaimah	RK	2025-06-18 15:49:05.568244	2025-06-18 15:49:05.568244
551	2	1	1	Sharjah	SH	2025-06-18 15:49:05.568244	2025-06-18 15:49:05.568244
552	2	1	1	Umm al-Quwain	UQ	2025-06-18 15:49:05.568244	2025-06-18 15:49:05.568244
553	10	1	1	Ciudad Autónoma de Buenos Aires	C	2025-06-18 15:49:05.568244	2025-06-18 15:49:05.568244
554	10	1	1	Buenos Aires	B	2025-06-18 15:49:05.568244	2025-06-18 15:49:05.568244
555	10	1	1	Catamarca	K	2025-06-18 15:49:05.568244	2025-06-18 15:49:05.568244
556	10	1	1	Chaco	H	2025-06-18 15:49:05.568244	2025-06-18 15:49:05.568244
557	10	1	1	Chubut	U	2025-06-18 15:49:05.568244	2025-06-18 15:49:05.568244
558	10	1	1	Córdoba	X	2025-06-18 15:49:05.568244	2025-06-18 15:49:05.568244
559	10	1	1	Corrientes	W	2025-06-18 15:49:05.568244	2025-06-18 15:49:05.568244
560	10	1	1	Entre Ríos	E	2025-06-18 15:49:05.568244	2025-06-18 15:49:05.568244
561	10	1	1	Formosa	P	2025-06-18 15:49:05.568244	2025-06-18 15:49:05.568244
562	10	1	1	Jujuy	Y	2025-06-18 15:49:05.568244	2025-06-18 15:49:05.568244
563	10	1	1	La Pampa	L	2025-06-18 15:49:05.568244	2025-06-18 15:49:05.568244
564	10	1	1	La Rioja	F	2025-06-18 15:49:05.568244	2025-06-18 15:49:05.568244
565	10	1	1	Mendoza	M	2025-06-18 15:49:05.568244	2025-06-18 15:49:05.568244
566	10	1	1	Misiones	N	2025-06-18 15:49:05.568244	2025-06-18 15:49:05.568244
567	10	1	1	Neuquén	Q	2025-06-18 15:49:05.568244	2025-06-18 15:49:05.568244
568	10	1	1	Río Negro	R	2025-06-18 15:49:05.568244	2025-06-18 15:49:05.568244
569	10	1	1	Salta	A	2025-06-18 15:49:05.568244	2025-06-18 15:49:05.568244
570	10	1	1	San Juan	J	2025-06-18 15:49:05.568244	2025-06-18 15:49:05.568244
571	10	1	1	San Luis	D	2025-06-18 15:49:05.568244	2025-06-18 15:49:05.568244
572	10	1	1	Santa Cruz	Z	2025-06-18 15:49:05.568244	2025-06-18 15:49:05.568244
573	10	1	1	Santa Fe	S	2025-06-18 15:49:05.568244	2025-06-18 15:49:05.568244
574	10	1	1	Santiago Del Estero	G	2025-06-18 15:49:05.568244	2025-06-18 15:49:05.568244
575	10	1	1	Tierra del Fuego	V	2025-06-18 15:49:05.568244	2025-06-18 15:49:05.568244
576	10	1	1	Tucumán	T	2025-06-18 15:49:05.568244	2025-06-18 15:49:05.568244
577	104	1	1	Andaman and Nicobar	AN	2025-06-18 15:49:05.568244	2025-06-18 15:49:05.568244
578	104	1	1	Andhra Pradesh	AP	2025-06-18 15:49:05.568244	2025-06-18 15:49:05.568244
579	104	1	1	Arunachal Pradesh	AR	2025-06-18 15:49:05.568244	2025-06-18 15:49:05.568244
580	104	1	1	Assam	AS	2025-06-18 15:49:05.568244	2025-06-18 15:49:05.568244
581	104	1	1	Bihar	BR	2025-06-18 15:49:05.568244	2025-06-18 15:49:05.568244
582	104	1	1	Chandigarh	CH	2025-06-18 15:49:05.568244	2025-06-18 15:49:05.568244
583	104	1	1	Chattisgarh	CG	2025-06-18 15:49:05.568244	2025-06-18 15:49:05.568244
584	104	1	1	Dadra and Nagar Haveli	DN	2025-06-18 15:49:05.568244	2025-06-18 15:49:05.568244
585	104	1	1	Daman and Diu	DD	2025-06-18 15:49:05.568244	2025-06-18 15:49:05.568244
586	104	1	1	Delhi	DL	2025-06-18 15:49:05.568244	2025-06-18 15:49:05.568244
587	104	1	1	Goa	GA	2025-06-18 15:49:05.568244	2025-06-18 15:49:05.568244
588	104	1	1	Gujarat	GJ	2025-06-18 15:49:05.568244	2025-06-18 15:49:05.568244
589	104	1	1	Haryana	HR	2025-06-18 15:49:05.568244	2025-06-18 15:49:05.568244
590	104	1	1	Himachal Pradesh	HP	2025-06-18 15:49:05.568244	2025-06-18 15:49:05.568244
591	104	1	1	Jammu and Kashmir	JK	2025-06-18 15:49:05.568244	2025-06-18 15:49:05.568244
592	104	1	1	Jharkhand	JH	2025-06-18 15:49:05.568244	2025-06-18 15:49:05.568244
593	104	1	1	Karnataka	KA	2025-06-18 15:49:05.568244	2025-06-18 15:49:05.568244
594	104	1	1	Kerala	KL	2025-06-18 15:49:05.568244	2025-06-18 15:49:05.568244
595	104	1	1	Lakshadweep	LD	2025-06-18 15:49:05.568244	2025-06-18 15:49:05.568244
596	104	1	1	Madhya Pradesh	MP	2025-06-18 15:49:05.568244	2025-06-18 15:49:05.568244
597	104	1	1	Maharashtra	MH	2025-06-18 15:49:05.568244	2025-06-18 15:49:05.568244
598	104	1	1	Manipur	MN	2025-06-18 15:49:05.568244	2025-06-18 15:49:05.568244
599	104	1	1	Meghalaya	ML	2025-06-18 15:49:05.568244	2025-06-18 15:49:05.568244
600	104	1	1	Mizoram	MZ	2025-06-18 15:49:05.568244	2025-06-18 15:49:05.568244
601	104	1	1	Nagaland	NL	2025-06-18 15:49:05.568244	2025-06-18 15:49:05.568244
602	104	1	1	Orissa	OR	2025-06-18 15:49:05.568244	2025-06-18 15:49:05.568244
603	104	1	1	Puducherry	PY	2025-06-18 15:49:05.568244	2025-06-18 15:49:05.568244
604	104	1	1	Punjab	PB	2025-06-18 15:49:05.568244	2025-06-18 15:49:05.568244
605	104	1	1	Rajasthan	RJ	2025-06-18 15:49:05.568244	2025-06-18 15:49:05.568244
606	104	1	1	Sikkim	SK	2025-06-18 15:49:05.568244	2025-06-18 15:49:05.568244
607	104	1	1	Tamil Nadu	TN	2025-06-18 15:49:05.568244	2025-06-18 15:49:05.568244
608	104	1	1	Telangana	TS	2025-06-18 15:49:05.568244	2025-06-18 15:49:05.568244
609	104	1	1	Tripura	TR	2025-06-18 15:49:05.568244	2025-06-18 15:49:05.568244
610	104	1	1	Uttar Pradesh	UP	2025-06-18 15:49:05.568244	2025-06-18 15:49:05.568244
611	104	1	1	Uttarakhand	UK	2025-06-18 15:49:05.568244	2025-06-18 15:49:05.568244
612	104	1	1	West Bengal	WB	2025-06-18 15:49:05.568244	2025-06-18 15:49:05.568244
613	100	1	1	Aceh	AC	2025-06-18 15:49:05.568244	2025-06-18 15:49:05.568244
614	100	1	1	Bali	BA	2025-06-18 15:49:05.568244	2025-06-18 15:49:05.568244
615	100	1	1	Bangka Belitung	BB	2025-06-18 15:49:05.568244	2025-06-18 15:49:05.568244
616	100	1	1	Banten	BT	2025-06-18 15:49:05.568244	2025-06-18 15:49:05.568244
617	100	1	1	Bengkulu	BE	2025-06-18 15:49:05.568244	2025-06-18 15:49:05.568244
618	100	1	1	Gorontalo	GO	2025-06-18 15:49:05.568244	2025-06-18 15:49:05.568244
619	100	1	1	Jakarta	JK	2025-06-18 15:49:05.568244	2025-06-18 15:49:05.568244
620	100	1	1	Jambi	JA	2025-06-18 15:49:05.568244	2025-06-18 15:49:05.568244
621	100	1	1	Jawa Barat	JB	2025-06-18 15:49:05.568244	2025-06-18 15:49:05.568244
622	100	1	1	Jawa Tengah	JT	2025-06-18 15:49:05.568244	2025-06-18 15:49:05.568244
623	100	1	1	Jawa Timur	JI	2025-06-18 15:49:05.568244	2025-06-18 15:49:05.568244
624	100	1	1	Kalimantan Barat	KB	2025-06-18 15:49:05.568244	2025-06-18 15:49:05.568244
625	100	1	1	Kalimantan Selatan	KS	2025-06-18 15:49:05.568244	2025-06-18 15:49:05.568244
626	100	1	1	Kalimantan Tengah	KT	2025-06-18 15:49:05.568244	2025-06-18 15:49:05.568244
627	100	1	1	Kalimantan Timur	KI	2025-06-18 15:49:05.568244	2025-06-18 15:49:05.568244
628	100	1	1	Kalimantan Utara	KU	2025-06-18 15:49:05.568244	2025-06-18 15:49:05.568244
629	100	1	1	Kepulauan Riau	KR	2025-06-18 15:49:05.568244	2025-06-18 15:49:05.568244
630	100	1	1	Lampung	LA	2025-06-18 15:49:05.568244	2025-06-18 15:49:05.568244
631	100	1	1	Maluku	MA	2025-06-18 15:49:05.568244	2025-06-18 15:49:05.568244
632	100	1	1	Maluku Utara	MU	2025-06-18 15:49:05.568244	2025-06-18 15:49:05.568244
633	100	1	1	Nusa Tenggara Barat	NB	2025-06-18 15:49:05.568244	2025-06-18 15:49:05.568244
634	100	1	1	Nusa Tenggara Timur	NT	2025-06-18 15:49:05.568244	2025-06-18 15:49:05.568244
635	100	1	1	Papua	PA	2025-06-18 15:49:05.568244	2025-06-18 15:49:05.568244
636	100	1	1	Papua Barat	PB	2025-06-18 15:49:05.568244	2025-06-18 15:49:05.568244
637	100	1	1	Papua Barat Daya	PD	2025-06-18 15:49:05.568244	2025-06-18 15:49:05.568244
638	100	1	1	Papua Selatan	PS	2025-06-18 15:49:05.568244	2025-06-18 15:49:05.568244
639	100	1	1	Papua Tengah	PT	2025-06-18 15:49:05.568244	2025-06-18 15:49:05.568244
640	100	1	1	Papua Pegunungan	PE	2025-06-18 15:49:05.568244	2025-06-18 15:49:05.568244
641	100	1	1	Riau	RI	2025-06-18 15:49:05.568244	2025-06-18 15:49:05.568244
642	100	1	1	Sulawesi Barat	SR	2025-06-18 15:49:05.568244	2025-06-18 15:49:05.568244
643	100	1	1	Sulawesi Selatan	SN	2025-06-18 15:49:05.568244	2025-06-18 15:49:05.568244
644	100	1	1	Sulawesi Tengah	ST	2025-06-18 15:49:05.568244	2025-06-18 15:49:05.568244
645	100	1	1	Sulawesi Tenggara	SG	2025-06-18 15:49:05.568244	2025-06-18 15:49:05.568244
646	100	1	1	Sulawesi Utara	SA	2025-06-18 15:49:05.568244	2025-06-18 15:49:05.568244
647	100	1	1	Sumatra Barat	SB	2025-06-18 15:49:05.568244	2025-06-18 15:49:05.568244
648	100	1	1	Sumatra Selatan	SS	2025-06-18 15:49:05.568244	2025-06-18 15:49:05.568244
649	100	1	1	Sumatra Utara	SU	2025-06-18 15:49:05.568244	2025-06-18 15:49:05.568244
650	100	1	1	Yogyakarta	YO	2025-06-18 15:49:05.568244	2025-06-18 15:49:05.568244
651	49	1	1	Antioquia	ANT	2025-06-18 15:49:05.568244	2025-06-18 15:49:05.568244
652	49	1	1	Atlántico	ATL	2025-06-18 15:49:05.568244	2025-06-18 15:49:05.568244
653	49	1	1	Bogotá	DC	2025-06-18 15:49:05.568244	2025-06-18 15:49:05.568244
654	49	1	1	Bolívar	BOL	2025-06-18 15:49:05.568244	2025-06-18 15:49:05.568244
655	49	1	1	Boyacá	BOY	2025-06-18 15:49:05.568244	2025-06-18 15:49:05.568244
656	49	1	1	Caldas	CAL	2025-06-18 15:49:05.568244	2025-06-18 15:49:05.568244
657	49	1	1	Caquetá	CAQ	2025-06-18 15:49:05.568244	2025-06-18 15:49:05.568244
658	49	1	1	Cauca	CAU	2025-06-18 15:49:05.568244	2025-06-18 15:49:05.568244
659	49	1	1	Cesar	CES	2025-06-18 15:49:05.568244	2025-06-18 15:49:05.568244
660	49	1	1	Córdoba	COR	2025-06-18 15:49:05.568244	2025-06-18 15:49:05.568244
661	49	1	1	Cundinamarca	CUN	2025-06-18 15:49:05.568244	2025-06-18 15:49:05.568244
662	49	1	1	Chocó	CHO	2025-06-18 15:49:05.568244	2025-06-18 15:49:05.568244
663	49	1	1	Huila	HUI	2025-06-18 15:49:05.568244	2025-06-18 15:49:05.568244
664	49	1	1	La Guajira	LAG	2025-06-18 15:49:05.568244	2025-06-18 15:49:05.568244
665	49	1	1	Magdalena	MAG	2025-06-18 15:49:05.568244	2025-06-18 15:49:05.568244
666	49	1	1	Meta	MET	2025-06-18 15:49:05.568244	2025-06-18 15:49:05.568244
667	49	1	1	Nariño	NAR	2025-06-18 15:49:05.568244	2025-06-18 15:49:05.568244
668	49	1	1	Norte de Santander	NSA	2025-06-18 15:49:05.568244	2025-06-18 15:49:05.568244
669	49	1	1	Quindío	QUI	2025-06-18 15:49:05.568244	2025-06-18 15:49:05.568244
670	49	1	1	Risaralda	RIS	2025-06-18 15:49:05.568244	2025-06-18 15:49:05.568244
671	49	1	1	Santander	SAN	2025-06-18 15:49:05.568244	2025-06-18 15:49:05.568244
672	49	1	1	Sucre	SUC	2025-06-18 15:49:05.568244	2025-06-18 15:49:05.568244
673	49	1	1	Tolima	TOL	2025-06-18 15:49:05.568244	2025-06-18 15:49:05.568244
674	49	1	1	Valle del Cauca	VAC	2025-06-18 15:49:05.568244	2025-06-18 15:49:05.568244
675	49	1	1	Arauca	ARA	2025-06-18 15:49:05.568244	2025-06-18 15:49:05.568244
676	49	1	1	Casanare	CAS	2025-06-18 15:49:05.568244	2025-06-18 15:49:05.568244
677	49	1	1	Putumayo	PUT	2025-06-18 15:49:05.568244	2025-06-18 15:49:05.568244
678	49	1	1	San Andrés y Providencia	SAP	2025-06-18 15:49:05.568244	2025-06-18 15:49:05.568244
679	49	1	1	Amazonas	AMA	2025-06-18 15:49:05.568244	2025-06-18 15:49:05.568244
680	49	1	1	Guainía	GUA	2025-06-18 15:49:05.568244	2025-06-18 15:49:05.568244
681	49	1	1	Guaviare	GUV	2025-06-18 15:49:05.568244	2025-06-18 15:49:05.568244
682	49	1	1	Vaupés	VAU	2025-06-18 15:49:05.568244	2025-06-18 15:49:05.568244
683	49	1	1	Vichada	VID	2025-06-18 15:49:05.568244	2025-06-18 15:49:05.568244
684	146	1	1	Архангай	01	2025-06-18 15:49:05.568244	2025-06-18 15:49:05.568244
685	146	1	1	Баян-Өлгий	02	2025-06-18 15:49:05.568244	2025-06-18 15:49:05.568244
686	146	1	1	Баянхонгор	03	2025-06-18 15:49:05.568244	2025-06-18 15:49:05.568244
687	146	1	1	Булган	04	2025-06-18 15:49:05.568244	2025-06-18 15:49:05.568244
688	146	1	1	Говь-Алтай	05	2025-06-18 15:49:05.568244	2025-06-18 15:49:05.568244
689	146	1	1	Дорноговь	06	2025-06-18 15:49:05.568244	2025-06-18 15:49:05.568244
690	146	1	1	Дорнод	07	2025-06-18 15:49:05.568244	2025-06-18 15:49:05.568244
691	146	1	1	Дундговь	08	2025-06-18 15:49:05.568244	2025-06-18 15:49:05.568244
692	146	1	1	Завхан	09	2025-06-18 15:49:05.568244	2025-06-18 15:49:05.568244
693	146	1	1	Өвөрхангай	10	2025-06-18 15:49:05.568244	2025-06-18 15:49:05.568244
694	146	1	1	Өмнөговь	11	2025-06-18 15:49:05.568244	2025-06-18 15:49:05.568244
695	146	1	1	Сүхбаатар	12	2025-06-18 15:49:05.568244	2025-06-18 15:49:05.568244
696	146	1	1	Сэлэнгэ	13	2025-06-18 15:49:05.568244	2025-06-18 15:49:05.568244
697	146	1	1	Төв	14	2025-06-18 15:49:05.568244	2025-06-18 15:49:05.568244
698	146	1	1	Увс	15	2025-06-18 15:49:05.568244	2025-06-18 15:49:05.568244
699	146	1	1	Ховд	16	2025-06-18 15:49:05.568244	2025-06-18 15:49:05.568244
700	146	1	1	Хөвсгөл	17	2025-06-18 15:49:05.568244	2025-06-18 15:49:05.568244
701	146	1	1	Хэнтий	18	2025-06-18 15:49:05.568244	2025-06-18 15:49:05.568244
702	146	1	1	Дархан-Уул	19	2025-06-18 15:49:05.568244	2025-06-18 15:49:05.568244
703	146	1	1	Орхон	20	2025-06-18 15:49:05.568244	2025-06-18 15:49:05.568244
704	146	1	1	УБ - Хан Уул	23	2025-06-18 15:49:05.568244	2025-06-18 15:49:05.568244
705	146	1	1	УБ - Баянзүрх	24	2025-06-18 15:49:05.568244	2025-06-18 15:49:05.568244
706	146	1	1	УБ - Сүхбаатар	25	2025-06-18 15:49:05.568244	2025-06-18 15:49:05.568244
707	146	1	1	УБ - Баянгол	26	2025-06-18 15:49:05.568244	2025-06-18 15:49:05.568244
708	146	1	1	УБ - Багануур	27	2025-06-18 15:49:05.568244	2025-06-18 15:49:05.568244
709	146	1	1	УБ - Багахангай	28	2025-06-18 15:49:05.568244	2025-06-18 15:49:05.568244
710	146	1	1	УБ - Налайх	29	2025-06-18 15:49:05.568244	2025-06-18 15:49:05.568244
711	146	1	1	Говьсүмбэр	32	2025-06-18 15:49:05.568244	2025-06-18 15:49:05.568244
712	146	1	1	УБ - Сонгино Хайрхан	34	2025-06-18 15:49:05.568244	2025-06-18 15:49:05.568244
713	146	1	1	УБ - Чингэлтэй	35	2025-06-18 15:49:05.568244	2025-06-18 15:49:05.568244
714	231	1	1	Aberdeenshire	A1	2025-06-18 15:49:05.568244	2025-06-18 15:49:05.568244
715	231	1	1	Angus	A5	2025-06-18 15:49:05.568244	2025-06-18 15:49:05.568244
716	231	1	1	Argyll	A7	2025-06-18 15:49:05.568244	2025-06-18 15:49:05.568244
717	231	1	1	Avon	A9	2025-06-18 15:49:05.568244	2025-06-18 15:49:05.568244
718	231	1	1	Ayrshire	B1	2025-06-18 15:49:05.568244	2025-06-18 15:49:05.568244
719	231	1	1	Banffshire	B3	2025-06-18 15:49:05.568244	2025-06-18 15:49:05.568244
720	231	1	1	Bedfordshire	B5	2025-06-18 15:49:05.568244	2025-06-18 15:49:05.568244
721	231	1	1	Berkshire	B7	2025-06-18 15:49:05.568244	2025-06-18 15:49:05.568244
722	231	1	1	Berwickshire	B9	2025-06-18 15:49:05.568244	2025-06-18 15:49:05.568244
723	231	1	1	Buckinghamshire	C1	2025-06-18 15:49:05.568244	2025-06-18 15:49:05.568244
724	231	1	1	Caithness	C3	2025-06-18 15:49:05.568244	2025-06-18 15:49:05.568244
725	231	1	1	Cambridgeshire	C5	2025-06-18 15:49:05.568244	2025-06-18 15:49:05.568244
726	231	1	1	Channel Islands	C6	2025-06-18 15:49:05.568244	2025-06-18 15:49:05.568244
727	231	1	1	Cheshire	C7	2025-06-18 15:49:05.568244	2025-06-18 15:49:05.568244
728	231	1	1	Clackmannanshire	C9	2025-06-18 15:49:05.568244	2025-06-18 15:49:05.568244
729	231	1	1	Cleveland	D1	2025-06-18 15:49:05.568244	2025-06-18 15:49:05.568244
730	231	1	1	Clwyd	D3	2025-06-18 15:49:05.568244	2025-06-18 15:49:05.568244
731	231	1	1	County Antrim	D5	2025-06-18 15:49:05.568244	2025-06-18 15:49:05.568244
732	231	1	1	County Armagh	D7	2025-06-18 15:49:05.568244	2025-06-18 15:49:05.568244
733	231	1	1	County Down	D9	2025-06-18 15:49:05.568244	2025-06-18 15:49:05.568244
734	231	1	1	County Durham	E1	2025-06-18 15:49:05.568244	2025-06-18 15:49:05.568244
735	231	1	1	County Fermanagh	E3	2025-06-18 15:49:05.568244	2025-06-18 15:49:05.568244
736	231	1	1	County Londonderry	E5	2025-06-18 15:49:05.568244	2025-06-18 15:49:05.568244
737	231	1	1	County Tyrone	E7	2025-06-18 15:49:05.568244	2025-06-18 15:49:05.568244
738	231	1	1	Cornwall	E9	2025-06-18 15:49:05.568244	2025-06-18 15:49:05.568244
739	231	1	1	Cumbria	F1	2025-06-18 15:49:05.568244	2025-06-18 15:49:05.568244
740	231	1	1	Derbyshire	F3	2025-06-18 15:49:05.568244	2025-06-18 15:49:05.568244
741	231	1	1	Devon	F5	2025-06-18 15:49:05.568244	2025-06-18 15:49:05.568244
742	231	1	1	Dorset	F7	2025-06-18 15:49:05.568244	2025-06-18 15:49:05.568244
743	231	1	1	Dumfriesshire	F9	2025-06-18 15:49:05.568244	2025-06-18 15:49:05.568244
744	231	1	1	Dunbartonshire	G1	2025-06-18 15:49:05.568244	2025-06-18 15:49:05.568244
745	231	1	1	Dyfed	G3	2025-06-18 15:49:05.568244	2025-06-18 15:49:05.568244
746	231	1	1	East Lothian	G5	2025-06-18 15:49:05.568244	2025-06-18 15:49:05.568244
747	231	1	1	East Sussex	G7	2025-06-18 15:49:05.568244	2025-06-18 15:49:05.568244
748	231	1	1	Essex	G9	2025-06-18 15:49:05.568244	2025-06-18 15:49:05.568244
749	231	1	1	Fife	H1	2025-06-18 15:49:05.568244	2025-06-18 15:49:05.568244
750	231	1	1	Gloucestershire	H3	2025-06-18 15:49:05.568244	2025-06-18 15:49:05.568244
751	231	1	1	Gwent	H7	2025-06-18 15:49:05.568244	2025-06-18 15:49:05.568244
752	231	1	1	Gwynedd	H9	2025-06-18 15:49:05.568244	2025-06-18 15:49:05.568244
753	231	1	1	Hampshire	I1	2025-06-18 15:49:05.568244	2025-06-18 15:49:05.568244
754	231	1	1	Herefordshire	I3	2025-06-18 15:49:05.568244	2025-06-18 15:49:05.568244
755	231	1	1	Hertfordshire	I5	2025-06-18 15:49:05.568244	2025-06-18 15:49:05.568244
756	231	1	1	Inverness-Shire	I7	2025-06-18 15:49:05.568244	2025-06-18 15:49:05.568244
757	231	1	1	Isle of Arran	I9	2025-06-18 15:49:05.568244	2025-06-18 15:49:05.568244
758	231	1	1	Isle of Barra	J1	2025-06-18 15:49:05.568244	2025-06-18 15:49:05.568244
759	231	1	1	Isle of Benbecula	J3	2025-06-18 15:49:05.568244	2025-06-18 15:49:05.568244
760	231	1	1	Isle of Bute	J5	2025-06-18 15:49:05.568244	2025-06-18 15:49:05.568244
761	231	1	1	Isle of Canna	J7	2025-06-18 15:49:05.568244	2025-06-18 15:49:05.568244
762	231	1	1	Isle of Coll	J9	2025-06-18 15:49:05.568244	2025-06-18 15:49:05.568244
763	231	1	1	Isle of Colonsay	K1	2025-06-18 15:49:05.568244	2025-06-18 15:49:05.568244
764	231	1	1	Isle of Cumbrae	K3	2025-06-18 15:49:05.568244	2025-06-18 15:49:05.568244
765	231	1	1	Isle of Eigg	K5	2025-06-18 15:49:05.568244	2025-06-18 15:49:05.568244
766	231	1	1	Isle of Gigha	K7	2025-06-18 15:49:05.568244	2025-06-18 15:49:05.568244
767	231	1	1	Isle of Harris	K9	2025-06-18 15:49:05.568244	2025-06-18 15:49:05.568244
768	231	1	1	Isle of Iona	L1	2025-06-18 15:49:05.568244	2025-06-18 15:49:05.568244
769	231	1	1	Isle of Islay	L2	2025-06-18 15:49:05.568244	2025-06-18 15:49:05.568244
770	231	1	1	Isle of Jura	L5	2025-06-18 15:49:05.568244	2025-06-18 15:49:05.568244
771	231	1	1	Isle of Lewis	L7	2025-06-18 15:49:05.568244	2025-06-18 15:49:05.568244
772	231	1	1	Isle of Man	L9	2025-06-18 15:49:05.568244	2025-06-18 15:49:05.568244
773	231	1	1	Isle of Mull	M1	2025-06-18 15:49:05.568244	2025-06-18 15:49:05.568244
774	231	1	1	Isle of North Uist	M3	2025-06-18 15:49:05.568244	2025-06-18 15:49:05.568244
775	231	1	1	Isle of Rhum	M7	2025-06-18 15:49:05.568244	2025-06-18 15:49:05.568244
776	231	1	1	Isle of Scalpay	M9	2025-06-18 15:49:05.568244	2025-06-18 15:49:05.568244
777	231	1	1	Shetland Islands	N1	2025-06-18 15:49:05.568244	2025-06-18 15:49:05.568244
778	231	1	1	Isle of Skye	N3	2025-06-18 15:49:05.568244	2025-06-18 15:49:05.568244
779	231	1	1	Isle of South Uist	N5	2025-06-18 15:49:05.568244	2025-06-18 15:49:05.568244
780	231	1	1	Isle of Tiree	N7	2025-06-18 15:49:05.568244	2025-06-18 15:49:05.568244
781	231	1	1	Isle of Wight	N9	2025-06-18 15:49:05.568244	2025-06-18 15:49:05.568244
782	231	1	1	Kent	O5	2025-06-18 15:49:05.568244	2025-06-18 15:49:05.568244
783	231	1	1	Kincardineshire	O7	2025-06-18 15:49:05.568244	2025-06-18 15:49:05.568244
784	231	1	1	Kinross-Shire	O9	2025-06-18 15:49:05.568244	2025-06-18 15:49:05.568244
785	231	1	1	Kirkcudbrightshire	P1	2025-06-18 15:49:05.568244	2025-06-18 15:49:05.568244
786	231	1	1	Lancashire	P5	2025-06-18 15:49:05.568244	2025-06-18 15:49:05.568244
787	231	1	1	Leicestershire	P7	2025-06-18 15:49:05.568244	2025-06-18 15:49:05.568244
788	231	1	1	Lincolnshire	P9	2025-06-18 15:49:05.568244	2025-06-18 15:49:05.568244
789	231	1	1	Merseyside	Q3	2025-06-18 15:49:05.568244	2025-06-18 15:49:05.568244
790	231	1	1	Mid Glamorgan	Q5	2025-06-18 15:49:05.568244	2025-06-18 15:49:05.568244
791	231	1	1	Middlesex	Q9	2025-06-18 15:49:05.568244	2025-06-18 15:49:05.568244
792	231	1	1	Morayshire	R1	2025-06-18 15:49:05.568244	2025-06-18 15:49:05.568244
793	231	1	1	Nairnshire	R3	2025-06-18 15:49:05.568244	2025-06-18 15:49:05.568244
794	231	1	1	North Humberside	R7	2025-06-18 15:49:05.568244	2025-06-18 15:49:05.568244
795	231	1	1	North Yorkshire	R9	2025-06-18 15:49:05.568244	2025-06-18 15:49:05.568244
796	231	1	1	Northamptonshire	S1	2025-06-18 15:49:05.568244	2025-06-18 15:49:05.568244
797	231	1	1	Northumberland	S3	2025-06-18 15:49:05.568244	2025-06-18 15:49:05.568244
798	231	1	1	Nottinghamshire	S5	2025-06-18 15:49:05.568244	2025-06-18 15:49:05.568244
799	231	1	1	Oxfordshire	S7	2025-06-18 15:49:05.568244	2025-06-18 15:49:05.568244
800	231	1	1	Peeblesshire	S9	2025-06-18 15:49:05.568244	2025-06-18 15:49:05.568244
801	231	1	1	Perthshire	T1	2025-06-18 15:49:05.568244	2025-06-18 15:49:05.568244
802	231	1	1	Powys	T3	2025-06-18 15:49:05.568244	2025-06-18 15:49:05.568244
803	231	1	1	Renfrewshire	T5	2025-06-18 15:49:05.568244	2025-06-18 15:49:05.568244
804	231	1	1	Ross-Shire	T7	2025-06-18 15:49:05.568244	2025-06-18 15:49:05.568244
805	231	1	1	Roxburghshire	T9	2025-06-18 15:49:05.568244	2025-06-18 15:49:05.568244
806	231	1	1	Selkirkshire	U3	2025-06-18 15:49:05.568244	2025-06-18 15:49:05.568244
807	231	1	1	Shropshire	U5	2025-06-18 15:49:05.568244	2025-06-18 15:49:05.568244
808	231	1	1	Somerset	U7	2025-06-18 15:49:05.568244	2025-06-18 15:49:05.568244
809	231	1	1	South Glamorgan	U9	2025-06-18 15:49:05.568244	2025-06-18 15:49:05.568244
810	231	1	1	South Humberside	V1	2025-06-18 15:49:05.568244	2025-06-18 15:49:05.568244
811	231	1	1	South Yorkshire	V3	2025-06-18 15:49:05.568244	2025-06-18 15:49:05.568244
812	231	1	1	Staffordshire	V5	2025-06-18 15:49:05.568244	2025-06-18 15:49:05.568244
813	231	1	1	Stirlingshire	V7	2025-06-18 15:49:05.568244	2025-06-18 15:49:05.568244
814	231	1	1	Suffolk	V9	2025-06-18 15:49:05.568244	2025-06-18 15:49:05.568244
815	231	1	1	Surrey	W1	2025-06-18 15:49:05.568244	2025-06-18 15:49:05.568244
816	231	1	1	Sutherland	W3	2025-06-18 15:49:05.568244	2025-06-18 15:49:05.568244
817	231	1	1	Tyne and Wear	W5	2025-06-18 15:49:05.568244	2025-06-18 15:49:05.568244
818	231	1	1	Warwickshire	W7	2025-06-18 15:49:05.568244	2025-06-18 15:49:05.568244
819	231	1	1	West Glamorgan	W9	2025-06-18 15:49:05.568244	2025-06-18 15:49:05.568244
820	231	1	1	West Lothian	X1	2025-06-18 15:49:05.568244	2025-06-18 15:49:05.568244
821	231	1	1	West Midlands	X3	2025-06-18 15:49:05.568244	2025-06-18 15:49:05.568244
822	231	1	1	West Sussex	X5	2025-06-18 15:49:05.568244	2025-06-18 15:49:05.568244
823	231	1	1	West Yorkshire	X7	2025-06-18 15:49:05.568244	2025-06-18 15:49:05.568244
824	231	1	1	Wigtownshire	X9	2025-06-18 15:49:05.568244	2025-06-18 15:49:05.568244
825	231	1	1	Wiltshire	Y1	2025-06-18 15:49:05.568244	2025-06-18 15:49:05.568244
826	231	1	1	Worcestershire	Y3	2025-06-18 15:49:05.568244	2025-06-18 15:49:05.568244
827	231	1	1	Orkney	M5	2025-06-18 15:49:05.568244	2025-06-18 15:49:05.568244
828	231	1	1	Isles of Scilly	O1	2025-06-18 15:49:05.568244	2025-06-18 15:49:05.568244
829	231	1	1	Lanarkshire	P3	2025-06-18 15:49:05.568244	2025-06-18 15:49:05.568244
830	231	1	1	London	Q1	2025-06-18 15:49:05.568244	2025-06-18 15:49:05.568244
831	231	1	1	Midlothian	Q7	2025-06-18 15:49:05.568244	2025-06-18 15:49:05.568244
832	231	1	1	Norfolk	R5	2025-06-18 15:49:05.568244	2025-06-18 15:49:05.568244
833	188	1	1	Alba	AB	2025-06-18 15:49:05.568244	2025-06-18 15:49:05.568244
834	188	1	1	Argeș	AG	2025-06-18 15:49:05.568244	2025-06-18 15:49:05.568244
835	188	1	1	Arad	AR	2025-06-18 15:49:05.568244	2025-06-18 15:49:05.568244
836	188	1	1	București	B	2025-06-18 15:49:05.568244	2025-06-18 15:49:05.568244
837	188	1	1	Bacău	BC	2025-06-18 15:49:05.568244	2025-06-18 15:49:05.568244
838	188	1	1	Bihor	BH	2025-06-18 15:49:05.568244	2025-06-18 15:49:05.568244
839	188	1	1	Bistrița-Năsăud	BN	2025-06-18 15:49:05.568244	2025-06-18 15:49:05.568244
840	188	1	1	Brăila	BR	2025-06-18 15:49:05.568244	2025-06-18 15:49:05.568244
841	188	1	1	Botoșani	BT	2025-06-18 15:49:05.568244	2025-06-18 15:49:05.568244
842	188	1	1	Brașov	BV	2025-06-18 15:49:05.568244	2025-06-18 15:49:05.568244
843	188	1	1	Buzău	BZ	2025-06-18 15:49:05.568244	2025-06-18 15:49:05.568244
844	188	1	1	Cluj	CJ	2025-06-18 15:49:05.568244	2025-06-18 15:49:05.568244
845	188	1	1	Călărași	CL	2025-06-18 15:49:05.568244	2025-06-18 15:49:05.568244
846	188	1	1	Caraș Severin	CS	2025-06-18 15:49:05.568244	2025-06-18 15:49:05.568244
847	188	1	1	Constanța	CT	2025-06-18 15:49:05.568244	2025-06-18 15:49:05.568244
848	188	1	1	Covasna	CV	2025-06-18 15:49:05.568244	2025-06-18 15:49:05.568244
849	188	1	1	Dâmbovița	DB	2025-06-18 15:49:05.568244	2025-06-18 15:49:05.568244
850	188	1	1	Dolj	DJ	2025-06-18 15:49:05.568244	2025-06-18 15:49:05.568244
851	188	1	1	Gorj	GJ	2025-06-18 15:49:05.568244	2025-06-18 15:49:05.568244
852	188	1	1	Galați	GL	2025-06-18 15:49:05.568244	2025-06-18 15:49:05.568244
853	188	1	1	Giurgiu	GR	2025-06-18 15:49:05.568244	2025-06-18 15:49:05.568244
854	188	1	1	Hunedoara	HD	2025-06-18 15:49:05.568244	2025-06-18 15:49:05.568244
855	188	1	1	Harghita	HR	2025-06-18 15:49:05.568244	2025-06-18 15:49:05.568244
856	188	1	1	Ilfov	IF	2025-06-18 15:49:05.568244	2025-06-18 15:49:05.568244
857	188	1	1	Ialomița	IL	2025-06-18 15:49:05.568244	2025-06-18 15:49:05.568244
858	188	1	1	Iași	IS	2025-06-18 15:49:05.568244	2025-06-18 15:49:05.568244
859	188	1	1	Mehedinți	MH	2025-06-18 15:49:05.568244	2025-06-18 15:49:05.568244
860	188	1	1	Maramureș	MM	2025-06-18 15:49:05.568244	2025-06-18 15:49:05.568244
861	188	1	1	Mureș	MS	2025-06-18 15:49:05.568244	2025-06-18 15:49:05.568244
862	188	1	1	Neamț	NT	2025-06-18 15:49:05.568244	2025-06-18 15:49:05.568244
863	188	1	1	Olt	OT	2025-06-18 15:49:05.568244	2025-06-18 15:49:05.568244
864	188	1	1	Prahova	PH	2025-06-18 15:49:05.568244	2025-06-18 15:49:05.568244
865	188	1	1	Sibiu	SB	2025-06-18 15:49:05.568244	2025-06-18 15:49:05.568244
866	188	1	1	Sălaj	SJ	2025-06-18 15:49:05.568244	2025-06-18 15:49:05.568244
867	188	1	1	Satu Mare	SM	2025-06-18 15:49:05.568244	2025-06-18 15:49:05.568244
868	188	1	1	Suceava	SV	2025-06-18 15:49:05.568244	2025-06-18 15:49:05.568244
869	188	1	1	Tulcea	TL	2025-06-18 15:49:05.568244	2025-06-18 15:49:05.568244
870	188	1	1	Timiș	TM	2025-06-18 15:49:05.568244	2025-06-18 15:49:05.568244
871	188	1	1	Teleorman	TR	2025-06-18 15:49:05.568244	2025-06-18 15:49:05.568244
872	188	1	1	Vâlcea	VL	2025-06-18 15:49:05.568244	2025-06-18 15:49:05.568244
873	188	1	1	Vrancea	VN	2025-06-18 15:49:05.568244	2025-06-18 15:49:05.568244
874	188	1	1	Vaslui	VS	2025-06-18 15:49:05.568244	2025-06-18 15:49:05.568244
875	48	1	1	北京市	京	2025-06-18 15:49:05.568244	2025-06-18 15:49:05.568244
876	48	1	1	上海市	沪	2025-06-18 15:49:05.568244	2025-06-18 15:49:05.568244
877	48	1	1	浙江省	浙	2025-06-18 15:49:05.568244	2025-06-18 15:49:05.568244
878	48	1	1	天津市	津	2025-06-18 15:49:05.568244	2025-06-18 15:49:05.568244
879	48	1	1	安徽省	皖	2025-06-18 15:49:05.568244	2025-06-18 15:49:05.568244
880	48	1	1	福建省	闽	2025-06-18 15:49:05.568244	2025-06-18 15:49:05.568244
881	48	1	1	重庆市	渝	2025-06-18 15:49:05.568244	2025-06-18 15:49:05.568244
882	48	1	1	江西省	赣	2025-06-18 15:49:05.568244	2025-06-18 15:49:05.568244
883	48	1	1	山东省	鲁	2025-06-18 15:49:05.568244	2025-06-18 15:49:05.568244
884	48	1	1	河南省	豫	2025-06-18 15:49:05.568244	2025-06-18 15:49:05.568244
885	48	1	1	内蒙古自治区	蒙	2025-06-18 15:49:05.568244	2025-06-18 15:49:05.568244
886	48	1	1	湖北省	鄂	2025-06-18 15:49:05.568244	2025-06-18 15:49:05.568244
887	48	1	1	新疆维吾尔自治区	新	2025-06-18 15:49:05.568244	2025-06-18 15:49:05.568244
888	48	1	1	湖南省	湘	2025-06-18 15:49:05.568244	2025-06-18 15:49:05.568244
889	48	1	1	宁夏回族自治区	宁	2025-06-18 15:49:05.568244	2025-06-18 15:49:05.568244
890	48	1	1	广东省	粤	2025-06-18 15:49:05.568244	2025-06-18 15:49:05.568244
891	48	1	1	西藏自治区	藏	2025-06-18 15:49:05.568244	2025-06-18 15:49:05.568244
892	48	1	1	海南省	琼	2025-06-18 15:49:05.568244	2025-06-18 15:49:05.568244
893	48	1	1	广西壮族自治区	桂	2025-06-18 15:49:05.568244	2025-06-18 15:49:05.568244
894	48	1	1	四川省	蜀	2025-06-18 15:49:05.568244	2025-06-18 15:49:05.568244
895	48	1	1	河北省	冀	2025-06-18 15:49:05.568244	2025-06-18 15:49:05.568244
896	48	1	1	贵州省	黔	2025-06-18 15:49:05.568244	2025-06-18 15:49:05.568244
897	48	1	1	山西省	晋	2025-06-18 15:49:05.568244	2025-06-18 15:49:05.568244
898	48	1	1	云南省	滇	2025-06-18 15:49:05.568244	2025-06-18 15:49:05.568244
899	48	1	1	辽宁省	辽	2025-06-18 15:49:05.568244	2025-06-18 15:49:05.568244
900	48	1	1	陕西省	陕	2025-06-18 15:49:05.568244	2025-06-18 15:49:05.568244
901	48	1	1	吉林省	吉	2025-06-18 15:49:05.568244	2025-06-18 15:49:05.568244
902	48	1	1	甘肃省	甘	2025-06-18 15:49:05.568244	2025-06-18 15:49:05.568244
903	48	1	1	黑龙江省	黑	2025-06-18 15:49:05.568244	2025-06-18 15:49:05.568244
904	48	1	1	青海省	青	2025-06-18 15:49:05.568244	2025-06-18 15:49:05.568244
905	48	1	1	江苏省	苏	2025-06-18 15:49:05.568244	2025-06-18 15:49:05.568244
906	48	1	1	台湾省	台	2025-06-18 15:49:05.568244	2025-06-18 15:49:05.568244
907	48	1	1	香港特别行政区	港	2025-06-18 15:49:05.568244	2025-06-18 15:49:05.568244
908	48	1	1	澳门特别行政区	澳	2025-06-18 15:49:05.568244	2025-06-18 15:49:05.568244
909	69	1	1	Addis Ababa	AA	2025-06-18 15:49:05.568244	2025-06-18 15:49:05.568244
910	69	1	1	Afar	AF	2025-06-18 15:49:05.568244	2025-06-18 15:49:05.568244
911	69	1	1	Amhara	AM	2025-06-18 15:49:05.568244	2025-06-18 15:49:05.568244
912	69	1	1	Benishangul-Gumuz	BN	2025-06-18 15:49:05.568244	2025-06-18 15:49:05.568244
913	69	1	1	Dire Dawa	DR	2025-06-18 15:49:05.568244	2025-06-18 15:49:05.568244
914	69	1	1	Gambella Peoples	GM	2025-06-18 15:49:05.568244	2025-06-18 15:49:05.568244
915	69	1	1	Harrari Peoples	HR	2025-06-18 15:49:05.568244	2025-06-18 15:49:05.568244
916	69	1	1	Oromia	OR	2025-06-18 15:49:05.568244	2025-06-18 15:49:05.568244
917	69	1	1	Somalia	SM	2025-06-18 15:49:05.568244	2025-06-18 15:49:05.568244
918	69	1	1	Southern Peoples, Nations, and Nationalities	SP	2025-06-18 15:49:05.568244	2025-06-18 15:49:05.568244
919	69	1	1	Tigray	TG	2025-06-18 15:49:05.568244	2025-06-18 15:49:05.568244
920	101	1	1	Carlow	CW	2025-06-18 15:49:05.568244	2025-06-18 15:49:05.568244
921	101	1	1	Cavan	CN	2025-06-18 15:49:05.568244	2025-06-18 15:49:05.568244
922	101	1	1	Clare	CE	2025-06-18 15:49:05.568244	2025-06-18 15:49:05.568244
923	101	1	1	Cork	C	2025-06-18 15:49:05.568244	2025-06-18 15:49:05.568244
924	101	1	1	Limerick	LK	2025-06-18 15:49:05.568244	2025-06-18 15:49:05.568244
925	101	1	1	Waterford	WD	2025-06-18 15:49:05.568244	2025-06-18 15:49:05.568244
926	101	1	1	Donegal	DL	2025-06-18 15:49:05.568244	2025-06-18 15:49:05.568244
927	101	1	1	Dublin	D	2025-06-18 15:49:05.568244	2025-06-18 15:49:05.568244
928	101	1	1	Galway	G	2025-06-18 15:49:05.568244	2025-06-18 15:49:05.568244
929	101	1	1	Kerry	KY	2025-06-18 15:49:05.568244	2025-06-18 15:49:05.568244
930	101	1	1	Kildare	KE	2025-06-18 15:49:05.568244	2025-06-18 15:49:05.568244
931	101	1	1	Kilkenny	KK	2025-06-18 15:49:05.568244	2025-06-18 15:49:05.568244
932	101	1	1	Laois	LS	2025-06-18 15:49:05.568244	2025-06-18 15:49:05.568244
933	101	1	1	Leitrim	LM	2025-06-18 15:49:05.568244	2025-06-18 15:49:05.568244
934	101	1	1	Longford	LD	2025-06-18 15:49:05.568244	2025-06-18 15:49:05.568244
935	101	1	1	Louth	LH	2025-06-18 15:49:05.568244	2025-06-18 15:49:05.568244
936	101	1	1	Mayo	MO	2025-06-18 15:49:05.568244	2025-06-18 15:49:05.568244
937	101	1	1	Meath	MH	2025-06-18 15:49:05.568244	2025-06-18 15:49:05.568244
938	101	1	1	Monaghan	MN	2025-06-18 15:49:05.568244	2025-06-18 15:49:05.568244
939	101	1	1	Offaly	OY	2025-06-18 15:49:05.568244	2025-06-18 15:49:05.568244
940	101	1	1	Roscommon	RN	2025-06-18 15:49:05.568244	2025-06-18 15:49:05.568244
941	101	1	1	Sligo	SO	2025-06-18 15:49:05.568244	2025-06-18 15:49:05.568244
942	101	1	1	Tipperary	TR	2025-06-18 15:49:05.568244	2025-06-18 15:49:05.568244
943	101	1	1	Westmeath	WH	2025-06-18 15:49:05.568244	2025-06-18 15:49:05.568244
944	101	1	1	Wexford	WX	2025-06-18 15:49:05.568244	2025-06-18 15:49:05.568244
945	101	1	1	Wicklow	WW	2025-06-18 15:49:05.568244	2025-06-18 15:49:05.568244
946	101	1	1	Antrim	AM	2025-06-18 15:49:05.568244	2025-06-18 15:49:05.568244
947	101	1	1	Armagh	AH	2025-06-18 15:49:05.568244	2025-06-18 15:49:05.568244
948	101	1	1	Down	DN	2025-06-18 15:49:05.568244	2025-06-18 15:49:05.568244
949	101	1	1	Fermanagh	FH	2025-06-18 15:49:05.568244	2025-06-18 15:49:05.568244
950	101	1	1	Londonderry	LY	2025-06-18 15:49:05.568244	2025-06-18 15:49:05.568244
951	101	1	1	Tyrone	TE	2025-06-18 15:49:05.568244	2025-06-18 15:49:05.568244
952	165	1	1	Drenthe	DR	2025-06-18 15:49:05.568244	2025-06-18 15:49:05.568244
953	165	1	1	Flevoland	FL	2025-06-18 15:49:05.568244	2025-06-18 15:49:05.568244
954	165	1	1	Friesland	FR	2025-06-18 15:49:05.568244	2025-06-18 15:49:05.568244
955	165	1	1	Gelderland	GE	2025-06-18 15:49:05.568244	2025-06-18 15:49:05.568244
956	165	1	1	Groningen	GR	2025-06-18 15:49:05.568244	2025-06-18 15:49:05.568244
957	165	1	1	Limburg	LI	2025-06-18 15:49:05.568244	2025-06-18 15:49:05.568244
958	165	1	1	Noord-Brabant	NB	2025-06-18 15:49:05.568244	2025-06-18 15:49:05.568244
959	165	1	1	Noord-Holland	NH	2025-06-18 15:49:05.568244	2025-06-18 15:49:05.568244
960	165	1	1	Overijssel	OV	2025-06-18 15:49:05.568244	2025-06-18 15:49:05.568244
961	165	1	1	Utrecht	UT	2025-06-18 15:49:05.568244	2025-06-18 15:49:05.568244
962	165	1	1	Zeeland	ZE	2025-06-18 15:49:05.568244	2025-06-18 15:49:05.568244
963	165	1	1	Zuid-Holland	ZH	2025-06-18 15:49:05.568244	2025-06-18 15:49:05.568244
964	165	1	1	Bonaire	BQ1	2025-06-18 15:49:05.568244	2025-06-18 15:49:05.568244
965	165	1	1	Saba	BQ2	2025-06-18 15:49:05.568244	2025-06-18 15:49:05.568244
966	165	1	1	Sint Eustatius	BQ3	2025-06-18 15:49:05.568244	2025-06-18 15:49:05.568244
967	224	1	1	Adana	01	2025-06-18 15:49:05.568244	2025-06-18 15:49:05.568244
968	224	1	1	Adıyaman	02	2025-06-18 15:49:05.568244	2025-06-18 15:49:05.568244
969	224	1	1	Afyonkarahisar	03	2025-06-18 15:49:05.568244	2025-06-18 15:49:05.568244
970	224	1	1	Ağrı	04	2025-06-18 15:49:05.568244	2025-06-18 15:49:05.568244
971	224	1	1	Amasya	05	2025-06-18 15:49:05.568244	2025-06-18 15:49:05.568244
972	224	1	1	Ankara	06	2025-06-18 15:49:05.568244	2025-06-18 15:49:05.568244
973	224	1	1	Antalya	07	2025-06-18 15:49:05.568244	2025-06-18 15:49:05.568244
974	224	1	1	Artvin	08	2025-06-18 15:49:05.568244	2025-06-18 15:49:05.568244
975	224	1	1	Aydın	09	2025-06-18 15:49:05.568244	2025-06-18 15:49:05.568244
976	224	1	1	Balıkesir	10	2025-06-18 15:49:05.568244	2025-06-18 15:49:05.568244
977	224	1	1	Bilecik	11	2025-06-18 15:49:05.568244	2025-06-18 15:49:05.568244
978	224	1	1	Bingöl	12	2025-06-18 15:49:05.568244	2025-06-18 15:49:05.568244
979	224	1	1	Bitlis	13	2025-06-18 15:49:05.568244	2025-06-18 15:49:05.568244
980	224	1	1	Bolu	14	2025-06-18 15:49:05.568244	2025-06-18 15:49:05.568244
981	224	1	1	Burdur	15	2025-06-18 15:49:05.568244	2025-06-18 15:49:05.568244
982	224	1	1	Bursa	16	2025-06-18 15:49:05.568244	2025-06-18 15:49:05.568244
983	224	1	1	Çanakkale	17	2025-06-18 15:49:05.568244	2025-06-18 15:49:05.568244
984	224	1	1	Çankırı	18	2025-06-18 15:49:05.568244	2025-06-18 15:49:05.568244
985	224	1	1	Çorum	19	2025-06-18 15:49:05.568244	2025-06-18 15:49:05.568244
986	224	1	1	Denizli	20	2025-06-18 15:49:05.568244	2025-06-18 15:49:05.568244
987	224	1	1	Diyarbakır	21	2025-06-18 15:49:05.568244	2025-06-18 15:49:05.568244
988	224	1	1	Edirne	22	2025-06-18 15:49:05.568244	2025-06-18 15:49:05.568244
989	224	1	1	Elazığ	23	2025-06-18 15:49:05.568244	2025-06-18 15:49:05.568244
990	224	1	1	Erzincan	24	2025-06-18 15:49:05.568244	2025-06-18 15:49:05.568244
991	224	1	1	Erzurum	25	2025-06-18 15:49:05.568244	2025-06-18 15:49:05.568244
992	224	1	1	Eskişehir	26	2025-06-18 15:49:05.568244	2025-06-18 15:49:05.568244
993	224	1	1	Gaziantep	27	2025-06-18 15:49:05.568244	2025-06-18 15:49:05.568244
994	224	1	1	Giresun	28	2025-06-18 15:49:05.568244	2025-06-18 15:49:05.568244
995	224	1	1	Gümüşhane	29	2025-06-18 15:49:05.568244	2025-06-18 15:49:05.568244
996	224	1	1	Hakkari	30	2025-06-18 15:49:05.568244	2025-06-18 15:49:05.568244
997	224	1	1	Hatay	31	2025-06-18 15:49:05.568244	2025-06-18 15:49:05.568244
998	224	1	1	Isparta	32	2025-06-18 15:49:05.568244	2025-06-18 15:49:05.568244
999	224	1	1	Mersin	33	2025-06-18 15:49:05.568244	2025-06-18 15:49:05.568244
1000	224	1	1	İstanbul	34	2025-06-18 15:49:05.568244	2025-06-18 15:49:05.568244
1001	224	1	1	İzmir	35	2025-06-18 15:49:05.568244	2025-06-18 15:49:05.568244
1002	224	1	1	Kars	36	2025-06-18 15:49:05.568244	2025-06-18 15:49:05.568244
1003	224	1	1	Kastamonu	37	2025-06-18 15:49:05.568244	2025-06-18 15:49:05.568244
1004	224	1	1	Kayseri	38	2025-06-18 15:49:05.568244	2025-06-18 15:49:05.568244
1005	224	1	1	Kırklareli	39	2025-06-18 15:49:05.568244	2025-06-18 15:49:05.568244
1006	224	1	1	Kırşehir	40	2025-06-18 15:49:05.568244	2025-06-18 15:49:05.568244
1007	224	1	1	Kocaeli	41	2025-06-18 15:49:05.568244	2025-06-18 15:49:05.568244
1008	224	1	1	Konya	42	2025-06-18 15:49:05.568244	2025-06-18 15:49:05.568244
1009	224	1	1	Kütahya	43	2025-06-18 15:49:05.568244	2025-06-18 15:49:05.568244
1010	224	1	1	Malatya	44	2025-06-18 15:49:05.568244	2025-06-18 15:49:05.568244
1011	224	1	1	Manisa	45	2025-06-18 15:49:05.568244	2025-06-18 15:49:05.568244
1012	224	1	1	Kahramanmaraş	46	2025-06-18 15:49:05.568244	2025-06-18 15:49:05.568244
1013	224	1	1	Mardin	47	2025-06-18 15:49:05.568244	2025-06-18 15:49:05.568244
1014	224	1	1	Muğla	48	2025-06-18 15:49:05.568244	2025-06-18 15:49:05.568244
1015	224	1	1	Muş	49	2025-06-18 15:49:05.568244	2025-06-18 15:49:05.568244
1016	224	1	1	Nevşehir	50	2025-06-18 15:49:05.568244	2025-06-18 15:49:05.568244
1017	224	1	1	Niğde	51	2025-06-18 15:49:05.568244	2025-06-18 15:49:05.568244
1018	224	1	1	Ordu	52	2025-06-18 15:49:05.568244	2025-06-18 15:49:05.568244
1019	224	1	1	Rize	53	2025-06-18 15:49:05.568244	2025-06-18 15:49:05.568244
1020	224	1	1	Sakarya	54	2025-06-18 15:49:05.568244	2025-06-18 15:49:05.568244
1021	224	1	1	Samsun	55	2025-06-18 15:49:05.568244	2025-06-18 15:49:05.568244
1022	224	1	1	Siirt	56	2025-06-18 15:49:05.568244	2025-06-18 15:49:05.568244
1023	224	1	1	Sinop	57	2025-06-18 15:49:05.568244	2025-06-18 15:49:05.568244
1024	224	1	1	Sivas	58	2025-06-18 15:49:05.568244	2025-06-18 15:49:05.568244
1025	224	1	1	Tekirdağ	59	2025-06-18 15:49:05.568244	2025-06-18 15:49:05.568244
1026	224	1	1	Tokat	60	2025-06-18 15:49:05.568244	2025-06-18 15:49:05.568244
1027	224	1	1	Trabzon	61	2025-06-18 15:49:05.568244	2025-06-18 15:49:05.568244
1028	224	1	1	Tunceli	62	2025-06-18 15:49:05.568244	2025-06-18 15:49:05.568244
1029	224	1	1	Şanlıurfa	63	2025-06-18 15:49:05.568244	2025-06-18 15:49:05.568244
1030	224	1	1	Uşak	64	2025-06-18 15:49:05.568244	2025-06-18 15:49:05.568244
1031	224	1	1	Van	65	2025-06-18 15:49:05.568244	2025-06-18 15:49:05.568244
1032	224	1	1	Yozgat	66	2025-06-18 15:49:05.568244	2025-06-18 15:49:05.568244
1033	224	1	1	Zonguldak	67	2025-06-18 15:49:05.568244	2025-06-18 15:49:05.568244
1034	224	1	1	Aksaray	68	2025-06-18 15:49:05.568244	2025-06-18 15:49:05.568244
1035	224	1	1	Bayburt	69	2025-06-18 15:49:05.568244	2025-06-18 15:49:05.568244
1036	224	1	1	Karaman	70	2025-06-18 15:49:05.568244	2025-06-18 15:49:05.568244
1037	224	1	1	Kırıkkale	71	2025-06-18 15:49:05.568244	2025-06-18 15:49:05.568244
1038	224	1	1	Batman	72	2025-06-18 15:49:05.568244	2025-06-18 15:49:05.568244
1039	224	1	1	Şırnak	73	2025-06-18 15:49:05.568244	2025-06-18 15:49:05.568244
1040	224	1	1	Bartın	74	2025-06-18 15:49:05.568244	2025-06-18 15:49:05.568244
1041	224	1	1	Ardahan	75	2025-06-18 15:49:05.568244	2025-06-18 15:49:05.568244
1042	224	1	1	Iğdır	76	2025-06-18 15:49:05.568244	2025-06-18 15:49:05.568244
1043	224	1	1	Yalova	77	2025-06-18 15:49:05.568244	2025-06-18 15:49:05.568244
1044	224	1	1	Karabük	78	2025-06-18 15:49:05.568244	2025-06-18 15:49:05.568244
1045	224	1	1	Kilis	79	2025-06-18 15:49:05.568244	2025-06-18 15:49:05.568244
1046	224	1	1	Osmaniye	80	2025-06-18 15:49:05.568244	2025-06-18 15:49:05.568244
1047	224	1	1	Düzce	81	2025-06-18 15:49:05.568244	2025-06-18 15:49:05.568244
1048	241	1	1	An Giang	VN-44	2025-06-18 15:49:05.568244	2025-06-18 15:49:05.568244
1049	241	1	1	Bình Dương	VN-57	2025-06-18 15:49:05.568244	2025-06-18 15:49:05.568244
1050	241	1	1	Bình Định	VN-31	2025-06-18 15:49:05.568244	2025-06-18 15:49:05.568244
1051	241	1	1	Bắc Giang	VN-54	2025-06-18 15:49:05.568244	2025-06-18 15:49:05.568244
1052	241	1	1	Bắc Kạn	VN-53	2025-06-18 15:49:05.568244	2025-06-18 15:49:05.568244
1053	241	1	1	Bạc Liêu	VN-55	2025-06-18 15:49:05.568244	2025-06-18 15:49:05.568244
1054	241	1	1	Bắc Ninh	VN-56	2025-06-18 15:49:05.568244	2025-06-18 15:49:05.568244
1055	241	1	1	Bình Phước	VN-58	2025-06-18 15:49:05.568244	2025-06-18 15:49:05.568244
1056	241	1	1	Bà Rịa - Vũng Tàu	VN-43	2025-06-18 15:49:05.568244	2025-06-18 15:49:05.568244
1057	241	1	1	Bình Thuận	VN-40	2025-06-18 15:49:05.568244	2025-06-18 15:49:05.568244
1058	241	1	1	Bến Tre	VN-50	2025-06-18 15:49:05.568244	2025-06-18 15:49:05.568244
1059	241	1	1	Cao Bằng	VN-04	2025-06-18 15:49:05.568244	2025-06-18 15:49:05.568244
1060	241	1	1	Cà Mau	VN-59	2025-06-18 15:49:05.568244	2025-06-18 15:49:05.568244
1061	241	1	1	TP Cần Thơ	VN-CT	2025-06-18 15:49:05.568244	2025-06-18 15:49:05.568244
1062	241	1	1	Điện Biên	VN-71	2025-06-18 15:49:05.568244	2025-06-18 15:49:05.568244
1063	241	1	1	Đắk Lắk	VN-33	2025-06-18 15:49:05.568244	2025-06-18 15:49:05.568244
1064	241	1	1	TP Đà Nẵng	VN-DN	2025-06-18 15:49:05.568244	2025-06-18 15:49:05.568244
1065	241	1	1	Đồng Nai	VN-39	2025-06-18 15:49:05.568244	2025-06-18 15:49:05.568244
1066	241	1	1	Đắk Nông	VN-72	2025-06-18 15:49:05.568244	2025-06-18 15:49:05.568244
1067	241	1	1	Đồng Tháp	VN-45	2025-06-18 15:49:05.568244	2025-06-18 15:49:05.568244
1068	241	1	1	Gia Lai	VN-30	2025-06-18 15:49:05.568244	2025-06-18 15:49:05.568244
1069	241	1	1	Hòa Bình	VN-14	2025-06-18 15:49:05.568244	2025-06-18 15:49:05.568244
1070	241	1	1	TP Hồ Chí Minh	VN-SG	2025-06-18 15:49:05.568244	2025-06-18 15:49:05.568244
1071	241	1	1	Hải Dương	VN-61	2025-06-18 15:49:05.568244	2025-06-18 15:49:05.568244
1072	241	1	1	Hậu Giang	VN-73	2025-06-18 15:49:05.568244	2025-06-18 15:49:05.568244
1073	241	1	1	Hà Giang	VN-03	2025-06-18 15:49:05.568244	2025-06-18 15:49:05.568244
1074	241	1	1	Hà Nội	VN-HN	2025-06-18 15:49:05.568244	2025-06-18 15:49:05.568244
1075	241	1	1	Hà Nam	VN-63	2025-06-18 15:49:05.568244	2025-06-18 15:49:05.568244
1076	241	1	1	TP Hải Phòng	VN-HP	2025-06-18 15:49:05.568244	2025-06-18 15:49:05.568244
1077	241	1	1	Hà Tĩnh	VN-23	2025-06-18 15:49:05.568244	2025-06-18 15:49:05.568244
1078	241	1	1	Hưng Yên	VN-66	2025-06-18 15:49:05.568244	2025-06-18 15:49:05.568244
1079	241	1	1	Kiên Giang	VN-47	2025-06-18 15:49:05.568244	2025-06-18 15:49:05.568244
1080	241	1	1	Khánh Hòa	VN-34	2025-06-18 15:49:05.568244	2025-06-18 15:49:05.568244
1081	241	1	1	Kon Tum	VN-28	2025-06-18 15:49:05.568244	2025-06-18 15:49:05.568244
1082	241	1	1	Long An	VN-41	2025-06-18 15:49:05.568244	2025-06-18 15:49:05.568244
1083	241	1	1	Lào Cai	VN-02	2025-06-18 15:49:05.568244	2025-06-18 15:49:05.568244
1084	241	1	1	Lai Châu	VN-01	2025-06-18 15:49:05.568244	2025-06-18 15:49:05.568244
1085	241	1	1	Lâm Đồng	VN-35	2025-06-18 15:49:05.568244	2025-06-18 15:49:05.568244
1086	241	1	1	Lạng Sơn	VN-09	2025-06-18 15:49:05.568244	2025-06-18 15:49:05.568244
1087	241	1	1	Nghệ An	VN-22	2025-06-18 15:49:05.568244	2025-06-18 15:49:05.568244
1088	241	1	1	Ninh Bình	VN-18	2025-06-18 15:49:05.568244	2025-06-18 15:49:05.568244
1089	241	1	1	Nam Định	VN-67	2025-06-18 15:49:05.568244	2025-06-18 15:49:05.568244
1090	241	1	1	Ninh Thuận	VN-36	2025-06-18 15:49:05.568244	2025-06-18 15:49:05.568244
1091	241	1	1	Phú Thọ	VN-68	2025-06-18 15:49:05.568244	2025-06-18 15:49:05.568244
1092	241	1	1	Phú Yên	VN-32	2025-06-18 15:49:05.568244	2025-06-18 15:49:05.568244
1093	241	1	1	Quảng Bình	VN-24	2025-06-18 15:49:05.568244	2025-06-18 15:49:05.568244
1094	241	1	1	Quảng Ninh	VN-13	2025-06-18 15:49:05.568244	2025-06-18 15:49:05.568244
1095	241	1	1	Quảng Nam	VN-27	2025-06-18 15:49:05.568244	2025-06-18 15:49:05.568244
1096	241	1	1	Quảng Ngãi	VN-29	2025-06-18 15:49:05.568244	2025-06-18 15:49:05.568244
1097	241	1	1	Quảng Trị	VN-25	2025-06-18 15:49:05.568244	2025-06-18 15:49:05.568244
1098	241	1	1	Sơn La	VN-05	2025-06-18 15:49:05.568244	2025-06-18 15:49:05.568244
1099	241	1	1	Sóc Trăng	VN-52	2025-06-18 15:49:05.568244	2025-06-18 15:49:05.568244
1100	241	1	1	Thái Bình	VN-20	2025-06-18 15:49:05.568244	2025-06-18 15:49:05.568244
1101	241	1	1	Tiền Giang	VN-46	2025-06-18 15:49:05.568244	2025-06-18 15:49:05.568244
1102	241	1	1	Thanh Hóa	VN-21	2025-06-18 15:49:05.568244	2025-06-18 15:49:05.568244
1103	241	1	1	Thái Nguyên	VN-69	2025-06-18 15:49:05.568244	2025-06-18 15:49:05.568244
1104	241	1	1	Tây Ninh	VN-37	2025-06-18 15:49:05.568244	2025-06-18 15:49:05.568244
1105	241	1	1	Tuyên Quang	VN-07	2025-06-18 15:49:05.568244	2025-06-18 15:49:05.568244
1106	241	1	1	Thừa Thiên - Huế	VN-26	2025-06-18 15:49:05.568244	2025-06-18 15:49:05.568244
1107	241	1	1	Trà Vinh	VN-51	2025-06-18 15:49:05.568244	2025-06-18 15:49:05.568244
1108	241	1	1	Vĩnh Long	VN-49	2025-06-18 15:49:05.568244	2025-06-18 15:49:05.568244
1109	241	1	1	Vĩnh Phúc	VN-70	2025-06-18 15:49:05.568244	2025-06-18 15:49:05.568244
1110	241	1	1	Yên Bái	VN-06	2025-06-18 15:49:05.568244	2025-06-18 15:49:05.568244
1111	50	1	1	San José	1	2025-06-18 15:49:05.568244	2025-06-18 15:49:05.568244
1112	50	1	1	Alajuela	2	2025-06-18 15:49:05.568244	2025-06-18 15:49:05.568244
1113	50	1	1	Heredia	4	2025-06-18 15:49:05.568244	2025-06-18 15:49:05.568244
1114	50	1	1	Cartago	3	2025-06-18 15:49:05.568244	2025-06-18 15:49:05.568244
1115	50	1	1	Puntarenas	6	2025-06-18 15:49:05.568244	2025-06-18 15:49:05.568244
1116	50	1	1	Guanacaste	5	2025-06-18 15:49:05.568244	2025-06-18 15:49:05.568244
1117	50	1	1	Limón	7	2025-06-18 15:49:05.568244	2025-06-18 15:49:05.568244
1118	61	1	1	Distrito Nacional	DN	2025-06-18 15:49:05.568244	2025-06-18 15:49:05.568244
1119	61	1	1	Azua	AZU	2025-06-18 15:49:05.568244	2025-06-18 15:49:05.568244
1120	61	1	1	Bahoruco	BAH	2025-06-18 15:49:05.568244	2025-06-18 15:49:05.568244
1121	61	1	1	Barahona	BAR	2025-06-18 15:49:05.568244	2025-06-18 15:49:05.568244
1122	61	1	1	Dajabón	DAJ	2025-06-18 15:49:05.568244	2025-06-18 15:49:05.568244
1123	61	1	1	Duarte	DUA	2025-06-18 15:49:05.568244	2025-06-18 15:49:05.568244
1124	61	1	1	Elías Piña	ELP	2025-06-18 15:49:05.568244	2025-06-18 15:49:05.568244
1125	61	1	1	El Seibo	ELS	2025-06-18 15:49:05.568244	2025-06-18 15:49:05.568244
1126	61	1	1	Espaillat	ESP	2025-06-18 15:49:05.568244	2025-06-18 15:49:05.568244
1127	61	1	1	Independencia	IND	2025-06-18 15:49:05.568244	2025-06-18 15:49:05.568244
1128	61	1	1	La Altagracia	LA	2025-06-18 15:49:05.568244	2025-06-18 15:49:05.568244
1129	61	1	1	La Romana	LR	2025-06-18 15:49:05.568244	2025-06-18 15:49:05.568244
1130	61	1	1	La Vega	LV	2025-06-18 15:49:05.568244	2025-06-18 15:49:05.568244
1131	61	1	1	María Trinidad Sánchez	MTS	2025-06-18 15:49:05.568244	2025-06-18 15:49:05.568244
1132	61	1	1	Monte Cristi	MC	2025-06-18 15:49:05.568244	2025-06-18 15:49:05.568244
1133	61	1	1	Pedernales	PED	2025-06-18 15:49:05.568244	2025-06-18 15:49:05.568244
1134	61	1	1	Peravia	PER	2025-06-18 15:49:05.568244	2025-06-18 15:49:05.568244
1135	61	1	1	Puerto Plata	PP	2025-06-18 15:49:05.568244	2025-06-18 15:49:05.568244
1136	61	1	1	Hermanas Mirabal	HEM	2025-06-18 15:49:05.568244	2025-06-18 15:49:05.568244
1137	61	1	1	Samaná	SAM	2025-06-18 15:49:05.568244	2025-06-18 15:49:05.568244
1138	61	1	1	San Cristóbal	SC	2025-06-18 15:49:05.568244	2025-06-18 15:49:05.568244
1139	61	1	1	San Juan	SJ	2025-06-18 15:49:05.568244	2025-06-18 15:49:05.568244
1140	61	1	1	San Pedro de Macorís	SPM	2025-06-18 15:49:05.568244	2025-06-18 15:49:05.568244
1141	61	1	1	Sánchez Ramírez	SRA	2025-06-18 15:49:05.568244	2025-06-18 15:49:05.568244
1142	61	1	1	Santiago	STGO	2025-06-18 15:49:05.568244	2025-06-18 15:49:05.568244
1143	61	1	1	Santiago Rodríguez	SRO	2025-06-18 15:49:05.568244	2025-06-18 15:49:05.568244
1144	61	1	1	Valverde	VAL	2025-06-18 15:49:05.568244	2025-06-18 15:49:05.568244
1145	61	1	1	Monseñor Nouel	MON	2025-06-18 15:49:05.568244	2025-06-18 15:49:05.568244
1146	61	1	1	Monte Plata	MP	2025-06-18 15:49:05.568244	2025-06-18 15:49:05.568244
1147	61	1	1	Hato Mayor	HAM	2025-06-18 15:49:05.568244	2025-06-18 15:49:05.568244
1148	61	1	1	San José de Ocoa	SJO	2025-06-18 15:49:05.568244	2025-06-18 15:49:05.568244
1149	61	1	1	Santo Domingo	SD	2025-06-18 15:49:05.568244	2025-06-18 15:49:05.568244
1150	173	1	1	Amazonas	01	2025-06-18 15:49:05.568244	2025-06-18 15:49:05.568244
1151	173	1	1	Áncash	02	2025-06-18 15:49:05.568244	2025-06-18 15:49:05.568244
1152	173	1	1	Apurímac	03	2025-06-18 15:49:05.568244	2025-06-18 15:49:05.568244
1153	173	1	1	Arequipa	04	2025-06-18 15:49:05.568244	2025-06-18 15:49:05.568244
1154	173	1	1	Ayacucho	05	2025-06-18 15:49:05.568244	2025-06-18 15:49:05.568244
1155	173	1	1	Cajamarca	06	2025-06-18 15:49:05.568244	2025-06-18 15:49:05.568244
1156	173	1	1	Callao	07	2025-06-18 15:49:05.568244	2025-06-18 15:49:05.568244
1157	173	1	1	Cusco	08	2025-06-18 15:49:05.568244	2025-06-18 15:49:05.568244
1158	173	1	1	Huancavelica	09	2025-06-18 15:49:05.568244	2025-06-18 15:49:05.568244
1159	173	1	1	Huánuco	10	2025-06-18 15:49:05.568244	2025-06-18 15:49:05.568244
1160	173	1	1	Ica	11	2025-06-18 15:49:05.568244	2025-06-18 15:49:05.568244
1161	173	1	1	Junin	12	2025-06-18 15:49:05.568244	2025-06-18 15:49:05.568244
1162	173	1	1	La Libertad	13	2025-06-18 15:49:05.568244	2025-06-18 15:49:05.568244
1163	173	1	1	Lambayeque	14	2025-06-18 15:49:05.568244	2025-06-18 15:49:05.568244
1164	173	1	1	Lima	15	2025-06-18 15:49:05.568244	2025-06-18 15:49:05.568244
1165	173	1	1	Loreto	16	2025-06-18 15:49:05.568244	2025-06-18 15:49:05.568244
1166	173	1	1	Madre de Dios	17	2025-06-18 15:49:05.568244	2025-06-18 15:49:05.568244
1167	173	1	1	Moquegua	18	2025-06-18 15:49:05.568244	2025-06-18 15:49:05.568244
1168	173	1	1	Pasco	19	2025-06-18 15:49:05.568244	2025-06-18 15:49:05.568244
1169	173	1	1	Piura	20	2025-06-18 15:49:05.568244	2025-06-18 15:49:05.568244
1170	173	1	1	Puno	21	2025-06-18 15:49:05.568244	2025-06-18 15:49:05.568244
1171	173	1	1	San Martín	22	2025-06-18 15:49:05.568244	2025-06-18 15:49:05.568244
1172	173	1	1	Tacna	23	2025-06-18 15:49:05.568244	2025-06-18 15:49:05.568244
1173	173	1	1	Tumbes	24	2025-06-18 15:49:05.568244	2025-06-18 15:49:05.568244
1174	173	1	1	Ucayali	25	2025-06-18 15:49:05.568244	2025-06-18 15:49:05.568244
1175	46	1	1	Tarapacá	01	2025-06-18 15:49:05.568244	2025-06-18 15:49:05.568244
1176	46	1	1	Antofagasta	02	2025-06-18 15:49:05.568244	2025-06-18 15:49:05.568244
1177	46	1	1	Atacama	03	2025-06-18 15:49:05.568244	2025-06-18 15:49:05.568244
1178	46	1	1	Coquimbo	04	2025-06-18 15:49:05.568244	2025-06-18 15:49:05.568244
1179	46	1	1	Valparaíso	05	2025-06-18 15:49:05.568244	2025-06-18 15:49:05.568244
1180	46	1	1	del Libertador Gral. Bernardo O'Higgins	06	2025-06-18 15:49:05.568244	2025-06-18 15:49:05.568244
1181	46	1	1	del Maule	07	2025-06-18 15:49:05.568244	2025-06-18 15:49:05.568244
1182	46	1	1	del BíoBio	08	2025-06-18 15:49:05.568244	2025-06-18 15:49:05.568244
1183	46	1	1	de la Araucania	09	2025-06-18 15:49:05.568244	2025-06-18 15:49:05.568244
1184	46	1	1	de los Lagos	10	2025-06-18 15:49:05.568244	2025-06-18 15:49:05.568244
1185	46	1	1	Aysén del Gral. Carlos Ibáñez del Campo	11	2025-06-18 15:49:05.568244	2025-06-18 15:49:05.568244
1186	46	1	1	Magallanes	12	2025-06-18 15:49:05.568244	2025-06-18 15:49:05.568244
1187	46	1	1	Metropolitana	13	2025-06-18 15:49:05.568244	2025-06-18 15:49:05.568244
1188	46	1	1	Los Ríos	14	2025-06-18 15:49:05.568244	2025-06-18 15:49:05.568244
1189	46	1	1	Arica y Parinacota	15	2025-06-18 15:49:05.568244	2025-06-18 15:49:05.568244
1190	46	1	1	del Ñuble	16	2025-06-18 15:49:05.568244	2025-06-18 15:49:05.568244
1191	64	1	1	Harjumaa	EE-37	2025-06-18 15:49:05.568244	2025-06-18 15:49:05.568244
1192	64	1	1	Hiiumaa	EE-39	2025-06-18 15:49:05.568244	2025-06-18 15:49:05.568244
1193	64	1	1	Ida-Virumaa	EE-44	2025-06-18 15:49:05.568244	2025-06-18 15:49:05.568244
1194	64	1	1	Jõgevamaa	EE-49	2025-06-18 15:49:05.568244	2025-06-18 15:49:05.568244
1195	64	1	1	Järvamaa	EE-51	2025-06-18 15:49:05.568244	2025-06-18 15:49:05.568244
1196	64	1	1	Läänemaa	EE-57	2025-06-18 15:49:05.568244	2025-06-18 15:49:05.568244
1197	64	1	1	Lääne-Virumaa	EE-59	2025-06-18 15:49:05.568244	2025-06-18 15:49:05.568244
1198	64	1	1	Põlvamaa	EE-65	2025-06-18 15:49:05.568244	2025-06-18 15:49:05.568244
1199	64	1	1	Pärnumaa	EE-67	2025-06-18 15:49:05.568244	2025-06-18 15:49:05.568244
1200	64	1	1	Raplamaa	EE-70	2025-06-18 15:49:05.568244	2025-06-18 15:49:05.568244
1201	64	1	1	Saaremaa	EE-74	2025-06-18 15:49:05.568244	2025-06-18 15:49:05.568244
1202	64	1	1	Tartumaa	EE-78	2025-06-18 15:49:05.568244	2025-06-18 15:49:05.568244
1203	64	1	1	Valgamaa	EE-82	2025-06-18 15:49:05.568244	2025-06-18 15:49:05.568244
1204	64	1	1	Viljandimaa	EE-84	2025-06-18 15:49:05.568244	2025-06-18 15:49:05.568244
1205	64	1	1	Võrumaa	EE-86	2025-06-18 15:49:05.568244	2025-06-18 15:49:05.568244
1206	134	1	1	Aglonas novads	LV-001	2025-06-18 15:49:05.568244	2025-06-18 15:49:05.568244
1207	134	1	1	Aizkraukles novads	LV-002	2025-06-18 15:49:05.568244	2025-06-18 15:49:05.568244
1208	134	1	1	Aizputes novads	LV-003	2025-06-18 15:49:05.568244	2025-06-18 15:49:05.568244
1209	134	1	1	Aknīstes novads	LV-004	2025-06-18 15:49:05.568244	2025-06-18 15:49:05.568244
1210	134	1	1	Alojas novads	LV-005	2025-06-18 15:49:05.568244	2025-06-18 15:49:05.568244
1211	134	1	1	Alsungas novads	LV-006	2025-06-18 15:49:05.568244	2025-06-18 15:49:05.568244
1212	134	1	1	Alūksnes novads	LV-007	2025-06-18 15:49:05.568244	2025-06-18 15:49:05.568244
1213	134	1	1	Amatas novads	LV-008	2025-06-18 15:49:05.568244	2025-06-18 15:49:05.568244
1214	134	1	1	Apes novads	LV-009	2025-06-18 15:49:05.568244	2025-06-18 15:49:05.568244
1215	134	1	1	Auces novads	LV-010	2025-06-18 15:49:05.568244	2025-06-18 15:49:05.568244
1216	134	1	1	Ādažu novads	LV-011	2025-06-18 15:49:05.568244	2025-06-18 15:49:05.568244
1217	134	1	1	Babītes novads	LV-012	2025-06-18 15:49:05.568244	2025-06-18 15:49:05.568244
1218	134	1	1	Baldones novads	LV-013	2025-06-18 15:49:05.568244	2025-06-18 15:49:05.568244
1219	134	1	1	Baltinavas novads	LV-014	2025-06-18 15:49:05.568244	2025-06-18 15:49:05.568244
1220	134	1	1	Balvu novads	LV-015	2025-06-18 15:49:05.568244	2025-06-18 15:49:05.568244
1221	134	1	1	Bauskas novads	LV-016	2025-06-18 15:49:05.568244	2025-06-18 15:49:05.568244
1222	134	1	1	Beverīnas novads	LV-017	2025-06-18 15:49:05.568244	2025-06-18 15:49:05.568244
1223	134	1	1	Brocēnu novads	LV-018	2025-06-18 15:49:05.568244	2025-06-18 15:49:05.568244
1224	134	1	1	Burtnieku novads	LV-019	2025-06-18 15:49:05.568244	2025-06-18 15:49:05.568244
1225	134	1	1	Carnikavas novads	LV-020	2025-06-18 15:49:05.568244	2025-06-18 15:49:05.568244
1226	134	1	1	Cesvaines novads	LV-021	2025-06-18 15:49:05.568244	2025-06-18 15:49:05.568244
1227	134	1	1	Cēsu novads	LV-022	2025-06-18 15:49:05.568244	2025-06-18 15:49:05.568244
1228	134	1	1	Ciblas novads	LV-023	2025-06-18 15:49:05.568244	2025-06-18 15:49:05.568244
1229	134	1	1	Dagdas novads	LV-024	2025-06-18 15:49:05.568244	2025-06-18 15:49:05.568244
1230	134	1	1	Daugavpils novads	LV-025	2025-06-18 15:49:05.568244	2025-06-18 15:49:05.568244
1231	134	1	1	Dobeles novads	LV-026	2025-06-18 15:49:05.568244	2025-06-18 15:49:05.568244
1232	134	1	1	Dundagas novads	LV-027	2025-06-18 15:49:05.568244	2025-06-18 15:49:05.568244
1233	134	1	1	Durbes novads	LV-028	2025-06-18 15:49:05.568244	2025-06-18 15:49:05.568244
1234	134	1	1	Engures novads	LV-029	2025-06-18 15:49:05.568244	2025-06-18 15:49:05.568244
1235	134	1	1	Ērgļu novads	LV-030	2025-06-18 15:49:05.568244	2025-06-18 15:49:05.568244
1236	134	1	1	Garkalnes novads	LV-031	2025-06-18 15:49:05.568244	2025-06-18 15:49:05.568244
1237	134	1	1	Grobiņas novads	LV-032	2025-06-18 15:49:05.568244	2025-06-18 15:49:05.568244
1238	134	1	1	Gulbenes novads	LV-033	2025-06-18 15:49:05.568244	2025-06-18 15:49:05.568244
1239	134	1	1	Iecavas novads	LV-034	2025-06-18 15:49:05.568244	2025-06-18 15:49:05.568244
1240	134	1	1	Ikšķiles novads	LV-035	2025-06-18 15:49:05.568244	2025-06-18 15:49:05.568244
1241	134	1	1	Ilūkstes novads	LV-036	2025-06-18 15:49:05.568244	2025-06-18 15:49:05.568244
1242	134	1	1	Inčukalna novads	LV-037	2025-06-18 15:49:05.568244	2025-06-18 15:49:05.568244
1243	134	1	1	Jaunjelgavas novads	LV-038	2025-06-18 15:49:05.568244	2025-06-18 15:49:05.568244
1244	134	1	1	Jaunpiebalgas novads	LV-039	2025-06-18 15:49:05.568244	2025-06-18 15:49:05.568244
1245	134	1	1	Jaunpils novads	LV-040	2025-06-18 15:49:05.568244	2025-06-18 15:49:05.568244
1246	134	1	1	Jelgavas novads	LV-041	2025-06-18 15:49:05.568244	2025-06-18 15:49:05.568244
1247	134	1	1	Jēkabpils novads	LV-042	2025-06-18 15:49:05.568244	2025-06-18 15:49:05.568244
1248	134	1	1	Kandavas novads	LV-043	2025-06-18 15:49:05.568244	2025-06-18 15:49:05.568244
1249	134	1	1	Kārsavas novads	LV-044	2025-06-18 15:49:05.568244	2025-06-18 15:49:05.568244
1250	134	1	1	Kocēnu novads	LV-045	2025-06-18 15:49:05.568244	2025-06-18 15:49:05.568244
1251	134	1	1	Kokneses novads	LV-046	2025-06-18 15:49:05.568244	2025-06-18 15:49:05.568244
1252	134	1	1	Krāslavas novads	LV-047	2025-06-18 15:49:05.568244	2025-06-18 15:49:05.568244
1253	134	1	1	Krimuldas novads	LV-048	2025-06-18 15:49:05.568244	2025-06-18 15:49:05.568244
1254	134	1	1	Krustpils novads	LV-049	2025-06-18 15:49:05.568244	2025-06-18 15:49:05.568244
1255	134	1	1	Kuldīgas novads	LV-050	2025-06-18 15:49:05.568244	2025-06-18 15:49:05.568244
1256	134	1	1	Ķeguma novads	LV-051	2025-06-18 15:49:05.568244	2025-06-18 15:49:05.568244
1257	134	1	1	Ķekavas novads	LV-052	2025-06-18 15:49:05.568244	2025-06-18 15:49:05.568244
1258	134	1	1	Lielvārdes novads	LV-053	2025-06-18 15:49:05.568244	2025-06-18 15:49:05.568244
1259	134	1	1	Limbažu novads	LV-054	2025-06-18 15:49:05.568244	2025-06-18 15:49:05.568244
1260	134	1	1	Līgatnes novads	LV-055	2025-06-18 15:49:05.568244	2025-06-18 15:49:05.568244
1261	134	1	1	Līvānu novads	LV-056	2025-06-18 15:49:05.568244	2025-06-18 15:49:05.568244
1262	134	1	1	Lubānas novads	LV-057	2025-06-18 15:49:05.568244	2025-06-18 15:49:05.568244
1263	134	1	1	Ludzas novads	LV-058	2025-06-18 15:49:05.568244	2025-06-18 15:49:05.568244
1264	134	1	1	Madonas novads	LV-059	2025-06-18 15:49:05.568244	2025-06-18 15:49:05.568244
1265	134	1	1	Mazsalacas novads	LV-060	2025-06-18 15:49:05.568244	2025-06-18 15:49:05.568244
1266	134	1	1	Mālpils novads	LV-061	2025-06-18 15:49:05.568244	2025-06-18 15:49:05.568244
1267	134	1	1	Mārupes novads	LV-062	2025-06-18 15:49:05.568244	2025-06-18 15:49:05.568244
1268	134	1	1	Mērsraga novads	LV-063	2025-06-18 15:49:05.568244	2025-06-18 15:49:05.568244
1269	134	1	1	Naukšēnu novads	LV-064	2025-06-18 15:49:05.568244	2025-06-18 15:49:05.568244
1270	134	1	1	Neretas novads	LV-065	2025-06-18 15:49:05.568244	2025-06-18 15:49:05.568244
1271	134	1	1	Nīcas novads	LV-066	2025-06-18 15:49:05.568244	2025-06-18 15:49:05.568244
1272	134	1	1	Ogres novads	LV-067	2025-06-18 15:49:05.568244	2025-06-18 15:49:05.568244
1273	134	1	1	Olaines novads	LV-068	2025-06-18 15:49:05.568244	2025-06-18 15:49:05.568244
1274	134	1	1	Ozolnieku novads	LV-069	2025-06-18 15:49:05.568244	2025-06-18 15:49:05.568244
1275	134	1	1	Pārgaujas novads	LV-070	2025-06-18 15:49:05.568244	2025-06-18 15:49:05.568244
1276	134	1	1	Pāvilostas novads	LV-071	2025-06-18 15:49:05.568244	2025-06-18 15:49:05.568244
1277	134	1	1	Pļaviņu novads	LV-072	2025-06-18 15:49:05.568244	2025-06-18 15:49:05.568244
1278	134	1	1	Preiļu novads	LV-073	2025-06-18 15:49:05.568244	2025-06-18 15:49:05.568244
1279	134	1	1	Priekules novads	LV-074	2025-06-18 15:49:05.568244	2025-06-18 15:49:05.568244
1280	134	1	1	Priekuļu novads	LV-075	2025-06-18 15:49:05.568244	2025-06-18 15:49:05.568244
1281	134	1	1	Raunas novads	LV-076	2025-06-18 15:49:05.568244	2025-06-18 15:49:05.568244
1282	134	1	1	Rēzeknes novads	LV-077	2025-06-18 15:49:05.568244	2025-06-18 15:49:05.568244
1283	134	1	1	Riebiņu novads	LV-078	2025-06-18 15:49:05.568244	2025-06-18 15:49:05.568244
1284	134	1	1	Rojas novads	LV-079	2025-06-18 15:49:05.568244	2025-06-18 15:49:05.568244
1285	134	1	1	Ropažu novads	LV-080	2025-06-18 15:49:05.568244	2025-06-18 15:49:05.568244
1286	134	1	1	Rucavas novads	LV-081	2025-06-18 15:49:05.568244	2025-06-18 15:49:05.568244
1287	134	1	1	Rugāju novads	LV-082	2025-06-18 15:49:05.568244	2025-06-18 15:49:05.568244
1288	134	1	1	Rundāles novads	LV-083	2025-06-18 15:49:05.568244	2025-06-18 15:49:05.568244
1289	134	1	1	Rūjienas novads	LV-084	2025-06-18 15:49:05.568244	2025-06-18 15:49:05.568244
1290	134	1	1	Salas novads	LV-085	2025-06-18 15:49:05.568244	2025-06-18 15:49:05.568244
1291	134	1	1	Salacgrīvas novads	LV-086	2025-06-18 15:49:05.568244	2025-06-18 15:49:05.568244
1292	134	1	1	Salaspils novads	LV-087	2025-06-18 15:49:05.568244	2025-06-18 15:49:05.568244
1293	134	1	1	Saldus novads	LV-088	2025-06-18 15:49:05.568244	2025-06-18 15:49:05.568244
1294	134	1	1	Saulkrastu novads	LV-089	2025-06-18 15:49:05.568244	2025-06-18 15:49:05.568244
1295	134	1	1	Sējas novads	LV-090	2025-06-18 15:49:05.568244	2025-06-18 15:49:05.568244
1296	134	1	1	Siguldas novads	LV-091	2025-06-18 15:49:05.568244	2025-06-18 15:49:05.568244
1297	134	1	1	Skrīveru novads	LV-092	2025-06-18 15:49:05.568244	2025-06-18 15:49:05.568244
1298	134	1	1	Skrundas novads	LV-093	2025-06-18 15:49:05.568244	2025-06-18 15:49:05.568244
1299	134	1	1	Smiltenes novads	LV-094	2025-06-18 15:49:05.568244	2025-06-18 15:49:05.568244
1300	134	1	1	Stopiņu novads	LV-095	2025-06-18 15:49:05.568244	2025-06-18 15:49:05.568244
1301	134	1	1	Strenču novads	LV-096	2025-06-18 15:49:05.568244	2025-06-18 15:49:05.568244
1302	134	1	1	Talsu novads	LV-097	2025-06-18 15:49:05.568244	2025-06-18 15:49:05.568244
1303	134	1	1	Tērvetes novads	LV-098	2025-06-18 15:49:05.568244	2025-06-18 15:49:05.568244
1304	134	1	1	Tukuma novads	LV-099	2025-06-18 15:49:05.568244	2025-06-18 15:49:05.568244
1305	134	1	1	Vaiņodes novads	LV-100	2025-06-18 15:49:05.568244	2025-06-18 15:49:05.568244
1306	134	1	1	Valkas novads	LV-101	2025-06-18 15:49:05.568244	2025-06-18 15:49:05.568244
1307	134	1	1	Varakļānu novads	LV-102	2025-06-18 15:49:05.568244	2025-06-18 15:49:05.568244
1308	134	1	1	Vārkavas novads	LV-103	2025-06-18 15:49:05.568244	2025-06-18 15:49:05.568244
1309	134	1	1	Vecpiebalgas novads	LV-104	2025-06-18 15:49:05.568244	2025-06-18 15:49:05.568244
1310	134	1	1	Vecumnieku novads	LV-105	2025-06-18 15:49:05.568244	2025-06-18 15:49:05.568244
1311	134	1	1	Ventspils novads	LV-106	2025-06-18 15:49:05.568244	2025-06-18 15:49:05.568244
1312	134	1	1	Viesītes novads	LV-107	2025-06-18 15:49:05.568244	2025-06-18 15:49:05.568244
1313	134	1	1	Viļakas novads	LV-108	2025-06-18 15:49:05.568244	2025-06-18 15:49:05.568244
1314	134	1	1	Viļānu novads	LV-109	2025-06-18 15:49:05.568244	2025-06-18 15:49:05.568244
1315	134	1	1	Zilupes novads	LV-110	2025-06-18 15:49:05.568244	2025-06-18 15:49:05.568244
1316	134	1	1	Daugavpils	LV-DGV	2025-06-18 15:49:05.568244	2025-06-18 15:49:05.568244
1317	134	1	1	Jelgava	LV-JEL	2025-06-18 15:49:05.568244	2025-06-18 15:49:05.568244
1318	134	1	1	Jēkabpils	LV-JKB	2025-06-18 15:49:05.568244	2025-06-18 15:49:05.568244
1319	134	1	1	Jūrmala	LV-JUR	2025-06-18 15:49:05.568244	2025-06-18 15:49:05.568244
1320	134	1	1	Liepāja	LV-LPX	2025-06-18 15:49:05.568244	2025-06-18 15:49:05.568244
1321	134	1	1	Rēzekne	LV-REZ	2025-06-18 15:49:05.568244	2025-06-18 15:49:05.568244
1322	134	1	1	Rīga	LV-RIX	2025-06-18 15:49:05.568244	2025-06-18 15:49:05.568244
1323	134	1	1	Valmiera	LV-VMR	2025-06-18 15:49:05.568244	2025-06-18 15:49:05.568244
1324	134	1	1	Ventspils	LV-VEN	2025-06-18 15:49:05.568244	2025-06-18 15:49:05.568244
1325	132	1	1	Alytaus apskritis	LT-AL	2025-06-18 15:49:05.568244	2025-06-18 15:49:05.568244
1326	132	1	1	Kauno apskritis	LT-KU	2025-06-18 15:49:05.568244	2025-06-18 15:49:05.568244
1327	132	1	1	Klaipėdos apskritis	LT-KL	2025-06-18 15:49:05.568244	2025-06-18 15:49:05.568244
1328	132	1	1	Marijampolės apskritis	LT-MR	2025-06-18 15:49:05.568244	2025-06-18 15:49:05.568244
1329	132	1	1	Panevėžio apskritis	LT-PN	2025-06-18 15:49:05.568244	2025-06-18 15:49:05.568244
1330	132	1	1	Šiaulių apskritis	LT-SA	2025-06-18 15:49:05.568244	2025-06-18 15:49:05.568244
1331	132	1	1	Tauragės apskritis	LT-TA	2025-06-18 15:49:05.568244	2025-06-18 15:49:05.568244
1332	132	1	1	Telšių apskritis	LT-TE	2025-06-18 15:49:05.568244	2025-06-18 15:49:05.568244
1333	132	1	1	Utenos apskritis	LT-UT	2025-06-18 15:49:05.568244	2025-06-18 15:49:05.568244
1334	132	1	1	Vilniaus apskritis	LT-VL	2025-06-18 15:49:05.568244	2025-06-18 15:49:05.568244
1335	70	1	1	Ahvenanmaa	FI-01	2025-06-18 15:49:05.568244	2025-06-18 15:49:05.568244
1336	70	1	1	Etelä-Karjala	FI-02	2025-06-18 15:49:05.568244	2025-06-18 15:49:05.568244
1337	70	1	1	Etelä-Pohjanmaa	FI-03	2025-06-18 15:49:05.568244	2025-06-18 15:49:05.568244
1338	70	1	1	Etelä-Savo	FI-04	2025-06-18 15:49:05.568244	2025-06-18 15:49:05.568244
1339	70	1	1	Kainuu	FI-05	2025-06-18 15:49:05.568244	2025-06-18 15:49:05.568244
1340	70	1	1	Kanta-Häme	FI-06	2025-06-18 15:49:05.568244	2025-06-18 15:49:05.568244
1341	70	1	1	Keski-Pohjanmaa	FI-07	2025-06-18 15:49:05.568244	2025-06-18 15:49:05.568244
1342	70	1	1	Keski-Suomi	FI-08	2025-06-18 15:49:05.568244	2025-06-18 15:49:05.568244
1343	70	1	1	Kymenlaakso	FI-09	2025-06-18 15:49:05.568244	2025-06-18 15:49:05.568244
1344	70	1	1	Lappi	FI-10	2025-06-18 15:49:05.568244	2025-06-18 15:49:05.568244
1345	70	1	1	Pirkanmaa	FI-11	2025-06-18 15:49:05.568244	2025-06-18 15:49:05.568244
1346	70	1	1	Pohjanmaa	FI-12	2025-06-18 15:49:05.568244	2025-06-18 15:49:05.568244
1347	70	1	1	Pohjois-Karjala	FI-13	2025-06-18 15:49:05.568244	2025-06-18 15:49:05.568244
1348	70	1	1	Pohjois-Pohjanmaa	FI-14	2025-06-18 15:49:05.568244	2025-06-18 15:49:05.568244
1349	70	1	1	Pohjois-Savo	FI-15	2025-06-18 15:49:05.568244	2025-06-18 15:49:05.568244
1350	70	1	1	Päijät-Häme	FI-16	2025-06-18 15:49:05.568244	2025-06-18 15:49:05.568244
1351	70	1	1	Satakunta	FI-17	2025-06-18 15:49:05.568244	2025-06-18 15:49:05.568244
1352	70	1	1	Uusimaa	FI-18	2025-06-18 15:49:05.568244	2025-06-18 15:49:05.568244
1353	70	1	1	Varsinais-Suomi	FI-19	2025-06-18 15:49:05.568244	2025-06-18 15:49:05.568244
1354	196	1	1	Blekinge län	SE-K	2025-06-18 15:49:05.568244	2025-06-18 15:49:05.568244
1355	196	1	1	Dalarnas län	SE-W	2025-06-18 15:49:05.568244	2025-06-18 15:49:05.568244
1356	196	1	1	Gotlands län	SE-I	2025-06-18 15:49:05.568244	2025-06-18 15:49:05.568244
1357	196	1	1	Gävleborgs län	SE-X	2025-06-18 15:49:05.568244	2025-06-18 15:49:05.568244
1358	196	1	1	Hallands län	SE-N	2025-06-18 15:49:05.568244	2025-06-18 15:49:05.568244
1359	196	1	1	Jämtlands län	SE-Z	2025-06-18 15:49:05.568244	2025-06-18 15:49:05.568244
1360	196	1	1	Jönköpings län	SE-F	2025-06-18 15:49:05.568244	2025-06-18 15:49:05.568244
1361	196	1	1	Kalmar län	SE-H	2025-06-18 15:49:05.568244	2025-06-18 15:49:05.568244
1362	196	1	1	Kronobergs län	SE-G	2025-06-18 15:49:05.568244	2025-06-18 15:49:05.568244
1363	196	1	1	Norrbottens län	SE-BD	2025-06-18 15:49:05.568244	2025-06-18 15:49:05.568244
1364	196	1	1	Skåne län	SE-M	2025-06-18 15:49:05.568244	2025-06-18 15:49:05.568244
1365	196	1	1	Stockholms län	SE-AB	2025-06-18 15:49:05.568244	2025-06-18 15:49:05.568244
1366	196	1	1	Södermanlands län	SE-D	2025-06-18 15:49:05.568244	2025-06-18 15:49:05.568244
1367	196	1	1	Uppsala län	SE-C	2025-06-18 15:49:05.568244	2025-06-18 15:49:05.568244
1368	196	1	1	Värmlands län	SE-S	2025-06-18 15:49:05.568244	2025-06-18 15:49:05.568244
1369	196	1	1	Västerbottens län	SE-AC	2025-06-18 15:49:05.568244	2025-06-18 15:49:05.568244
1370	196	1	1	Västernorrlands län	SE-Y	2025-06-18 15:49:05.568244	2025-06-18 15:49:05.568244
1371	196	1	1	Västmanlands län	SE-U	2025-06-18 15:49:05.568244	2025-06-18 15:49:05.568244
1372	196	1	1	Västra Götalands län	SE-O	2025-06-18 15:49:05.568244	2025-06-18 15:49:05.568244
1373	196	1	1	Örebro län	SE-T	2025-06-18 15:49:05.568244	2025-06-18 15:49:05.568244
1374	196	1	1	Östergötlands län	SE-E	2025-06-18 15:49:05.568244	2025-06-18 15:49:05.568244
1375	166	1	1	Agder	NO-42	2025-06-18 15:49:05.568244	2025-06-18 15:49:05.568244
1376	166	1	1	Innlandet	NO-34	2025-06-18 15:49:05.568244	2025-06-18 15:49:05.568244
1377	166	1	1	Møre og Romsdal	NO-15	2025-06-18 15:49:05.568244	2025-06-18 15:49:05.568244
1378	166	1	1	Nordland	NO-18	2025-06-18 15:49:05.568244	2025-06-18 15:49:05.568244
1379	166	1	1	Oslo	NO-03	2025-06-18 15:49:05.568244	2025-06-18 15:49:05.568244
1380	166	1	1	Rogaland	NO-11	2025-06-18 15:49:05.568244	2025-06-18 15:49:05.568244
1381	166	1	1	Troms og Finnmark / Romsa ja Finnmárku	NO-54	2025-06-18 15:49:05.568244	2025-06-18 15:49:05.568244
1382	166	1	1	Trøndelag	NO-50	2025-06-18 15:49:05.568244	2025-06-18 15:49:05.568244
1383	166	1	1	Vestfold og Telemark	NO-38	2025-06-18 15:49:05.568244	2025-06-18 15:49:05.568244
1384	166	1	1	Vestland	NO-46	2025-06-18 15:49:05.568244	2025-06-18 15:49:05.568244
1385	166	1	1	Viken	NO-30	2025-06-18 15:49:05.568244	2025-06-18 15:49:05.568244
1386	166	1	1	Jan Mayen	NO-22	2025-06-18 15:49:05.568244	2025-06-18 15:49:05.568244
1387	166	1	1	Svalbard	NO-21	2025-06-18 15:49:05.568244	2025-06-18 15:49:05.568244
1388	57	1	1	Baden-Württemberg	DE-BW	2025-06-18 15:49:05.568244	2025-06-18 15:49:05.568244
1389	57	1	1	Bayern	DE-BY	2025-06-18 15:49:05.568244	2025-06-18 15:49:05.568244
1390	57	1	1	Berlin	DE-BE	2025-06-18 15:49:05.568244	2025-06-18 15:49:05.568244
1391	57	1	1	Brandenburg	DE-BB	2025-06-18 15:49:05.568244	2025-06-18 15:49:05.568244
1392	57	1	1	Bremen	DE-HB	2025-06-18 15:49:05.568244	2025-06-18 15:49:05.568244
1393	57	1	1	Hamburg	DE-HH	2025-06-18 15:49:05.568244	2025-06-18 15:49:05.568244
1394	57	1	1	Hessen	DE-HE	2025-06-18 15:49:05.568244	2025-06-18 15:49:05.568244
1395	57	1	1	Mecklenburg-Vorpommern	DE-MV	2025-06-18 15:49:05.568244	2025-06-18 15:49:05.568244
1396	57	1	1	Niedersachsen	DE-NI	2025-06-18 15:49:05.568244	2025-06-18 15:49:05.568244
1397	57	1	1	Nordrhein-Westfalen	DE-NW	2025-06-18 15:49:05.568244	2025-06-18 15:49:05.568244
1398	57	1	1	Rheinland-Pfalz	DE-RP	2025-06-18 15:49:05.568244	2025-06-18 15:49:05.568244
1399	57	1	1	Saarland	DE-SL	2025-06-18 15:49:05.568244	2025-06-18 15:49:05.568244
1400	57	1	1	Sachsen	DE-SN	2025-06-18 15:49:05.568244	2025-06-18 15:49:05.568244
1401	57	1	1	Sachsen-Anhalt	DE-ST	2025-06-18 15:49:05.568244	2025-06-18 15:49:05.568244
1402	57	1	1	Schleswig-Holstein	DE-SH	2025-06-18 15:49:05.568244	2025-06-18 15:49:05.568244
1403	57	1	1	Thüringen	DE-TH	2025-06-18 15:49:05.568244	2025-06-18 15:49:05.568244
1404	63	1	1	Azuay	01	2025-06-18 15:49:05.568244	2025-06-18 15:49:05.568244
1405	63	1	1	Bolivar	02	2025-06-18 15:49:05.568244	2025-06-18 15:49:05.568244
1406	63	1	1	Canar	03	2025-06-18 15:49:05.568244	2025-06-18 15:49:05.568244
1407	63	1	1	Carchi	04	2025-06-18 15:49:05.568244	2025-06-18 15:49:05.568244
1408	63	1	1	Cotopaxi	05	2025-06-18 15:49:05.568244	2025-06-18 15:49:05.568244
1409	63	1	1	Chimborazo	06	2025-06-18 15:49:05.568244	2025-06-18 15:49:05.568244
1410	63	1	1	El Oro	07	2025-06-18 15:49:05.568244	2025-06-18 15:49:05.568244
1411	63	1	1	Esmeraldas	08	2025-06-18 15:49:05.568244	2025-06-18 15:49:05.568244
1412	63	1	1	Guayas	09	2025-06-18 15:49:05.568244	2025-06-18 15:49:05.568244
1413	63	1	1	Imbabura	10	2025-06-18 15:49:05.568244	2025-06-18 15:49:05.568244
1414	63	1	1	Loja	11	2025-06-18 15:49:05.568244	2025-06-18 15:49:05.568244
1415	63	1	1	Los Rios	12	2025-06-18 15:49:05.568244	2025-06-18 15:49:05.568244
1416	63	1	1	Manabi	13	2025-06-18 15:49:05.568244	2025-06-18 15:49:05.568244
1417	63	1	1	Morona Santiago	14	2025-06-18 15:49:05.568244	2025-06-18 15:49:05.568244
1418	63	1	1	Napo	15	2025-06-18 15:49:05.568244	2025-06-18 15:49:05.568244
1419	63	1	1	Pastaza	16	2025-06-18 15:49:05.568244	2025-06-18 15:49:05.568244
1420	63	1	1	Pichincha	17	2025-06-18 15:49:05.568244	2025-06-18 15:49:05.568244
1421	63	1	1	Tungurahua	18	2025-06-18 15:49:05.568244	2025-06-18 15:49:05.568244
1422	63	1	1	Zamora Chinchipe	19	2025-06-18 15:49:05.568244	2025-06-18 15:49:05.568244
1423	63	1	1	Galapagos	20	2025-06-18 15:49:05.568244	2025-06-18 15:49:05.568244
1424	63	1	1	Sucumbios	21	2025-06-18 15:49:05.568244	2025-06-18 15:49:05.568244
1425	63	1	1	Orellana	22	2025-06-18 15:49:05.568244	2025-06-18 15:49:05.568244
1426	63	1	1	Santo Domingo de los Tsachilas	23	2025-06-18 15:49:05.568244	2025-06-18 15:49:05.568244
1427	63	1	1	Santa Elena	24	2025-06-18 15:49:05.568244	2025-06-18 15:49:05.568244
1428	43	1	1	Zürich	ZH	2025-06-18 15:49:05.568244	2025-06-18 15:49:05.568244
1429	43	1	1	Zurigo	ZH-IT	2025-06-18 15:49:05.568244	2025-06-18 15:49:05.568244
1430	43	1	1	Zurich	ZH-FR	2025-06-18 15:49:05.568244	2025-06-18 15:49:05.568244
1431	43	1	1	Bern	BE	2025-06-18 15:49:05.568244	2025-06-18 15:49:05.568244
1432	43	1	1	Berna	BE-IT	2025-06-18 15:49:05.568244	2025-06-18 15:49:05.568244
1433	43	1	1	Berne	BE-FR	2025-06-18 15:49:05.568244	2025-06-18 15:49:05.568244
1434	43	1	1	Luzern	LU	2025-06-18 15:49:05.568244	2025-06-18 15:49:05.568244
1435	43	1	1	Lucerna	LU-IT	2025-06-18 15:49:05.568244	2025-06-18 15:49:05.568244
1436	43	1	1	Lucerne	LU-FR	2025-06-18 15:49:05.568244	2025-06-18 15:49:05.568244
1437	43	1	1	Uri	UR	2025-06-18 15:49:05.568244	2025-06-18 15:49:05.568244
1438	43	1	1	Schwyz	SZ	2025-06-18 15:49:05.568244	2025-06-18 15:49:05.568244
1439	43	1	1	Svitto	SZ-IT	2025-06-18 15:49:05.568244	2025-06-18 15:49:05.568244
1440	43	1	1	Obwalden	OW	2025-06-18 15:49:05.568244	2025-06-18 15:49:05.568244
1441	43	1	1	Obvaldo	OW-IT	2025-06-18 15:49:05.568244	2025-06-18 15:49:05.568244
1442	43	1	1	Obwald	OW-FR	2025-06-18 15:49:05.568244	2025-06-18 15:49:05.568244
1443	43	1	1	Nidwalden	NW	2025-06-18 15:49:05.568244	2025-06-18 15:49:05.568244
1444	43	1	1	Nidvaldo	NW-IT	2025-06-18 15:49:05.568244	2025-06-18 15:49:05.568244
1445	43	1	1	Nidwald	NW-FR	2025-06-18 15:49:05.568244	2025-06-18 15:49:05.568244
1446	43	1	1	Glarus	GL	2025-06-18 15:49:05.568244	2025-06-18 15:49:05.568244
1447	43	1	1	Glanora	GL-IT	2025-06-18 15:49:05.568244	2025-06-18 15:49:05.568244
1448	43	1	1	Glaris	GL-FR	2025-06-18 15:49:05.568244	2025-06-18 15:49:05.568244
1449	43	1	1	Zug	ZG	2025-06-18 15:49:05.568244	2025-06-18 15:49:05.568244
1450	43	1	1	Zugo	ZG-IT	2025-06-18 15:49:05.568244	2025-06-18 15:49:05.568244
1451	43	1	1	Zoug	ZG-FR	2025-06-18 15:49:05.568244	2025-06-18 15:49:05.568244
1452	43	1	1	Freiburg	FR	2025-06-18 15:49:05.568244	2025-06-18 15:49:05.568244
1453	43	1	1	Friburgo	FR-IT	2025-06-18 15:49:05.568244	2025-06-18 15:49:05.568244
1454	43	1	1	Fribourg	FR-FR	2025-06-18 15:49:05.568244	2025-06-18 15:49:05.568244
1455	43	1	1	Solothurn	SO	2025-06-18 15:49:05.568244	2025-06-18 15:49:05.568244
1456	43	1	1	Soletta	SO-IT	2025-06-18 15:49:05.568244	2025-06-18 15:49:05.568244
1457	43	1	1	Soleure	SO-FR	2025-06-18 15:49:05.568244	2025-06-18 15:49:05.568244
1458	43	1	1	Basel-Stadt	BS	2025-06-18 15:49:05.568244	2025-06-18 15:49:05.568244
1459	43	1	1	Basilea-Città	BS-IT	2025-06-18 15:49:05.568244	2025-06-18 15:49:05.568244
1460	43	1	1	Bâle-Ville	BS-FR	2025-06-18 15:49:05.568244	2025-06-18 15:49:05.568244
1461	43	1	1	Basel-Landschaft	BL	2025-06-18 15:49:05.568244	2025-06-18 15:49:05.568244
1462	43	1	1	Basilea-Campagna	BL-IT	2025-06-18 15:49:05.568244	2025-06-18 15:49:05.568244
1463	43	1	1	Bâle-Campagne	BL-FR	2025-06-18 15:49:05.568244	2025-06-18 15:49:05.568244
1464	43	1	1	Schaffhausen	SH	2025-06-18 15:49:05.568244	2025-06-18 15:49:05.568244
1465	43	1	1	Sciaffusa	SH-IT	2025-06-18 15:49:05.568244	2025-06-18 15:49:05.568244
1466	43	1	1	Schaffhouse	SH-FR	2025-06-18 15:49:05.568244	2025-06-18 15:49:05.568244
1467	43	1	1	Appenzell Ausserrhoden	AR	2025-06-18 15:49:05.568244	2025-06-18 15:49:05.568244
1468	43	1	1	Appenzello Esterno	AR-IT	2025-06-18 15:49:05.568244	2025-06-18 15:49:05.568244
1469	43	1	1	Appenzell Rhodes-Extérieures	AR-FR	2025-06-18 15:49:05.568244	2025-06-18 15:49:05.568244
1470	43	1	1	Appenzell Innerrhoden	AI	2025-06-18 15:49:05.568244	2025-06-18 15:49:05.568244
1471	43	1	1	Appenzello Interno	AI-IT	2025-06-18 15:49:05.568244	2025-06-18 15:49:05.568244
1472	43	1	1	Appenzell Rhodes-Intérieures	AI-FR	2025-06-18 15:49:05.568244	2025-06-18 15:49:05.568244
1473	43	1	1	St. Gallen	SG	2025-06-18 15:49:05.568244	2025-06-18 15:49:05.568244
1474	43	1	1	San Gallo	SG-IT	2025-06-18 15:49:05.568244	2025-06-18 15:49:05.568244
1475	43	1	1	Saint-Gall	SG-FR	2025-06-18 15:49:05.568244	2025-06-18 15:49:05.568244
1476	43	1	1	Graubünden	GR	2025-06-18 15:49:05.568244	2025-06-18 15:49:05.568244
1477	43	1	1	Grigioni	GR-IT	2025-06-18 15:49:05.568244	2025-06-18 15:49:05.568244
1478	43	1	1	Grisons	GR-FR	2025-06-18 15:49:05.568244	2025-06-18 15:49:05.568244
1479	43	1	1	Aargau	AG	2025-06-18 15:49:05.568244	2025-06-18 15:49:05.568244
1480	43	1	1	Argovia	AG-IT	2025-06-18 15:49:05.568244	2025-06-18 15:49:05.568244
1481	43	1	1	Argovie	AG-FR	2025-06-18 15:49:05.568244	2025-06-18 15:49:05.568244
1482	43	1	1	Thurgau	TG	2025-06-18 15:49:05.568244	2025-06-18 15:49:05.568244
1483	43	1	1	Turgovia	TG-IT	2025-06-18 15:49:05.568244	2025-06-18 15:49:05.568244
1484	43	1	1	Thurgovie	TG-FR	2025-06-18 15:49:05.568244	2025-06-18 15:49:05.568244
1485	43	1	1	Tessin	TI	2025-06-18 15:49:05.568244	2025-06-18 15:49:05.568244
1486	43	1	1	Ticino	TI-IT	2025-06-18 15:49:05.568244	2025-06-18 15:49:05.568244
1487	43	1	1	Waadt	VD	2025-06-18 15:49:05.568244	2025-06-18 15:49:05.568244
1488	43	1	1	Vaud	VD-FR	2025-06-18 15:49:05.568244	2025-06-18 15:49:05.568244
1489	43	1	1	Wallis	VS	2025-06-18 15:49:05.568244	2025-06-18 15:49:05.568244
1490	43	1	1	Vallese	VS-IT	2025-06-18 15:49:05.568244	2025-06-18 15:49:05.568244
1491	43	1	1	Valais	VS-FR	2025-06-18 15:49:05.568244	2025-06-18 15:49:05.568244
1492	43	1	1	Neuenburg	NE	2025-06-18 15:49:05.568244	2025-06-18 15:49:05.568244
1493	43	1	1	Neuchâtel	NE-FR	2025-06-18 15:49:05.568244	2025-06-18 15:49:05.568244
1494	43	1	1	Genf	GE	2025-06-18 15:49:05.568244	2025-06-18 15:49:05.568244
1495	43	1	1	Ginevra	GE-IT	2025-06-18 15:49:05.568244	2025-06-18 15:49:05.568244
1496	43	1	1	Genève	GE-FR	2025-06-18 15:49:05.568244	2025-06-18 15:49:05.568244
1497	43	1	1	Jura	JU	2025-06-18 15:49:05.568244	2025-06-18 15:49:05.568244
1498	43	1	1	Giura	JU-IT	2025-06-18 15:49:05.568244	2025-06-18 15:49:05.568244
1499	217	1	1	Bangkok	TH-10	2025-06-18 15:49:05.568244	2025-06-18 15:49:05.568244
1500	217	1	1	Amnat Charoen	TH-37	2025-06-18 15:49:05.568244	2025-06-18 15:49:05.568244
1501	217	1	1	Ang Thong	TH-15	2025-06-18 15:49:05.568244	2025-06-18 15:49:05.568244
1502	217	1	1	Bueng Kan	TH-38	2025-06-18 15:49:05.568244	2025-06-18 15:49:05.568244
1503	217	1	1	Buriram	TH-31	2025-06-18 15:49:05.568244	2025-06-18 15:49:05.568244
1504	217	1	1	Chachoengsao	TH-24	2025-06-18 15:49:05.568244	2025-06-18 15:49:05.568244
1505	217	1	1	Chai Nat	TH-18	2025-06-18 15:49:05.568244	2025-06-18 15:49:05.568244
1506	217	1	1	Chaiyaphum	TH-36	2025-06-18 15:49:05.568244	2025-06-18 15:49:05.568244
1507	217	1	1	Chanthaburi	TH-22	2025-06-18 15:49:05.568244	2025-06-18 15:49:05.568244
1508	217	1	1	Chiang Mai	TH-50	2025-06-18 15:49:05.568244	2025-06-18 15:49:05.568244
1509	217	1	1	Chiang Rai	TH-57	2025-06-18 15:49:05.568244	2025-06-18 15:49:05.568244
1510	217	1	1	Chonburi	TH-20	2025-06-18 15:49:05.568244	2025-06-18 15:49:05.568244
1511	217	1	1	Chumphon	TH-86	2025-06-18 15:49:05.568244	2025-06-18 15:49:05.568244
1512	217	1	1	Kalasin	TH-46	2025-06-18 15:49:05.568244	2025-06-18 15:49:05.568244
1513	217	1	1	Kamphaeng Phet	TH-62	2025-06-18 15:49:05.568244	2025-06-18 15:49:05.568244
1514	217	1	1	Kanchanaburi	TH-71	2025-06-18 15:49:05.568244	2025-06-18 15:49:05.568244
1515	217	1	1	Khon Kaen	TH-40	2025-06-18 15:49:05.568244	2025-06-18 15:49:05.568244
1516	217	1	1	Krabi	TH-81	2025-06-18 15:49:05.568244	2025-06-18 15:49:05.568244
1517	217	1	1	Lampang	TH-52	2025-06-18 15:49:05.568244	2025-06-18 15:49:05.568244
1518	217	1	1	Lamphun	TH-51	2025-06-18 15:49:05.568244	2025-06-18 15:49:05.568244
1519	217	1	1	Loei	TH-42	2025-06-18 15:49:05.568244	2025-06-18 15:49:05.568244
1520	217	1	1	Lopburi	TH-16	2025-06-18 15:49:05.568244	2025-06-18 15:49:05.568244
1521	217	1	1	Mae Hong Son	TH-58	2025-06-18 15:49:05.568244	2025-06-18 15:49:05.568244
1522	217	1	1	Maha Sarakham	TH-44	2025-06-18 15:49:05.568244	2025-06-18 15:49:05.568244
1523	217	1	1	Mukdahan	TH-49	2025-06-18 15:49:05.568244	2025-06-18 15:49:05.568244
1524	217	1	1	Nakhon Nayok	TH-26	2025-06-18 15:49:05.568244	2025-06-18 15:49:05.568244
1525	217	1	1	Nakhon Pathom	TH-73	2025-06-18 15:49:05.568244	2025-06-18 15:49:05.568244
1526	217	1	1	Nakhon Phanom	TH-48	2025-06-18 15:49:05.568244	2025-06-18 15:49:05.568244
1527	217	1	1	Nakhon Ratchasima	TH-30	2025-06-18 15:49:05.568244	2025-06-18 15:49:05.568244
1528	217	1	1	Nakhon Sawan	TH-60	2025-06-18 15:49:05.568244	2025-06-18 15:49:05.568244
1529	217	1	1	Nakhon Si Thammarat	TH-80	2025-06-18 15:49:05.568244	2025-06-18 15:49:05.568244
1530	217	1	1	Nan	TH-55	2025-06-18 15:49:05.568244	2025-06-18 15:49:05.568244
1531	217	1	1	Narathiwat	TH-96	2025-06-18 15:49:05.568244	2025-06-18 15:49:05.568244
1532	217	1	1	Nong Bua Lamphu	TH-39	2025-06-18 15:49:05.568244	2025-06-18 15:49:05.568244
1533	217	1	1	Nong Khai	TH-43	2025-06-18 15:49:05.568244	2025-06-18 15:49:05.568244
1534	217	1	1	Nonthaburi	TH-12	2025-06-18 15:49:05.568244	2025-06-18 15:49:05.568244
1535	217	1	1	Pathum Thani	TH-13	2025-06-18 15:49:05.568244	2025-06-18 15:49:05.568244
1536	217	1	1	Pattani	TH-94	2025-06-18 15:49:05.568244	2025-06-18 15:49:05.568244
1537	217	1	1	Phang Nga	TH-82	2025-06-18 15:49:05.568244	2025-06-18 15:49:05.568244
1538	217	1	1	Phatthalung	TH-93	2025-06-18 15:49:05.568244	2025-06-18 15:49:05.568244
1539	217	1	1	Phayao	TH-56	2025-06-18 15:49:05.568244	2025-06-18 15:49:05.568244
1540	217	1	1	Phetchabun	TH-67	2025-06-18 15:49:05.568244	2025-06-18 15:49:05.568244
1541	217	1	1	Phetchaburi	TH-76	2025-06-18 15:49:05.568244	2025-06-18 15:49:05.568244
1542	217	1	1	Phichit	TH-66	2025-06-18 15:49:05.568244	2025-06-18 15:49:05.568244
1543	217	1	1	Phitsanulok	TH-65	2025-06-18 15:49:05.568244	2025-06-18 15:49:05.568244
1544	217	1	1	Phra Nakhon Si Ayutthaya	TH-14	2025-06-18 15:49:05.568244	2025-06-18 15:49:05.568244
1545	217	1	1	Phrae	TH-54	2025-06-18 15:49:05.568244	2025-06-18 15:49:05.568244
1546	217	1	1	Phuket	TH-83	2025-06-18 15:49:05.568244	2025-06-18 15:49:05.568244
1547	217	1	1	Prachinburi	TH-25	2025-06-18 15:49:05.568244	2025-06-18 15:49:05.568244
1548	217	1	1	Prachuap Khiri Khan	TH-77	2025-06-18 15:49:05.568244	2025-06-18 15:49:05.568244
1549	217	1	1	Ranong	TH-85	2025-06-18 15:49:05.568244	2025-06-18 15:49:05.568244
1550	217	1	1	Ratchaburi	TH-70	2025-06-18 15:49:05.568244	2025-06-18 15:49:05.568244
1551	217	1	1	Rayong	TH-21	2025-06-18 15:49:05.568244	2025-06-18 15:49:05.568244
1552	217	1	1	Roi Et	TH-45	2025-06-18 15:49:05.568244	2025-06-18 15:49:05.568244
1553	217	1	1	Sa Kaeo	TH-27	2025-06-18 15:49:05.568244	2025-06-18 15:49:05.568244
1554	217	1	1	Sakon Nakhon	TH-47	2025-06-18 15:49:05.568244	2025-06-18 15:49:05.568244
1555	217	1	1	Samut Prakan	TH-11	2025-06-18 15:49:05.568244	2025-06-18 15:49:05.568244
1556	217	1	1	Samut Sakhon	TH-74	2025-06-18 15:49:05.568244	2025-06-18 15:49:05.568244
1557	217	1	1	Samut Songkhram	TH-75	2025-06-18 15:49:05.568244	2025-06-18 15:49:05.568244
1558	217	1	1	Saraburi	TH-19	2025-06-18 15:49:05.568244	2025-06-18 15:49:05.568244
1559	217	1	1	Satun	TH-91	2025-06-18 15:49:05.568244	2025-06-18 15:49:05.568244
1560	217	1	1	Sing Buri	TH-17	2025-06-18 15:49:05.568244	2025-06-18 15:49:05.568244
1561	217	1	1	Sisaket	TH-33	2025-06-18 15:49:05.568244	2025-06-18 15:49:05.568244
1562	217	1	1	Songkhla	TH-90	2025-06-18 15:49:05.568244	2025-06-18 15:49:05.568244
1563	217	1	1	Sukhothai	TH-64	2025-06-18 15:49:05.568244	2025-06-18 15:49:05.568244
1564	217	1	1	Suphan Buri	TH-72	2025-06-18 15:49:05.568244	2025-06-18 15:49:05.568244
1565	217	1	1	Surat Thani	TH-84	2025-06-18 15:49:05.568244	2025-06-18 15:49:05.568244
1566	217	1	1	Surin	TH-32	2025-06-18 15:49:05.568244	2025-06-18 15:49:05.568244
1567	217	1	1	Tak	TH-63	2025-06-18 15:49:05.568244	2025-06-18 15:49:05.568244
1568	217	1	1	Trang	TH-92	2025-06-18 15:49:05.568244	2025-06-18 15:49:05.568244
1569	217	1	1	Trat	TH-23	2025-06-18 15:49:05.568244	2025-06-18 15:49:05.568244
1570	217	1	1	Ubon Ratchathani	TH-34	2025-06-18 15:49:05.568244	2025-06-18 15:49:05.568244
1571	217	1	1	Udon Thani	TH-41	2025-06-18 15:49:05.568244	2025-06-18 15:49:05.568244
1572	217	1	1	Uthai Thani	TH-61	2025-06-18 15:49:05.568244	2025-06-18 15:49:05.568244
1573	217	1	1	Uttaradit	TH-53	2025-06-18 15:49:05.568244	2025-06-18 15:49:05.568244
1574	217	1	1	Yala	TH-95	2025-06-18 15:49:05.568244	2025-06-18 15:49:05.568244
1575	217	1	1	Yasothon	TH-35	2025-06-18 15:49:05.568244	2025-06-18 15:49:05.568244
1576	192	1	1	Abha	AHB	2025-06-18 15:49:05.568244	2025-06-18 15:49:05.568244
1577	192	1	1	Abqaiq	ABQ	2025-06-18 15:49:05.568244	2025-06-18 15:49:05.568244
1578	192	1	1	Ad Dammam	DMM	2025-06-18 15:49:05.568244	2025-06-18 15:49:05.568244
1579	192	1	1	Ad Dawadami	DAW	2025-06-18 15:49:05.568244	2025-06-18 15:49:05.568244
1580	192	1	1	Al Baha	ABT	2025-06-18 15:49:05.568244	2025-06-18 15:49:05.568244
1581	192	1	1	Al Bahah	BAH	2025-06-18 15:49:05.568244	2025-06-18 15:49:05.568244
1582	192	1	1	Al Hada	AHA	2025-06-18 15:49:05.568244	2025-06-18 15:49:05.568244
1583	192	1	1	Al Hadithah	HAD	2025-06-18 15:49:05.568244	2025-06-18 15:49:05.568244
1584	192	1	1	Al Hasa	ALH	2025-06-18 15:49:05.568244	2025-06-18 15:49:05.568244
1585	192	1	1	Al Jawf	LJW	2025-06-18 15:49:05.568244	2025-06-18 15:49:05.568244
1586	192	1	1	Al Jubayl Industrial City	JBI	2025-06-18 15:49:05.568244	2025-06-18 15:49:05.568244
1587	192	1	1	Al Kharj	AKH	2025-06-18 15:49:05.568244	2025-06-18 15:49:05.568244
1588	192	1	1	Al Khobar	AQK	2025-06-18 15:49:05.568244	2025-06-18 15:49:05.568244
1589	192	1	1	Al Khobar	ALK	2025-06-18 15:49:05.568244	2025-06-18 15:49:05.568244
1590	192	1	1	Al Khuraibah	KHU	2025-06-18 15:49:05.568244	2025-06-18 15:49:05.568244
1591	192	1	1	Al Muajjiz	AMU	2025-06-18 15:49:05.568244	2025-06-18 15:49:05.568244
1592	192	1	1	Al Qahmah	QAH	2025-06-18 15:49:05.568244	2025-06-18 15:49:05.568244
1593	192	1	1	Al Qunfudah	QUN	2025-06-18 15:49:05.568244	2025-06-18 15:49:05.568244
1594	192	1	1	Al Qurainah	QRN	2025-06-18 15:49:05.568244	2025-06-18 15:49:05.568244
1595	192	1	1	Al Shuqaiq	ASQ	2025-06-18 15:49:05.568244	2025-06-18 15:49:05.568244
1596	192	1	1	Al 'Uthmaniyah	AUT	2025-06-18 15:49:05.568244	2025-06-18 15:49:05.568244
1597	192	1	1	Ar Rass	ARR	2025-06-18 15:49:05.568244	2025-06-18 15:49:05.568244
1598	192	1	1	Arar	RAE	2025-06-18 15:49:05.568244	2025-06-18 15:49:05.568244
1599	192	1	1	Asfan	ASF	2025-06-18 15:49:05.568244	2025-06-18 15:49:05.568244
1600	192	1	1	Badanah	BDN	2025-06-18 15:49:05.568244	2025-06-18 15:49:05.568244
1601	192	1	1	Bisha	BHH	2025-06-18 15:49:05.568244	2025-06-18 15:49:05.568244
1602	192	1	1	Buraydah	BRU	2025-06-18 15:49:05.568244	2025-06-18 15:49:05.568244
1603	192	1	1	Buraydah	BUR	2025-06-18 15:49:05.568244	2025-06-18 15:49:05.568244
1604	192	1	1	Dhahran	DHA	2025-06-18 15:49:05.568244	2025-06-18 15:49:05.568244
1605	192	1	1	Dhuba	DHU	2025-06-18 15:49:05.568244	2025-06-18 15:49:05.568244
1606	192	1	1	Fiji	FJJ	2025-06-18 15:49:05.568244	2025-06-18 15:49:05.568244
1607	192	1	1	Gassim	ELQ	2025-06-18 15:49:05.568244	2025-06-18 15:49:05.568244
1608	192	1	1	Gurayat	URY	2025-06-18 15:49:05.568244	2025-06-18 15:49:05.568244
1609	192	1	1	Hafar al Batin	HBT	2025-06-18 15:49:05.568244	2025-06-18 15:49:05.568244
1610	192	1	1	Hail	HAS	2025-06-18 15:49:05.568244	2025-06-18 15:49:05.568244
1611	192	1	1	Harad	RAD	2025-06-18 15:49:05.568244	2025-06-18 15:49:05.568244
1612	192	1	1	Hazm Al Jalamid	HZM	2025-06-18 15:49:05.568244	2025-06-18 15:49:05.568244
1613	192	1	1	Hofuf	HOF	2025-06-18 15:49:05.568244	2025-06-18 15:49:05.568244
1614	192	1	1	Jazan Economic City	JEC	2025-06-18 15:49:05.568244	2025-06-18 15:49:05.568244
1615	192	1	1	Jeddah	JED	2025-06-18 15:49:05.568244	2025-06-18 15:49:05.568244
1616	192	1	1	Jeddah Industrial City 2 & 3	JIC	2025-06-18 15:49:05.568244	2025-06-18 15:49:05.568244
1617	192	1	1	Jeddah Yachts Club Port	JYC	2025-06-18 15:49:05.568244	2025-06-18 15:49:05.568244
1618	192	1	1	Jizan	GIZ	2025-06-18 15:49:05.568244	2025-06-18 15:49:05.568244
1619	192	1	1	Jouf	AJF	2025-06-18 15:49:05.568244	2025-06-18 15:49:05.568244
1620	192	1	1	Juaymah Terminal	JUT	2025-06-18 15:49:05.568244	2025-06-18 15:49:05.568244
1621	192	1	1	Jubail	JUB	2025-06-18 15:49:05.568244	2025-06-18 15:49:05.568244
1622	192	1	1	Khamis Mushayt	KMX	2025-06-18 15:49:05.568244	2025-06-18 15:49:05.568244
1623	192	1	1	King Abdullah City	KAC	2025-06-18 15:49:05.568244	2025-06-18 15:49:05.568244
1624	192	1	1	King Fhad	KFH	2025-06-18 15:49:05.568244	2025-06-18 15:49:05.568244
1625	192	1	1	King Khalid	KKH	2025-06-18 15:49:05.568244	2025-06-18 15:49:05.568244
1626	192	1	1	Lith	LIT	2025-06-18 15:49:05.568244	2025-06-18 15:49:05.568244
1627	192	1	1	Madinah	MED	2025-06-18 15:49:05.568244	2025-06-18 15:49:05.568244
1628	192	1	1	Majma	MJH	2025-06-18 15:49:05.568244	2025-06-18 15:49:05.568244
1629	192	1	1	Makkah	MAK	2025-06-18 15:49:05.568244	2025-06-18 15:49:05.568244
1630	192	1	1	Manailih	MAN	2025-06-18 15:49:05.568244	2025-06-18 15:49:05.568244
1631	192	1	1	Manfouha	MUF	2025-06-18 15:49:05.568244	2025-06-18 15:49:05.568244
1632	192	1	1	Muhayil	MHY	2025-06-18 15:49:05.568244	2025-06-18 15:49:05.568244
1633	192	1	1	Najran	NJN	2025-06-18 15:49:05.568244	2025-06-18 15:49:05.568244
1634	192	1	1	Nejran	EAM	2025-06-18 15:49:05.568244	2025-06-18 15:49:05.568244
1635	192	1	1	Qaisumah	AQI	2025-06-18 15:49:05.568244	2025-06-18 15:49:05.568244
1636	192	1	1	Qalsn	QAL	2025-06-18 15:49:05.568244	2025-06-18 15:49:05.568244
1637	192	1	1	Qatif	QTF	2025-06-18 15:49:05.568244	2025-06-18 15:49:05.568244
1638	192	1	1	Qurayyah	QUR	2025-06-18 15:49:05.568244	2025-06-18 15:49:05.568244
1639	192	1	1	Rabigh	RAB	2025-06-18 15:49:05.568244	2025-06-18 15:49:05.568244
1640	192	1	1	Rafha	RAH	2025-06-18 15:49:05.568244	2025-06-18 15:49:05.568244
1641	192	1	1	Ras al Khafji	RAR	2025-06-18 15:49:05.568244	2025-06-18 15:49:05.568244
1642	192	1	1	Ras al Mishab	RAM	2025-06-18 15:49:05.568244	2025-06-18 15:49:05.568244
1643	192	1	1	Ras Al-Khair	RAZ	2025-06-18 15:49:05.568244	2025-06-18 15:49:05.568244
1644	192	1	1	Ras Tanura	RTA	2025-06-18 15:49:05.568244	2025-06-18 15:49:05.568244
1645	192	1	1	Riyadh	RUH	2025-06-18 15:49:05.568244	2025-06-18 15:49:05.568244
1646	192	1	1	Riyadh Dry Port	RYP	2025-06-18 15:49:05.568244	2025-06-18 15:49:05.568244
1647	192	1	1	Safaniya	SAF	2025-06-18 15:49:05.568244	2025-06-18 15:49:05.568244
1648	192	1	1	Salboukh	SUH	2025-06-18 15:49:05.568244	2025-06-18 15:49:05.568244
1649	192	1	1	Salwá	SAL	2025-06-18 15:49:05.568244	2025-06-18 15:49:05.568244
1650	192	1	1	Sayhat	SAY	2025-06-18 15:49:05.568244	2025-06-18 15:49:05.568244
1651	192	1	1	Shadqam	SHD	2025-06-18 15:49:05.568244	2025-06-18 15:49:05.568244
1652	192	1	1	Sharurah	SHW	2025-06-18 15:49:05.568244	2025-06-18 15:49:05.568244
1653	192	1	1	Shuaibah	SHU	2025-06-18 15:49:05.568244	2025-06-18 15:49:05.568244
1654	192	1	1	Sulayel	SLF	2025-06-18 15:49:05.568244	2025-06-18 15:49:05.568244
1655	192	1	1	Tabuk	TUU	2025-06-18 15:49:05.568244	2025-06-18 15:49:05.568244
1656	192	1	1	Taif	TIF	2025-06-18 15:49:05.568244	2025-06-18 15:49:05.568244
1657	192	1	1	Turaif	TUI	2025-06-18 15:49:05.568244	2025-06-18 15:49:05.568244
1658	192	1	1	Tusdeer Free Zone	TFZ	2025-06-18 15:49:05.568244	2025-06-18 15:49:05.568244
1659	192	1	1	Udhailiyah	UDH	2025-06-18 15:49:05.568244	2025-06-18 15:49:05.568244
1660	192	1	1	Umm Lajj	VLA	2025-06-18 15:49:05.568244	2025-06-18 15:49:05.568244
1661	192	1	1	Unayzah	UZH	2025-06-18 15:49:05.568244	2025-06-18 15:49:05.568244
1662	192	1	1	Wadi ad Dawasir	WAE	2025-06-18 15:49:05.568244	2025-06-18 15:49:05.568244
1663	192	1	1	Waisumah	AWI	2025-06-18 15:49:05.568244	2025-06-18 15:49:05.568244
1664	192	1	1	Wedjh	EJH	2025-06-18 15:49:05.568244	2025-06-18 15:49:05.568244
1665	192	1	1	Yanbu commercial city	YNB	2025-06-18 15:49:05.568244	2025-06-18 15:49:05.568244
1666	192	1	1	Yanbu Industrial City	YBI	2025-06-18 15:49:05.568244	2025-06-18 15:49:05.568244
1667	192	1	1	Zilfi	ZUL	2025-06-18 15:49:05.568244	2025-06-18 15:49:05.568244
1668	192	1	1	Zulayfayn	ZUY	2025-06-18 15:49:05.568244	2025-06-18 15:49:05.568244
\.


--
-- Data for Name: res_currency; Type: TABLE DATA; Schema: public; Owner: odoo
--

COPY public.res_currency (id, name, symbol, decimal_places, create_uid, write_uid, full_name, "position", currency_unit_label, currency_subunit_label, rounding, active, create_date, write_date) FROM stdin;
2	USD	$	2	1	1	United States dollar	before	Dollars	Cents	0.010000	f	2025-06-18 15:49:05.568244	2025-06-18 15:49:05.568244
3	VEF	Bs.F	2	1	1	Venezuelan bolívar fuerte	after	Bolivar	Centimos	0.010000	f	2025-06-18 15:49:05.568244	2025-06-18 15:49:05.568244
4	CAD	$	2	1	1	Canadian dollar	after	Dollars	Cents	0.010000	f	2025-06-18 15:49:05.568244	2025-06-18 15:49:05.568244
5	CHF	CHF	2	1	1	Swiss franc	before	Franc	Centimes	0.010000	f	2025-06-18 15:49:05.568244	2025-06-18 15:49:05.568244
6	BRL	R$	2	1	1	Brazilian real	before	Real	Centavos	0.010000	f	2025-06-18 15:49:05.568244	2025-06-18 15:49:05.568244
7	CNY	¥	2	1	1	Chinese yuan	before	Yuan	Fen	0.010000	f	2025-06-18 15:49:05.568244	2025-06-18 15:49:05.568244
8	CNH	¥	2	1	1	Chinese yuan - Offshore	before	Yuan	Fen	0.010000	f	2025-06-18 15:49:05.568244	2025-06-18 15:49:05.568244
9	COP	$	2	1	1	Colombian peso	before	Peso	Centavos	0.010000	f	2025-06-18 15:49:05.568244	2025-06-18 15:49:05.568244
10	CZK	Kč	2	1	1	Czech koruna	after	Koruna	Halers	0.010000	f	2025-06-18 15:49:05.568244	2025-06-18 15:49:05.568244
11	DKK	kr	2	1	1	Danish krone	before	Krone	Ore	0.010000	f	2025-06-18 15:49:05.568244	2025-06-18 15:49:05.568244
12	HUF	Ft	2	1	1	Hungarian forint	after	Forint	Filler	0.010000	f	2025-06-18 15:49:05.568244	2025-06-18 15:49:05.568244
13	IDR	Rp	2	1	1	Indonesian rupiah	before	Rupiah	Sen	0.010000	f	2025-06-18 15:49:05.568244	2025-06-18 15:49:05.568244
14	LVL	Ls	2	1	1	Latvian lats	after	Lats	Santims	0.010000	f	2025-06-18 15:49:05.568244	2025-06-18 15:49:05.568244
15	NOK	kr	2	1	1	Norwegian krone	before	Krone	Ore	0.010000	f	2025-06-18 15:49:05.568244	2025-06-18 15:49:05.568244
17	PAB	B/.	2	1	1	Panamanian balboa	after	Balboa	Centesimo	0.010000	f	2025-06-18 15:49:05.568244	2025-06-18 15:49:05.568244
18	PLN	zł	2	1	1	Polish złoty	after	Zloty	Groszy	0.010000	f	2025-06-18 15:49:05.568244	2025-06-18 15:49:05.568244
19	SEK	kr	2	1	1	Swedish krona	after	Krona	Ore	0.010000	f	2025-06-18 15:49:05.568244	2025-06-18 15:49:05.568244
20	ARS	$	2	1	1	Argentine peso	before	Peso	Centavos	0.010000	f	2025-06-18 15:49:05.568244	2025-06-18 15:49:05.568244
21	INR	₹	2	1	1	Indian rupee	before	Rupees	Paise	0.010000	f	2025-06-18 15:49:05.568244	2025-06-18 15:49:05.568244
22	AUD	$	2	1	1	Australian dollar	before	Dollars	Cents	0.010000	f	2025-06-18 15:49:05.568244	2025-06-18 15:49:05.568244
23	UAH	₴	2	1	1	Ukraine Hryvnia	after	Hryvnia	Kopiyka	0.010000	f	2025-06-18 15:49:05.568244	2025-06-18 15:49:05.568244
25	HKD	$	2	1	1	Hong Kong dollar	before	Dollars	Cents	0.010000	f	2025-06-18 15:49:05.568244	2025-06-18 15:49:05.568244
27	BGN	лв	2	1	1	Bulgarian lev	after	Lev	Stotinki	0.010000	f	2025-06-18 15:49:05.568244	2025-06-18 15:49:05.568244
28	LTL	Lt	2	1	1	Lithuanian litas	after	Litas	Centas	0.010000	f	2025-06-18 15:49:05.568244	2025-06-18 15:49:05.568244
29	RON	lei	2	1	1	Romanian leu	after	Leu	Bani	0.010000	f	2025-06-18 15:49:05.568244	2025-06-18 15:49:05.568244
30	HRK	kn	2	1	1	Croatian kuna	after	Kuna	Lipa	0.010000	f	2025-06-18 15:49:05.568244	2025-06-18 15:49:05.568244
31	RUB	руб	2	1	1	Russian ruble	after	Ruble	Kopek	0.010000	f	2025-06-18 15:49:05.568244	2025-06-18 15:49:05.568244
32	TRY	₺	2	1	1	Turkish lira	after	Lira	Kurus	0.010000	f	2025-06-18 15:49:05.568244	2025-06-18 15:49:05.568244
34	MXN	$	2	1	1	Mexican peso	before	Pesos	Centavos	0.010000	f	2025-06-18 15:49:05.568244	2025-06-18 15:49:05.568244
35	MYR	RM	2	1	1	Malaysian ringgit	before	Ringgit	Sen	0.010000	f	2025-06-18 15:49:05.568244	2025-06-18 15:49:05.568244
36	NZD	$	2	1	1	New Zealand dollar	before	Dollars	Cents	0.010000	f	2025-06-18 15:49:05.568244	2025-06-18 15:49:05.568244
37	PHP	₱	2	1	1	Philippine peso	after	Peso	Centavos	0.010000	f	2025-06-18 15:49:05.568244	2025-06-18 15:49:05.568244
38	SGD	S$	2	1	1	Singapore dollar	before	Dollars	Cents	0.010000	f	2025-06-18 15:49:05.568244	2025-06-18 15:49:05.568244
39	ZAR	R	2	1	1	South African rand	before	Rand	Cents	0.010000	f	2025-06-18 15:49:05.568244	2025-06-18 15:49:05.568244
40	CRC	₡	2	1	1	Costa Rican colón	before	Colon	Centimos	0.010000	f	2025-06-18 15:49:05.568244	2025-06-18 15:49:05.568244
41	MUR	Rs	2	1	1	Mauritian rupee	after	Rupee	Cents	0.010000	f	2025-06-18 15:49:05.568244	2025-06-18 15:49:05.568244
45	HNL	L	2	1	1	Honduran lempira	before	Lempiras	Centavos	0.010000	f	2025-06-18 15:49:05.568244	2025-06-18 15:49:05.568244
47	UYU	$	2	1	1	Uruguayan peso	after	Peso	Centesimos	0.010000	f	2025-06-18 15:49:05.568244	2025-06-18 15:49:05.568244
48	AFN	Afs	2	1	1	Afghan afghani	after	Afghani	Puls	0.010000	f	2025-06-18 15:49:05.568244	2025-06-18 15:49:05.568244
49	AOA	Kz	2	1	1	Angolan kwanza	after	Kwanza	Centimos	0.010000	f	2025-06-18 15:49:05.568244	2025-06-18 15:49:05.568244
50	XCD	$	2	1	1	East Caribbean dollar	after	Dollars	Cents	0.010000	f	2025-06-18 15:49:05.568244	2025-06-18 15:49:05.568244
51	AMD	դր.	2	1	1	Armenian dram	after	Dram	Luma	0.010000	f	2025-06-18 15:49:05.568244	2025-06-18 15:49:05.568244
52	AWG	Afl.	2	1	1	Aruban florin	after	Guilder	Cents	0.010000	f	2025-06-18 15:49:05.568244	2025-06-18 15:49:05.568244
53	AZN	m	2	1	1	Azerbaijani manat	after	Manat	Qapik	0.010000	f	2025-06-18 15:49:05.568244	2025-06-18 15:49:05.568244
54	BSD	B$	2	1	1	Bahamian dollar	after	Dollars	Cents	0.010000	f	2025-06-18 15:49:05.568244	2025-06-18 15:49:05.568244
56	BDT	৳	2	1	1	Bangladeshi taka	after	Taka	Paisa	0.010000	f	2025-06-18 15:49:05.568244	2025-06-18 15:49:05.568244
57	BBD	Bds$	2	1	1	Barbados dollar	after	Dollars	Cents	0.010000	f	2025-06-18 15:49:05.568244	2025-06-18 15:49:05.568244
59	BYN	Br	2	1	1	Belarusian ruble	after	Rubles	Kopeks	0.010000	f	2025-06-18 15:49:05.568244	2025-06-18 15:49:05.568244
60	BZD	BZ$	2	1	1	Belize dollar	after	Dollars	Cents	0.010000	f	2025-06-18 15:49:05.568244	2025-06-18 15:49:05.568244
61	BMD	BD$	2	1	1	Bermudian dollar	after	Dollars	Cents	0.010000	f	2025-06-18 15:49:05.568244	2025-06-18 15:49:05.568244
62	BTN	Nu.	2	1	1	Bhutanese ngultrum	after	Ngultrum	Chhertum	0.010000	f	2025-06-18 15:49:05.568244	2025-06-18 15:49:05.568244
63	BOB	Bs.	2	1	1	Boliviano	after	Boliviano	Centavos	0.010000	f	2025-06-18 15:49:05.568244	2025-06-18 15:49:05.568244
64	BAM	KM	2	1	1	Bosnia and Herzegovina convertible mark	after	Mark	Fening	0.010000	f	2025-06-18 15:49:05.568244	2025-06-18 15:49:05.568244
65	BWP	P	2	1	1	Botswana pula	after	Pula	Thebe	0.010000	f	2025-06-18 15:49:05.568244	2025-06-18 15:49:05.568244
67	KHR	៛	2	1	1	Cambodian riel	after	Riel	Sen	0.010000	f	2025-06-18 15:49:05.568244	2025-06-18 15:49:05.568244
68	KYD	$	2	1	1	Cayman Islands dollar	after	Dollars	Cents	0.010000	f	2025-06-18 15:49:05.568244	2025-06-18 15:49:05.568244
70	CDF	Fr	2	1	1	Congolese franc	after	Franc	Centime	0.010000	f	2025-06-18 15:49:05.568244	2025-06-18 15:49:05.568244
71	CUP	$	2	1	1	Cuban peso	after	Peso	Centavos	0.010000	f	2025-06-18 15:49:05.568244	2025-06-18 15:49:05.568244
72	ANG	ƒ	2	1	1	Netherlands Antillean guilder	before	Guilder	Cents	0.010000	f	2025-06-18 15:49:05.568244	2025-06-18 15:49:05.568244
74	DOP	RD$	2	1	1	Dominican peso	before	Pesos	Centavos	0.010000	f	2025-06-18 15:49:05.568244	2025-06-18 15:49:05.568244
75	EGP	LE	2	1	1	Egyptian pound	after	Pound	Piastres	0.010000	f	2025-06-18 15:49:05.568244	2025-06-18 15:49:05.568244
76	SVC	¢	2	1	1	Salvadoran Colon	after	Colones	Centavo	0.010000	f	2025-06-18 15:49:05.568244	2025-06-18 15:49:05.568244
77	ERN	Nfk	2	1	1	Eritrean nakfa	after	Nakfa	Cents	0.010000	f	2025-06-18 15:49:05.568244	2025-06-18 15:49:05.568244
78	ETB	Br	2	1	1	Ethiopian birr	after	Birr	Cents	0.010000	f	2025-06-18 15:49:05.568244	2025-06-18 15:49:05.568244
79	FKP	£	2	1	1	Falkland Islands pound	after	Pound	Penny	0.010000	f	2025-06-18 15:49:05.568244	2025-06-18 15:49:05.568244
80	FJD	FJ$	2	1	1	Fiji dollar	after	Dollars	Cents	0.010000	f	2025-06-18 15:49:05.568244	2025-06-18 15:49:05.568244
81	GEL	ლ	2	1	1	Georgian lari	after	Lari	Tetri	0.010000	f	2025-06-18 15:49:05.568244	2025-06-18 15:49:05.568244
82	GIP	£	2	1	1	Gibraltar pound	after	Pound	Penny	0.010000	f	2025-06-18 15:49:05.568244	2025-06-18 15:49:05.568244
84	GYD	$	2	1	1	Guyanese dollar	after	Dollars	Cents	0.010000	f	2025-06-18 15:49:05.568244	2025-06-18 15:49:05.568244
85	HTG	G	2	1	1	Haitian gourde	after	Gourde	Centime	0.010000	f	2025-06-18 15:49:05.568244	2025-06-18 15:49:05.568244
87	IRR	﷼	2	1	1	Iranian rial	after	Dinar	Fils	0.010000	f	2025-06-18 15:49:05.568244	2025-06-18 15:49:05.568244
89	ILS	₪	2	1	1	Israeli new shekel	before	Shekel	Agorot	0.010000	f	2025-06-18 15:49:05.568244	2025-06-18 15:49:05.568244
90	JMD	$	2	1	1	Jamaican dollar	after	Dollars	Cents	0.010000	f	2025-06-18 15:49:05.568244	2025-06-18 15:49:05.568244
92	KZT	лв	2	1	1	Kazakhstani tenge	after	Tenge	Tiin	0.010000	f	2025-06-18 15:49:05.568244	2025-06-18 15:49:05.568244
93	KES	KSh	2	1	1	Kenyan shilling	after	Shilling	Cents	0.010000	f	2025-06-18 15:49:05.568244	2025-06-18 15:49:05.568244
95	KGS	лв	2	1	1	Kyrgyzstani som	after	Som	Tyiyn	0.010000	f	2025-06-18 15:49:05.568244	2025-06-18 15:49:05.568244
96	LAK	₭	2	1	1	Lao kip	after	Kip	Att	0.010000	f	2025-06-18 15:49:05.568244	2025-06-18 15:49:05.568244
97	LBP	ل.ل	2	1	1	Lebanese pound	after	Pound	Piastres	0.010000	f	2025-06-18 15:49:05.568244	2025-06-18 15:49:05.568244
98	LSL	M	2	1	1	Lesotho loti	after	Loti	Sente	0.010000	f	2025-06-18 15:49:05.568244	2025-06-18 15:49:05.568244
99	LRD	L$	2	1	1	Liberian dollar	after	Dollars	Cents	0.010000	f	2025-06-18 15:49:05.568244	2025-06-18 15:49:05.568244
101	MOP	MOP$	2	1	1	Macanese pataca	after	Pataca	Sin	0.010000	f	2025-06-18 15:49:05.568244	2025-06-18 15:49:05.568244
102	MKD	ден	2	1	1	Macedonian denar	after	Denar	Deni	0.010000	f	2025-06-18 15:49:05.568244	2025-06-18 15:49:05.568244
103	MGA	Ar	2	1	1	Malagasy ariary	after	Ariary	Iraimbilanja	0.010000	f	2025-06-18 15:49:05.568244	2025-06-18 15:49:05.568244
104	MWK	MK	2	1	1	Malawian kwacha	after	Kwacha	Tambala	0.010000	f	2025-06-18 15:49:05.568244	2025-06-18 15:49:05.568244
105	MVR	.ރ	2	1	1	Maldivian rufiyaa	after	Rufiyaa	Laari	0.010000	f	2025-06-18 15:49:05.568244	2025-06-18 15:49:05.568244
106	MRO	UM	2	1	1	Mauritanian ouguiya (old)	after	Ouguiya	Khoums	0.010000	f	2025-06-18 15:49:05.568244	2025-06-18 15:49:05.568244
107	MRU	UM	2	1	1	Mauritanian ouguiya	after	Ouguiya	Khoums	0.010000	f	2025-06-18 15:49:05.568244	2025-06-18 15:49:05.568244
108	MDL	L	2	1	1	Moldovan leu	after	Leu	Ban	0.010000	f	2025-06-18 15:49:05.568244	2025-06-18 15:49:05.568244
109	MNT	₮	2	1	1	Mongolian tögrög	after	Tugrik	Mongo	0.010000	f	2025-06-18 15:49:05.568244	2025-06-18 15:49:05.568244
110	MAD	DH	2	1	1	Moroccan dirham	after	Dirham	Centimes	0.010000	f	2025-06-18 15:49:05.568244	2025-06-18 15:49:05.568244
111	BND	$	2	1	1	Brunei dollar	after	Dollars	Cents	0.010000	f	2025-06-18 15:49:05.568244	2025-06-18 15:49:05.568244
112	DZD	DA	2	1	1	Algerian dinar	after	Dinar	Centimes	0.010000	f	2025-06-18 15:49:05.568244	2025-06-18 15:49:05.568244
113	GHS	GH¢	2	1	1	Ghanaian cedi	after	Cedi	Pesewas	0.010000	f	2025-06-18 15:49:05.568244	2025-06-18 15:49:05.568244
114	GMD	D	2	1	1	Gambian dalasi	after	Dalasi	Butut	0.010000	f	2025-06-18 15:49:05.568244	2025-06-18 15:49:05.568244
115	MZN	MT	2	1	1	Mozambican metical	after	Metical	Centavo	0.010000	f	2025-06-18 15:49:05.568244	2025-06-18 15:49:05.568244
116	MMK	K	2	1	1	Myanmar kyat	after	Kyat	Pya	0.010000	f	2025-06-18 15:49:05.568244	2025-06-18 15:49:05.568244
117	NAD	$	2	1	1	Namibian dollar	after	Dollars	Cents	0.010000	f	2025-06-18 15:49:05.568244	2025-06-18 15:49:05.568244
118	NPR	₨	2	1	1	Nepalese rupee	after	Rupee	Paisa	0.010000	f	2025-06-18 15:49:05.568244	2025-06-18 15:49:05.568244
119	ALL	L	2	1	1	Albanian lek	after	Lek	Qindarke	0.010000	f	2025-06-18 15:49:05.568244	2025-06-18 15:49:05.568244
120	NIO	C$	2	1	1	Nicaraguan córdoba	after	Cordoba	Centavos	0.010000	f	2025-06-18 15:49:05.568244	2025-06-18 15:49:05.568244
121	NGN	₦	2	1	1	Nigerian naira	after	Naira	Kobo	0.010000	f	2025-06-18 15:49:05.568244	2025-06-18 15:49:05.568244
122	KPW	₩	2	1	1	North Korean won	after	Won	Chon	0.010000	f	2025-06-18 15:49:05.568244	2025-06-18 15:49:05.568244
123	ZWL	Z$	2	1	1	Zimbabwean dollar	after	Dollars	Cents	0.010000	f	2025-06-18 15:49:05.568244	2025-06-18 15:49:05.568244
124	ZIG	ZiG	2	1	1	Zimbabwe Gold	after	ZiGs	\N	0.010000	f	2025-06-18 15:49:05.568244	2025-06-18 15:49:05.568244
125	ZMW	ZK	2	1	1	Zambian kwacha	after	Kwacha	Ngwee	0.010000	f	2025-06-18 15:49:05.568244	2025-06-18 15:49:05.568244
126	YER	﷼	2	1	1	Yemeni rial	after	Rial	Fils	0.010000	f	2025-06-18 15:49:05.568244	2025-06-18 15:49:05.568244
128	UZS	лв	2	1	1	Uzbekistan som	after	Som	Tiyin	0.010000	f	2025-06-18 15:49:05.568244	2025-06-18 15:49:05.568244
129	AED	د.إ	2	1	1	United Arab Emirates dirham	after	Dirham	Fils	0.010000	f	2025-06-18 15:49:05.568244	2025-06-18 15:49:05.568244
130	TMT	T	2	1	1	Turkmenistan manat	after	Manat	Tenge	0.010000	f	2025-06-18 15:49:05.568244	2025-06-18 15:49:05.568244
132	TTD	$	2	1	1	Trinidad and Tobago dollar	after	Dollars	Cents	0.010000	f	2025-06-18 15:49:05.568244	2025-06-18 15:49:05.568244
133	TOP	T$	2	1	1	Tongan paʻanga	after	Paanga	Seniti	0.010000	f	2025-06-18 15:49:05.568244	2025-06-18 15:49:05.568244
134	THB	฿	2	1	1	Thai baht	after	Baht	Satang	0.010000	f	2025-06-18 15:49:05.568244	2025-06-18 15:49:05.568244
135	TZS	TSh	2	1	1	Tanzanian shilling	after	Shilling	Senti	0.010000	f	2025-06-18 15:49:05.568244	2025-06-18 15:49:05.568244
136	TJS	TJS	2	1	1	Tajikistani somoni	after	Somoni	Diram	0.010000	f	2025-06-18 15:49:05.568244	2025-06-18 15:49:05.568244
138	SYP	£	2	1	1	Syrian pound	after	Pound	Piastrp	0.010000	f	2025-06-18 15:49:05.568244	2025-06-18 15:49:05.568244
139	SZL	E	2	1	1	Swazi lilangeni	after	Lilangeni	Cents	0.010000	f	2025-06-18 15:49:05.568244	2025-06-18 15:49:05.568244
140	SRD	$	2	1	1	Surinamese dollar	after	Dollars	Cents	0.010000	f	2025-06-18 15:49:05.568244	2025-06-18 15:49:05.568244
141	SDG	ج.س.	2	1	1	Sudanese pound	after	\N	\N	0.010000	f	2025-06-18 15:49:05.568244	2025-06-18 15:49:05.568244
142	LKR	Rs	2	1	1	Sri Lankan rupee	after	Rupee	Cents	0.010000	f	2025-06-18 15:49:05.568244	2025-06-18 15:49:05.568244
143	SSP	£	2	1	1	South Sudanese pound	after	Pounds	Piasters	0.010000	f	2025-06-18 15:49:05.568244	2025-06-18 15:49:05.568244
144	GBP	£	2	1	1	Pound sterling	before	Sterling	Penny	0.010000	f	2025-06-18 15:49:05.568244	2025-06-18 15:49:05.568244
145	SOS	Sh.	2	1	1	Somali shilling	after	Shillings	Senti	0.010000	f	2025-06-18 15:49:05.568244	2025-06-18 15:49:05.568244
146	SBD	SI$	2	1	1	Solomon Islands dollar	after	Dollars	Cents	0.010000	f	2025-06-18 15:49:05.568244	2025-06-18 15:49:05.568244
147	SLL	Le	2	1	1	Sierra Leonean leone	after	Leone	Cents	0.010000	f	2025-06-18 15:49:05.568244	2025-06-18 15:49:05.568244
148	SCR	SR	2	1	1	Seychellois rupee	after	Rupee	Cents	0.010000	f	2025-06-18 15:49:05.568244	2025-06-18 15:49:05.568244
149	RSD	din.	2	1	1	Serbian dinar	after	Dinar	Para	0.010000	f	2025-06-18 15:49:05.568244	2025-06-18 15:49:05.568244
150	SAR	SR	2	1	1	Saudi riyal	after	Riyal	Halala	0.010000	f	2025-06-18 15:49:05.568244	2025-06-18 15:49:05.568244
151	STD	Db	2	1	1	São Tomé and Príncipe dobra	after	Dobra	Centimo	0.010000	f	2025-06-18 15:49:05.568244	2025-06-18 15:49:05.568244
152	WST	WS$	2	1	1	Samoan tālā	after	Tala	Sene	0.010000	f	2025-06-18 15:49:05.568244	2025-06-18 15:49:05.568244
153	SHP	£	2	1	1	Saint Helena pound	after	Pound	Penny	0.010000	f	2025-06-18 15:49:05.568244	2025-06-18 15:49:05.568244
155	QAR	QR	2	1	1	Qatari riyal	after	Rial	Dirham	0.010000	f	2025-06-18 15:49:05.568244	2025-06-18 15:49:05.568244
156	PEN	S/	2	1	1	Peruvian sol	before	Soles	Centimos	0.010000	f	2025-06-18 15:49:05.568244	2025-06-18 15:49:05.568244
158	PGK	K	2	1	1	Papua New Guinean kina	after	Kina	Toea	0.010000	f	2025-06-18 15:49:05.568244	2025-06-18 15:49:05.568244
159	PKR	Rs.	2	1	1	Pakistani rupee	after	Rupee	Paisa	0.010000	f	2025-06-18 15:49:05.568244	2025-06-18 15:49:05.568244
161	CVE	$	2	1	1	Cape Verdean escudo	after	Escudo	Centavo	0.010000	f	2025-06-18 15:49:05.568244	2025-06-18 15:49:05.568244
162	COU	$	2	1	1	Unidad de Valor Real	before	Peso	centavo	0.010000	f	2025-06-18 15:49:05.568244	2025-06-18 15:49:05.568244
164	CUC	$	2	1	1	Cuban convertible peso	after	Cuban convertible peso	\N	0.010000	f	2025-06-18 15:49:05.568244	2025-06-18 15:49:05.568244
165	GTQ	Q	2	1	1	Guatemalan Quetzal	after	Quetzales	Centavo	0.010000	f	2025-06-18 15:49:05.568244	2025-06-18 15:49:05.568244
166	VES	Bs	2	1	1	Venezuelan bolívar soberano	after	\N	\N	0.010000	f	2025-06-18 15:49:05.568244	2025-06-18 15:49:05.568244
169	STN	Db	2	1	1	São Tomé and Príncipe dobra	after	Dobra	cêntimo	0.010000	f	2025-06-18 15:49:05.568244	2025-06-18 15:49:05.568244
1	EUR	€	2	\N	1	Euro	after	Euros	Cents	0.010000	t	\N	2025-06-18 15:49:05.568244
16	XPF	XPF	0	1	1	CFP franc	after	Franc	Centimes	1.000000	f	2025-06-18 15:49:05.568244	2025-06-18 15:49:05.568244
26	JPY	¥	0	1	1	Japanese yen	before	Yen	Cen	1.000000	f	2025-06-18 15:49:05.568244	2025-06-18 15:49:05.568244
33	KRW	₩	0	1	1	South Korean won	before	Won	Chon	1.000000	f	2025-06-18 15:49:05.568244	2025-06-18 15:49:05.568244
42	XOF	CFA	0	1	1	CFA franc BCEAO	after	Franc	Centimes	1.000000	f	2025-06-18 15:49:05.568244	2025-06-18 15:49:05.568244
43	XAF	FCFA	0	1	1	CFA franc BEAC	after	Franc	Centimes	1.000000	f	2025-06-18 15:49:05.568244	2025-06-18 15:49:05.568244
44	UGX	USh	0	1	1	Ugandan shilling	after	Shilling	Cents	1.000000	f	2025-06-18 15:49:05.568244	2025-06-18 15:49:05.568244
46	CLP	$	0	1	1	Chilean peso	before	Peso	Centavos	1.000000	f	2025-06-18 15:49:05.568244	2025-06-18 15:49:05.568244
58	BYR	BR	0	1	1	Belarusian ruble	after	Ruble BYR	Kapeyka	1.000000	f	2025-06-18 15:49:05.568244	2025-06-18 15:49:05.568244
66	BIF	FBu	0	1	1	Burundian franc	after	Franc	Centime	1.000000	f	2025-06-18 15:49:05.568244	2025-06-18 15:49:05.568244
69	KMF	CF	0	1	1	Comorian franc	after	Franc	Centime	1.000000	f	2025-06-18 15:49:05.568244	2025-06-18 15:49:05.568244
73	DJF	Fdj	0	1	1	Djiboutian franc	after	Franc	Centime	1.000000	f	2025-06-18 15:49:05.568244	2025-06-18 15:49:05.568244
83	GNF	FG	0	1	1	Guinean franc	after	Franc	Centime	1.000000	f	2025-06-18 15:49:05.568244	2025-06-18 15:49:05.568244
86	ISK	kr	0	1	1	Icelandic króna	after	Krona	Aurar	1.000000	f	2025-06-18 15:49:05.568244	2025-06-18 15:49:05.568244
127	VUV	VT	0	1	1	Vanuatu vatu	after	Vatu	\N	1.000000	f	2025-06-18 15:49:05.568244	2025-06-18 15:49:05.568244
137	TWD	NT$	0	1	1	New Taiwan dollar	after	Dollars	Cents	1.000000	f	2025-06-18 15:49:05.568244	2025-06-18 15:49:05.568244
154	RWF	RF	0	1	1	Rwandan franc	after	Franc	Santime	1.000000	f	2025-06-18 15:49:05.568244	2025-06-18 15:49:05.568244
157	PYG	₲	0	1	1	Paraguayan guaraní	after	Guarani	Centimos	1.000000	f	2025-06-18 15:49:05.568244	2025-06-18 15:49:05.568244
168	UYI	$	0	1	1	Uruguay Peso en Unidades Indexadas	after	Peso	centésimo	1.000000	f	2025-06-18 15:49:05.568244	2025-06-18 15:49:05.568244
55	BHD	BD	3	1	1	Bahraini dinar	after	Dinar	Fils	0.001000	f	2025-06-18 15:49:05.568244	2025-06-18 15:49:05.568244
88	IQD	 ع.د	3	1	1	Iraqi dinar	after	Dinar	Fils	0.001000	f	2025-06-18 15:49:05.568244	2025-06-18 15:49:05.568244
91	JOD	 د.ا 	3	1	1	Jordanian dinar	after	Dinar	Fils	0.001000	f	2025-06-18 15:49:05.568244	2025-06-18 15:49:05.568244
94	KWD	 د.ك 	3	1	1	Kuwaiti dinar	after	Dinar	Fils	0.001000	f	2025-06-18 15:49:05.568244	2025-06-18 15:49:05.568244
100	LYD	 ل.د 	3	1	1	Libyan dinar	after	Dinar	Dirham	0.001000	f	2025-06-18 15:49:05.568244	2025-06-18 15:49:05.568244
131	TND	DT	3	1	1	Tunisian dinar	after	Dinar	Millimes	0.001000	f	2025-06-18 15:49:05.568244	2025-06-18 15:49:05.568244
160	OMR	ر.ع.	3	1	1	Omani rial	after	Rial	Baisa	0.001000	f	2025-06-18 15:49:05.568244	2025-06-18 15:49:05.568244
163	CLF	$	4	1	1	Unidad de Fomento	before	Peso	Centavos	0.000100	f	2025-06-18 15:49:05.568244	2025-06-18 15:49:05.568244
167	UYW	$	4	1	1	Unidad previsional	after	peso	centésimo	0.000100	f	2025-06-18 15:49:05.568244	2025-06-18 15:49:05.568244
24	VND	₫	0	1	1	Vietnamese đồng	after	Dong	Xu	1.000000	t	2025-06-18 15:49:05.568244	2025-06-18 15:59:18.657244
\.


--
-- Data for Name: res_currency_rate; Type: TABLE DATA; Schema: public; Owner: odoo
--

COPY public.res_currency_rate (id, currency_id, company_id, create_uid, write_uid, name, rate, create_date, write_date) FROM stdin;
\.


--
-- Data for Name: res_groups; Type: TABLE DATA; Schema: public; Owner: odoo
--

COPY public.res_groups (id, name, category_id, color, create_uid, write_uid, comment, share, create_date, write_date) FROM stdin;
2	{"en_US": "Access Rights", "vi_VN": "Quyền truy cập"}	85	\N	1	1	\N	\N	2025-06-18 15:49:05.568244	2025-06-18 15:49:05.568244
60	{"en_US": "Manage Multiple Stock Locations", "vi_VN": "Quản lý nhiều vị trí tồn kho"}	4	\N	1	1	\N	\N	2025-06-19 03:10:52.944233	2025-06-19 03:10:52.944233
61	{"en_US": "Manage Multiple Warehouses", "vi_VN": "Quản lý nhiều kho hàng"}	4	\N	1	1	\N	\N	2025-06-19 03:10:52.944233	2025-06-19 03:10:52.944233
62	{"en_US": "User", "vi_VN": "Người dùng"}	51	\N	1	1	\N	\N	2025-06-19 03:10:52.944233	2025-06-19 03:10:52.944233
63	{"en_US": "Administrator", "vi_VN": "Quản trị viên"}	51	\N	1	1	\N	\N	2025-06-19 03:10:52.944233	2025-06-19 03:10:52.944233
64	{"en_US": "Manage Lots / Serial Numbers", "vi_VN": "Quản lý số lô/sê-ri"}	4	\N	1	1	\N	\N	2025-06-19 03:10:52.944233	2025-06-19 03:10:52.944233
65	{"en_US": "Print GS1 Barcodes for Lot & Serial Numbers", "vi_VN": "In mã vạch GS1 cho số lô và sê-ri"}	4	\N	1	1	\N	\N	2025-06-19 03:10:52.944233	2025-06-19 03:10:52.944233
66	{"en_US": "Display Serial & Lot Number in Delivery Slips", "vi_VN": "Hiển thị số sê-ri và lô trên Phiếu giao hàng"}	4	\N	1	1	\N	\N	2025-06-19 03:10:52.944233	2025-06-19 03:10:52.944233
67	{"en_US": "Manage Packages", "vi_VN": "Quản lý kiện hàng"}	4	\N	1	1	\N	\N	2025-06-19 03:10:52.944233	2025-06-19 03:10:52.944233
68	{"en_US": "Manage Push and Pull inventory flows", "vi_VN": "Quản lý qui trình hàng tồn kho kéo và đẩy"}	4	\N	1	1	\N	\N	2025-06-19 03:10:52.944233	2025-06-19 03:10:52.944233
69	{"en_US": "Manage Different Stock Owners", "vi_VN": "Quản lý người phụ trách tồn kho khác nhau"}	4	\N	1	1	\N	\N	2025-06-19 03:10:52.944233	2025-06-19 03:10:52.944233
70	{"en_US": "A warning can be set on a partner (Stock)", "vi_VN": "Có thể đặt cảnh báo đối với đối tác (Tồn kho)"}	4	\N	1	1	\N	\N	2025-06-19 03:10:52.944233	2025-06-19 03:10:52.944233
71	{"en_US": "Require a signature on your delivery orders", "vi_VN": "Yêu cầu chữ ký trên lệnh giao hàng của bạn"}	4	\N	1	1	\N	\N	2025-06-19 03:10:52.944233	2025-06-19 03:10:52.944233
72	{"en_US": "Manage Storage Categories", "vi_VN": "Quản lý danh mục lưu kho"}	4	\N	1	1	\N	\N	2025-06-19 03:10:52.944233	2025-06-19 03:10:52.944233
73	{"en_US": "Use Reception Report", "vi_VN": "Sử dụng báo cáo nhập kho"}	4	\N	1	1	\N	\N	2025-06-19 03:10:52.944233	2025-06-19 03:10:52.944233
74	{"en_US": "Use wave pickings", "vi_VN": "Sử dụng lấy hàng theo đợt"}	4	\N	1	1	\N	\N	2025-06-19 03:10:52.944233	2025-06-19 03:10:52.944233
1	{"en_US": "Internal User", "vi_VN": "Người dùng Nội bộ"}	78	\N	\N	1	\N	\N	\N	2025-06-19 03:12:02.293263
12	{"en_US": "Access to Private Addresses", "vi_VN": "Truy cập vào Địa chỉ Riêng"}	4	\N	1	1	\N	\N	2025-06-18 15:49:05.568244	2025-06-18 15:49:05.568244
8	{"en_US": "Access to export feature", "vi_VN": "Truy cập vào tính năng xuất"}	4	\N	1	1	\N	\N	2025-06-18 15:49:05.568244	2025-06-18 15:49:05.568244
3	{"en_US": "Bypass HTML Field Sanitize", "vi_VN": "Bỏ qua tính năng Dọn dẹp Trường HTML"}	\N	\N	1	1	\N	\N	2025-06-18 15:49:05.568244	2025-06-18 15:49:05.568244
9	{"en_US": "Contact Creation", "vi_VN": "Tạo Liên hệ"}	86	\N	1	1	\N	\N	2025-06-18 15:49:05.568244	2025-06-18 15:49:05.568244
5	{"en_US": "Multi Companies", "vi_VN": "Đa công ty"}	86	\N	1	1	\N	\N	2025-06-18 15:49:05.568244	2025-06-18 15:49:05.568244
6	{"en_US": "Multi Currencies", "vi_VN": "Đa tiền tệ"}	86	\N	1	1	\N	\N	2025-06-18 15:49:05.568244	2025-06-18 15:49:05.568244
4	{"en_US": "Settings", "vi_VN": "Thiết lập"}	85	\N	1	1	\N	\N	2025-06-18 15:49:05.568244	2025-06-18 16:04:55.307597
7	{"en_US": "Technical Features", "vi_VN": "Tính năng kỹ thuật"}	86	\N	1	1	\N	\N	2025-06-18 15:49:05.568244	2025-06-18 15:49:05.568244
14	{"en_US": "Mail Template Editor", "vi_VN": "Trình chỉnh sửa mẫu thư"}	4	\N	1	1	\N	\N	2025-06-18 15:58:05.745465	2025-06-18 15:58:05.745465
75	{"en_US": "Display Serial & Lot Number on Invoices", "vi_VN": "Hiển thị số sê-ri và số lô trên hóa đơn"}	4	\N	1	1	\N	\N	2025-06-19 03:11:03.417508	2025-06-19 03:11:03.417508
76	{"en_US": "Display incoterms on Sales Order and related invoices", "vi_VN": "Hiển thị Incoterm trên đơn bán hàng &amp; hoá đơn liên quan"}	4	\N	1	1	\N	\N	2025-06-19 03:11:07.69283	2025-06-19 03:11:07.69283
10	{"en_US": "Portal", "vi_VN": "Cổng thông tin"}	78	\N	1	1	{"en_US": "Portal members have specific access rights (such as record rules and restricted menus).\\n                They usually do not belong to the usual Odoo groups.", "vi_VN": "Các thành viên cổng thông tin có quyền truy cập riêng (chẳng hạn như quy tắc ghi và menu bị hạn chế).\\n                Chúng thường không thuộc về các nhóm Odoo thông thường."}	\N	2025-06-18 15:49:05.568244	2025-06-18 15:58:29.583463
11	{"en_US": "Public", "vi_VN": "Public"}	78	\N	1	1	{"en_US": "Public users have specific access rights (such as record rules and restricted menus).\\n                They usually do not belong to the usual Odoo groups.", "vi_VN": "Người dùng công cộng có quyền truy cập cụ thể (such as record rules and restricted menus).\\n                Họ thường không thuộc nhóm người dùng thông thường."}	\N	2025-06-18 15:49:05.568244	2025-06-18 15:58:29.583463
13	{"en_US": "Manage Multiple Units of Measure", "vi_VN": "Quản lý Đa đơn vị Đo lường"}	4	\N	1	1	\N	\N	2025-06-18 15:58:01.571182	2025-06-18 15:58:01.571182
17	{"en_US": "Advanced Pricelists", "vi_VN": "Bảng giá nâng cao"}	4	\N	1	1	\N	\N	2025-06-18 15:58:16.099095	2025-06-18 15:58:16.099095
16	{"en_US": "Basic Pricelists", "vi_VN": "Bảng giá cơ bản"}	4	\N	1	1	\N	\N	2025-06-18 15:58:16.099095	2025-06-18 15:58:16.099095
20	{"en_US": "Discount on lines", "vi_VN": "Chiết khấu theo dòng"}	4	\N	1	1	\N	\N	2025-06-18 15:58:16.099095	2025-06-18 15:58:16.099095
18	{"en_US": "Manage Product Packaging", "vi_VN": "Quản lý bao bì sản phẩm"}	4	\N	1	1	\N	\N	2025-06-18 15:58:16.099095	2025-06-18 15:58:16.099095
19	{"en_US": "Manage Product Variants", "vi_VN": "Quản lý biến thể sản phẩm"}	4	\N	1	1	\N	\N	2025-06-18 15:58:16.099095	2025-06-18 15:58:16.099095
15	{"en_US": "Analytic Accounting", "vi_VN": "Kế toán Phân tích"}	4	\N	1	1	\N	\N	2025-06-18 15:58:12.212842	2025-06-18 15:58:12.212842
31	{"en_US": "A warning can be set on a partner (Account)", "vi_VN": "Cảnh báo có thể được thiết lập ở đối tác (Tài khoản)"}	4	\N	1	1	\N	\N	2025-06-18 15:58:29.583463	2025-06-18 15:58:29.583463
32	{"en_US": "Allow the cash rounding management", "vi_VN": "Cho phép quản lý làm tròn tiền mặt"}	4	\N	1	1	\N	\N	2025-06-18 15:58:29.583463	2025-06-18 15:58:29.583463
28	{"en_US": "Billing", "vi_VN": "Người lập hóa đơn"}	2	\N	1	1	\N	\N	2025-06-18 15:58:29.583463	2025-06-18 15:58:29.583463
30	{"en_US": "Billing Administrator", "vi_VN": "Quản trị viên thanh toán"}	2	\N	1	1	\N	\N	2025-06-18 15:58:29.583463	2025-06-18 15:58:29.583463
24	{"en_US": "Delivery Address", "vi_VN": "Địa chỉ giao hàng"}	4	\N	1	1	\N	\N	2025-06-18 15:58:29.583463	2025-06-18 15:58:29.583463
34	{"en_US": "Purchase Receipt", "vi_VN": "Biên lai mua hàng"}	4	\N	1	1	\N	\N	2025-06-18 15:58:29.583463	2025-06-18 15:58:29.583463
33	{"en_US": "Sale Receipt", "vi_VN": "Biên nhận bán hàng"}	4	\N	1	1	\N	\N	2025-06-18 15:58:29.583463	2025-06-18 15:58:29.583463
27	{"en_US": "Show Accounting Features - Readonly", "vi_VN": "Xem các tính năng kế toán - Chỉ xem"}	4	\N	1	1	\N	\N	2025-06-18 15:58:29.583463	2025-06-18 15:58:29.583463
29	{"en_US": "Show Full Accounting Features", "vi_VN": "Xem đầy đủ tính năng kế toán"}	4	\N	1	1	\N	\N	2025-06-18 15:58:29.583463	2025-06-18 15:58:29.583463
36	{"en_US": "A warning can be set on a product or a customer (Sale)", "vi_VN": "Có thể lập cảnh báo đối với Sản phẩm hoặc Khách hàng (Bán hàng)"}	4	\N	1	1	\N	\N	2025-06-18 15:58:45.008304	2025-06-18 15:58:45.008304
35	{"en_US": "Lock Confirmed Sales", "vi_VN": "Khóa đơn bán hàng đã xác nhận"}	4	\N	1	1	\N	\N	2025-06-18 15:58:45.008304	2025-06-18 15:58:45.008304
37	{"en_US": "Pro-forma Invoices", "vi_VN": "Hóa đơn chiếu lệ"}	4	\N	1	1	\N	\N	2025-06-18 15:58:45.008304	2025-06-18 15:58:45.008304
38	{"en_US": "Quotation Templates", "vi_VN": "Mẫu báo giá"}	4	\N	1	1	\N	\N	2025-06-18 15:58:48.952114	2025-06-18 15:58:48.952114
53	{"en_US": "Show Lead Menu", "vi_VN": "Hiển thị menu lead"}	4	\N	1	1	\N	\N	2025-06-18 16:03:55.245097	2025-06-18 16:03:55.245097
54	{"en_US": "Show Recurring Revenues Menu", "vi_VN": "Hiển thị menu doanh thu định kỳ"}	4	\N	1	1	\N	\N	2025-06-18 16:03:55.245097	2025-06-18 16:03:55.245097
56	{"en_US": "Editor and Designer", "vi_VN": "Biên tập và Thiết kế"}	75	\N	1	1	\N	\N	2025-06-18 16:04:55.307597	2025-06-18 16:04:55.307597
57	{"en_US": "Multi-website", "vi_VN": "Multi-website"}	4	\N	1	1	\N	\N	2025-06-18 16:04:55.307597	2025-06-18 16:04:55.307597
55	{"en_US": "Restricted Editor", "vi_VN": "Điều chỉnh giới hạn"}	75	\N	1	1	\N	\N	2025-06-18 16:04:55.307597	2025-06-18 16:04:55.307597
46	{"en_US": "Administrator", "vi_VN": "Người quản trị"}	59	\N	1	1	\N	\N	2025-06-18 15:59:10.560412	2025-06-18 15:59:10.560412
52	{"en_US": "Use Milestones", "vi_VN": "Sử dụng mốc thời gian"}	4	\N	1	1	\N	\N	2025-06-18 15:59:10.560412	2025-06-18 15:59:10.560412
48	{"en_US": "Use Rating on Project", "vi_VN": "Sử dụng đánh giá cho dự án"}	4	\N	1	1	\N	\N	2025-06-18 15:59:10.560412	2025-06-18 15:59:10.560412
50	{"en_US": "Use Recurring Tasks", "vi_VN": "Sử dụng nhiệm vụ định kỳ"}	4	\N	1	1	\N	\N	2025-06-18 15:59:10.560412	2025-06-18 15:59:10.560412
49	{"en_US": "Use Stages on Project", "vi_VN": "Dùng giai đoạn cho dự án"}	4	\N	1	1	\N	\N	2025-06-18 15:59:10.560412	2025-06-18 15:59:10.560412
47	{"en_US": "Use Subtasks", "vi_VN": "Sử dụng nhiệm vụ phụ"}	4	\N	1	1	\N	\N	2025-06-18 15:59:10.560412	2025-06-18 15:59:10.560412
51	{"en_US": "Use Task Dependencies", "vi_VN": "Sử dụng tính phụ thuộc của nhiệm vụ"}	4	\N	1	1	\N	\N	2025-06-18 15:59:10.560412	2025-06-18 15:59:10.560412
45	{"en_US": "User", "vi_VN": "Người dùng"}	59	\N	1	1	\N	\N	2025-06-18 15:59:10.560412	2025-06-18 15:59:10.560412
44	{"en_US": "Manage Mass Mailing Campaigns", "vi_VN": "Quản lý Chiến dịch Gửi mail hàng loạt"}	4	\N	1	1	\N	\N	2025-06-18 15:59:06.262166	2025-06-18 15:59:06.262166
43	{"en_US": "User", "vi_VN": "Người dùng"}	49	\N	1	1	\N	\N	2025-06-18 15:59:06.262166	2025-06-18 15:59:06.262166
77	{"en_US": "User", "vi_VN": "Người dùng"}	52	\N	1	1	\N	\N	2025-06-19 03:12:02.293263	2025-06-19 03:12:02.293263
78	{"en_US": "Administrator", "vi_VN": "Quản trị viên"}	52	\N	1	1	\N	\N	2025-06-19 03:12:02.293263	2025-06-19 03:12:02.293263
79	{"en_US": "A warning can be set on a product or a customer (Purchase)", "vi_VN": "Có thể đặt cảnh báo đối với Sản phẩm hoặc Khách hàng (Mua hàng)"}	4	\N	1	1	\N	\N	2025-06-19 03:12:02.293263	2025-06-19 03:12:02.293263
80	{"en_US": "Send an automatic reminder email to confirm delivery", "vi_VN": "Gửi email nhắc nhở tự động để xác nhận giao hàng"}	4	\N	1	1	\N	\N	2025-06-19 03:12:02.293263	2025-06-19 03:12:02.293263
42	{"en_US": "Administrator", "vi_VN": "Người quản trị"}	61	\N	1	1	\N	\N	2025-06-18 15:59:03.096296	2025-06-18 15:59:03.096296
41	{"en_US": "User", "vi_VN": "Người dùng"}	61	\N	1	1	\N	\N	2025-06-18 15:59:03.096296	2025-06-18 15:59:03.096296
21	{"en_US": "User: Own Documents Only", "vi_VN": "Người dùng: Chỉ tài liệu của chính mình"}	10	\N	1	1	{"en_US": "the user will have access to his own data in the sales application.", "vi_VN": "người dùng sẽ có quyền truy cập dữ liệu của chính mình trong ứng dụng bán hàng. "}	\N	2025-06-18 15:58:18.897712	2025-06-18 15:58:18.897712
22	{"en_US": "User: All Documents", "vi_VN": "Người dùng: Tất cả tài liệu"}	10	\N	1	1	{"en_US": "the user will have access to all records of everyone in the sales application.", "vi_VN": "người dùng sẽ có quyền truy cập tất cả dữ liệu của mọi người trong ứng dụng bán hàng."}	\N	2025-06-18 15:58:18.897712	2025-06-18 15:58:18.897712
23	{"en_US": "Administrator", "vi_VN": "Quản trị viên"}	10	\N	1	1	{"en_US": "the user will have an access to the sales configuration as well as statistic reports.", "vi_VN": "người dùng sẽ có quyền truy cập tới cấu hình bán hàng cũng như báo cáo thống kê. "}	\N	2025-06-18 15:58:18.897712	2025-06-18 15:58:18.897712
25	{"en_US": "Tax display B2B", "vi_VN": "Hiển thị Thuế B2B"}	4	\N	1	1	{"en_US": "Show line subtotals without taxes (B2B)", "vi_VN": "Hiển thị Thành tiền từng dòng với thuế không bao gồm (B2B)"}	\N	2025-06-18 15:58:29.583463	2025-06-18 15:58:29.583463
26	{"en_US": "Tax display B2C", "vi_VN": "Hiển thị Thuế B2C"}	4	\N	1	1	{"en_US": "Show line subtotals with taxes included (B2C)", "vi_VN": "Hiển thị Thành tiền từng dòng với thuế bao gồm (B2C)"}	\N	2025-06-18 15:58:29.583463	2025-06-18 15:58:29.583463
39	{"en_US": "Officer : Manage all employees", "vi_VN": "Cán bộ: Quản lý toàn bộ nhân viên"}	20	\N	1	1	{"en_US": "The user will be able to approve document created by employees.", "vi_VN": "Người sẽ phê chuẩn văn bản mà nhân viên tạo."}	\N	2025-06-18 15:58:54.527284	2025-06-18 15:58:54.527284
40	{"en_US": "Administrator", "vi_VN": "Người quản trị"}	20	\N	1	1	{"en_US": "The user will have access to the human resources configuration as well as statistic reports.", "vi_VN": "Người có thể thiết lập cấu hình của chức năng HR, cũng như là các báo cáo thống kê."}	\N	2025-06-18 15:58:54.527284	2025-06-18 15:58:54.527284
58	{"en_US": "User", "vi_VN": "Người dùng"}	32	\N	1	1	{"en_US": "The user will be able to join support channels.", "vi_VN": "Người dùng sẽ có khả năng tham gia kênh hỗ trợ"}	\N	2025-06-18 16:06:33.590251	2025-06-18 16:06:33.590251
59	{"en_US": "Administrator", "vi_VN": "Người quản trị"}	32	\N	1	1	{"en_US": "The user will be able to delete support channels.", "vi_VN": "Người dùng sẽ có khả năng xóa kênh hỗ trợ"}	\N	2025-06-18 16:06:33.590251	2025-06-18 16:06:33.590251
82	{"en_US": "Administrator", "vi_VN": "Người quản trị"}	22	\N	1	1	\N	\N	2025-06-19 03:12:50.286027	2025-06-19 03:12:50.286027
81	{"en_US": "Employee Manager", "vi_VN": "Quản lý của nhân viên"}	22	\N	1	1	\N	\N	2025-06-19 03:12:50.286027	2025-06-19 03:12:50.286027
85	{"en_US": "Administrator", "vi_VN": "Người quản trị"}	23	\N	1	1	\N	\N	2025-06-19 03:12:53.578007	2025-06-19 03:12:53.578007
84	{"en_US": "All Approver", "vi_VN": "Tất cả người phê duyệt"}	23	\N	1	1	\N	\N	2025-06-19 03:12:53.578007	2025-06-19 03:12:53.578007
83	{"en_US": "Team Approver", "vi_VN": "Người phê duyệt của bộ phận"}	23	\N	1	1	\N	\N	2025-06-19 03:12:53.578007	2025-06-19 03:12:53.578007
\.


--
-- Data for Name: res_groups_implied_rel; Type: TABLE DATA; Schema: public; Owner: odoo
--

COPY public.res_groups_implied_rel (gid, hid) FROM stdin;
2	1
4	2
4	3
1	7
1	6
4	14
1	14
17	16
21	1
22	21
23	22
27	1
28	1
29	28
29	27
30	28
30	12
11	25
10	25
1	25
39	12
39	1
40	39
42	41
43	1
43	14
45	1
46	45
1	16
56	55
56	3
4	56
59	58
1	53
62	1
63	62
77	1
78	77
1	80
81	1
82	81
83	1
84	83
85	84
\.


--
-- Data for Name: res_groups_report_rel; Type: TABLE DATA; Schema: public; Owner: odoo
--

COPY public.res_groups_report_rel (uid, gid) FROM stdin;
213	28
213	27
287	37
512	67
\.


--
-- Data for Name: res_groups_spreadsheet_dashboard_rel; Type: TABLE DATA; Schema: public; Owner: odoo
--

COPY public.res_groups_spreadsheet_dashboard_rel (spreadsheet_dashboard_id, res_groups_id) FROM stdin;
1	27
1	28
2	23
3	23
4	59
5	63
6	78
7	63
8	85
\.


--
-- Data for Name: res_groups_users_rel; Type: TABLE DATA; Schema: public; Owner: odoo
--

COPY public.res_groups_users_rel (gid, uid) FROM stdin;
4	1
4	2
1	1
3	2
3	1
1	2
2	2
2	1
1	3
8	1
8	2
7	1
7	2
7	3
9	1
9	2
9	3
8	3
11	4
10	5
6	1
6	3
6	2
14	2
14	1
14	3
23	1
23	2
21	2
22	2
22	1
21	1
23	3
22	3
21	3
30	1
30	2
28	1
28	2
12	1
12	2
25	4
25	5
25	3
25	1
25	2
30	3
12	3
28	3
40	1
40	2
39	1
39	2
40	3
39	3
42	1
42	2
41	1
41	2
42	3
41	3
43	1
43	2
43	3
46	1
46	2
45	2
45	1
46	3
45	3
16	3
16	1
16	2
56	1
56	2
55	1
55	2
56	3
55	3
3	3
59	1
59	2
58	2
58	1
59	3
58	3
53	1
53	2
53	3
63	1
63	2
62	1
62	2
63	3
62	3
78	1
78	2
77	1
77	2
80	2
80	1
80	3
78	3
77	3
82	1
82	2
81	1
81	2
82	3
81	3
85	1
85	2
84	2
83	2
84	1
83	1
85	3
84	3
83	3
\.


--
-- Data for Name: res_lang; Type: TABLE DATA; Schema: public; Owner: odoo
--

COPY public.res_lang (id, create_uid, write_uid, name, code, iso_code, url_code, direction, date_format, time_format, week_start, "grouping", decimal_point, thousands_sep, active, create_date, write_date) FROM stdin;
2	1	1	Amharic / አምሃርኛ	am_ET	am_ET	am_ET	ltr	%d/%m/%Y	%I:%M:%S	7	[3,0]	.	,	\N	2025-06-18 15:49:05.568244	2025-06-18 15:49:05.568244
3	1	1	Arabic / الْعَرَبيّة	ar_001	ar	ar	rtl	%d %b, %Y	%I:%M:%S	6	[3,0]	.	,	\N	2025-06-18 15:49:05.568244	2025-06-18 15:49:05.568244
4	1	1	Arabic (Syria) / الْعَرَبيّة	ar_SY	ar_SY	ar_SY	rtl	%d %b, %Y	%I:%M:%S	6	[3,0]	.	,	\N	2025-06-18 15:49:05.568244	2025-06-18 15:49:05.568244
5	1	1	Azerbaijani / Azərbaycanca	az_AZ	az	az	ltr	%d.%m.%Y	%H:%M:%S	1	[3,0]	,	 	\N	2025-06-18 15:49:05.568244	2025-06-18 15:49:05.568244
6	1	1	Basque / Euskara	eu_ES	eu_ES	eu_ES	ltr	%a, %Y.eko %bren %da	%H:%M:%S	1	[]	,	\N	\N	2025-06-18 15:49:05.568244	2025-06-18 15:49:05.568244
7	1	1	Bengali / বাংলা	bn_IN	bn_IN	bn_IN	ltr	%A %d %b %Y	%I:%M:%S	1	[]	,	\N	\N	2025-06-18 15:49:05.568244	2025-06-18 15:49:05.568244
8	1	1	Bosnian / bosanski jezik	bs_BA	bs	bs	ltr	%d.%m.%Y	%H:%M:%S	1	[3,0]	,	.	\N	2025-06-18 15:49:05.568244	2025-06-18 15:49:05.568244
9	1	1	Bulgarian / български език	bg_BG	bg	bg	ltr	%d.%m.%Y	%H,%M,%S	1	[3,0]	,	\N	\N	2025-06-18 15:49:05.568244	2025-06-18 15:49:05.568244
10	1	1	Catalan / Català	ca_ES	ca_ES	ca_ES	ltr	%d/%m/%Y	%H:%M:%S	1	[3,0]	,	.	\N	2025-06-18 15:49:05.568244	2025-06-18 15:49:05.568244
11	1	1	Chinese (Simplified) / 简体中文	zh_CN	zh_CN	zh_CN	ltr	%Y年%m月%d日	%H时%M分%S秒	7	[3,0]	.	,	\N	2025-06-18 15:49:05.568244	2025-06-18 15:49:05.568244
12	1	1	Chinese (HK)	zh_HK	zh_HK	zh_HK	ltr	%Y年%m月%d日 %A	%I時%M分%S秒	7	[3,0]	.	,	\N	2025-06-18 15:49:05.568244	2025-06-18 15:49:05.568244
13	1	1	Chinese (Traditional) / 繁體中文	zh_TW	zh_TW	zh_TW	ltr	%Y年%m月%d日	%H時%M分%S秒	7	[3,0]	.	,	\N	2025-06-18 15:49:05.568244	2025-06-18 15:49:05.568244
14	1	1	Croatian / hrvatski jezik	hr_HR	hr	hr	ltr	%d.%m.%Y	%H:%M:%S	1	[3,0]	,	.	\N	2025-06-18 15:49:05.568244	2025-06-18 15:49:05.568244
15	1	1	Czech / Čeština	cs_CZ	cs_CZ	cs_CZ	ltr	%d.%m.%Y	%H:%M:%S	1	[3,0]	,	 	\N	2025-06-18 15:49:05.568244	2025-06-18 15:49:05.568244
16	1	1	Danish / Dansk	da_DK	da_DK	da_DK	ltr	%d-%m-%Y	%H:%M:%S	1	[3,0]	,	.	\N	2025-06-18 15:49:05.568244	2025-06-18 15:49:05.568244
17	1	1	Dutch (BE) / Nederlands (BE)	nl_BE	nl_BE	nl_BE	ltr	%d-%m-%Y	%H:%M:%S	1	[3,0]	,	.	\N	2025-06-18 15:49:05.568244	2025-06-18 15:49:05.568244
18	1	1	Dutch / Nederlands	nl_NL	nl	nl	ltr	%d-%m-%Y	%H:%M:%S	1	[3,0]	,	.	\N	2025-06-18 15:49:05.568244	2025-06-18 15:49:05.568244
19	1	1	English (AU)	en_AU	en_AU	en_AU	ltr	%d/%m/%Y	%H:%M:%S	7	[3,0]	.	,	\N	2025-06-18 15:49:05.568244	2025-06-18 15:49:05.568244
20	1	1	English (CA)	en_CA	en_CA	en_CA	ltr	%Y-%m-%d	%H:%M:%S	7	[3,0]	.	,	\N	2025-06-18 15:49:05.568244	2025-06-18 15:49:05.568244
21	1	1	English (UK)	en_GB	en_GB	en_GB	ltr	%d/%m/%Y	%H:%M:%S	1	[3,0]	.	,	\N	2025-06-18 15:49:05.568244	2025-06-18 15:49:05.568244
22	1	1	English (IN)	en_IN	en_IN	en_IN	ltr	%d/%m/%Y	%H:%M:%S	7	[3,2,0]	.	,	\N	2025-06-18 15:49:05.568244	2025-06-18 15:49:05.568244
23	1	1	Estonian / Eesti keel	et_EE	et	et	ltr	%d.%m.%Y	%H:%M:%S	1	[3,0]	,	 	\N	2025-06-18 15:49:05.568244	2025-06-18 15:49:05.568244
24	1	1	Finnish / Suomi	fi_FI	fi	fi	ltr	%d.%m.%Y	%H.%M.%S	1	[3,0]	,	 	\N	2025-06-18 15:49:05.568244	2025-06-18 15:49:05.568244
25	1	1	French (BE) / Français (BE)	fr_BE	fr_BE	fr_BE	ltr	%d/%m/%Y	%H:%M:%S	1	[3,0]	,	.	\N	2025-06-18 15:49:05.568244	2025-06-18 15:49:05.568244
26	1	1	French (CA) / Français (CA)	fr_CA	fr_CA	fr_CA	ltr	%Y-%m-%d	%H:%M:%S	7	[3,0]	,	 	\N	2025-06-18 15:49:05.568244	2025-06-18 15:49:05.568244
27	1	1	French (CH) / Français (CH)	fr_CH	fr_CH	fr_CH	ltr	%d.%m.%Y	%H:%M:%S	1	[3,0]	.	'	\N	2025-06-18 15:49:05.568244	2025-06-18 15:49:05.568244
28	1	1	French / Français	fr_FR	fr	fr	ltr	%d/%m/%Y	%H:%M:%S	1	[3,0]	,	 	\N	2025-06-18 15:49:05.568244	2025-06-18 15:49:05.568244
29	1	1	Galician / Galego	gl_ES	gl	gl	ltr	%d/%m/%Y	%H:%M:%S	1	[]	,	\N	\N	2025-06-18 15:49:05.568244	2025-06-18 15:49:05.568244
30	1	1	Georgian / ქართული ენა	ka_GE	ka	ka	ltr	%m/%d/%Y	%H:%M:%S	1	[3,0]	,	.	\N	2025-06-18 15:49:05.568244	2025-06-18 15:49:05.568244
31	1	1	German / Deutsch	de_DE	de	de	ltr	%d.%m.%Y	%H:%M:%S	1	[3,0]	,	.	\N	2025-06-18 15:49:05.568244	2025-06-18 15:49:05.568244
32	1	1	German (CH) / Deutsch (CH)	de_CH	de_CH	de_CH	ltr	%d.%m.%Y	%H:%M:%S	1	[3,0]	.	'	\N	2025-06-18 15:49:05.568244	2025-06-18 15:49:05.568244
33	1	1	Greek / Ελληνικά	el_GR	el_GR	el_GR	ltr	%d/%m/%Y	%I:%M:%S %p	1	[]	,	.	\N	2025-06-18 15:49:05.568244	2025-06-18 15:49:05.568244
34	1	1	Gujarati / ગુજરાતી	gu_IN	gu	gu	ltr	%A %d %b %Y	%I:%M:%S	7	[]	.	,	\N	2025-06-18 15:49:05.568244	2025-06-18 15:49:05.568244
35	1	1	Hebrew / עברית	he_IL	he	he	rtl	%d/%m/%Y	%H:%M:%S	7	[3,0]	.	,	\N	2025-06-18 15:49:05.568244	2025-06-18 15:49:05.568244
36	1	1	Hindi / हिंदी	hi_IN	hi	hi	ltr	%A %d %b %Y	%I:%M:%S	7	[]	.	,	\N	2025-06-18 15:49:05.568244	2025-06-18 15:49:05.568244
37	1	1	Hungarian / Magyar	hu_HU	hu	hu	ltr	%Y-%m-%d	%H:%M:%S	1	[3,0]	,	.	\N	2025-06-18 15:49:05.568244	2025-06-18 15:49:05.568244
38	1	1	Indonesian / Bahasa Indonesia	id_ID	id	id	ltr	%d/%m/%Y	%H:%M:%S	7	[3,0]	,	.	\N	2025-06-18 15:49:05.568244	2025-06-18 15:49:05.568244
39	1	1	Italian / Italiano	it_IT	it	it	ltr	%d/%m/%Y	%H:%M:%S	1	[3,0]	,	.	\N	2025-06-18 15:49:05.568244	2025-06-18 15:49:05.568244
40	1	1	Japanese / 日本語	ja_JP	ja	ja	ltr	%Y年%m月%d日	%H時%M分%S秒	7	[3,0]	.	,	\N	2025-06-18 15:49:05.568244	2025-06-18 15:49:05.568244
41	1	1	Kabyle / Taqbaylit	kab_DZ	kab	kab	ltr	%m/%d/%Y	%I:%M:%S %p	6	[]	.	,	\N	2025-06-18 15:49:05.568244	2025-06-18 15:49:05.568244
42	1	1	Khmer / ភាសាខ្មែរ	km_KH	km	km	ltr	%d %B %Y	%H:%M:%S	7	[3,0]	.	,	\N	2025-06-18 15:49:05.568244	2025-06-18 15:49:05.568244
43	1	1	Korean (KP) / 한국어 (KP)	ko_KP	ko_KP	ko_KP	ltr	%m/%d/%Y	%I:%M:%S %p	1	[3,0]	.	,	\N	2025-06-18 15:49:05.568244	2025-06-18 15:49:05.568244
44	1	1	Korean (KR) / 한국어 (KR)	ko_KR	ko_KR	ko_KR	ltr	%Y년 %m월 %d일	%H시 %M분 %S초	7	[3,0]	.	,	\N	2025-06-18 15:49:05.568244	2025-06-18 15:49:05.568244
45	1	1	Lao / ພາສາລາວ	lo_LA	lo	lo	ltr	%d/%m/y	%H:%M:%S	7	[3,0]	.	,	\N	2025-06-18 15:49:05.568244	2025-06-18 15:49:05.568244
46	1	1	Latvian / latviešu valoda	lv_LV	lv	lv	ltr	%Y.%m.%d.	%H:%M:%S	1	[3,0]	,	 	\N	2025-06-18 15:49:05.568244	2025-06-18 15:49:05.568244
47	1	1	Lithuanian / Lietuvių kalba	lt_LT	lt	lt	ltr	%Y-%m-%d	%H:%M:%S	1	[3,0]	,	.	\N	2025-06-18 15:49:05.568244	2025-06-18 15:49:05.568244
48	1	1	Luxembourgish	lb_LU	lb	lb	ltr	%d/%m/%Y	%H:%M:%S	1	[3,0]	,	 	\N	2025-06-18 15:49:05.568244	2025-06-18 15:49:05.568244
49	1	1	Macedonian / македонски јазик	mk_MK	mk	mk	ltr	%d.%m.%Y	%H:%M:%S	1	[3,0]	,	 	\N	2025-06-18 15:49:05.568244	2025-06-18 15:49:05.568244
50	1	1	Malayalam / മലയാളം	ml_IN	ml	ml	ltr	%d/%m/%Y	%H:%M:%S	1	[3,0]	,	 	\N	2025-06-18 15:49:05.568244	2025-06-18 15:49:05.568244
51	1	1	Mongolian / монгол	mn_MN	mn	mn	ltr	%Y-%m-%d	%H:%M:%S	7	[3,0]	.	'	\N	2025-06-18 15:49:05.568244	2025-06-18 15:49:05.568244
52	1	1	Malay / Bahasa Melayu	ms_MY	ms	ms	ltr	%d/%m/%Y	%H:%M:%S	1	[3,0]	.	,	\N	2025-06-18 15:49:05.568244	2025-06-18 15:49:05.568244
54	1	1	Norwegian Bokmål / Norsk bokmål	nb_NO	nb_NO	nb_NO	ltr	%d.%m.%Y	%H:%M:%S	1	[3,0]	,	 	\N	2025-06-18 15:49:05.568244	2025-06-18 15:49:05.568244
55	1	1	Persian / فارسی	fa_IR	fa	fa	rtl	%Y/%m/%d	%H:%M:%S	6	[3,0]	.	,	\N	2025-06-18 15:49:05.568244	2025-06-18 15:49:05.568244
56	1	1	Polish / Język polski	pl_PL	pl	pl	ltr	%d.%m.%Y	%H:%M:%S	1	[]	,	\N	\N	2025-06-18 15:49:05.568244	2025-06-18 15:49:05.568244
57	1	1	Portuguese (AO) / Português (AO)	pt_AO	pt_AO	pt_AO	ltr	%d-%m-%Y	%H:%M:%S	1	[]	,	\N	\N	2025-06-18 15:49:05.568244	2025-06-18 15:49:05.568244
1	1	2	English (US)	en_US	en	en	ltr	%m/%d/%Y	%H:%M:%S	7	[3,0]	.	,	t	2025-06-18 15:49:05.568244	2025-06-18 15:57:55.584934
58	1	1	Portuguese (BR) / Português (BR)	pt_BR	pt_BR	pt_BR	ltr	%d/%m/%Y	%H:%M:%S	7	[3,0]	,	.	\N	2025-06-18 15:49:05.568244	2025-06-18 15:49:05.568244
59	1	1	Portuguese / Português	pt_PT	pt	pt	ltr	%d-%m-%Y	%H:%M:%S	1	[]	,	\N	\N	2025-06-18 15:49:05.568244	2025-06-18 15:49:05.568244
60	1	1	Romanian / română	ro_RO	ro	ro	ltr	%d.%m.%Y	%H:%M:%S	1	[3,0]	,	.	\N	2025-06-18 15:49:05.568244	2025-06-18 15:49:05.568244
61	1	1	Russian / русский язык	ru_RU	ru	ru	ltr	%d.%m.%Y	%H:%M:%S	1	[3,0]	,	 	\N	2025-06-18 15:49:05.568244	2025-06-18 15:49:05.568244
62	1	1	Serbian (Cyrillic) / српски	sr_RS	sr_RS	sr_RS	ltr	%d.%m.%Y.	%H:%M:%S	7	[]	,	\N	\N	2025-06-18 15:49:05.568244	2025-06-18 15:49:05.568244
63	1	1	Serbian (Latin) / srpski	sr@latin	sr@latin	sr@latin	ltr	%m/%d/%Y	%I:%M:%S %p	7	[]	.	,	\N	2025-06-18 15:49:05.568244	2025-06-18 15:49:05.568244
64	1	1	Slovak / Slovenský jazyk	sk_SK	sk	sk	ltr	%d.%m.%Y	%H:%M:%S	1	[3,0]	,	 	\N	2025-06-18 15:49:05.568244	2025-06-18 15:49:05.568244
65	1	1	Slovenian / slovenščina	sl_SI	sl	sl	ltr	%d. %m. %Y	%H:%M:%S	1	[]	,	 	\N	2025-06-18 15:49:05.568244	2025-06-18 15:49:05.568244
66	1	1	Spanish (AR) / Español (AR)	es_AR	es_AR	es_AR	ltr	%d/%m/%Y	%H:%M:%S	7	[3,0]	,	.	\N	2025-06-18 15:49:05.568244	2025-06-18 15:49:05.568244
67	1	1	Spanish (BO) / Español (BO)	es_BO	es_BO	es_BO	ltr	%d/%m/%Y	%H:%M:%S	1	[3,0]	,	.	\N	2025-06-18 15:49:05.568244	2025-06-18 15:49:05.568244
68	1	1	Spanish (CL) / Español (CL)	es_CL	es_CL	es_CL	ltr	%d/%m/%Y	%H:%M:%S	1	[3,0]	,	.	\N	2025-06-18 15:49:05.568244	2025-06-18 15:49:05.568244
69	1	1	Spanish (CO) / Español (CO)	es_CO	es_CO	es_CO	ltr	%d-%m-%Y	%H:%M:%S	7	[3,0]	,	.	\N	2025-06-18 15:49:05.568244	2025-06-18 15:49:05.568244
70	1	1	Spanish (CR) / Español (CR)	es_CR	es_CR	es_CR	ltr	%d/%m/%Y	%H:%M:%S	1	[3,0]	.	,	\N	2025-06-18 15:49:05.568244	2025-06-18 15:49:05.568244
71	1	1	Spanish (DO) / Español (DO)	es_DO	es_DO	es_DO	ltr	%d/%m/%Y	%I:%M:%S %p	1	[3,0]	.	,	\N	2025-06-18 15:49:05.568244	2025-06-18 15:49:05.568244
72	1	1	Spanish (EC) / Español (EC)	es_EC	es_EC	es_EC	ltr	%d/%m/%Y	%H:%M:%S	1	[3,0]	,	.	\N	2025-06-18 15:49:05.568244	2025-06-18 15:49:05.568244
73	1	1	Spanish (GT) / Español (GT)	es_GT	es_GT	es_GT	ltr	%d/%m/%Y	%H:%M:%S	7	[3,0]	.	,	\N	2025-06-18 15:49:05.568244	2025-06-18 15:49:05.568244
74	1	1	Spanish (MX) / Español (MX)	es_MX	es_MX	es_MX	ltr	%d/%m/%Y	%H:%M:%S	7	[3,0]	.	,	\N	2025-06-18 15:49:05.568244	2025-06-18 15:49:05.568244
75	1	1	Spanish (PA) / Español (PA)	es_PA	es_PA	es_PA	ltr	%d/%m/%Y	%H:%M:%S	7	[3,0]	.	,	\N	2025-06-18 15:49:05.568244	2025-06-18 15:49:05.568244
76	1	1	Spanish (PE) / Español (PE)	es_PE	es_PE	es_PE	ltr	%d/%m/%Y	%H:%M:%S	7	[3,0]	.	,	\N	2025-06-18 15:49:05.568244	2025-06-18 15:49:05.568244
77	1	1	Spanish (PY) / Español (PY)	es_PY	es_PY	es_PY	ltr	%d/%m/%Y	%H:%M:%S	7	[3,0]	,	.	\N	2025-06-18 15:49:05.568244	2025-06-18 15:49:05.568244
78	1	1	Spanish (UY) / Español (UY)	es_UY	es_UY	es_UY	ltr	%d/%m/%Y	%H:%M:%S	1	[3,0]	,	.	\N	2025-06-18 15:49:05.568244	2025-06-18 15:49:05.568244
79	1	1	Spanish (VE) / Español (VE)	es_VE	es_VE	es_VE	ltr	%d/%m/%Y	%H:%M:%S	7	[3,0]	,	.	\N	2025-06-18 15:49:05.568244	2025-06-18 15:49:05.568244
80	1	1	Spanish / Español	es_ES	es	es	ltr	%d/%m/%Y	%H:%M:%S	1	[3,0]	,	.	\N	2025-06-18 15:49:05.568244	2025-06-18 15:49:05.568244
81	1	1	Swedish / Svenska	sv_SE	sv	sv	ltr	%Y-%m-%d	%H:%M:%S	1	[3,0]	,	 	\N	2025-06-18 15:49:05.568244	2025-06-18 15:49:05.568244
82	1	1	Thai / ภาษาไทย	th_TH	th	th	ltr	%d/%m/%Y	%H:%M:%S	7	[3,0]	.	,	\N	2025-06-18 15:49:05.568244	2025-06-18 15:49:05.568244
83	1	1	Tagalog / Filipino	tl_PH	tl	tl	ltr	%m/%d/%y	%H:%M:%S	1	[3,0]	.	,	\N	2025-06-18 15:49:05.568244	2025-06-18 15:49:05.568244
84	1	1	Turkish / Türkçe	tr_TR	tr	tr	ltr	%d-%m-%Y	%H:%M:%S	1	[3,0]	,	.	\N	2025-06-18 15:49:05.568244	2025-06-18 15:49:05.568244
85	1	1	Ukrainian / українська	uk_UA	uk	uk	ltr	%d.%m.%Y	%H:%M:%S	1	[3,0]	,	 	\N	2025-06-18 15:49:05.568244	2025-06-18 15:49:05.568244
87	1	1	Albanian / Shqip	sq_AL	sq	sq	ltr	%Y-%b-%d	%I.%M.%S.	1	[3,0]	,	.	\N	2025-06-18 15:49:05.568244	2025-06-18 15:49:05.568244
88	1	1	Telugu / తెలుగు	te_IN	te	te	ltr	%B %d %A %Y	%p%I.%M.%S	7	[]	.	,	\N	2025-06-18 15:49:05.568244	2025-06-18 15:49:05.568244
53	1	1	Burmese / ဗမာစာ	my_MM	my	mya	ltr	%Y %b %d %A	%I:%M:%S %p	7	[3,3]	.	,	\N	2025-06-18 15:49:05.568244	2025-06-18 15:49:05.568244
86	1	2	Vietnamese / Tiếng Việt	vi_VN	vi	vi	ltr	%d/%m/%Y	%H:%M:%S	1	[3,0]	,	.	t	2025-06-18 15:49:05.568244	2025-06-19 03:06:25.188846
\.


--
-- Data for Name: res_lang_install_rel; Type: TABLE DATA; Schema: public; Owner: odoo
--

COPY public.res_lang_install_rel (language_wizard_id, lang_id) FROM stdin;
\.


--
-- Data for Name: res_partner; Type: TABLE DATA; Schema: public; Owner: odoo
--

COPY public.res_partner (id, company_id, create_date, name, title, parent_id, user_id, state_id, country_id, industry_id, color, commercial_partner_id, create_uid, write_uid, display_name, ref, lang, tz, vat, company_registry, website, function, type, street, street2, zip, city, email, phone, mobile, commercial_company_name, company_name, date, comment, partner_latitude, partner_longitude, active, employee, is_company, partner_share, write_date, message_main_attachment_id, message_bounce, email_normalized, signup_type, signup_expiration, signup_token, team_id, partner_gid, additional_info, phone_sanitized, supplier_rank, customer_rank, invoice_warn, invoice_warn_msg, debit_limit, last_time_entries_checked, sale_warn, sale_warn_msg, calendar_last_notif_ack, website_id, is_published, picking_warn, picking_warn_msg, purchase_warn, purchase_warn_msg) FROM stdin;
2	1	2025-06-18 15:49:05.568244	OdooBot	\N	\N	\N	\N	\N	\N	0	2	1	1	OdooBot	\N	vi_VN	\N	\N	\N	\N	\N	contact	\N	\N	\N	\N	odoobot@example.com	\N	\N	\N	\N	\N	\N	\N	\N	f	\N	f	f	2025-06-19 03:12:53.578007	\N	0	odoobot@example.com	\N	\N	\N	\N	\N	\N	\N	0	0	no-message	\N	\N	\N	no-message	\N	2025-06-18 16:03:53	\N	\N	no-message	\N	no-message	\N
5	\N	2025-06-18 15:49:05.568244	Default User Template	\N	\N	\N	\N	\N	\N	0	5	1	1	Default User Template	\N	vi_VN	\N	\N	\N	\N	\N	contact	\N	\N	\N	\N	\N	\N	\N	\N	\N	\N	\N	\N	\N	f	\N	f	t	2025-06-19 03:12:53.578007	\N	0	\N	\N	\N	\N	\N	\N	\N	\N	0	0	no-message	\N	\N	\N	no-message	\N	2025-06-18 16:03:53	\N	\N	no-message	\N	no-message	\N
3	1	2025-06-18 15:49:05.568244	Administrator	\N	\N	\N	\N	\N	\N	0	3	1	1	Administrator	\N	vi_VN	Asia/Ho_Chi_Minh	\N	\N	\N	\N	contact	\N	\N	\N	\N	rniinstitute.mkt@gmail.com	\N	\N	\N	\N	\N	\N	\N	\N	t	\N	f	f	2025-06-19 03:12:53.578007	\N	0	rniinstitute.mkt@gmail.com	\N	\N	\N	\N	\N	\N	\N	0	0	no-message	\N	\N	\N	no-message	\N	2025-06-18 16:03:53	\N	\N	no-message	\N	no-message	\N
1	\N	2025-06-18 15:49:03.854699	My Company	\N	\N	\N	\N	241	\N	0	1	\N	1	My Company	\N	vi_VN	\N	\N	\N	\N	\N	contact		\N			rniinstitute.mkt@gmail.com	+84867303712	\N	My Company	\N	\N	\N	\N	\N	t	\N	t	t	2025-06-19 03:10:52.944233	\N	0	rniinstitute.mkt@gmail.com	\N	\N	\N	\N	\N	\N	+84867303712	0	0	no-message	\N	\N	\N	no-message	\N	2025-06-18 16:03:53	\N	\N	no-message	\N	no-message	\N
8	\N	2025-06-18 16:06:33.590251	Welcome Bot	\N	\N	\N	\N	\N	\N	0	8	1	1	Welcome Bot	\N	vi_VN	\N	\N	\N	\N	\N	contact	\N	\N	\N	\N	\N	\N	\N	\N	\N	\N	\N	\N	\N	f	\N	f	t	2025-06-18 16:06:33.590251	\N	0	\N	\N	\N	\N	\N	\N	\N	\N	0	0	no-message	\N	\N	\N	no-message	\N	2025-06-18 16:06:36	\N	f	no-message	\N	no-message	\N
9	\N	2025-06-18 16:06:37.753287	Lead Generation Bot	\N	\N	\N	\N	\N	\N	0	9	1	1	Lead Generation Bot	\N	vi_VN	\N	\N	\N	\N	\N	contact	\N	\N	\N	\N	\N	\N	\N	\N	\N	\N	\N	\N	\N	f	\N	f	t	2025-06-18 16:06:37.753287	\N	0	\N	\N	\N	\N	\N	\N	\N	\N	0	0	no-message	\N	\N	\N	no-message	\N	2025-06-18 16:06:38	\N	f	no-message	\N	no-message	\N
7	1	2025-06-18 15:58:54.527284	Administrator	\N	\N	\N	\N	\N	\N	0	7	1	1	Administrator	\N	vi_VN	\N	\N	\N	\N	\N	private	\N	\N	\N	\N	admin@example.com	\N	\N	\N	\N	\N	\N	\N	\N	t	\N	f	t	2025-06-18 15:58:54.527284	\N	0	admin@example.com	\N	\N	\N	\N	\N	\N	\N	0	0	no-message	\N	\N	\N	no-message	\N	2025-06-18 16:03:53	\N	\N	no-message	\N	no-message	\N
4	\N	2025-06-18 15:49:05.568244	Public user	\N	\N	\N	\N	\N	\N	0	4	1	1	Public user	\N	vi_VN	\N	\N	\N	\N	\N	contact	\N	\N	\N	\N	\N	\N	\N	\N	\N	\N	\N	\N	\N	f	\N	f	t	2025-06-18 15:58:29.583463	\N	0	\N	\N	\N	\N	\N	\N	\N	\N	0	0	no-message	\N	\N	\N	no-message	\N	2025-06-18 16:03:53	\N	\N	no-message	\N	no-message	\N
6	\N	2025-06-18 15:49:05.568244	Portal User Template	\N	\N	\N	\N	\N	\N	0	6	1	1	Portal User Template	\N	vi_VN	\N	\N	\N	\N	\N	contact	\N	\N	\N	\N	\N	\N	\N	\N	\N	\N	\N	\N	\N	f	\N	f	t	2025-06-18 15:58:29.583463	\N	0	\N	\N	\N	\N	\N	\N	\N	\N	0	0	no-message	\N	\N	\N	no-message	\N	2025-06-18 16:03:53	\N	\N	no-message	\N	no-message	\N
\.


--
-- Data for Name: res_partner_autocomplete_sync; Type: TABLE DATA; Schema: public; Owner: odoo
--

COPY public.res_partner_autocomplete_sync (id, partner_id, create_uid, write_uid, synched, create_date, write_date) FROM stdin;
\.


--
-- Data for Name: res_partner_bank; Type: TABLE DATA; Schema: public; Owner: odoo
--

COPY public.res_partner_bank (id, partner_id, bank_id, sequence, currency_id, company_id, create_uid, write_uid, acc_number, sanitized_acc_number, acc_holder_name, active, allow_out_payment, create_date, write_date, message_main_attachment_id) FROM stdin;
\.


--
-- Data for Name: res_partner_category; Type: TABLE DATA; Schema: public; Owner: odoo
--

COPY public.res_partner_category (id, color, parent_id, create_uid, write_uid, parent_path, name, active, create_date, write_date) FROM stdin;
\.


--
-- Data for Name: res_partner_industry; Type: TABLE DATA; Schema: public; Owner: odoo
--

COPY public.res_partner_industry (id, create_uid, write_uid, name, full_name, active, create_date, write_date) FROM stdin;
14	1	1	{"en_US": "Administrative/Utilities", "vi_VN": "Hành chính/Tiện ích"}	{"en_US": "N - ADMINISTRATIVE AND SUPPORT SERVICE ACTIVITIES", "vi_VN": "N - HOẠT ĐỘNG HÀNH CHÍNH VÀ DỊCH VỤ HỖ TRỢ"}	t	2025-06-18 15:49:05.568244	2025-06-18 15:49:05.568244
1	1	1	{"en_US": "Agriculture", "vi_VN": "Nông nghiệp"}	{"en_US": "A - AGRICULTURE, FORESTRY AND FISHING", "vi_VN": "A - NÔNG NGHIỆP, LÂM NGHIỆP VÀ NGƯ NGHIỆP"}	t	2025-06-18 15:49:05.568244	2025-06-18 15:49:05.568244
6	1	1	{"en_US": "Construction", "vi_VN": "Xây dựng"}	{"en_US": "F - CONSTRUCTION", "vi_VN": "F - XÂY DỰNG"}	t	2025-06-18 15:49:05.568244	2025-06-18 15:49:05.568244
16	1	1	{"en_US": "Education", "vi_VN": "Giáo dục"}	{"en_US": "P - EDUCATION", "vi_VN": "P - GIÁO DỤC"}	t	2025-06-18 15:49:05.568244	2025-06-18 15:49:05.568244
4	1	1	{"en_US": "Energy supply", "vi_VN": "Cung ứng năng lượng"}	{"en_US": "D - ELECTRICITY, GAS, STEAM AND AIR CONDITIONING SUPPLY", "vi_VN": "D - NGUỒN CUNG ĐIỆN, KHÍ ĐỐT, HƠI NƯỚC VÀ ĐIỀU HÒA KHÔNG KHÍ"}	t	2025-06-18 15:49:05.568244	2025-06-18 15:49:05.568244
18	1	1	{"en_US": "Entertainment", "vi_VN": "Giải trí"}	{"en_US": "R - ARTS, ENTERTAINMENT AND RECREATION", "vi_VN": "R - NGHỆ THUẬT, GIẢI TRÍ VÀ ĐAM MÊ"}	t	2025-06-18 15:49:05.568244	2025-06-18 15:49:05.568244
11	1	1	{"en_US": "Finance/Insurance", "vi_VN": "Tài chính/Bảo hiểm"}	{"en_US": "K - FINANCIAL AND INSURANCE ACTIVITIES", "vi_VN": "K - HOẠT ĐỘNG TÀI CHÍNH VÀ BẢO HIỂM"}	t	2025-06-18 15:49:05.568244	2025-06-18 15:49:05.568244
9	1	1	{"en_US": "Food/Hospitality", "vi_VN": "Ẩm thực/Khách sạn"}	{"en_US": "I - ACCOMMODATION AND FOOD SERVICE ACTIVITIES", "vi_VN": "I - HOẠT ĐỘNG DỊCH VỤ LƯU TRÚ VÀ ĂN UỐNG"}	t	2025-06-18 15:49:05.568244	2025-06-18 15:49:05.568244
17	1	1	{"en_US": "Health/Social", "vi_VN": "Sức khoẻ/Xã hội"}	{"en_US": "Q - HUMAN HEALTH AND SOCIAL WORK ACTIVITIES", "vi_VN": "Q - CÁC HOẠT ĐỘNG SỨC KHỎE CON NGƯỜI VÀ CÔNG TÁC XÃ HỘI"}	t	2025-06-18 15:49:05.568244	2025-06-18 15:49:05.568244
20	1	1	{"en_US": "Households", "vi_VN": "Hộ gia đình"}	{"en_US": "T - ACTIVITIES OF HOUSEHOLDS AS EMPLOYERS; UNDIFFERENTIATED GOODS- AND SERVICES-PRODUCING ACTIVITIES OF HOUSEHOLDS FOR OWN USE", "vi_VN": "T - HOẠT ĐỘNG CỦA HỘ GIA ĐÌNH VỚI TƯ CÁCH LÀ NGƯỜI SỬ DỤNG LAO ĐỘNG; CÁC HOẠT ĐỘNG SẢN XUẤT HÀNG HÓA VÀ DỊCH VỤ KHÔNG PHÂN BIỆT CỦA CÁC HỘ GIA ĐÌNH ĐỂ SỬ DỤNG RIÊNG"}	t	2025-06-18 15:49:05.568244	2025-06-18 15:49:05.568244
10	1	1	{"en_US": "IT/Communication", "vi_VN": "IT/Truyền thông"}	{"en_US": "J - INFORMATION AND COMMUNICATION", "vi_VN": "J - THÔNG TIN VÀ TRUYỀN THÔNG"}	t	2025-06-18 15:49:05.568244	2025-06-18 15:49:05.568244
3	1	1	{"en_US": "Manufacturing", "vi_VN": "Sản xuất"}	{"en_US": "C - MANUFACTURING", "vi_VN": "C - SẢN XUẤT"}	t	2025-06-18 15:49:05.568244	2025-06-18 15:49:05.568244
2	1	1	{"en_US": "Mining", "vi_VN": "Khai thác"}	{"en_US": "B - MINING AND QUARRYING", "vi_VN": "B - KHAI KHOÁNG VÀ KHAI THÁC ĐÁ"}	t	2025-06-18 15:49:05.568244	2025-06-18 15:49:05.568244
19	1	1	{"en_US": "Other Services", "vi_VN": "Dịch vụ Khác"}	{"en_US": "S - OTHER SERVICE ACTIVITIES", "vi_VN": "S - CÁC HOẠT ĐỘNG DỊCH VỤ KHÁC"}	t	2025-06-18 15:49:05.568244	2025-06-18 15:49:05.568244
15	1	1	{"en_US": "Public Administration", "vi_VN": "Hành chính công"}	{"en_US": "O - PUBLIC ADMINISTRATION AND DEFENCE; COMPULSORY SOCIAL SECURITY", "vi_VN": "O - HÀNH CHÍNH CÔNG VÀ PHÒNG VỆ; AN NINH XÃ HỘI BẮT BUỘC"}	t	2025-06-18 15:49:05.568244	2025-06-18 15:49:05.568244
12	1	1	{"en_US": "Real Estate", "vi_VN": "Bất động sản"}	{"en_US": "L - REAL ESTATE ACTIVITIES", "vi_VN": "L - HOẠT ĐỘNG BẤT ĐỘNG SẢN"}	t	2025-06-18 15:49:05.568244	2025-06-18 15:49:05.568244
13	1	1	{"en_US": "Scientific", "vi_VN": "Thuộc về khoa học"}	{"en_US": "M - PROFESSIONAL, SCIENTIFIC AND TECHNICAL ACTIVITIES", "vi_VN": "M - HOẠT ĐỘNG NGHIỆP VỤ VÀ KHOA HỌC KỸ THUẬT"}	t	2025-06-18 15:49:05.568244	2025-06-18 15:49:05.568244
8	1	1	{"en_US": "Transportation/Logistics", "vi_VN": "Vận tải/hậu cần"}	{"en_US": "H - TRANSPORTATION AND STORAGE", "vi_VN": "H - GIAO THÔNG VẬN TẢI VÀ LƯU TRỮ"}	t	2025-06-18 15:49:05.568244	2025-06-18 15:49:05.568244
5	1	1	{"en_US": "Water supply", "vi_VN": "Cung cấp Nước"}	{"en_US": "E - WATER SUPPLY; SEWERAGE, WASTE MANAGEMENT AND REMEDIATION ACTIVITIES", "vi_VN": "E - NGUỒN CUNG NƯỚC; HOẠT ĐỘNG QUẢN LÝ VÀ KHẮC PHỤC KHẮC PHỤC THOÁT NƯỚC, CHẤT THẢI"}	t	2025-06-18 15:49:05.568244	2025-06-18 15:49:05.568244
7	1	1	{"en_US": "Wholesale/Retail", "vi_VN": "Bán sỉ/Bán lẻ"}	{"en_US": "G - WHOLESALE AND RETAIL TRADE; REPAIR OF MOTOR VEHICLES AND MOTORCYCLES", "vi_VN": "G - THƯƠNG MẠI BÁN BUÔN VÀ BÁN LẺ; SỬA CHỮA XE MÔ TÔ VÀ XE MÁY"}	t	2025-06-18 15:49:05.568244	2025-06-18 15:49:05.568244
21	1	1	{"en_US": "Extraterritorial", "vi_VN": "Ngoại vi"}	{"en_US": "U - ACTIVITIES OF EXTRATERRITORIAL ORGANISATIONS AND BODIES", "vi_VN": "U - HOẠT ĐỘNG CỦA CÁC TỔ CHỨC, CƠ QUAN BÊN NGOÀI"}	t	2025-06-18 15:49:05.568244	2025-06-18 15:49:05.568244
\.


--
-- Data for Name: res_partner_res_partner_category_rel; Type: TABLE DATA; Schema: public; Owner: odoo
--

COPY public.res_partner_res_partner_category_rel (category_id, partner_id) FROM stdin;
\.


--
-- Data for Name: res_partner_title; Type: TABLE DATA; Schema: public; Owner: odoo
--

COPY public.res_partner_title (id, create_uid, write_uid, name, shortcut, create_date, write_date) FROM stdin;
1	1	1	{"en_US": "Madam", "vi_VN": "Bà"}	{"en_US": "Mrs.", "vi_VN": "Mrs."}	2025-06-18 15:49:05.568244	2025-06-18 15:49:05.568244
2	1	1	{"en_US": "Miss", "vi_VN": "Cô"}	{"en_US": "Miss", "vi_VN": "Cô"}	2025-06-18 15:49:05.568244	2025-06-18 15:49:05.568244
3	1	1	{"en_US": "Mister", "vi_VN": "Ông"}	{"en_US": "Mr.", "vi_VN": "A."}	2025-06-18 15:49:05.568244	2025-06-18 15:49:05.568244
4	1	1	{"en_US": "Doctor", "vi_VN": "Tiến sĩ"}	{"en_US": "Dr.", "vi_VN": "Ts."}	2025-06-18 15:49:05.568244	2025-06-18 15:49:05.568244
5	1	1	{"en_US": "Professor", "vi_VN": "Giáo sư"}	{"en_US": "Prof.", "vi_VN": "Gs."}	2025-06-18 15:49:05.568244	2025-06-18 15:49:05.568244
\.


--
-- Data for Name: res_users; Type: TABLE DATA; Schema: public; Owner: odoo
--

COPY public.res_users (id, company_id, partner_id, active, create_date, login, password, action_id, create_uid, write_uid, signature, share, write_date, totp_secret, notification_type, odoobot_state, odoobot_failed, sale_team_id, karma, rank_id, next_rank_id, target_sales_won, target_sales_done, target_sales_invoiced, website_id, livechat_username) FROM stdin;
2	1	3	t	2025-06-18 15:49:05.568244	rniinstitute.mkt@gmail.com	$pbkdf2-sha512$600000$Was1BkAIQciZEyJkbK0VIg$f0PBReb9DIBg/ZK3nVRDkoz8IFQCdh9JD1G8HfB9H889jrwdJIo3y7DtRMgfC6MSc/2fRLWpkGY/ilbS1S5yqA	\N	1	1	<p style="margin:0px 0 0px 0;box-sizing:border-box;margin-bottom: 0px;"><span data-o-mail-quote="1">-- <br data-o-mail-quote="1">\nAdministrator</span></p>	f	2025-06-19 03:12:53.578007	\N	email	onboarding_emoji	\N	1	2500	4	\N	\N	\N	\N	\N	\N
3	1	5	f	2025-06-18 15:49:05.568244	default	\N	\N	1	1	<p data-o-mail-quote="1">--<br data-o-mail-quote="1">Default User Template</p>	f	2025-06-19 03:12:53.578007	\N	email	\N	\N	\N	0	\N	\N	\N	\N	\N	\N	\N
5	1	6	f	2025-06-18 15:49:05.568244	portaltemplate	\N	\N	1	1		t	2025-06-18 15:58:18.897712	\N	email	\N	\N	\N	0	\N	\N	\N	\N	\N	\N	\N
4	1	4	f	2025-06-18 15:49:05.568244	public	$pbkdf2-sha512$600000$szZGSMlZK2WM0bqXsjZGKA$rQP7RikocYdcz6rRrO7mpOupcX71a7dr7oL1n.Ckf5ZEUkgQnV/zI3S5rp/qo5bJoZt3xRgUSd311E3LoNixfA	\N	1	1	<p data-o-mail-quote="1">--<br data-o-mail-quote="1">Public user</p>	t	2025-06-18 15:58:18.897712	\N	email	\N	\N	\N	0	\N	\N	\N	\N	\N	\N	\N
1	1	2	f	2025-06-18 15:49:03.854699	__system__	\N	\N	\N	1	<span data-o-mail-quote="1">-- <br data-o-mail-quote="1">\nSystem</span>	f	2025-06-18 15:58:52.013416	\N	inbox	disabled	\N	\N	2500	\N	\N	\N	\N	\N	\N	\N
\.


--
-- Data for Name: res_users_apikeys; Type: TABLE DATA; Schema: public; Owner: odoo
--

COPY public.res_users_apikeys (id, name, user_id, scope, index, key, create_date) FROM stdin;
\.


--
-- Data for Name: res_users_apikeys_description; Type: TABLE DATA; Schema: public; Owner: odoo
--

COPY public.res_users_apikeys_description (id, create_uid, write_uid, name, create_date, write_date) FROM stdin;
\.


--
-- Data for Name: res_users_deletion; Type: TABLE DATA; Schema: public; Owner: odoo
--

COPY public.res_users_deletion (id, user_id, user_id_int, create_uid, write_uid, state, create_date, write_date) FROM stdin;
\.


--
-- Data for Name: res_users_identitycheck; Type: TABLE DATA; Schema: public; Owner: odoo
--

COPY public.res_users_identitycheck (id, create_uid, write_uid, request, password, create_date, write_date) FROM stdin;
\.


--
-- Data for Name: res_users_log; Type: TABLE DATA; Schema: public; Owner: odoo
--

COPY public.res_users_log (id, create_uid, write_uid, create_date, write_date) FROM stdin;
8	2	2	2025-10-23 03:09:38.015473	2025-10-23 03:09:38.015473
\.


--
-- Data for Name: res_users_settings; Type: TABLE DATA; Schema: public; Owner: odoo
--

COPY public.res_users_settings (id, user_id, voice_active_duration, create_uid, write_uid, push_to_talk_key, is_discuss_sidebar_category_channel_open, is_discuss_sidebar_category_chat_open, use_push_to_talk, create_date, write_date, is_discuss_sidebar_category_livechat_open) FROM stdin;
1	2	\N	2	2	\N	t	t	f	2025-06-18 15:59:34.287321	2025-06-18 15:59:34.287321	t
\.


--
-- Data for Name: res_users_settings_volumes; Type: TABLE DATA; Schema: public; Owner: odoo
--

COPY public.res_users_settings_volumes (id, user_setting_id, partner_id, guest_id, create_uid, write_uid, create_date, write_date, volume) FROM stdin;
\.


--
-- Data for Name: reset_view_arch_wizard; Type: TABLE DATA; Schema: public; Owner: odoo
--

COPY public.reset_view_arch_wizard (id, view_id, compare_view_id, create_uid, write_uid, reset_mode, create_date, write_date) FROM stdin;
\.


--
-- Data for Name: resource_calendar; Type: TABLE DATA; Schema: public; Owner: odoo
--

COPY public.resource_calendar (id, company_id, create_uid, write_uid, name, tz, active, two_weeks_calendar, create_date, write_date, hours_per_day) FROM stdin;
1	1	1	1	Standard 40 hours/week	Asia/Ho_Chi_Minh	t	\N	2025-06-18 15:58:03.730392	2025-06-18 15:58:03.730392	8
2	1	1	1	Standard 35 hours/week	Asia/Ho_Chi_Minh	t	\N	2025-06-18 15:58:03.730392	2025-06-18 15:58:03.730392	7
3	\N	1	1	Standard 38 hours/week	Asia/Ho_Chi_Minh	t	\N	2025-06-18 15:58:03.730392	2025-06-18 15:58:03.730392	7.6
\.


--
-- Data for Name: resource_calendar_attendance; Type: TABLE DATA; Schema: public; Owner: odoo
--

COPY public.resource_calendar_attendance (id, calendar_id, resource_id, sequence, create_uid, write_uid, name, dayofweek, day_period, week_type, display_type, date_from, date_to, create_date, write_date, hour_from, hour_to) FROM stdin;
1	1	\N	10	1	1	Monday Morning	0	morning	\N	\N	\N	\N	2025-06-18 15:58:03.730392	2025-06-18 15:58:03.730392	8	12
2	1	\N	10	1	1	Monday Afternoon	0	afternoon	\N	\N	\N	\N	2025-06-18 15:58:03.730392	2025-06-18 15:58:03.730392	13	17
3	1	\N	10	1	1	Tuesday Morning	1	morning	\N	\N	\N	\N	2025-06-18 15:58:03.730392	2025-06-18 15:58:03.730392	8	12
4	1	\N	10	1	1	Tuesday Afternoon	1	afternoon	\N	\N	\N	\N	2025-06-18 15:58:03.730392	2025-06-18 15:58:03.730392	13	17
5	1	\N	10	1	1	Wednesday Morning	2	morning	\N	\N	\N	\N	2025-06-18 15:58:03.730392	2025-06-18 15:58:03.730392	8	12
6	1	\N	10	1	1	Wednesday Afternoon	2	afternoon	\N	\N	\N	\N	2025-06-18 15:58:03.730392	2025-06-18 15:58:03.730392	13	17
7	1	\N	10	1	1	Thursday Morning	3	morning	\N	\N	\N	\N	2025-06-18 15:58:03.730392	2025-06-18 15:58:03.730392	8	12
8	1	\N	10	1	1	Thursday Afternoon	3	afternoon	\N	\N	\N	\N	2025-06-18 15:58:03.730392	2025-06-18 15:58:03.730392	13	17
9	1	\N	10	1	1	Friday Morning	4	morning	\N	\N	\N	\N	2025-06-18 15:58:03.730392	2025-06-18 15:58:03.730392	8	12
10	1	\N	10	1	1	Friday Afternoon	4	afternoon	\N	\N	\N	\N	2025-06-18 15:58:03.730392	2025-06-18 15:58:03.730392	13	17
11	2	\N	10	1	1	Monday Morning	0	morning	\N	\N	\N	\N	2025-06-18 15:58:03.730392	2025-06-18 15:58:03.730392	8	12
12	2	\N	10	1	1	Monday Afternoon	0	afternoon	\N	\N	\N	\N	2025-06-18 15:58:03.730392	2025-06-18 15:58:03.730392	13	16
13	2	\N	10	1	1	Tuesday Morning	1	morning	\N	\N	\N	\N	2025-06-18 15:58:03.730392	2025-06-18 15:58:03.730392	8	12
14	2	\N	10	1	1	Tuesday Afternoon	1	afternoon	\N	\N	\N	\N	2025-06-18 15:58:03.730392	2025-06-18 15:58:03.730392	13	16
15	2	\N	10	1	1	Wednesday Morning	2	morning	\N	\N	\N	\N	2025-06-18 15:58:03.730392	2025-06-18 15:58:03.730392	8	12
16	2	\N	10	1	1	Wednesday Afternoon	2	afternoon	\N	\N	\N	\N	2025-06-18 15:58:03.730392	2025-06-18 15:58:03.730392	13	16
17	2	\N	10	1	1	Thursday Morning	3	morning	\N	\N	\N	\N	2025-06-18 15:58:03.730392	2025-06-18 15:58:03.730392	8	12
18	2	\N	10	1	1	Thursday Afternoon	3	afternoon	\N	\N	\N	\N	2025-06-18 15:58:03.730392	2025-06-18 15:58:03.730392	13	16
19	2	\N	10	1	1	Friday Morning	4	morning	\N	\N	\N	\N	2025-06-18 15:58:03.730392	2025-06-18 15:58:03.730392	8	12
20	2	\N	10	1	1	Friday Afternoon	4	afternoon	\N	\N	\N	\N	2025-06-18 15:58:03.730392	2025-06-18 15:58:03.730392	13	16
21	3	\N	10	1	1	Monday Morning	0	morning	\N	\N	\N	\N	2025-06-18 15:58:03.730392	2025-06-18 15:58:03.730392	8	12
22	3	\N	10	1	1	Monday Afternoon	0	afternoon	\N	\N	\N	\N	2025-06-18 15:58:03.730392	2025-06-18 15:58:03.730392	13	16.6
23	3	\N	10	1	1	Tuesday Morning	1	morning	\N	\N	\N	\N	2025-06-18 15:58:03.730392	2025-06-18 15:58:03.730392	8	12
24	3	\N	10	1	1	Tuesday Afternoon	1	afternoon	\N	\N	\N	\N	2025-06-18 15:58:03.730392	2025-06-18 15:58:03.730392	13	16.6
25	3	\N	10	1	1	Wednesday Morning	2	morning	\N	\N	\N	\N	2025-06-18 15:58:03.730392	2025-06-18 15:58:03.730392	8	12
26	3	\N	10	1	1	Wednesday Afternoon	2	afternoon	\N	\N	\N	\N	2025-06-18 15:58:03.730392	2025-06-18 15:58:03.730392	13	16.6
27	3	\N	10	1	1	Thursday Morning	3	morning	\N	\N	\N	\N	2025-06-18 15:58:03.730392	2025-06-18 15:58:03.730392	8	12
28	3	\N	10	1	1	Thursday Afternoon	3	afternoon	\N	\N	\N	\N	2025-06-18 15:58:03.730392	2025-06-18 15:58:03.730392	13	16.6
29	3	\N	10	1	1	Friday Morning	4	morning	\N	\N	\N	\N	2025-06-18 15:58:03.730392	2025-06-18 15:58:03.730392	8	12
30	3	\N	10	1	1	Friday Afternoon	4	afternoon	\N	\N	\N	\N	2025-06-18 15:58:03.730392	2025-06-18 15:58:03.730392	13	16.6
\.


--
-- Data for Name: resource_calendar_leaves; Type: TABLE DATA; Schema: public; Owner: odoo
--

COPY public.resource_calendar_leaves (id, company_id, calendar_id, resource_id, create_uid, write_uid, name, time_type, date_from, date_to, create_date, write_date) FROM stdin;
\.


--
-- Data for Name: resource_resource; Type: TABLE DATA; Schema: public; Owner: odoo
--

COPY public.resource_resource (id, company_id, user_id, calendar_id, create_uid, write_uid, name, resource_type, tz, active, create_date, write_date, time_efficiency) FROM stdin;
1	1	2	1	1	1	Administrator	user	Asia/Ho_Chi_Minh	t	2025-06-18 15:58:54.527284	2025-06-18 15:58:54.527284	100
\.


--
-- Data for Name: rule_group_rel; Type: TABLE DATA; Schema: public; Owner: odoo
--

COPY public.rule_group_rel (rule_group_id, group_id) FROM stdin;
3	10
3	11
4	1
5	4
10	1
11	12
12	2
13	1
14	1
15	10
15	11
16	10
17	1
18	11
19	2
23	11
24	10
24	1
25	4
28	11
29	10
29	1
30	4
32	1
33	1
34	2
37	1
38	1
38	10
38	11
39	4
40	1
40	10
41	4
42	1
42	10
43	10
44	10
44	11
45	1
47	1
48	14
48	4
49	4
50	1
51	1
52	4
62	22
64	1
65	4
67	1
67	10
69	1
69	10
69	11
71	28
72	27
90	28
91	28
92	10
93	10
94	27
95	27
96	28
97	28
98	28
100	28
101	28
102	28
106	10
107	10
108	21
109	22
110	21
111	22
112	21
113	22
114	21
115	22
116	21
117	21
118	21
119	22
120	21
121	22
122	21
123	22
128	23
129	1
129	10
130	2
138	1
139	39
130	39
140	42
141	41
142	41
143	42
144	41
145	41
146	42
147	41
148	41
149	42
150	41
151	41
152	42
153	41
154	41
156	46
157	1
159	1
160	46
161	46
163	45
166	45
167	10
168	10
169	10
170	10
172	1
173	45
174	46
175	46
176	45
177	46
179	1
180	46
181	10
182	46
183	46
184	10
185	1
186	10
188	21
190	22
191	22
192	21
194	23
195	56
196	56
197	4
198	10
198	11
199	11
200	10
201	59
202	11
202	10
224	63
225	10
228	10
229	77
230	77
231	10
235	81
236	82
239	29
239	84
240	83
241	1
242	1
243	29
243	84
244	83
245	1
246	1
249	83
250	83
\.


--
-- Data for Name: sale_advance_payment_inv; Type: TABLE DATA; Schema: public; Owner: odoo
--

COPY public.sale_advance_payment_inv (id, product_id, currency_id, company_id, deposit_account_id, create_uid, write_uid, advance_payment_method, fixed_amount, deduct_down_payments, create_date, write_date, amount) FROM stdin;
\.


--
-- Data for Name: sale_advance_payment_inv_sale_order_rel; Type: TABLE DATA; Schema: public; Owner: odoo
--

COPY public.sale_advance_payment_inv_sale_order_rel (sale_advance_payment_inv_id, sale_order_id) FROM stdin;
\.


--
-- Data for Name: sale_order; Type: TABLE DATA; Schema: public; Owner: odoo
--

COPY public.sale_order (id, campaign_id, source_id, medium_id, message_main_attachment_id, company_id, partner_id, partner_invoice_id, partner_shipping_id, fiscal_position_id, payment_term_id, pricelist_id, currency_id, user_id, team_id, analytic_account_id, create_uid, write_uid, access_token, name, state, client_order_ref, origin, reference, signed_by, invoice_status, validity_date, note, currency_rate, amount_untaxed, amount_tax, amount_total, require_signature, require_payment, create_date, commitment_date, date_order, signed_on, write_date, sale_order_template_id, project_id, opportunity_id, incoterm, warehouse_id, procurement_group_id, incoterm_location, picking_policy, delivery_status, effective_date) FROM stdin;
\.


--
-- Data for Name: sale_order_cancel; Type: TABLE DATA; Schema: public; Owner: odoo
--

COPY public.sale_order_cancel (id, template_id, author_id, order_id, create_uid, write_uid, lang, subject, email_from, body, create_date, write_date) FROM stdin;
\.


--
-- Data for Name: sale_order_line; Type: TABLE DATA; Schema: public; Owner: odoo
--

COPY public.sale_order_line (id, order_id, sequence, company_id, currency_id, order_partner_id, salesman_id, product_id, product_uom, product_packaging_id, create_uid, write_uid, state, display_type, qty_delivered_method, invoice_status, analytic_distribution, name, product_uom_qty, price_unit, discount, price_reduce, price_subtotal, price_total, price_reduce_taxexcl, price_reduce_taxinc, qty_delivered, qty_invoiced, qty_to_invoice, untaxed_amount_invoiced, untaxed_amount_to_invoice, is_downpayment, is_expense, create_date, write_date, price_tax, product_packaging_qty, customer_lead, is_service, project_id, task_id, route_id) FROM stdin;
\.


--
-- Data for Name: sale_order_line_invoice_rel; Type: TABLE DATA; Schema: public; Owner: odoo
--

COPY public.sale_order_line_invoice_rel (invoice_line_id, order_line_id) FROM stdin;
\.


--
-- Data for Name: sale_order_option; Type: TABLE DATA; Schema: public; Owner: odoo
--

COPY public.sale_order_option (id, order_id, product_id, line_id, sequence, uom_id, create_uid, write_uid, name, quantity, price_unit, discount, create_date, write_date) FROM stdin;
\.


--
-- Data for Name: sale_order_tag_rel; Type: TABLE DATA; Schema: public; Owner: odoo
--

COPY public.sale_order_tag_rel (order_id, tag_id) FROM stdin;
\.


--
-- Data for Name: sale_order_template; Type: TABLE DATA; Schema: public; Owner: odoo
--

COPY public.sale_order_template (id, company_id, mail_template_id, number_of_days, create_uid, write_uid, name, note, active, require_signature, require_payment, create_date, write_date) FROM stdin;
\.


--
-- Data for Name: sale_order_template_line; Type: TABLE DATA; Schema: public; Owner: odoo
--

COPY public.sale_order_template_line (id, sale_order_template_id, sequence, company_id, product_id, product_uom_id, create_uid, write_uid, display_type, name, product_uom_qty, create_date, write_date) FROM stdin;
\.


--
-- Data for Name: sale_order_template_option; Type: TABLE DATA; Schema: public; Owner: odoo
--

COPY public.sale_order_template_option (id, sale_order_template_id, company_id, product_id, uom_id, create_uid, write_uid, name, quantity, create_date, write_date) FROM stdin;
\.


--
-- Data for Name: sale_order_transaction_rel; Type: TABLE DATA; Schema: public; Owner: odoo
--

COPY public.sale_order_transaction_rel (transaction_id, sale_order_id) FROM stdin;
\.


--
-- Data for Name: sale_payment_provider_onboarding_wizard; Type: TABLE DATA; Schema: public; Owner: odoo
--

COPY public.sale_payment_provider_onboarding_wizard (id, create_uid, write_uid, payment_method, paypal_user_type, paypal_email_account, paypal_seller_account, paypal_pdt_token, manual_name, journal_name, acc_number, manual_post_msg, create_date, write_date) FROM stdin;
\.


--
-- Data for Name: sms_composer; Type: TABLE DATA; Schema: public; Owner: odoo
--

COPY public.sms_composer (id, res_id, template_id, create_uid, write_uid, composition_mode, res_model, res_ids, recipient_single_number_itf, number_field_name, numbers, body, mass_keep_log, mass_force_send, mass_use_blacklist, create_date, write_date) FROM stdin;
\.


--
-- Data for Name: sms_resend; Type: TABLE DATA; Schema: public; Owner: odoo
--

COPY public.sms_resend (id, mail_message_id, create_uid, write_uid, create_date, write_date) FROM stdin;
\.


--
-- Data for Name: sms_resend_recipient; Type: TABLE DATA; Schema: public; Owner: odoo
--

COPY public.sms_resend_recipient (id, sms_resend_id, notification_id, create_uid, write_uid, partner_name, sms_number, resend, create_date, write_date) FROM stdin;
\.


--
-- Data for Name: sms_sms; Type: TABLE DATA; Schema: public; Owner: odoo
--

COPY public.sms_sms (id, partner_id, mail_message_id, create_uid, write_uid, number, state, failure_type, body, create_date, write_date) FROM stdin;
\.


--
-- Data for Name: sms_template; Type: TABLE DATA; Schema: public; Owner: odoo
--

COPY public.sms_template (id, model_id, sidebar_action_id, create_uid, write_uid, template_fs, lang, model, name, body, create_date, write_date) FROM stdin;
1	583	\N	1	1	calendar_sms/data/sms_data.xml	\N	calendar.event	{"en_US": "Calendar Event: Reminder", "vi_VN": "Calendar Event: Reminder"}	{"en_US": "Event reminder: {{ object.name }}, {{ object.get_display_time_tz(object.partner_id.tz) }}", "vi_VN": "Nhắc nhở sự kiện: {{ object.name }}, {{ object.get_display_time_tz(object.partner_id.tz) }}"}	2025-06-18 16:03:54.723875	2025-06-18 16:03:54.723875
2	662	\N	1	1	stock_sms/data/sms_data.xml	\N	stock.picking	{"en_US": "Delivery: Send by SMS Text Message", "vi_VN": "Giao hàng: Gửi bằng tin nhắn văn bản SMS"}	{"en_US": "\\n                {{ (object.company_id.name + ': We are glad to inform you that your order n° ' + object.origin + ' has been shipped.' if object.origin else object.company_id.name + ': We are glad to inform you that your order has been shipped.') + (' Your tracking reference is ' + (object.carrier_tracking_ref) + '.' if hasattr(object, 'carrier_tracking_ref') and object.carrier_tracking_ref else '') }}\\n            ", "vi_VN": "\\n                {{ (object.company_id.name + ': Chúng tôi rất vui mừng thông báo đơn hàng n° ' + object.origin + ' của bạn đã được vận chuyển.' if object.origin else object.company_id.name + ': Chúng tôi rất vui mừng thông báo đơn hàng của bạn đã được vận chuyển.') + (' Mã theo dõi đơn hàng là ' + (object.carrier_tracking_ref) + '.' if hasattr(object, 'carrier_tracking_ref') and object.carrier_tracking_ref else '') }}\\n            "}	2025-06-19 03:11:06.295861	2025-06-19 03:11:06.295861
\.


--
-- Data for Name: sms_template_preview; Type: TABLE DATA; Schema: public; Owner: odoo
--

COPY public.sms_template_preview (id, sms_template_id, create_uid, write_uid, lang, resource_ref, create_date, write_date) FROM stdin;
\.


--
-- Data for Name: sms_template_reset; Type: TABLE DATA; Schema: public; Owner: odoo
--

COPY public.sms_template_reset (id, create_uid, write_uid, create_date, write_date) FROM stdin;
\.


--
-- Data for Name: sms_template_sms_template_reset_rel; Type: TABLE DATA; Schema: public; Owner: odoo
--

COPY public.sms_template_sms_template_reset_rel (sms_template_reset_id, sms_template_id) FROM stdin;
\.


--
-- Data for Name: snailmail_confirm_invoice; Type: TABLE DATA; Schema: public; Owner: odoo
--

COPY public.snailmail_confirm_invoice (id, invoice_send_id, create_uid, write_uid, model_name, create_date, write_date) FROM stdin;
\.


--
-- Data for Name: snailmail_letter; Type: TABLE DATA; Schema: public; Owner: odoo
--

COPY public.snailmail_letter (id, user_id, res_id, partner_id, company_id, report_template, attachment_id, message_id, state_id, country_id, create_uid, write_uid, model, state, error_code, street, street2, zip, city, info_msg, color, cover, duplex, create_date, write_date) FROM stdin;
\.


--
-- Data for Name: snailmail_letter_format_error; Type: TABLE DATA; Schema: public; Owner: odoo
--

COPY public.snailmail_letter_format_error (id, message_id, create_uid, write_uid, snailmail_cover, create_date, write_date) FROM stdin;
\.


--
-- Data for Name: snailmail_letter_missing_required_fields; Type: TABLE DATA; Schema: public; Owner: odoo
--

COPY public.snailmail_letter_missing_required_fields (id, partner_id, letter_id, state_id, country_id, create_uid, write_uid, street, street2, zip, city, create_date, write_date) FROM stdin;
\.


--
-- Data for Name: spreadsheet_dashboard; Type: TABLE DATA; Schema: public; Owner: odoo
--

COPY public.spreadsheet_dashboard (id, dashboard_group_id, sequence, create_uid, write_uid, name, create_date, write_date) FROM stdin;
1	1	20	1	1	Invoicing	2025-06-18 15:58:43.744539	2025-06-18 15:58:43.744539
2	2	100	1	1	Sales	2025-06-18 15:58:51.012681	2025-06-18 15:58:51.012681
3	2	200	1	1	Product	2025-06-18 15:58:51.012681	2025-06-18 15:58:51.012681
4	4	100	1	1	Live chat	2025-06-18 16:06:38.78553	2025-06-18 16:06:38.78553
5	6	300	1	1	Inventory On Hand	2025-06-19 03:11:07.16886	2025-06-19 03:11:07.16886
6	6	200	1	1	Vendors	2025-06-19 03:12:10.049588	2025-06-19 03:12:10.049588
7	6	100	1	1	Purchase	2025-06-19 03:12:11.97592	2025-06-19 03:12:11.97592
8	1	40	1	1	Expenses	2025-06-19 03:12:58.415258	2025-06-19 03:13:00.038391
\.


--
-- Data for Name: spreadsheet_dashboard_group; Type: TABLE DATA; Schema: public; Owner: odoo
--

COPY public.spreadsheet_dashboard_group (id, sequence, create_uid, write_uid, name, create_date, write_date) FROM stdin;
1	300	1	1	Finance	2025-06-18 15:58:20.210972	2025-06-18 15:58:20.210972
2	100	1	1	Sales	2025-06-18 15:58:20.210972	2025-06-18 15:58:20.210972
3	800	1	1	Human Resources	2025-06-18 15:58:20.210972	2025-06-18 15:58:20.210972
4	700	1	1	Website	2025-06-18 15:58:20.210972	2025-06-18 15:58:20.210972
5	500	1	1	Project	2025-06-18 15:58:20.210972	2025-06-18 15:58:20.210972
6	400	1	1	Logistics	2025-06-18 15:58:20.210972	2025-06-18 15:58:20.210972
\.


--
-- Data for Name: stock_assign_serial; Type: TABLE DATA; Schema: public; Owner: odoo
--

COPY public.stock_assign_serial (id, move_id, next_serial_count, create_uid, write_uid, next_serial_number, create_date, write_date) FROM stdin;
\.


--
-- Data for Name: stock_backorder_confirmation; Type: TABLE DATA; Schema: public; Owner: odoo
--

COPY public.stock_backorder_confirmation (id, create_uid, write_uid, show_transfers, create_date, write_date) FROM stdin;
\.


--
-- Data for Name: stock_backorder_confirmation_line; Type: TABLE DATA; Schema: public; Owner: odoo
--

COPY public.stock_backorder_confirmation_line (id, backorder_confirmation_id, picking_id, create_uid, write_uid, to_backorder, create_date, write_date) FROM stdin;
\.


--
-- Data for Name: stock_change_product_qty; Type: TABLE DATA; Schema: public; Owner: odoo
--

COPY public.stock_change_product_qty (id, product_id, product_tmpl_id, create_uid, write_uid, new_quantity, create_date, write_date) FROM stdin;
\.


--
-- Data for Name: stock_conflict_quant_rel; Type: TABLE DATA; Schema: public; Owner: odoo
--

COPY public.stock_conflict_quant_rel (stock_inventory_conflict_id, stock_quant_id) FROM stdin;
\.


--
-- Data for Name: stock_immediate_transfer; Type: TABLE DATA; Schema: public; Owner: odoo
--

COPY public.stock_immediate_transfer (id, create_uid, write_uid, show_transfers, create_date, write_date) FROM stdin;
\.


--
-- Data for Name: stock_immediate_transfer_line; Type: TABLE DATA; Schema: public; Owner: odoo
--

COPY public.stock_immediate_transfer_line (id, immediate_transfer_id, picking_id, create_uid, write_uid, to_immediate, create_date, write_date) FROM stdin;
\.


--
-- Data for Name: stock_inventory_adjustment_name; Type: TABLE DATA; Schema: public; Owner: odoo
--

COPY public.stock_inventory_adjustment_name (id, create_uid, write_uid, inventory_adjustment_name, show_info, create_date, write_date) FROM stdin;
\.


--
-- Data for Name: stock_inventory_adjustment_name_stock_quant_rel; Type: TABLE DATA; Schema: public; Owner: odoo
--

COPY public.stock_inventory_adjustment_name_stock_quant_rel (stock_inventory_adjustment_name_id, stock_quant_id) FROM stdin;
\.


--
-- Data for Name: stock_inventory_conflict; Type: TABLE DATA; Schema: public; Owner: odoo
--

COPY public.stock_inventory_conflict (id, create_uid, write_uid, create_date, write_date) FROM stdin;
\.


--
-- Data for Name: stock_inventory_conflict_stock_quant_rel; Type: TABLE DATA; Schema: public; Owner: odoo
--

COPY public.stock_inventory_conflict_stock_quant_rel (stock_inventory_conflict_id, stock_quant_id) FROM stdin;
\.


--
-- Data for Name: stock_inventory_warning; Type: TABLE DATA; Schema: public; Owner: odoo
--

COPY public.stock_inventory_warning (id, create_uid, write_uid, create_date, write_date) FROM stdin;
\.


--
-- Data for Name: stock_inventory_warning_stock_quant_rel; Type: TABLE DATA; Schema: public; Owner: odoo
--

COPY public.stock_inventory_warning_stock_quant_rel (stock_inventory_warning_id, stock_quant_id) FROM stdin;
\.


--
-- Data for Name: stock_location; Type: TABLE DATA; Schema: public; Owner: odoo
--

COPY public.stock_location (id, location_id, posx, posy, posz, company_id, removal_strategy_id, cyclic_inventory_frequency, warehouse_id, storage_category_id, create_uid, write_uid, name, complete_name, usage, parent_path, barcode, last_inventory_date, next_inventory_date, comment, active, scrap_location, return_location, replenish_location, create_date, write_date, valuation_in_account_id, valuation_out_account_id) FROM stdin;
1	\N	0	0	0	\N	\N	0	\N	\N	1	1	Physical Locations	Physical Locations	view	1/	\N	\N	\N	\N	t	f	\N	f	2025-06-19 03:10:52.944233	2025-06-19 03:10:52.944233	\N	\N
2	\N	0	0	1	\N	\N	0	\N	\N	1	1	Partners	Partners	view	2/	\N	\N	\N	\N	t	f	\N	f	2025-06-19 03:10:52.944233	2025-06-19 03:10:52.944233	\N	\N
3	\N	0	0	1	\N	\N	0	\N	\N	1	1	Virtual Locations	Virtual Locations	view	3/	\N	\N	\N	\N	t	f	\N	f	2025-06-19 03:10:52.944233	2025-06-19 03:10:52.944233	\N	\N
4	2	0	0	0	\N	\N	0	\N	\N	1	1	Vendors	Partners/Vendors	supplier	2/4/	\N	\N	\N	\N	t	f	\N	f	2025-06-19 03:10:52.944233	2025-06-19 03:10:52.944233	\N	\N
5	2	0	0	0	\N	\N	0	\N	\N	1	1	Customers	Partners/Customers	customer	2/5/	\N	\N	\N	\N	t	f	\N	f	2025-06-19 03:10:52.944233	2025-06-19 03:10:52.944233	\N	\N
6	3	0	0	0	\N	\N	0	\N	\N	1	1	Inter-company transit	Virtual Locations/Inter-company transit	transit	3/6/	\N	\N	\N	\N	f	f	\N	f	2025-06-19 03:10:52.944233	2025-06-19 03:10:52.944233	\N	\N
9	7	0	0	0	1	\N	0	1	\N	1	1	Đầu vào	WH/Đầu vào	internal	1/7/9/	WH-INPUT	\N	\N	\N	f	f	\N	\N	2025-06-19 03:10:52.944233	2025-06-19 03:10:52.944233	\N	\N
10	7	0	0	0	1	\N	0	1	\N	1	1	Kiểm soát chất lượng	WH/Kiểm soát chất lượng	internal	1/7/10/	WH-QUALITY	\N	\N	\N	f	f	\N	\N	2025-06-19 03:10:52.944233	2025-06-19 03:10:52.944233	\N	\N
11	7	0	0	0	1	\N	0	1	\N	1	1	Đầu ra	WH/Đầu ra	internal	1/7/11/	WH-OUTPUT	\N	\N	\N	f	f	\N	\N	2025-06-19 03:10:52.944233	2025-06-19 03:10:52.944233	\N	\N
12	7	0	0	0	1	\N	0	1	\N	1	1	Khu vực đóng gói	WH/Khu vực đóng gói	internal	1/7/12/	WH-PACKING	\N	\N	\N	f	f	\N	\N	2025-06-19 03:10:52.944233	2025-06-19 03:10:52.944233	\N	\N
7	1	0	0	0	1	\N	0	1	\N	1	1	WH	WH	view	1/7/	\N	\N	\N	\N	t	f	\N	f	2025-06-19 03:10:52.944233	2025-06-19 03:10:52.944233	\N	\N
8	7	0	0	0	1	\N	0	1	\N	1	1	Tồn kho	WH/Tồn kho	internal	1/7/8/	WH-STOCK	\N	\N	\N	t	f	\N	t	2025-06-19 03:10:52.944233	2025-06-19 03:10:52.944233	\N	\N
13	1	0	0	0	1	\N	0	\N	\N	1	1	Trung chuyển giữ các kho hàng	Physical Locations/Trung chuyển giữ các kho hàng	transit	1/13/	\N	\N	\N	\N	f	f	\N	f	2025-06-19 03:10:52.944233	2025-06-19 03:10:52.944233	\N	\N
14	3	0	0	0	1	\N	0	\N	\N	1	1	Inventory adjustment	Virtual Locations/Inventory adjustment	inventory	3/14/	\N	\N	\N	\N	t	f	\N	f	2025-06-19 03:10:52.944233	2025-06-19 03:10:52.944233	\N	\N
15	3	0	0	0	1	\N	0	\N	\N	1	1	Production	Virtual Locations/Production	production	3/15/	\N	\N	\N	\N	t	f	\N	f	2025-06-19 03:10:52.944233	2025-06-19 03:10:52.944233	\N	\N
16	3	0	0	0	1	\N	0	\N	\N	1	1	Scrap	Virtual Locations/Scrap	inventory	3/16/	\N	\N	\N	\N	t	t	\N	f	2025-06-19 03:10:52.944233	2025-06-19 03:10:52.944233	\N	\N
\.


--
-- Data for Name: stock_lot; Type: TABLE DATA; Schema: public; Owner: odoo
--

COPY public.stock_lot (id, message_main_attachment_id, product_id, product_uom_id, company_id, create_uid, write_uid, name, ref, note, create_date, write_date) FROM stdin;
\.


--
-- Data for Name: stock_move; Type: TABLE DATA; Schema: public; Owner: odoo
--

COPY public.stock_move (id, sequence, company_id, product_id, product_uom, location_id, location_dest_id, partner_id, picking_id, group_id, rule_id, picking_type_id, origin_returned_move_id, restrict_partner_id, warehouse_id, package_level_id, next_serial_count, orderpoint_id, product_packaging_id, create_uid, write_uid, name, priority, state, origin, procure_method, reference, next_serial, reservation_date, description_picking, product_qty, product_uom_qty, quantity_done, scrapped, propagate_cancel, is_inventory, additional, date, date_deadline, delay_alert_date, create_date, write_date, price_unit, analytic_account_line_id, to_refund, sale_line_id, purchase_line_id, created_purchase_line_id) FROM stdin;
\.


--
-- Data for Name: stock_move_line; Type: TABLE DATA; Schema: public; Owner: odoo
--

COPY public.stock_move_line (id, picking_id, move_id, company_id, product_id, product_uom_id, package_id, package_level_id, lot_id, result_package_id, owner_id, location_id, location_dest_id, create_uid, write_uid, product_category_name, lot_name, state, reference, description_picking, reserved_qty, reserved_uom_qty, qty_done, date, create_date, write_date) FROM stdin;
\.


--
-- Data for Name: stock_move_line_consume_rel; Type: TABLE DATA; Schema: public; Owner: odoo
--

COPY public.stock_move_line_consume_rel (consume_line_id, produce_line_id) FROM stdin;
\.


--
-- Data for Name: stock_move_move_rel; Type: TABLE DATA; Schema: public; Owner: odoo
--

COPY public.stock_move_move_rel (move_orig_id, move_dest_id) FROM stdin;
\.


--
-- Data for Name: stock_orderpoint_snooze; Type: TABLE DATA; Schema: public; Owner: odoo
--

COPY public.stock_orderpoint_snooze (id, create_uid, write_uid, predefined_date, snoozed_until, create_date, write_date) FROM stdin;
\.


--
-- Data for Name: stock_orderpoint_snooze_stock_warehouse_orderpoint_rel; Type: TABLE DATA; Schema: public; Owner: odoo
--

COPY public.stock_orderpoint_snooze_stock_warehouse_orderpoint_rel (stock_orderpoint_snooze_id, stock_warehouse_orderpoint_id) FROM stdin;
\.


--
-- Data for Name: stock_package_destination; Type: TABLE DATA; Schema: public; Owner: odoo
--

COPY public.stock_package_destination (id, picking_id, location_dest_id, create_uid, write_uid, create_date, write_date) FROM stdin;
\.


--
-- Data for Name: stock_package_level; Type: TABLE DATA; Schema: public; Owner: odoo
--

COPY public.stock_package_level (id, package_id, picking_id, location_dest_id, company_id, create_uid, write_uid, create_date, write_date) FROM stdin;
\.


--
-- Data for Name: stock_package_type; Type: TABLE DATA; Schema: public; Owner: odoo
--

COPY public.stock_package_type (id, sequence, height, width, packaging_length, company_id, create_uid, write_uid, name, barcode, create_date, write_date, base_weight, max_weight) FROM stdin;
\.


--
-- Data for Name: stock_package_type_stock_putaway_rule_rel; Type: TABLE DATA; Schema: public; Owner: odoo
--

COPY public.stock_package_type_stock_putaway_rule_rel (stock_putaway_rule_id, stock_package_type_id) FROM stdin;
\.


--
-- Data for Name: stock_picking; Type: TABLE DATA; Schema: public; Owner: odoo
--

COPY public.stock_picking (id, message_main_attachment_id, backorder_id, group_id, location_id, location_dest_id, picking_type_id, partner_id, company_id, user_id, owner_id, create_uid, write_uid, name, origin, move_type, state, priority, note, has_deadline_issue, printed, is_locked, immediate_transfer, scheduled_date, date_deadline, date, date_done, create_date, write_date, sale_id) FROM stdin;
\.


--
-- Data for Name: stock_picking_backorder_rel; Type: TABLE DATA; Schema: public; Owner: odoo
--

COPY public.stock_picking_backorder_rel (stock_backorder_confirmation_id, stock_picking_id) FROM stdin;
\.


--
-- Data for Name: stock_picking_sms_rel; Type: TABLE DATA; Schema: public; Owner: odoo
--

COPY public.stock_picking_sms_rel (confirm_stock_sms_id, stock_picking_id) FROM stdin;
\.


--
-- Data for Name: stock_picking_transfer_rel; Type: TABLE DATA; Schema: public; Owner: odoo
--

COPY public.stock_picking_transfer_rel (stock_immediate_transfer_id, stock_picking_id) FROM stdin;
\.


--
-- Data for Name: stock_picking_type; Type: TABLE DATA; Schema: public; Owner: odoo
--

COPY public.stock_picking_type (id, color, sequence, sequence_id, default_location_src_id, default_location_dest_id, return_picking_type_id, warehouse_id, reservation_days_before, reservation_days_before_priority, company_id, create_uid, write_uid, sequence_code, code, reservation_method, barcode, create_backorder, name, show_entire_packs, active, use_create_lots, use_existing_lots, print_label, show_operations, show_reserved, auto_show_reception_report, create_date, write_date) FROM stdin;
4	0	4	7	12	12	\N	1	\N	\N	1	1	1	PACK	internal	at_confirm	WH-PACK	ask	{"en_US": "Gói"}	\N	f	f	t	\N	f	t	\N	2025-06-19 03:10:52.944233	2025-06-19 03:12:07.978439
3	0	3	6	8	12	\N	1	\N	\N	1	1	1	PICK	internal	at_confirm	WH-PICK	ask	{"en_US": "Lấy hàng"}	\N	f	f	t	\N	f	t	\N	2025-06-19 03:10:52.944233	2025-06-19 03:12:07.978439
6	0	6	9	\N	8	\N	1	\N	\N	1	1	1	RET	incoming	at_confirm	WH-RETURNS	ask	{"en_US": "Trả hàng"}	\N	t	f	t	\N	f	t	\N	2025-06-19 03:10:52.944233	2025-06-19 03:12:07.978439
1	0	1	4	\N	8	2	1	\N	\N	1	1	1	IN	incoming	at_confirm	WH-RECEIPTS	ask	{"en_US": "Phiếu nhập kho", "vi_VN": "Phiếu nhập kho"}	\N	t	t	f	\N	f	f	\N	2025-06-19 03:10:52.944233	2025-06-19 03:12:07.978439
2	0	5	5	8	\N	6	1	\N	\N	1	1	1	OUT	outgoing	at_confirm	WH-DELIVERY	ask	{"en_US": "Lệnh giao hàng", "vi_VN": "Lệnh giao hàng"}	\N	t	f	t	t	f	t	\N	2025-06-19 03:10:52.944233	2025-06-19 03:12:07.978439
5	0	2	8	8	8	\N	1	\N	\N	1	1	1	INT	internal	at_confirm	WH-INTERNAL	ask	{"en_US": "Lệnh chuyển hàng nội bộ", "vi_VN": "Lệnh chuyển hàng nội bộ"}	\N	f	f	t	\N	f	t	\N	2025-06-19 03:10:52.944233	2025-06-19 03:12:07.978439
\.


--
-- Data for Name: stock_putaway_rule; Type: TABLE DATA; Schema: public; Owner: odoo
--

COPY public.stock_putaway_rule (id, product_id, category_id, location_in_id, location_out_id, sequence, company_id, storage_category_id, create_uid, write_uid, active, create_date, write_date) FROM stdin;
\.


--
-- Data for Name: stock_quant; Type: TABLE DATA; Schema: public; Owner: odoo
--

COPY public.stock_quant (id, product_id, company_id, location_id, storage_category_id, lot_id, package_id, owner_id, user_id, create_uid, write_uid, inventory_date, quantity, reserved_quantity, inventory_quantity, inventory_diff_quantity, inventory_quantity_set, in_date, create_date, write_date, accounting_date) FROM stdin;
\.


--
-- Data for Name: stock_quant_package; Type: TABLE DATA; Schema: public; Owner: odoo
--

COPY public.stock_quant_package (id, package_type_id, location_id, company_id, create_uid, write_uid, name, package_use, pack_date, create_date, write_date) FROM stdin;
\.


--
-- Data for Name: stock_quant_stock_request_count_rel; Type: TABLE DATA; Schema: public; Owner: odoo
--

COPY public.stock_quant_stock_request_count_rel (stock_request_count_id, stock_quant_id) FROM stdin;
\.


--
-- Data for Name: stock_quant_stock_track_confirmation_rel; Type: TABLE DATA; Schema: public; Owner: odoo
--

COPY public.stock_quant_stock_track_confirmation_rel (stock_track_confirmation_id, stock_quant_id) FROM stdin;
\.


--
-- Data for Name: stock_quantity_history; Type: TABLE DATA; Schema: public; Owner: odoo
--

COPY public.stock_quantity_history (id, create_uid, write_uid, inventory_datetime, create_date, write_date) FROM stdin;
\.


--
-- Data for Name: stock_replenishment_info; Type: TABLE DATA; Schema: public; Owner: odoo
--

COPY public.stock_replenishment_info (id, orderpoint_id, create_uid, write_uid, create_date, write_date) FROM stdin;
\.


--
-- Data for Name: stock_replenishment_option; Type: TABLE DATA; Schema: public; Owner: odoo
--

COPY public.stock_replenishment_option (id, route_id, product_id, replenishment_info_id, create_uid, write_uid, create_date, write_date) FROM stdin;
\.


--
-- Data for Name: stock_request_count; Type: TABLE DATA; Schema: public; Owner: odoo
--

COPY public.stock_request_count (id, user_id, create_uid, write_uid, set_count, inventory_date, create_date, write_date, accounting_date) FROM stdin;
\.


--
-- Data for Name: stock_return_picking; Type: TABLE DATA; Schema: public; Owner: odoo
--

COPY public.stock_return_picking (id, picking_id, original_location_id, parent_location_id, location_id, create_uid, write_uid, move_dest_exists, create_date, write_date) FROM stdin;
\.


--
-- Data for Name: stock_return_picking_line; Type: TABLE DATA; Schema: public; Owner: odoo
--

COPY public.stock_return_picking_line (id, product_id, wizard_id, move_id, create_uid, write_uid, quantity, create_date, write_date, to_refund) FROM stdin;
\.


--
-- Data for Name: stock_route; Type: TABLE DATA; Schema: public; Owner: odoo
--

COPY public.stock_route (id, sequence, supplied_wh_id, supplier_wh_id, company_id, create_uid, write_uid, name, active, product_selectable, product_categ_selectable, warehouse_selectable, packaging_selectable, create_date, write_date, sale_selectable) FROM stdin;
1	5	\N	\N	\N	1	1	{"en_US": "Replenish on Order (MTO)", "vi_VN": "Bổ sung theo đơn đặt hàng (MTO)"}	f	t	\N	\N	\N	2025-06-19 03:10:52.944233	2025-06-19 03:11:07.69283	t
2	9	\N	\N	1	1	1	{"en_US": "My Company: Nhận hàng 1 bước (lưu kho)"}	t	f	t	t	\N	2025-06-19 03:10:52.944233	2025-06-19 03:12:07.978439	\N
3	10	\N	\N	1	1	1	{"en_US": "My Company: Giao hàng 1 bước (giao hàng)"}	t	f	t	t	\N	2025-06-19 03:10:52.944233	2025-06-19 03:12:07.978439	\N
4	20	\N	\N	1	1	1	{"en_US": "My Company: Cross-Dock"}	f	t	t	\N	\N	2025-06-19 03:10:52.944233	2025-06-19 03:12:07.978439	\N
5	5	\N	\N	\N	1	1	{"en_US": "Buy", "vi_VN": "Mua"}	t	t	\N	\N	\N	2025-06-19 03:12:07.978439	2025-06-19 03:12:07.978439	\N
\.


--
-- Data for Name: stock_route_categ; Type: TABLE DATA; Schema: public; Owner: odoo
--

COPY public.stock_route_categ (route_id, categ_id) FROM stdin;
\.


--
-- Data for Name: stock_route_move; Type: TABLE DATA; Schema: public; Owner: odoo
--

COPY public.stock_route_move (move_id, route_id) FROM stdin;
\.


--
-- Data for Name: stock_route_packaging; Type: TABLE DATA; Schema: public; Owner: odoo
--

COPY public.stock_route_packaging (route_id, packaging_id) FROM stdin;
\.


--
-- Data for Name: stock_route_product; Type: TABLE DATA; Schema: public; Owner: odoo
--

COPY public.stock_route_product (route_id, product_id) FROM stdin;
5	1
5	2
5	3
5	4
5	5
5	6
\.


--
-- Data for Name: stock_route_stock_rules_report_rel; Type: TABLE DATA; Schema: public; Owner: odoo
--

COPY public.stock_route_stock_rules_report_rel (stock_rules_report_id, stock_route_id) FROM stdin;
\.


--
-- Data for Name: stock_route_warehouse; Type: TABLE DATA; Schema: public; Owner: odoo
--

COPY public.stock_route_warehouse (route_id, warehouse_id) FROM stdin;
2	1
3	1
\.


--
-- Data for Name: stock_rule; Type: TABLE DATA; Schema: public; Owner: odoo
--

COPY public.stock_rule (id, group_id, sequence, company_id, location_dest_id, location_src_id, route_id, route_sequence, picking_type_id, delay, partner_address_id, warehouse_id, propagate_warehouse_id, create_uid, write_uid, group_propagation_option, action, procure_method, auto, name, active, propagate_cancel, propagate_carrier, create_date, write_date) FROM stdin;
1	\N	20	1	8	4	2	9	1	0	\N	1	\N	1	1	propagate	pull	make_to_stock	manual	{"en_US": "WH: Vendors → Tồn kho"}	f	f	f	2025-06-19 03:10:52.944233	2025-06-19 03:12:07.978439
2	\N	20	1	5	8	3	10	2	0	\N	1	\N	1	1	propagate	pull	make_to_stock	manual	{"en_US": "WH: Tồn kho → Customers"}	t	f	t	2025-06-19 03:10:52.944233	2025-06-19 03:12:07.978439
3	\N	20	1	11	9	4	20	5	0	\N	1	\N	1	1	propagate	pull	make_to_order	manual	{"en_US": "WH: Đầu vào → Đầu ra"}	t	f	f	2025-06-19 03:10:52.944233	2025-06-19 03:12:07.978439
5	\N	20	1	5	8	1	5	2	0	\N	1	\N	1	1	propagate	pull	mts_else_mto	manual	{"en_US": "WH: Tồn kho → Customers (MTO)"}	t	f	t	2025-06-19 03:10:52.944233	2025-06-19 03:12:07.978439
4	\N	20	1	5	11	4	20	2	0	\N	1	\N	1	1	propagate	pull	make_to_order	manual	{"en_US": "WH: Đầu ra → Customers"}	t	f	f	2025-06-19 03:10:52.944233	2025-06-19 03:12:07.978439
6	\N	20	1	8	\N	5	5	1	0	\N	1	\N	1	1	none	buy	make_to_stock	manual	{"en_US": "WH: Tồn kho (Buy)"}	t	f	f	2025-06-19 03:12:07.978439	2025-06-19 03:12:07.978439
\.


--
-- Data for Name: stock_rules_report; Type: TABLE DATA; Schema: public; Owner: odoo
--

COPY public.stock_rules_report (id, product_id, product_tmpl_id, create_uid, write_uid, product_has_variants, create_date, write_date) FROM stdin;
\.


--
-- Data for Name: stock_rules_report_stock_warehouse_rel; Type: TABLE DATA; Schema: public; Owner: odoo
--

COPY public.stock_rules_report_stock_warehouse_rel (stock_rules_report_id, stock_warehouse_id) FROM stdin;
\.


--
-- Data for Name: stock_scheduler_compute; Type: TABLE DATA; Schema: public; Owner: odoo
--

COPY public.stock_scheduler_compute (id, create_uid, write_uid, create_date, write_date) FROM stdin;
\.


--
-- Data for Name: stock_scrap; Type: TABLE DATA; Schema: public; Owner: odoo
--

COPY public.stock_scrap (id, message_main_attachment_id, company_id, product_id, product_uom_id, lot_id, package_id, owner_id, move_id, picking_id, location_id, scrap_location_id, create_uid, write_uid, name, origin, state, scrap_qty, date_done, create_date, write_date) FROM stdin;
\.


--
-- Data for Name: stock_storage_category; Type: TABLE DATA; Schema: public; Owner: odoo
--

COPY public.stock_storage_category (id, company_id, create_uid, write_uid, name, allow_new_product, max_weight, create_date, write_date) FROM stdin;
\.


--
-- Data for Name: stock_storage_category_capacity; Type: TABLE DATA; Schema: public; Owner: odoo
--

COPY public.stock_storage_category_capacity (id, storage_category_id, product_id, package_type_id, create_uid, write_uid, create_date, write_date, quantity) FROM stdin;
\.


--
-- Data for Name: stock_traceability_report; Type: TABLE DATA; Schema: public; Owner: odoo
--

COPY public.stock_traceability_report (id, create_uid, write_uid, create_date, write_date) FROM stdin;
\.


--
-- Data for Name: stock_track_confirmation; Type: TABLE DATA; Schema: public; Owner: odoo
--

COPY public.stock_track_confirmation (id, create_uid, write_uid, create_date, write_date) FROM stdin;
\.


--
-- Data for Name: stock_track_line; Type: TABLE DATA; Schema: public; Owner: odoo
--

COPY public.stock_track_line (id, product_id, wizard_id, create_uid, write_uid, create_date, write_date) FROM stdin;
\.


--
-- Data for Name: stock_valuation_layer; Type: TABLE DATA; Schema: public; Owner: odoo
--

COPY public.stock_valuation_layer (id, company_id, product_id, stock_valuation_layer_id, stock_move_id, account_move_id, account_move_line_id, create_uid, write_uid, description, quantity, unit_cost, value, remaining_qty, remaining_value, create_date, write_date, price_diff_value) FROM stdin;
\.


--
-- Data for Name: stock_valuation_layer_revaluation; Type: TABLE DATA; Schema: public; Owner: odoo
--

COPY public.stock_valuation_layer_revaluation (id, company_id, product_id, account_journal_id, account_id, create_uid, write_uid, reason, date, added_value, create_date, write_date) FROM stdin;
\.


--
-- Data for Name: stock_warehouse; Type: TABLE DATA; Schema: public; Owner: odoo
--

COPY public.stock_warehouse (id, company_id, partner_id, view_location_id, lot_stock_id, wh_input_stock_loc_id, wh_qc_stock_loc_id, wh_output_stock_loc_id, wh_pack_stock_loc_id, mto_pull_id, pick_type_id, pack_type_id, out_type_id, in_type_id, int_type_id, return_type_id, crossdock_route_id, reception_route_id, delivery_route_id, sequence, create_uid, write_uid, name, code, reception_steps, delivery_steps, active, create_date, write_date, buy_pull_id, buy_to_resupply) FROM stdin;
1	1	1	7	8	9	10	11	12	5	3	4	2	1	5	6	4	2	3	10	1	1	My Company	WH	one_step	ship_only	t	2025-06-19 03:10:52.944233	2025-06-19 03:12:07.978439	6	t
\.


--
-- Data for Name: stock_warehouse_orderpoint; Type: TABLE DATA; Schema: public; Owner: odoo
--

COPY public.stock_warehouse_orderpoint (id, warehouse_id, location_id, product_id, product_category_id, group_id, company_id, route_id, create_uid, write_uid, name, trigger, snoozed_until, product_min_qty, product_max_qty, qty_multiple, qty_to_order, active, create_date, write_date, supplier_id, vendor_id, purchase_visibility_days) FROM stdin;
\.


--
-- Data for Name: stock_warn_insufficient_qty_scrap; Type: TABLE DATA; Schema: public; Owner: odoo
--

COPY public.stock_warn_insufficient_qty_scrap (id, product_id, location_id, scrap_id, create_uid, write_uid, product_uom_name, create_date, write_date, quantity) FROM stdin;
\.


--
-- Data for Name: stock_wh_resupply_table; Type: TABLE DATA; Schema: public; Owner: odoo
--

COPY public.stock_wh_resupply_table (supplied_wh_id, supplier_wh_id) FROM stdin;
\.


--
-- Data for Name: survey_invite; Type: TABLE DATA; Schema: public; Owner: odoo
--

COPY public.survey_invite (id, template_id, author_id, mail_server_id, survey_id, create_uid, write_uid, lang, subject, email_from, existing_mode, body, emails, deadline, create_date, write_date) FROM stdin;
\.


--
-- Data for Name: survey_invite_partner_ids; Type: TABLE DATA; Schema: public; Owner: odoo
--

COPY public.survey_invite_partner_ids (invite_id, partner_id) FROM stdin;
\.


--
-- Data for Name: survey_mail_compose_message_ir_attachments_rel; Type: TABLE DATA; Schema: public; Owner: odoo
--

COPY public.survey_mail_compose_message_ir_attachments_rel (wizard_id, attachment_id) FROM stdin;
\.


--
-- Data for Name: survey_question; Type: TABLE DATA; Schema: public; Owner: odoo
--

COPY public.survey_question (id, survey_id, sequence, random_questions_count, page_id, time_limit, validation_length_min, validation_length_max, triggering_question_id, triggering_answer_id, create_uid, write_uid, question_type, matrix_subtype, answer_date, validation_min_date, validation_max_date, title, description, question_placeholder, comments_message, validation_error_msg, constr_error_msg, is_page, is_scored_question, save_as_email, save_as_nickname, is_time_limited, comments_allowed, comment_count_as_answer, validation_required, validation_email, constr_mandatory, is_conditional, answer_datetime, validation_min_datetime, validation_max_datetime, create_date, write_date, answer_numerical_box, answer_score, validation_min_float_value, validation_max_float_value) FROM stdin;
\.


--
-- Data for Name: survey_question_answer; Type: TABLE DATA; Schema: public; Owner: odoo
--

COPY public.survey_question_answer (id, question_id, matrix_question_id, sequence, create_uid, write_uid, value_image_filename, value, is_correct, create_date, write_date, answer_score) FROM stdin;
\.


--
-- Data for Name: survey_question_survey_user_input_rel; Type: TABLE DATA; Schema: public; Owner: odoo
--

COPY public.survey_question_survey_user_input_rel (survey_user_input_id, survey_question_id) FROM stdin;
\.


--
-- Data for Name: survey_survey; Type: TABLE DATA; Schema: public; Owner: odoo
--

COPY public.survey_survey (id, message_main_attachment_id, color, user_id, attempts_limit, certification_mail_template_id, certification_badge_id, session_question_id, create_uid, write_uid, questions_layout, questions_selection, progression_mode, access_mode, access_token, scoring_type, certification_report_layout, session_state, session_code, title, description, description_done, active, users_login_required, users_can_go_back, is_attempts_limited, is_time_limited, certification, certification_give_badge, session_speed_rating, session_start_time, session_question_start_time, create_date, write_date, scoring_success_min, time_limit) FROM stdin;
\.


--
-- Data for Name: survey_user_input; Type: TABLE DATA; Schema: public; Owner: odoo
--

COPY public.survey_user_input (id, message_main_attachment_id, survey_id, last_displayed_page_id, partner_id, create_uid, write_uid, state, access_token, invite_token, email, nickname, test_entry, scoring_success, is_session_answer, start_datetime, end_datetime, deadline, create_date, write_date, scoring_percentage, scoring_total) FROM stdin;
\.


--
-- Data for Name: survey_user_input_line; Type: TABLE DATA; Schema: public; Owner: odoo
--

COPY public.survey_user_input_line (id, user_input_id, survey_id, question_id, question_sequence, suggested_answer_id, matrix_row_id, create_uid, write_uid, answer_type, value_char_box, value_date, value_text_box, skipped, answer_is_correct, value_datetime, create_date, write_date, value_numerical_box, answer_score) FROM stdin;
\.


--
-- Data for Name: task_dependencies_rel; Type: TABLE DATA; Schema: public; Owner: odoo
--

COPY public.task_dependencies_rel (task_id, depends_on_id) FROM stdin;
\.


--
-- Data for Name: team_favorite_user_rel; Type: TABLE DATA; Schema: public; Owner: odoo
--

COPY public.team_favorite_user_rel (team_id, user_id) FROM stdin;
1	1
2	1
3	1
4	1
\.


--
-- Data for Name: theme_ir_asset; Type: TABLE DATA; Schema: public; Owner: odoo
--

COPY public.theme_ir_asset (id, sequence, create_uid, write_uid, key, name, bundle, directive, path, target, active, create_date, write_date) FROM stdin;
\.


--
-- Data for Name: theme_ir_attachment; Type: TABLE DATA; Schema: public; Owner: odoo
--

COPY public.theme_ir_attachment (id, create_uid, write_uid, name, key, url, create_date, write_date) FROM stdin;
\.


--
-- Data for Name: theme_ir_ui_view; Type: TABLE DATA; Schema: public; Owner: odoo
--

COPY public.theme_ir_ui_view (id, priority, create_uid, write_uid, name, key, type, mode, arch_fs, inherit_id, arch, active, customize_show, create_date, write_date) FROM stdin;
\.


--
-- Data for Name: theme_website_menu; Type: TABLE DATA; Schema: public; Owner: odoo
--

COPY public.theme_website_menu (id, page_id, sequence, parent_id, create_uid, write_uid, url, mega_menu_classes, name, mega_menu_content, new_window, use_main_menu_as_parent, create_date, write_date) FROM stdin;
\.


--
-- Data for Name: theme_website_page; Type: TABLE DATA; Schema: public; Owner: odoo
--

COPY public.theme_website_page (id, view_id, create_uid, write_uid, url, header_color, website_indexed, is_published, header_overlay, header_visible, footer_visible, create_date, write_date) FROM stdin;
\.


--
-- Data for Name: uom_category; Type: TABLE DATA; Schema: public; Owner: odoo
--

COPY public.uom_category (id, create_uid, write_uid, name, create_date, write_date) FROM stdin;
1	1	1	{"en_US": "Unit", "vi_VN": "Đơn vị"}	2025-06-18 15:58:01.571182	2025-06-18 15:58:01.571182
2	1	1	{"en_US": "Weight", "vi_VN": "Khối lượng"}	2025-06-18 15:58:01.571182	2025-06-18 15:58:01.571182
3	1	1	{"en_US": "Working Time", "vi_VN": "Thời gian làm việc"}	2025-06-18 15:58:01.571182	2025-06-18 15:58:01.571182
4	1	1	{"en_US": "Length / Distance", "vi_VN": "Chiều dài / Khoảng cách"}	2025-06-18 15:58:01.571182	2025-06-18 15:58:01.571182
5	1	1	{"en_US": "Surface", "vi_VN": "Bề mặt"}	2025-06-18 15:58:01.571182	2025-06-18 15:58:01.571182
6	1	1	{"en_US": "Volume", "vi_VN": "Thể tích"}	2025-06-18 15:58:01.571182	2025-06-18 15:58:01.571182
\.


--
-- Data for Name: uom_uom; Type: TABLE DATA; Schema: public; Owner: odoo
--

COPY public.uom_uom (id, category_id, create_uid, write_uid, uom_type, name, factor, rounding, active, create_date, write_date) FROM stdin;
5	4	1	1	reference	{"en_US": "m"}	1.0	0.01	t	2025-06-18 15:58:01.571182	2025-06-18 15:58:01.571182
10	6	1	1	reference	{"en_US": "L"}	1.0	0.01	t	2025-06-18 15:58:01.571182	2025-06-18 15:58:01.571182
13	2	1	1	smaller	{"en_US": "g"}	1000.0	0.01	t	2025-06-18 15:58:01.571182	2025-06-18 15:58:01.571182
14	2	1	1	bigger	{"en_US": "t"}	0.001	0.01	t	2025-06-18 15:58:01.571182	2025-06-18 15:58:01.571182
1	1	1	1	reference	{"en_US": "Units", "vi_VN": "Đơn vị"}	1.0	0.01	t	2025-06-18 15:58:01.571182	2025-06-18 15:58:01.571182
2	1	1	1	bigger	{"en_US": "Dozens", "vi_VN": "Dozens"}	0.08333333333333333	0.01	t	2025-06-18 15:58:01.571182	2025-06-18 15:58:01.571182
3	3	1	1	reference	{"en_US": "Days", "vi_VN": "Ngày"}	1.0	0.01	t	2025-06-18 15:58:01.571182	2025-06-18 15:58:01.571182
4	3	1	1	smaller	{"en_US": "Hours", "vi_VN": "Giờ"}	8.0	0.01	t	2025-06-18 15:58:01.571182	2025-06-18 15:58:01.571182
6	4	1	1	smaller	{"en_US": "mm", "vi_VN": "mm"}	1000.0	0.01	t	2025-06-18 15:58:01.571182	2025-06-18 15:58:01.571182
7	4	1	1	bigger	{"en_US": "km", "vi_VN": "km"}	0.001	0.01	t	2025-06-18 15:58:01.571182	2025-06-18 15:58:01.571182
8	4	1	1	smaller	{"en_US": "cm", "vi_VN": "cm"}	100.0	0.01	t	2025-06-18 15:58:01.571182	2025-06-18 15:58:01.571182
9	5	1	1	reference	{"en_US": "m²", "vi_VN": "m²"}	1.0	0.01	t	2025-06-18 15:58:01.571182	2025-06-18 15:58:01.571182
11	6	1	1	bigger	{"en_US": "m³", "vi_VN": "m³"}	0.001	0.01	t	2025-06-18 15:58:01.571182	2025-06-18 15:58:01.571182
12	2	1	1	reference	{"en_US": "kg", "vi_VN": "kg"}	1.0	0.01	t	2025-06-18 15:58:01.571182	2025-06-18 15:58:01.571182
15	2	1	1	smaller	{"en_US": "lb", "vi_VN": "lb"}	2.20462	0.01	t	2025-06-18 15:58:01.571182	2025-06-18 15:58:01.571182
16	2	1	1	smaller	{"en_US": "oz", "vi_VN": "oz"}	35.274	0.01	t	2025-06-18 15:58:01.571182	2025-06-18 15:58:01.571182
17	4	1	1	smaller	{"en_US": "in", "vi_VN": "trong"}	39.3701	0.01	t	2025-06-18 15:58:01.571182	2025-06-18 15:58:01.571182
18	4	1	1	smaller	{"en_US": "ft", "vi_VN": "ft"}	3.28084	0.01	t	2025-06-18 15:58:01.571182	2025-06-18 15:58:01.571182
19	4	1	1	smaller	{"en_US": "yd", "vi_VN": "yd"}	1.09361	0.01	t	2025-06-18 15:58:01.571182	2025-06-18 15:58:01.571182
20	4	1	1	bigger	{"en_US": "mi", "vi_VN": "mi"}	0.0006213727366498068	0.01	t	2025-06-18 15:58:01.571182	2025-06-18 15:58:01.571182
21	5	1	1	smaller	{"en_US": "ft²", "vi_VN": "ft²"}	10.76391	0.01	t	2025-06-18 15:58:01.571182	2025-06-18 15:58:01.571182
22	6	1	1	smaller	{"en_US": "fl oz (US)", "vi_VN": "fl oz (US)"}	33.814	0.01	t	2025-06-18 15:58:01.571182	2025-06-18 15:58:01.571182
23	6	1	1	smaller	{"en_US": "qt (US)", "vi_VN": "qt (US)"}	1.05669	0.01	t	2025-06-18 15:58:01.571182	2025-06-18 15:58:01.571182
24	6	1	1	bigger	{"en_US": "gal (US)", "vi_VN": "gal (US)"}	0.26417217685798894	0.01	t	2025-06-18 15:58:01.571182	2025-06-18 15:58:01.571182
25	6	1	1	smaller	{"en_US": "in³", "vi_VN": "in³"}	61.0237	0.01	t	2025-06-18 15:58:01.571182	2025-06-18 15:58:01.571182
26	6	1	1	bigger	{"en_US": "ft³", "vi_VN": "ft³"}	0.035314724827664144	0.01	t	2025-06-18 15:58:01.571182	2025-06-18 15:58:01.571182
\.


--
-- Data for Name: utm_campaign; Type: TABLE DATA; Schema: public; Owner: odoo
--

COPY public.utm_campaign (id, user_id, stage_id, color, create_uid, write_uid, name, title, is_auto_campaign, create_date, write_date, company_id, ab_testing_total_pc, ab_testing_winner_selection, ab_testing_completed, ab_testing_schedule_datetime) FROM stdin;
\.


--
-- Data for Name: utm_medium; Type: TABLE DATA; Schema: public; Owner: odoo
--

COPY public.utm_medium (id, create_uid, write_uid, name, active, create_date, write_date) FROM stdin;
1	1	1	Website	t	2025-06-18 15:58:04.580268	2025-06-18 15:58:04.580268
2	1	1	Phone	t	2025-06-18 15:58:04.580268	2025-06-18 15:58:04.580268
3	1	1	Direct	t	2025-06-18 15:58:04.580268	2025-06-18 15:58:04.580268
4	1	1	Email	t	2025-06-18 15:58:04.580268	2025-06-18 15:58:04.580268
5	1	1	Banner	t	2025-06-18 15:58:04.580268	2025-06-18 15:58:04.580268
6	1	1	Twitter	t	2025-06-18 15:58:04.580268	2025-06-18 15:58:04.580268
7	1	1	Facebook	t	2025-06-18 15:58:04.580268	2025-06-18 15:58:04.580268
8	1	1	LinkedIn	t	2025-06-18 15:58:04.580268	2025-06-18 15:58:04.580268
9	1	1	Television	t	2025-06-18 15:58:04.580268	2025-06-18 15:58:04.580268
10	1	1	Google Adwords	t	2025-06-18 15:58:04.580268	2025-06-18 15:58:04.580268
\.


--
-- Data for Name: utm_source; Type: TABLE DATA; Schema: public; Owner: odoo
--

COPY public.utm_source (id, create_uid, write_uid, name, create_date, write_date) FROM stdin;
1	1	1	Search engine	2025-06-18 15:58:04.580268	2025-06-18 15:58:04.580268
2	1	1	Lead Recall	2025-06-18 15:58:04.580268	2025-06-18 15:58:04.580268
3	1	1	Newsletter	2025-06-18 15:58:04.580268	2025-06-18 15:58:04.580268
4	1	1	Facebook	2025-06-18 15:58:04.580268	2025-06-18 15:58:04.580268
5	1	1	Twitter	2025-06-18 15:58:04.580268	2025-06-18 15:58:04.580268
6	1	1	LinkedIn	2025-06-18 15:58:04.580268	2025-06-18 15:58:04.580268
7	1	1	Monster	2025-06-18 15:58:04.580268	2025-06-18 15:58:04.580268
8	1	1	Glassdoor	2025-06-18 15:58:04.580268	2025-06-18 15:58:04.580268
9	1	1	Craigslist	2025-06-18 15:58:04.580268	2025-06-18 15:58:04.580268
10	1	1	Welcome Bot (Chatbot Script created on 2025-06-18)	2025-06-18 16:06:33.590251	2025-06-18 16:06:33.590251
11	1	1	Livechat	2025-06-18 16:06:37.753287	2025-06-18 16:06:37.753287
12	1	1	Lead Generation Bot (Chatbot Script created on 2025-06-18)	2025-06-18 16:06:37.753287	2025-06-18 16:06:37.753287
\.


--
-- Data for Name: utm_stage; Type: TABLE DATA; Schema: public; Owner: odoo
--

COPY public.utm_stage (id, sequence, create_uid, write_uid, name, create_date, write_date) FROM stdin;
1	10	1	1	{"en_US": "New", "vi_VN": "Mới"}	2025-06-18 15:58:04.580268	2025-06-18 15:58:04.580268
\.


--
-- Data for Name: utm_tag; Type: TABLE DATA; Schema: public; Owner: odoo
--

COPY public.utm_tag (id, color, create_uid, write_uid, name, create_date, write_date) FROM stdin;
1	1	1	1	{"en_US": "Marketing", "vi_VN": "Marketing"}	2025-06-18 15:58:04.580268	2025-06-18 15:58:04.580268
\.


--
-- Data for Name: utm_tag_rel; Type: TABLE DATA; Schema: public; Owner: odoo
--

COPY public.utm_tag_rel (tag_id, campaign_id) FROM stdin;
\.


--
-- Data for Name: validate_account_move; Type: TABLE DATA; Schema: public; Owner: odoo
--

COPY public.validate_account_move (id, create_uid, write_uid, force_post, create_date, write_date) FROM stdin;
\.


--
-- Data for Name: web_editor_converter_test; Type: TABLE DATA; Schema: public; Owner: odoo
--

COPY public.web_editor_converter_test (id, "integer", many2one, create_uid, write_uid, "char", selection_str, date, html, text, "numeric", datetime, create_date, write_date, "float", "binary") FROM stdin;
\.


--
-- Data for Name: web_editor_converter_test_sub; Type: TABLE DATA; Schema: public; Owner: odoo
--

COPY public.web_editor_converter_test_sub (id, create_uid, write_uid, name, create_date, write_date) FROM stdin;
\.


--
-- Data for Name: web_tour_tour; Type: TABLE DATA; Schema: public; Owner: odoo
--

COPY public.web_tour_tour (id, user_id, name) FROM stdin;
\.


--
-- Data for Name: website; Type: TABLE DATA; Schema: public; Owner: odoo
--

COPY public.website (id, sequence, company_id, default_lang_id, user_id, theme_id, create_uid, write_uid, name, domain, social_twitter, social_facebook, social_github, social_linkedin, social_youtube, social_instagram, google_analytics_key, google_search_console, google_maps_api_key, plausible_shared_key, plausible_site, cdn_url, homepage_url, auth_signup_uninvited, cdn_filters, custom_code_head, custom_code_footer, robots_txt, auto_redirect_lang, cookies_bar, configurator_done, has_social_default_image, cdn_activated, specific_user_account, create_date, write_date, crm_default_team_id, crm_default_user_id, channel_id) FROM stdin;
1	10	1	86	4	\N	1	2	My Website	\N	\N	\N	\N	\N	\N	\N	\N	\N	\N	\N	\N		\N	b2b	^/[^/]+/static/\n^/web/(css|js)/\n^/web/image\n^/web/content\n^/web/assets\n^/website/image/	\N	\N	\N	t	\N	t	f	\N	\N	2025-06-18 16:04:55.307597	2025-06-19 03:09:39.080154	1	\N	1
\.


--
-- Data for Name: website_configurator_feature; Type: TABLE DATA; Schema: public; Owner: odoo
--

COPY public.website_configurator_feature (id, sequence, page_view_id, module_id, menu_sequence, create_uid, write_uid, icon, iap_page_code, website_config_preselection, feature_url, name, description, menu_company, create_date, write_date) FROM stdin;
1	1	1378	\N	50	1	1	fa-building	about_us	\N	/about-us	{"en_US": "About Us", "vi_VN": "Giới thiệu"}	{"en_US": "Info and stats about your company", "vi_VN": "Thông tin và số liệu về công ty chúng tôi"}	t	2025-06-18 16:04:55.307597	2025-06-18 16:04:55.307597
2	3	1379	\N	30	1	1	fa-handshake-o	our_services	\N	/our-services	{"en_US": "Services", "vi_VN": "Các dịch vụ"}	{"en_US": "Description of your services offer", "vi_VN": "Mô tả các gói dịch vụ của bạn"}	\N	2025-06-18 16:04:55.307597	2025-06-18 16:04:55.307597
3	4	1380	\N	35	1	1	fa-random	pricing	\N	/pricing	{"en_US": "Pricing", "vi_VN": "Chi tiết giá"}	{"en_US": "Designed to drive conversion", "vi_VN": "Được thiết kế để tăng chuyển đổi"}	\N	2025-06-18 16:04:55.307597	2025-06-18 16:04:55.307597
4	5	1381	\N	\N	1	1	fa-gavel	privacy_policy	\N	/privacy	{"en_US": "Privacy Policy", "vi_VN": "Chính sách bảo mật"}	{"en_US": "Explain how you protect privacy", "vi_VN": "Giải thích cách bạn bảo vệ quyền riêng tư"}	\N	2025-06-18 16:04:55.307597	2025-06-18 16:04:55.307597
5	6	\N	482	40	1	1	fa-rss	\N	blog	/blog	{"en_US": "News", "vi_VN": "Tin tức"}	{"en_US": "Blogging and posting relevant content", "vi_VN": "Viết và đăng nội dung blog phù hợp"}	t	2025-06-18 16:04:55.307597	2025-06-18 16:04:55.307597
6	7	\N	482	45	1	1	fa-star	\N	\N	/blog	{"en_US": "Success Stories", "vi_VN": "Câu chuyện thành công"}	{"en_US": "Share your best case studies", "vi_VN": "Chia sẻ những trường hợp điển hình"}	t	2025-06-18 16:04:55.307597	2025-06-18 16:04:55.307597
7	8	\N	509	\N	1	1	fa-address-card	\N	\N	\N	{"en_US": "Career", "vi_VN": "Công việc"}	{"en_US": "Publish job offers and let people apply", "vi_VN": "Đăng thông tin việc làm và cho mọi người ứng tuyển"}	\N	2025-06-18 16:04:55.307597	2025-06-18 16:04:55.307597
8	9	\N	523	15	1	1	fa-shopping-cart	\N	online_store	/shop	{"en_US": "Shop", "vi_VN": "Sản phẩm & Dịch vụ"}	{"en_US": "Sell more with an eCommerce", "vi_VN": "Kinh doanh tốt hơn nhờ eCommerce"}	\N	2025-06-18 16:04:55.307597	2025-06-18 16:04:55.307597
9	10	\N	501	20	1	1	fa-ticket	\N	event	/event	{"en_US": "Events", "vi_VN": "Sự kiện"}	{"en_US": "Publish on-site and online events", "vi_VN": "Đăng sự kiện tại chỗ và trực tuyến"}	\N	2025-06-18 16:04:55.307597	2025-06-18 16:04:55.307597
10	11	\N	507	\N	1	1	fa-users	\N	\N	/forum	{"en_US": "Forum", "vi_VN": "Diễn đàn"}	{"en_US": "Give visitors the information they need", "vi_VN": "Cung cấp thông tin cần thiết cho khách truy cập"}	\N	2025-06-18 16:04:55.307597	2025-06-18 16:04:55.307597
11	12	\N	512	\N	1	1	fa-comments	\N	\N	\N	{"en_US": "Live Chat", "vi_VN": "Trò chuyện trực tiếp"}	{"en_US": "Chat with visitors to improve traction", "vi_VN": "Trò chuyện để giữ chân khách truy cập"}	\N	2025-06-18 16:04:55.307597	2025-06-18 16:04:55.307597
12	13	\N	539	25	1	1	fa-graduation-cap	\N	elearning	/slides	{"en_US": "eLearning", "vi_VN": "eLearning"}	{"en_US": "Share knowledge publicly or for a fee", "vi_VN": "Chia sẻ kiến thức miễn phí hoặc thu phí"}	\N	2025-06-18 16:04:55.307597	2025-06-18 16:04:55.307597
13	15	\N	508	\N	1	1	fa-map-marker	\N	\N	\N	{"en_US": "Stores Locator", "vi_VN": "Tìm cửa hàng"}	{"en_US": "A map and a listing of your stores", "vi_VN": "Bản đồ và danh sách cửa hàng"}	\N	2025-06-18 16:04:55.307597	2025-06-18 16:04:55.307597
\.


--
-- Data for Name: website_lang_rel; Type: TABLE DATA; Schema: public; Owner: odoo
--

COPY public.website_lang_rel (website_id, lang_id) FROM stdin;
1	1
1	86
\.


--
-- Data for Name: website_menu; Type: TABLE DATA; Schema: public; Owner: odoo
--

COPY public.website_menu (id, page_id, sequence, website_id, parent_id, create_uid, write_uid, theme_template_id, url, parent_path, mega_menu_classes, name, mega_menu_content, new_window, create_date, write_date) FROM stdin;
4	\N	0	1	\N	1	1	\N	/default-main-menu	4/	\N	{"en_US": "Top Menu for Website 1"}	\N	f	2025-06-18 16:04:55.307597	2025-06-18 16:04:55.307597
3	3	60	\N	1	1	1	\N	/contactus	1/3/	\N	{"en_US": "Contact us", "vi_VN": "Liên hệ"}	\N	\N	2025-06-18 16:04:55.307597	2025-06-18 16:04:55.307597
1	\N	0	\N	\N	1	1	\N	/default-main-menu	1/	\N	{"en_US": "Default Main Menu", "vi_VN": "Menu mặc định"}	\N	\N	2025-06-18 16:04:55.307597	2025-06-18 16:04:55.307597
2	2	10	\N	1	1	1	\N	/	1/2/	\N	{"en_US": "Home", "vi_VN": "Trang chủ"}	\N	\N	2025-06-18 16:04:55.307597	2025-06-18 16:04:55.307597
6	3	60	1	4	1	1	\N	/contactus	4/6/	\N	{"en_US": "Contact us", "vi_VN": "Liên hệ"}	\N	f	2025-06-18 16:04:55.307597	2025-06-18 16:04:55.307597
5	4	10	1	4	1	1	\N	/	4/5/	\N	{"en_US": "Home", "vi_VN": "Trang chủ"}	\N	f	2025-06-18 16:04:55.307597	2025-06-18 16:04:55.307597
\.


--
-- Data for Name: website_page; Type: TABLE DATA; Schema: public; Owner: odoo
--

COPY public.website_page (id, website_id, view_id, create_uid, write_uid, theme_template_id, url, header_color, is_published, website_indexed, header_overlay, header_visible, footer_visible, date_publish, create_date, write_date) FROM stdin;
1	\N	1376	1	1	\N	/contactus-thank-you	\N	t	f	\N	t	t	\N	2025-06-18 16:04:55.307597	2025-06-18 16:04:55.307597
2	\N	1374	1	1	\N	/	\N	t	t	\N	t	t	\N	2025-06-18 16:04:55.307597	2025-06-18 16:04:55.307597
3	\N	1375	1	1	\N	/contactus	\N	t	t	\N	t	t	\N	2025-06-18 16:04:55.307597	2025-06-18 16:04:55.307597
4	1	1382	1	1	\N	/	\N	t	t	f	t	t	\N	2025-06-18 16:04:55.307597	2025-06-18 16:04:55.307597
\.


--
-- Data for Name: website_rewrite; Type: TABLE DATA; Schema: public; Owner: odoo
--

COPY public.website_rewrite (id, website_id, route_id, sequence, create_uid, write_uid, name, url_from, url_to, redirect_type, active, create_date, write_date) FROM stdin;
\.


--
-- Data for Name: website_robots; Type: TABLE DATA; Schema: public; Owner: odoo
--

COPY public.website_robots (id, create_uid, write_uid, content, create_date, write_date) FROM stdin;
\.


--
-- Data for Name: website_route; Type: TABLE DATA; Schema: public; Owner: odoo
--

COPY public.website_route (id, create_uid, write_uid, path, create_date, write_date) FROM stdin;
\.


--
-- Data for Name: website_snippet_filter; Type: TABLE DATA; Schema: public; Owner: odoo
--

COPY public.website_snippet_filter (id, website_id, action_server_id, filter_id, "limit", create_uid, write_uid, field_names, name, is_published, create_date, write_date) FROM stdin;
\.


--
-- Data for Name: website_track; Type: TABLE DATA; Schema: public; Owner: odoo
--

COPY public.website_track (id, visitor_id, page_id, url, visit_datetime) FROM stdin;
1	1	4	http://odoo.rni.vn/	2025-06-18 16:05:42.368058
2	1	4	http://odoo.rni.vn/	2025-06-18 16:05:47.954172
3	1	4	http://odoo.rni.vn/	2025-06-18 16:05:57.777677
21	1	4	http://odoo.rni.vn/	2025-06-19 02:53:41.00278
31	1	4	http://odoo.rni.vn/	2025-08-08 04:35:40.733635
32	1	4	http://odoo.rni.vn/	2025-08-10 20:20:18.286171
33	1	4	http://odoo.rni.vn/	2025-08-19 08:08:28.751539
34	35	4	http://odoo.rni.vn/	2025-11-04 07:32:06.582316
35	36	4	http://odoo.rni.vn/	2025-11-05 00:42:51.950415
\.


--
-- Data for Name: website_visitor; Type: TABLE DATA; Schema: public; Owner: odoo
--

