-- Data for Name: mail_message_reaction; Type: TABLE DATA; Schema: public; Owner: odoo
--

COPY public.mail_message_reaction (id, message_id, partner_id, guest_id, content) FROM stdin;
\.


--
-- Data for Name: mail_message_res_partner_rel; Type: TABLE DATA; Schema: public; Owner: odoo
--

COPY public.mail_message_res_partner_rel (mail_message_id, res_partner_id) FROM stdin;
\.


--
-- Data for Name: mail_message_res_partner_starred_rel; Type: TABLE DATA; Schema: public; Owner: odoo
--

COPY public.mail_message_res_partner_starred_rel (mail_message_id, res_partner_id) FROM stdin;
\.


--
-- Data for Name: mail_message_schedule; Type: TABLE DATA; Schema: public; Owner: odoo
--

COPY public.mail_message_schedule (id, mail_message_id, create_uid, write_uid, notification_parameters, scheduled_datetime, create_date, write_date) FROM stdin;
\.


--
-- Data for Name: mail_message_subtype; Type: TABLE DATA; Schema: public; Owner: odoo
--

COPY public.mail_message_subtype (id, parent_id, sequence, create_uid, write_uid, relation_field, res_model, name, description, internal, "default", hidden, track_recipients, create_date, write_date) FROM stdin;
3	\N	90	1	1	\N	\N	{"en_US": "Activities", "vi_VN": "Các hoạt động"}	\N	t	f	\N	\N	2025-06-18 15:58:05.745465	2025-06-18 15:58:05.745465
17	\N	1	1	1	\N	project.task	{"en_US": "Task in Progress"}	\N	\N	f	\N	\N	2025-06-18 15:59:10.560412	2025-06-18 15:59:10.560412
23	15	11	1	1	project_id	project.project	{"en_US": "Task Blocked", "vi_VN": "Nhiệm vụ bị khóa"}	\N	\N	f	\N	\N	2025-06-18 15:59:10.560412	2025-06-18 15:59:10.560412
1	\N	0	1	1	\N	\N	{"en_US": "Discussions", "vi_VN": "Thảo luận"}	\N	\N	t	\N	t	2025-06-18 15:58:05.745465	2025-06-18 15:58:05.745465
2	\N	100	1	1	\N	\N	{"en_US": "Note", "vi_VN": "Ghi chú"}	\N	t	f	\N	t	2025-06-18 15:58:05.745465	2025-06-18 15:58:05.745465
12	4	23	1	1	team_id	crm.team	{"en_US": "Invoice Confirmed", "vi_VN": "Hoá đơn đã xác nhận"}	\N	\N	t	\N	\N	2025-06-18 15:58:45.008304	2025-06-18 15:58:45.008304
11	6	22	1	1	team_id	crm.team	{"en_US": "Invoice Created", "vi_VN": "Hóa đơn đã được Tạo"}	\N	\N	t	\N	\N	2025-06-18 15:58:45.008304	2025-06-18 15:58:45.008304
19	\N	1	1	1	\N	project.task	{"en_US": "Task Dependency Changes", "vi_VN": "Thay đổi tính phụ thuộc nhiệm vụ"}	\N	\N	f	t	\N	2025-06-18 15:59:10.560412	2025-06-18 15:59:10.560412
18	\N	1	1	1	\N	project.task	{"en_US": "Task Rating", "vi_VN": "Đánh giá nhiệm vụ"}	\N	\N	f	\N	\N	2025-06-18 15:59:10.560412	2025-06-18 15:59:10.560412
4	\N	1	1	1	\N	account.move	{"en_US": "Validated", "vi_VN": "Đã xác nhận"}	{"en_US": "Invoice validated", "vi_VN": "Hóa đơn đã xác nhận"}	\N	f	\N	\N	2025-06-18 15:58:29.583463	2025-06-18 15:58:29.583463
5	\N	1	1	1	\N	account.move	{"en_US": "Paid", "vi_VN": "Đã thanh toán"}	{"en_US": "Invoice paid", "vi_VN": "Hóa đơn đã thanh toán"}	\N	f	\N	\N	2025-06-18 15:58:29.583463	2025-06-18 15:58:29.583463
6	\N	1	1	1	\N	account.move	{"en_US": "Invoice Created", "vi_VN": "Hóa đơn đã được Tạo"}	{"en_US": "Invoice Created", "vi_VN": "Hóa đơn đã được Tạo"}	\N	f	t	\N	2025-06-18 15:58:29.583463	2025-06-18 15:58:29.583463
13	\N	1	1	1	\N	project.task	{"en_US": "Task Created", "vi_VN": "Nhiệm vụ đã được tạo"}	{"en_US": "Task Created", "vi_VN": "Nhiệm vụ đã được tạo"}	\N	f	t	\N	2025-06-18 15:59:10.560412	2025-06-18 15:59:10.560412
14	\N	1	1	1	\N	project.task	{"en_US": "Stage Changed", "vi_VN": "Giai đoạn được thay đổi"}	{"en_US": "Stage changed", "vi_VN": "Giai đoạn đã thay đổi"}	\N	f	\N	\N	2025-06-18 15:59:10.560412	2025-06-18 15:59:10.560412
15	\N	1	1	1	\N	project.task	{"en_US": "Task Blocked", "vi_VN": "Nhiệm vụ bị khóa"}	{"en_US": "Task blocked", "vi_VN": "Nhiệm vụ bị khóa"}	\N	f	\N	\N	2025-06-18 15:59:10.560412	2025-06-18 15:59:10.560412
7	\N	1	1	1	\N	sale.order	{"en_US": "Quotation sent", "vi_VN": "Báo giá đã gửi"}	{"en_US": "Quotation sent", "vi_VN": "Báo giá đã gửi"}	\N	f	\N	\N	2025-06-18 15:58:45.008304	2025-06-18 15:58:45.008304
8	\N	1	1	1	\N	sale.order	{"en_US": "Sales Order Confirmed", "vi_VN": "Đơn bán hàng được xác nhận"}	{"en_US": "Quotation confirmed", "vi_VN": "Báo giá đã xác nhận"}	\N	f	\N	\N	2025-06-18 15:58:45.008304	2025-06-18 15:58:45.008304
30	\N	1	1	1	\N	crm.lead	{"en_US": "Opportunity Created", "vi_VN": "Cơ hội đã tạo"}	{"en_US": "Lead/Opportunity created", "vi_VN": "Lead/Cơ hội được tạo"}	\N	f	t	\N	2025-06-18 16:03:55.245097	2025-06-18 16:03:55.245097
33	\N	1	1	1	\N	crm.lead	{"en_US": "Opportunity Lost", "vi_VN": "Cơ hội bị mất"}	{"en_US": "Opportunity lost", "vi_VN": "Cơ hội bị mất"}	\N	f	\N	\N	2025-06-18 16:03:55.245097	2025-06-18 16:03:55.245097
9	7	20	1	1	team_id	crm.team	{"en_US": "Quotation sent", "vi_VN": "Báo giá đã gửi"}	\N	\N	t	\N	\N	2025-06-18 15:58:45.008304	2025-06-18 15:58:45.008304
10	8	21	1	1	team_id	crm.team	{"en_US": "Sales Order Confirmed", "vi_VN": "Đơn bán hàng được xác nhận"}	\N	\N	t	\N	\N	2025-06-18 15:58:45.008304	2025-06-18 15:58:45.008304
29	\N	1	1	1	\N	calendar.event	{"en_US": "Invitation", "vi_VN": "Lời mời"}	\N	\N	f	\N	\N	2025-06-18 16:03:51.438749	2025-06-18 16:03:51.438749
35	30	10	1	1	team_id	crm.team	{"en_US": "Opportunity Created", "vi_VN": "Cơ hội đã tạo"}	\N	\N	t	\N	\N	2025-06-18 16:03:55.245097	2025-06-18 16:03:55.245097
38	33	13	1	1	team_id	crm.team	{"en_US": "Opportunity Lost", "vi_VN": "Cơ hội bị mất"}	\N	\N	f	\N	\N	2025-06-18 16:03:55.245097	2025-06-18 16:03:55.245097
39	34	14	1	1	team_id	crm.team	{"en_US": "Opportunity Restored", "vi_VN": "Cơ hội được khôi phục"}	\N	\N	f	\N	\N	2025-06-18 16:03:55.245097	2025-06-18 16:03:55.245097
36	31	11	1	1	team_id	crm.team	{"en_US": "Opportunity Stage Changed", "vi_VN": "Giai đoạn của cơ hội được thay đổi"}	\N	\N	t	\N	\N	2025-06-18 16:03:55.245097	2025-06-18 16:03:55.245097
37	32	12	1	1	team_id	crm.team	{"en_US": "Opportunity Won", "vi_VN": "Cơ hội đạt được"}	\N	\N	t	\N	\N	2025-06-18 16:03:55.245097	2025-06-18 16:03:55.245097
21	\N	9	1	1	\N	project.project	{"en_US": "Project Stage Changed", "vi_VN": "Giai đoạn dự án đã thay đổi"}	\N	\N	f	t	\N	2025-06-18 15:59:10.560412	2025-06-18 15:59:10.560412
22	13	10	1	1	project_id	project.project	{"en_US": "Task Created", "vi_VN": "Nhiệm vụ đã được tạo"}	\N	\N	f	\N	\N	2025-06-18 15:59:10.560412	2025-06-18 15:59:10.560412
27	19	15	1	1	project_id	project.project	{"en_US": "Task Dependency Changes", "vi_VN": "Thay đổi tính phụ thuộc nhiệm vụ"}	\N	\N	f	t	\N	2025-06-18 15:59:10.560412	2025-06-18 15:59:10.560412
26	18	14	1	1	project_id	project.project	{"en_US": "Task Rating", "vi_VN": "Đánh giá nhiệm vụ"}	\N	\N	t	\N	\N	2025-06-18 15:59:10.560412	2025-06-18 15:59:10.560412
24	16	12	1	1	project_id	project.project	{"en_US": "Task Ready", "vi_VN": "Nhiệm vụ sẵn sàng"}	\N	\N	f	\N	\N	2025-06-18 15:59:10.560412	2025-06-18 15:59:10.560412
25	14	13	1	1	project_id	project.project	{"en_US": "Task Stage Changed", "vi_VN": "Giai đoạn của nhiệm vụ được thay đổi"}	\N	\N	f	\N	\N	2025-06-18 15:59:10.560412	2025-06-18 15:59:10.560412
28	20	16	1	1	project_id	project.project	{"en_US": "Update Created", "vi_VN": "Đã tạo cập nhật"}	\N	\N	f	t	\N	2025-06-18 15:59:10.560412	2025-06-18 15:59:10.560412
16	\N	1	1	1	\N	project.task	{"en_US": "Task Ready", "vi_VN": "Nhiệm vụ sẵn sàng"}	{"en_US": "Task ready for Next Stage", "vi_VN": "Nhiễm vụ sẵn sàng chuyển giai đoạn tiếp"}	\N	f	\N	\N	2025-06-18 15:59:10.560412	2025-06-18 15:59:10.560412
20	\N	1	1	1	\N	project.update	{"en_US": "Update Created", "vi_VN": "Đã tạo cập nhật"}	{"en_US": "Update Created", "vi_VN": "Đã tạo cập nhật"}	\N	f	t	\N	2025-06-18 15:59:10.560412	2025-06-18 15:59:10.560412
31	\N	1	1	1	\N	crm.lead	{"en_US": "Stage Changed", "vi_VN": "Giai đoạn đã thay đổi"}	{"en_US": "Stage changed", "vi_VN": "Giai đoạn đã thay đổi"}	\N	f	\N	\N	2025-06-18 16:03:55.245097	2025-06-18 16:03:55.245097
32	\N	1	1	1	\N	crm.lead	{"en_US": "Opportunity Won", "vi_VN": "Cơ hội đạt được"}	{"en_US": "Opportunity won", "vi_VN": "Cơ hội đạt được"}	\N	f	\N	\N	2025-06-18 16:03:55.245097	2025-06-18 16:03:55.245097
34	\N	1	1	1	\N	crm.lead	{"en_US": "Opportunity Restored", "vi_VN": "Cơ hội được khôi phục"}	{"en_US": "Opportunity restored", "vi_VN": "Cơ hội được khôi phục"}	\N	f	\N	\N	2025-06-18 16:03:55.245097	2025-06-18 16:03:55.245097
40	\N	1	1	1	\N	purchase.order	{"en_US": "RFQ Confirmed", "vi_VN": "RFQ đã xác nhận"}	\N	\N	f	\N	\N	2025-06-19 03:12:02.293263	2025-06-19 03:12:02.293263
41	\N	1	1	1	\N	purchase.order	{"en_US": "RFQ Approved", "vi_VN": "RFQ đã duyệt"}	\N	\N	f	\N	\N	2025-06-19 03:12:02.293263	2025-06-19 03:12:02.293263
42	\N	1	1	1	\N	purchase.order	{"en_US": "RFQ Done", "vi_VN": "RFQ hoàn tất"}	\N	\N	f	\N	\N	2025-06-19 03:12:02.293263	2025-06-19 03:12:02.293263
43	\N	1	1	1	\N	purchase.order	{"en_US": "RFQ Sent", "vi_VN": "RFQ đã gửi"}	\N	\N	f	\N	\N	2025-06-19 03:12:02.293263	2025-06-19 03:12:02.293263
47	\N	1	1	1	\N	hr.expense.sheet	{"en_US": "Approved", "vi_VN": "Đã phê duyệt"}	{"en_US": "Expense report approved", "vi_VN": "Kê khai chi phí được duyệt"}	\N	t	\N	\N	2025-06-19 03:12:53.578007	2025-06-19 03:12:53.578007
48	\N	1	1	1	\N	hr.expense.sheet	{"en_US": "Refused", "vi_VN": "Bị từ chối"}	{"en_US": "Expense report refused", "vi_VN": "Kê khai chi phí bị từ chối"}	\N	t	\N	\N	2025-06-19 03:12:53.578007	2025-06-19 03:12:53.578007
49	\N	1	1	1	\N	hr.expense.sheet	{"en_US": "Paid", "vi_VN": "Đã thanh toán"}	{"en_US": "Expense report paid", "vi_VN": "Kê khai chi phí được thanh toán"}	\N	t	\N	\N	2025-06-19 03:12:53.578007	2025-06-19 03:12:53.578007
44	\N	1	1	1	\N	hr.contract	{"en_US": "To Renew", "vi_VN": "Cần gia hạn"}	{"en_US": "Contract about to expire", "vi_VN": "Hợp đồng sắp hết hạn"}	\N	t	\N	\N	2025-06-19 03:12:50.286027	2025-06-19 03:12:50.286027
45	\N	1	1	1	\N	hr.contract	{"en_US": "Expired", "vi_VN": "Đã hết hạn"}	{"en_US": "Contract expired", "vi_VN": "Hợp động Hết hạn"}	\N	f	\N	\N	2025-06-19 03:12:50.286027	2025-06-19 03:12:50.286027
46	44	1	1	1	department_id	hr.department	{"en_US": "Contract to Renew", "vi_VN": "Hợp đồng chờ gia hạn"}	{"en_US": "Contract about to expire", "vi_VN": "Hợp đồng sắp hết hạn"}	\N	f	\N	\N	2025-06-19 03:12:50.286027	2025-06-19 03:12:50.286027
\.


--
-- Data for Name: mail_notification; Type: TABLE DATA; Schema: public; Owner: odoo
--

COPY public.mail_notification (id, author_id, mail_message_id, mail_mail_id, res_partner_id, notification_type, notification_status, failure_type, failure_reason, is_read, read_date, sms_id, sms_number, letter_id) FROM stdin;
\.


--
-- Data for Name: mail_notification_mail_resend_message_rel; Type: TABLE DATA; Schema: public; Owner: odoo
--

COPY public.mail_notification_mail_resend_message_rel (mail_resend_message_id, mail_notification_id) FROM stdin;
\.


--
-- Data for Name: mail_resend_message; Type: TABLE DATA; Schema: public; Owner: odoo
--

COPY public.mail_resend_message (id, mail_message_id, create_uid, write_uid, create_date, write_date) FROM stdin;
\.


--
-- Data for Name: mail_resend_partner; Type: TABLE DATA; Schema: public; Owner: odoo
--

COPY public.mail_resend_partner (id, partner_id, resend_wizard_id, create_uid, write_uid, message, resend, create_date, write_date) FROM stdin;
\.


--
-- Data for Name: mail_shortcode; Type: TABLE DATA; Schema: public; Owner: odoo
--

COPY public.mail_shortcode (id, create_uid, write_uid, source, description, substitution, create_date, write_date) FROM stdin;
1	1	1	hello	\N	Hello. How may I help you?	2025-06-18 16:06:33.590251	2025-06-18 16:06:33.590251
\.




--
-- Data for Name: mail_template_mail_template_reset_rel; Type: TABLE DATA; Schema: public; Owner: odoo
--

COPY public.mail_template_mail_template_reset_rel (mail_template_reset_id, mail_template_id) FROM stdin;
\.


--
-- Data for Name: mail_template_preview; Type: TABLE DATA; Schema: public; Owner: odoo
--

COPY public.mail_template_preview (id, mail_template_id, create_uid, write_uid, resource_ref, lang, error_msg, create_date, write_date) FROM stdin;
\.


--
-- Data for Name: mail_template_reset; Type: TABLE DATA; Schema: public; Owner: odoo
--

COPY public.mail_template_reset (id, create_uid, write_uid, create_date, write_date) FROM stdin;
\.


--
-- Data for Name: mail_tracking_value; Type: TABLE DATA; Schema: public; Owner: odoo
--

COPY public.mail_tracking_value (id, field, old_value_integer, new_value_integer, currency_id, mail_message_id, tracking_sequence, create_uid, write_uid, field_desc, field_type, old_value_char, new_value_char, old_value_text, new_value_text, old_value_datetime, new_value_datetime, create_date, write_date, old_value_float, old_value_monetary, new_value_float, new_value_monetary) FROM stdin;
\.


--
-- Data for Name: mail_wizard_invite; Type: TABLE DATA; Schema: public; Owner: odoo
--

COPY public.mail_wizard_invite (id, res_id, create_uid, write_uid, res_model, message, send_mail, create_date, write_date) FROM stdin;
\.


--
-- Data for Name: mail_wizard_invite_res_partner_rel; Type: TABLE DATA; Schema: public; Owner: odoo
--

COPY public.mail_wizard_invite_res_partner_rel (mail_wizard_invite_id, res_partner_id) FROM stdin;
\.


--
-- Data for Name: mailing_contact; Type: TABLE DATA; Schema: public; Owner: odoo
--

COPY public.mailing_contact (id, message_main_attachment_id, message_bounce, title_id, country_id, create_uid, write_uid, email_normalized, name, company_name, email, create_date, write_date) FROM stdin;
1	\N	0	\N	\N	1	1	rniinstitute.mkt@gmail.com	Administrator	\N	rniinstitute.mkt@gmail.com	2025-06-18 15:59:06.262166	2025-06-18 15:59:06.262166
\.


--
-- Data for Name: mailing_contact_import; Type: TABLE DATA; Schema: public; Owner: odoo
--

COPY public.mailing_contact_import (id, create_uid, write_uid, contact_list, create_date, write_date) FROM stdin;
\.


--
-- Data for Name: mailing_contact_import_mailing_list_rel; Type: TABLE DATA; Schema: public; Owner: odoo
--

COPY public.mailing_contact_import_mailing_list_rel (mailing_contact_import_id, mailing_list_id) FROM stdin;
\.


--
-- Data for Name: mailing_contact_list_rel; Type: TABLE DATA; Schema: public; Owner: odoo
--

COPY public.mailing_contact_list_rel (id, contact_id, list_id, create_uid, write_uid, opt_out, unsubscription_date, create_date, write_date) FROM stdin;
1	1	1	\N	\N	\N	\N	\N	\N
\.


--
-- Data for Name: mailing_contact_mailing_contact_to_list_rel; Type: TABLE DATA; Schema: public; Owner: odoo
--

COPY public.mailing_contact_mailing_contact_to_list_rel (mailing_contact_to_list_id, mailing_contact_id) FROM stdin;
\.


--
-- Data for Name: mailing_contact_res_partner_category_rel; Type: TABLE DATA; Schema: public; Owner: odoo
--

COPY public.mailing_contact_res_partner_category_rel (mailing_contact_id, res_partner_category_id) FROM stdin;
\.


--
-- Data for Name: mailing_contact_to_list; Type: TABLE DATA; Schema: public; Owner: odoo
--

COPY public.mailing_contact_to_list (id, mailing_list_id, create_uid, write_uid, create_date, write_date) FROM stdin;
\.


--
-- Data for Name: mailing_filter; Type: TABLE DATA; Schema: public; Owner: odoo
--

COPY public.mailing_filter (id, create_uid, mailing_model_id, write_uid, name, mailing_domain, create_date, write_date) FROM stdin;
\.


--
-- Data for Name: mailing_list; Type: TABLE DATA; Schema: public; Owner: odoo
--

COPY public.mailing_list (id, create_uid, write_uid, name, active, is_public, create_date, write_date) FROM stdin;
1	1	1	Newsletter	t	t	2025-06-18 15:59:06.262166	2025-06-18 15:59:06.262166
\.


--
-- Data for Name: mailing_list_mailing_list_merge_rel; Type: TABLE DATA; Schema: public; Owner: odoo
--

COPY public.mailing_list_mailing_list_merge_rel (mailing_list_merge_id, mailing_list_id) FROM stdin;
\.


--
-- Data for Name: mailing_list_merge; Type: TABLE DATA; Schema: public; Owner: odoo
--

COPY public.mailing_list_merge (id, dest_list_id, create_uid, write_uid, merge_options, new_list_name, archive_src_lists, create_date, write_date) FROM stdin;
\.


--
-- Data for Name: mailing_mailing; Type: TABLE DATA; Schema: public; Owner: odoo
--

COPY public.mailing_mailing (id, source_id, message_main_attachment_id, campaign_id, medium_id, color, user_id, mailing_model_id, mail_server_id, mailing_filter_id, ab_testing_pc, create_uid, write_uid, lang, subject, preview, email_from, schedule_type, state, mailing_type, reply_to_mode, reply_to, mailing_domain, body_arch, body_html, active, favorite, keep_archives, ab_testing_completed, ab_testing_enabled, kpi_mail_required, favorite_date, sent_date, schedule_date, calendar_date, create_date, write_date) FROM stdin;
\.


--
-- Data for Name: mailing_mailing_schedule_date; Type: TABLE DATA; Schema: public; Owner: odoo
--

COPY public.mailing_mailing_schedule_date (id, mass_mailing_id, create_uid, write_uid, schedule_date, create_date, write_date) FROM stdin;
\.


--
-- Data for Name: mailing_mailing_test; Type: TABLE DATA; Schema: public; Owner: odoo
--

COPY public.mailing_mailing_test (id, mass_mailing_id, create_uid, write_uid, email_to, create_date, write_date) FROM stdin;
\.


--
-- Data for Name: mailing_trace; Type: TABLE DATA; Schema: public; Owner: odoo
--

COPY public.mailing_trace (id, mail_mail_id, mail_mail_id_int, res_id, mass_mailing_id, campaign_id, create_uid, write_uid, trace_type, email, message_id, model, trace_status, failure_type, sent_datetime, open_datetime, reply_datetime, links_click_datetime, create_date, write_date) FROM stdin;
\.


--
-- Data for Name: mass_mailing_ir_attachments_rel; Type: TABLE DATA; Schema: public; Owner: odoo
--

COPY public.mass_mailing_ir_attachments_rel (mass_mailing_id, attachment_id) FROM stdin;
\.


--
-- Data for Name: meeting_category_rel; Type: TABLE DATA; Schema: public; Owner: odoo
--

COPY public.meeting_category_rel (event_id, type_id) FROM stdin;
\.


--
-- Data for Name: merge_opportunity_rel; Type: TABLE DATA; Schema: public; Owner: odoo
--

COPY public.merge_opportunity_rel (merge_id, opportunity_id) FROM stdin;
\.


--
-- Data for Name: message_attachment_rel; Type: TABLE DATA; Schema: public; Owner: odoo
--

COPY public.message_attachment_rel (message_id, attachment_id) FROM stdin;
\.


--
-- Data for Name: note_note; Type: TABLE DATA; Schema: public; Owner: odoo
--

COPY public.note_note (id, message_main_attachment_id, company_id, user_id, sequence, color, create_uid, write_uid, date_done, name, memo, open, create_date, write_date) FROM stdin;
\.


--
-- Data for Name: note_stage; Type: TABLE DATA; Schema: public; Owner: odoo
--

COPY public.note_stage (id, sequence, user_id, create_uid, write_uid, name, fold, create_date, write_date) FROM stdin;
1	0	2	1	1	{"en_US": "New", "vi_VN": "Mới"}	\N	2025-06-18 16:07:48.932434	2025-06-18 16:07:48.932434
2	5	2	1	1	{"en_US": "Meeting Minutes", "vi_VN": "Biên bản cuộc họp"}	\N	2025-06-18 16:07:48.932434	2025-06-18 16:07:48.932434
3	10	2	1	1	{"en_US": "Notes", "vi_VN": "Ghi chú"}	\N	2025-06-18 16:07:48.932434	2025-06-18 16:07:48.932434
4	50	2	1	1	{"en_US": "Todo", "vi_VN": "Việc cần làm"}	\N	2025-06-18 16:07:48.932434	2025-06-18 16:07:48.932434
\.


--
-- Data for Name: note_stage_rel; Type: TABLE DATA; Schema: public; Owner: odoo
--

COPY public.note_stage_rel (note_id, stage_id) FROM stdin;
\.


--
-- Data for Name: note_tag; Type: TABLE DATA; Schema: public; Owner: odoo
--

COPY public.note_tag (id, color, create_uid, write_uid, name, create_date, write_date) FROM stdin;
\.


--
-- Data for Name: note_tags_rel; Type: TABLE DATA; Schema: public; Owner: odoo
--

COPY public.note_tags_rel (note_id, tag_id) FROM stdin;
\.


--
-- Data for Name: payment_country_rel; Type: TABLE DATA; Schema: public; Owner: odoo
--

COPY public.payment_country_rel (payment_id, country_id) FROM stdin;
\.


--
-- Data for Name: payment_icon; Type: TABLE DATA; Schema: public; Owner: odoo
--

COPY public.payment_icon (id, sequence, create_uid, write_uid, name, create_date, write_date) FROM stdin;
1	10	1	1	VISA	2025-06-18 15:58:27.036322	2025-06-18 15:58:27.036322
2	20	1	1	MasterCard	2025-06-18 15:58:27.036322	2025-06-18 15:58:27.036322
3	30	1	1	American Express	2025-06-18 15:58:27.036322	2025-06-18 15:58:27.036322
4	40	1	1	Discover	2025-06-18 15:58:27.036322	2025-06-18 15:58:27.036322
5	50	1	1	Diners Club International	2025-06-18 15:58:27.036322	2025-06-18 15:58:27.036322
6	60	1	1	Paypal	2025-06-18 15:58:27.036322	2025-06-18 15:58:27.036322
7	65	1	1	Rupay	2025-06-18 15:58:27.036322	2025-06-18 15:58:27.036322
8	70	1	1	Apple Pay	2025-06-18 15:58:27.036322	2025-06-18 15:58:27.036322
9	80	1	1	JCB	2025-06-18 15:58:27.036322	2025-06-18 15:58:27.036322
10	90	1	1	Maestro	2025-06-18 15:58:27.036322	2025-06-18 15:58:27.036322
11	100	1	1	Cirrus	2025-06-18 15:58:27.036322	2025-06-18 15:58:27.036322
12	110	1	1	UnionPay	2025-06-18 15:58:27.036322	2025-06-18 15:58:27.036322
13	120	1	1	Bancontact	2025-06-18 15:58:27.036322	2025-06-18 15:58:27.036322
14	130	1	1	Western Union	2025-06-18 15:58:27.036322	2025-06-18 15:58:27.036322
15	140	1	1	SEPA Direct Debit	2025-06-18 15:58:27.036322	2025-06-18 15:58:27.036322
16	150	1	1	iDEAL	2025-06-18 15:58:27.036322	2025-06-18 15:58:27.036322
17	160	1	1	WebMoney	2025-06-18 15:58:27.036322	2025-06-18 15:58:27.036322
18	170	1	1	Giropay	2025-06-18 15:58:27.036322	2025-06-18 15:58:27.036322
19	180	1	1	EPS	2025-06-18 15:58:27.036322	2025-06-18 15:58:27.036322
20	190	1	1	P24	2025-06-18 15:58:27.036322	2025-06-18 15:58:27.036322
21	200	1	1	Codensa Easy Credit	2025-06-18 15:58:27.036322	2025-06-18 15:58:27.036322
22	210	1	1	KBC	2025-06-18 15:58:27.036322	2025-06-18 15:58:27.036322
23	220	1	1	M-Pesa	2025-06-18 15:58:27.036322	2025-06-18 15:58:27.036322
24	230	1	1	Airtel Money	2025-06-18 15:58:27.036322	2025-06-18 15:58:27.036322
25	240	1	1	MTN Mobile Money	2025-06-18 15:58:27.036322	2025-06-18 15:58:27.036322
26	250	1	1	Barter by Flutterwave	2025-06-18 15:58:27.036322	2025-06-18 15:58:27.036322
27	260	1	1	Sadad	2025-06-18 15:58:27.036322	2025-06-18 15:58:27.036322
28	270	1	1	Mada	2025-06-18 15:58:27.036322	2025-06-18 15:58:27.036322
29	280	1	1	BBVA Bancomer	2025-06-18 15:58:27.036322	2025-06-18 15:58:27.036322
30	280	1	1	CitiBanamex	2025-06-18 15:58:27.036322	2025-06-18 15:58:27.036322
\.


--
-- Data for Name: payment_icon_payment_provider_rel; Type: TABLE DATA; Schema: public; Owner: odoo
--

COPY public.payment_icon_payment_provider_rel (payment_provider_id, payment_icon_id) FROM stdin;
1	13
1	10
1	2
1	1
1	4
1	5
1	9
1	12
2	2
2	1
2	27
2	28
3	2
3	1
3	12
4	10
4	2
4	4
4	5
4	9
4	1
5	13
5	10
5	2
5	1
5	3
7	1
7	2
7	3
7	23
7	24
7	25
7	26
8	2
8	1
8	3
8	29
8	30
9	1
9	3
9	10
9	2
9	13
9	19
9	18
9	20
9	16
9	6
9	8
9	15
9	22
10	10
10	2
10	4
10	5
10	9
10	3
10	12
10	1
11	10
11	2
11	7
11	5
11	3
11	1
13	10
13	2
13	4
13	5
13	9
13	3
13	13
13	12
13	1
14	10
14	2
14	4
14	5
14	9
14	3
14	1
\.


--
-- Data for Name: payment_link_wizard; Type: TABLE DATA; Schema: public; Owner: odoo
--

COPY public.payment_link_wizard (id, res_id, currency_id, partner_id, create_uid, write_uid, res_model, description, payment_provider_selection, amount, amount_max, create_date, write_date) FROM stdin;
\.


--
-- Data for Name: payment_provider; Type: TABLE DATA; Schema: public; Owner: odoo
--

COPY public.payment_provider (id, sequence, company_id, redirect_form_view_id, inline_form_view_id, token_inline_form_view_id, express_checkout_form_view_id, color, module_id, create_uid, write_uid, code, state, module_state, name, display_as, pre_msg, pending_msg, auth_msg, done_msg, cancel_msg, maximum_amount, is_published, allow_tokenization, capture_manually, allow_express_checkout, fees_active, create_date, write_date, fees_dom_fixed, fees_dom_var, fees_int_fixed, fees_int_var, so_reference_type, website_id) FROM stdin;
6	40	1	\N	\N	\N	\N	4	289	1	1	none	disabled	uninstalled	{"en_US": "Demo", "vi_VN": "Demo"}	\N	\N	{"en_US": "<p>Your payment has been successfully processed but is waiting for approval.</p>", "vi_VN": "<p>Your payment has been successfully processed but is waiting for approval.</p>"}	{"en_US": "<p>Your payment has been authorized.</p>", "vi_VN": "<p>Thanh toán của bạn đã được chứng thực.</p>"}	{"en_US": "<p>Your payment has been successfully processed. Thank you!</p>", "vi_VN": "<p>Your payment has been successfully processed. Thank you!</p>"}	{"en_US": "<p>Your payment has been cancelled.</p>", "vi_VN": "<p>Your payment has been cancelled.</p>"}	\N	\N	\N	\N	\N	\N	2025-06-18 15:58:27.036322	2025-06-18 15:58:27.036322	\N	\N	\N	\N	so_name	\N
7	\N	1	\N	\N	\N	\N	4	290	1	1	none	disabled	uninstalled	{"en_US": "Flutterwave", "vi_VN": "Flutterwave"}	\N	\N	{"en_US": "<p>Your payment has been successfully processed but is waiting for approval.</p>", "vi_VN": "<p>Your payment has been successfully processed but is waiting for approval.</p>"}	{"en_US": "<p>Your payment has been authorized.</p>", "vi_VN": "<p>Thanh toán của bạn đã được chứng thực.</p>"}	{"en_US": "<p>Your payment has been successfully processed. Thank you!</p>", "vi_VN": "<p>Your payment has been successfully processed. Thank you!</p>"}	{"en_US": "<p>Your payment has been cancelled.</p>", "vi_VN": "<p>Your payment has been cancelled.</p>"}	\N	\N	\N	\N	\N	\N	2025-06-18 15:58:27.036322	2025-06-18 15:58:27.036322	\N	\N	\N	\N	so_name	\N
9	\N	1	\N	\N	\N	\N	4	292	1	1	none	disabled	uninstalled	{"en_US": "Mollie", "vi_VN": "Mollie"}	\N	\N	{"en_US": "<p>Your payment has been successfully processed but is waiting for approval.</p>", "vi_VN": "<p>Your payment has been successfully processed but is waiting for approval.</p>"}	{"en_US": "<p>Your payment has been authorized.</p>", "vi_VN": "<p>Thanh toán của bạn đã được chứng thực.</p>"}	{"en_US": "<p>Your payment has been successfully processed. Thank you!</p>", "vi_VN": "<p>Your payment has been successfully processed. Thank you!</p>"}	{"en_US": "<p>Your payment has been cancelled.</p>", "vi_VN": "<p>Your payment has been cancelled.</p>"}	\N	\N	\N	\N	\N	\N	2025-06-18 15:58:27.036322	2025-06-18 15:58:27.036322	\N	\N	\N	\N	so_name	\N
10	\N	1	\N	\N	\N	\N	4	294	1	1	none	disabled	uninstalled	{"en_US": "PayPal", "vi_VN": "PayPal"}	\N	\N	{"en_US": "<p>Your payment has been successfully processed but is waiting for approval.</p>", "vi_VN": "<p>Your payment has been successfully processed but is waiting for approval.</p>"}	{"en_US": "<p>Your payment has been authorized.</p>", "vi_VN": "<p>Thanh toán của bạn đã được chứng thực.</p>"}	{"en_US": "<p>Your payment has been successfully processed. Thank you!</p>", "vi_VN": "<p>Your payment has been successfully processed. Thank you!</p>"}	{"en_US": "<p>Your payment has been cancelled.</p>", "vi_VN": "<p>Your payment has been cancelled.</p>"}	\N	\N	\N	\N	\N	\N	2025-06-18 15:58:27.036322	2025-06-18 15:58:27.036322	\N	\N	\N	\N	so_name	\N
12	20	1	\N	\N	\N	\N	4	565	1	1	none	disabled	uninstallable	{"en_US": "SEPA Direct Debit", "vi_VN": "SEPA Direct Debit"}	\N	\N	{"en_US": "<p>Your payment has been successfully processed but is waiting for approval.</p>", "vi_VN": "<p>Your payment has been successfully processed but is waiting for approval.</p>"}	{"en_US": "<p>Your payment has been authorized.</p>", "vi_VN": "<p>Thanh toán của bạn đã được chứng thực.</p>"}	{"en_US": "<p>Your payment has been successfully processed. Thank you!</p>", "vi_VN": "<p>Your payment has been successfully processed. Thank you!</p>"}	{"en_US": "<p>Your payment has been cancelled.</p>", "vi_VN": "<p>Your payment has been cancelled.</p>"}	\N	\N	\N	\N	\N	\N	2025-06-18 15:58:27.036322	2025-06-18 15:58:27.036322	\N	\N	\N	\N	so_name	\N
15	30	1	\N	\N	\N	\N	4	288	1	1	none	disabled	uninstalled	{"en_US": "Wire Transfer", "vi_VN": "Chuyển khoản ngân hàng"}	\N	\N	{"en_US": "<p>Your payment has been successfully processed but is waiting for approval.</p>", "vi_VN": "<p>Your payment has been successfully processed but is waiting for approval.</p>"}	{"en_US": "<p>Your payment has been authorized.</p>", "vi_VN": "<p>Thanh toán của bạn đã được chứng thực.</p>"}	{"en_US": "<p>Your payment has been successfully processed. Thank you!</p>", "vi_VN": "<p>Your payment has been successfully processed. Thank you!</p>"}	{"en_US": "<p>Your payment has been cancelled.</p>", "vi_VN": "<p>Your payment has been cancelled.</p>"}	\N	\N	\N	\N	\N	\N	2025-06-18 15:58:27.036322	2025-06-18 15:58:27.036322	\N	\N	\N	\N	so_name	\N
1	\N	1	\N	\N	\N	\N	4	282	1	1	none	disabled	uninstalled	{"en_US": "Adyen", "vi_VN": "Adyen"}	{"en_US": "Credit Card (powered by Adyen)", "vi_VN": "Credit Card (powered by Adyen)"}	\N	{"en_US": "<p>Your payment has been successfully processed but is waiting for approval.</p>", "vi_VN": "<p>Your payment has been successfully processed but is waiting for approval.</p>"}	{"en_US": "<p>Your payment has been authorized.</p>", "vi_VN": "<p>Thanh toán của bạn đã được chứng thực.</p>"}	{"en_US": "<p>Your payment has been successfully processed. Thank you!</p>", "vi_VN": "<p>Your payment has been successfully processed. Thank you!</p>"}	{"en_US": "<p>Your payment has been cancelled.</p>", "vi_VN": "<p>Your payment has been cancelled.</p>"}	\N	\N	\N	\N	\N	\N	2025-06-18 15:58:27.036322	2025-06-18 15:58:27.036322	\N	\N	\N	\N	so_name	\N
2	\N	1	\N	\N	\N	\N	4	284	1	1	none	disabled	uninstalled	{"en_US": "Amazon Payment Services", "vi_VN": "Dịch vụ thanh toán Amazon"}	{"en_US": "Amazon Payment Services", "vi_VN": "Dịch vụ thanh toán Amazon"}	\N	{"en_US": "<p>Your payment has been successfully processed but is waiting for approval.</p>", "vi_VN": "<p>Your payment has been successfully processed but is waiting for approval.</p>"}	{"en_US": "<p>Your payment has been authorized.</p>", "vi_VN": "<p>Thanh toán của bạn đã được chứng thực.</p>"}	{"en_US": "<p>Your payment has been successfully processed. Thank you!</p>", "vi_VN": "<p>Your payment has been successfully processed. Thank you!</p>"}	{"en_US": "<p>Your payment has been cancelled.</p>", "vi_VN": "<p>Your payment has been cancelled.</p>"}	\N	\N	\N	\N	\N	\N	2025-06-18 15:58:27.036322	2025-06-18 15:58:27.036322	\N	\N	\N	\N	so_name	\N
3	\N	1	\N	\N	\N	\N	4	285	1	1	none	disabled	uninstalled	{"en_US": "Asiapay", "vi_VN": "Asiapay"}	{"en_US": "Credit Card (powered by Asiapay)", "vi_VN": "Thẻ tín dụng (Cung cấp bởi Asiapay)"}	\N	{"en_US": "<p>Your payment has been successfully processed but is waiting for approval.</p>", "vi_VN": "<p>Your payment has been successfully processed but is waiting for approval.</p>"}	{"en_US": "<p>Your payment has been authorized.</p>", "vi_VN": "<p>Thanh toán của bạn đã được chứng thực.</p>"}	{"en_US": "<p>Your payment has been successfully processed. Thank you!</p>", "vi_VN": "<p>Your payment has been successfully processed. Thank you!</p>"}	{"en_US": "<p>Your payment has been cancelled.</p>", "vi_VN": "<p>Your payment has been cancelled.</p>"}	\N	\N	\N	\N	\N	\N	2025-06-18 15:58:27.036322	2025-06-18 15:58:27.036322	\N	\N	\N	\N	so_name	\N
4	\N	1	\N	\N	\N	\N	4	286	1	1	none	disabled	uninstalled	{"en_US": "Authorize.net", "vi_VN": "Authorize.net"}	{"en_US": "Credit Card (powered by Authorize)", "vi_VN": "Credit Card (powered by Authorize)"}	\N	{"en_US": "<p>Your payment has been successfully processed but is waiting for approval.</p>", "vi_VN": "<p>Your payment has been successfully processed but is waiting for approval.</p>"}	{"en_US": "<p>Your payment has been authorized.</p>", "vi_VN": "<p>Thanh toán của bạn đã được chứng thực.</p>"}	{"en_US": "<p>Your payment has been successfully processed. Thank you!</p>", "vi_VN": "<p>Your payment has been successfully processed. Thank you!</p>"}	{"en_US": "<p>Your payment has been cancelled.</p>", "vi_VN": "<p>Your payment has been cancelled.</p>"}	\N	\N	\N	\N	\N	\N	2025-06-18 15:58:27.036322	2025-06-18 15:58:27.036322	\N	\N	\N	\N	so_name	\N
5	\N	1	\N	\N	\N	\N	4	287	1	1	none	disabled	uninstalled	{"en_US": "Buckaroo", "vi_VN": "Buckaroo"}	{"en_US": "Credit Card (powered by Buckaroo)", "vi_VN": "Credit Card (powered by Buckaroo)"}	\N	{"en_US": "<p>Your payment has been successfully processed but is waiting for approval.</p>", "vi_VN": "<p>Your payment has been successfully processed but is waiting for approval.</p>"}	{"en_US": "<p>Your payment has been authorized.</p>", "vi_VN": "<p>Thanh toán của bạn đã được chứng thực.</p>"}	{"en_US": "<p>Your payment has been successfully processed. Thank you!</p>", "vi_VN": "<p>Your payment has been successfully processed. Thank you!</p>"}	{"en_US": "<p>Your payment has been cancelled.</p>", "vi_VN": "<p>Your payment has been cancelled.</p>"}	\N	\N	\N	\N	\N	\N	2025-06-18 15:58:27.036322	2025-06-18 15:58:27.036322	\N	\N	\N	\N	so_name	\N
8	\N	1	\N	\N	\N	\N	4	291	1	1	none	disabled	uninstalled	{"en_US": "Mercado Pago", "vi_VN": "Mercado Pago"}	{"en_US": "Credit Card (powered by Mercado Pago)", "vi_VN": "Thẻ tín dụng (Cung cấp bởi Mercado Pago)"}	\N	{"en_US": "<p>Your payment has been successfully processed but is waiting for approval.</p>", "vi_VN": "<p>Your payment has been successfully processed but is waiting for approval.</p>"}	{"en_US": "<p>Your payment has been authorized.</p>", "vi_VN": "<p>Thanh toán của bạn đã được chứng thực.</p>"}	{"en_US": "<p>Your payment has been successfully processed. Thank you!</p>", "vi_VN": "<p>Your payment has been successfully processed. Thank you!</p>"}	{"en_US": "<p>Your payment has been cancelled.</p>", "vi_VN": "<p>Your payment has been cancelled.</p>"}	\N	\N	\N	\N	\N	\N	2025-06-18 15:58:27.036322	2025-06-18 15:58:27.036322	\N	\N	\N	\N	so_name	\N
11	\N	1	\N	\N	\N	\N	4	297	1	1	none	disabled	uninstalled	{"en_US": "Razorpay", "vi_VN": "Razorpay"}	{"en_US": "Credit & Debit Card, UPI (Powered by Razorpay)", "vi_VN": "Thẻ tín dụng & ghi nợ, UPI (Cung cấp bởi Razorpay)"}	\N	{"en_US": "<p>Your payment has been successfully processed but is waiting for approval.</p>", "vi_VN": "<p>Your payment has been successfully processed but is waiting for approval.</p>"}	{"en_US": "<p>Your payment has been authorized.</p>", "vi_VN": "<p>Thanh toán của bạn đã được chứng thực.</p>"}	{"en_US": "<p>Your payment has been successfully processed. Thank you!</p>", "vi_VN": "<p>Your payment has been successfully processed. Thank you!</p>"}	{"en_US": "<p>Your payment has been cancelled.</p>", "vi_VN": "<p>Your payment has been cancelled.</p>"}	\N	\N	\N	\N	\N	\N	2025-06-18 15:58:27.036322	2025-06-18 15:58:27.036322	\N	\N	\N	\N	so_name	\N
13	\N	1	\N	\N	\N	\N	4	298	1	1	none	disabled	uninstalled	{"en_US": "Sips", "vi_VN": "Sips"}	{"en_US": "Credit Card (powered by Sips)", "vi_VN": "Credit Card (powered by Sips)"}	\N	{"en_US": "<p>Your payment has been successfully processed but is waiting for approval.</p>", "vi_VN": "<p>Your payment has been successfully processed but is waiting for approval.</p>"}	{"en_US": "<p>Your payment has been authorized.</p>", "vi_VN": "<p>Thanh toán của bạn đã được chứng thực.</p>"}	{"en_US": "<p>Your payment has been successfully processed. Thank you!</p>", "vi_VN": "<p>Your payment has been successfully processed. Thank you!</p>"}	{"en_US": "<p>Your payment has been cancelled.</p>", "vi_VN": "<p>Your payment has been cancelled.</p>"}	\N	\N	\N	\N	\N	\N	2025-06-18 15:58:27.036322	2025-06-18 15:58:27.036322	\N	\N	\N	\N	so_name	\N
14	\N	1	\N	\N	\N	\N	4	299	1	1	none	disabled	uninstalled	{"en_US": "Stripe", "vi_VN": "Stripe"}	{"en_US": "Credit & Debit Card", "vi_VN": "Thẻ tín dụng & ghi nợ"}	\N	{"en_US": "<p>Your payment has been successfully processed but is waiting for approval.</p>", "vi_VN": "<p>Your payment has been successfully processed but is waiting for approval.</p>"}	{"en_US": "<p>Your payment has been authorized.</p>", "vi_VN": "<p>Thanh toán của bạn đã được chứng thực.</p>"}	{"en_US": "<p>Your payment has been successfully processed. Thank you!</p>", "vi_VN": "<p>Your payment has been successfully processed. Thank you!</p>"}	{"en_US": "<p>Your payment has been cancelled.</p>", "vi_VN": "<p>Your payment has been cancelled.</p>"}	\N	\N	\N	\N	\N	\N	2025-06-18 15:58:27.036322	2025-06-18 15:58:27.036322	\N	\N	\N	\N	so_name	\N
\.


--
-- Data for Name: payment_provider_onboarding_wizard; Type: TABLE DATA; Schema: public; Owner: odoo
--

COPY public.payment_provider_onboarding_wizard (id, create_uid, write_uid, payment_method, paypal_user_type, paypal_email_account, paypal_seller_account, paypal_pdt_token, manual_name, journal_name, acc_number, manual_post_msg, create_date, write_date) FROM stdin;
\.


--
-- Data for Name: payment_refund_wizard; Type: TABLE DATA; Schema: public; Owner: odoo
--

COPY public.payment_refund_wizard (id, payment_id, create_uid, write_uid, amount_to_refund, create_date, write_date) FROM stdin;
\.


--
-- Data for Name: payment_token; Type: TABLE DATA; Schema: public; Owner: odoo
--

COPY public.payment_token (id, provider_id, partner_id, company_id, create_uid, write_uid, payment_details, provider_ref, verified, active, create_date, write_date) FROM stdin;
\.


--
-- Data for Name: payment_transaction; Type: TABLE DATA; Schema: public; Owner: odoo
--

COPY public.payment_transaction (id, provider_id, company_id, currency_id, token_id, source_transaction_id, callback_model_id, callback_res_id, partner_id, partner_state_id, partner_country_id, create_uid, write_uid, reference, provider_reference, state, operation, landing_route, callback_method, callback_hash, partner_name, partner_lang, partner_email, partner_address, partner_zip, partner_city, partner_phone, state_message, amount, fees, is_post_processed, tokenize, callback_is_done, last_state_change, create_date, write_date, payment_id, is_donation) FROM stdin;
\.


--
-- Data for Name: phone_blacklist; Type: TABLE DATA; Schema: public; Owner: odoo
--

COPY public.phone_blacklist (id, message_main_attachment_id, create_uid, write_uid, number, active, create_date, write_date) FROM stdin;
\.


--
-- Data for Name: phone_blacklist_remove; Type: TABLE DATA; Schema: public; Owner: odoo
--

COPY public.phone_blacklist_remove (id, create_uid, write_uid, phone, reason, create_date, write_date) FROM stdin;
\.


--
-- Data for Name: picking_label_type; Type: TABLE DATA; Schema: public; Owner: odoo
--

COPY public.picking_label_type (id, create_uid, write_uid, label_type, create_date, write_date) FROM stdin;
\.


--
-- Data for Name: picking_label_type_stock_picking_rel; Type: TABLE DATA; Schema: public; Owner: odoo
--

COPY public.picking_label_type_stock_picking_rel (picking_label_type_id, stock_picking_id) FROM stdin;
\.


--
-- Data for Name: portal_share; Type: TABLE DATA; Schema: public; Owner: odoo
--

COPY public.portal_share (id, res_id, create_uid, write_uid, res_model, note, create_date, write_date) FROM stdin;
\.


--
-- Data for Name: portal_share_res_partner_rel; Type: TABLE DATA; Schema: public; Owner: odoo
--

COPY public.portal_share_res_partner_rel (portal_share_id, res_partner_id) FROM stdin;
\.


--
-- Data for Name: portal_wizard; Type: TABLE DATA; Schema: public; Owner: odoo
--

COPY public.portal_wizard (id, create_uid, write_uid, welcome_message, create_date, write_date) FROM stdin;
\.


--
-- Data for Name: portal_wizard_res_partner_rel; Type: TABLE DATA; Schema: public; Owner: odoo
--

COPY public.portal_wizard_res_partner_rel (portal_wizard_id, res_partner_id) FROM stdin;
\.


--
-- Data for Name: portal_wizard_user; Type: TABLE DATA; Schema: public; Owner: odoo
--

COPY public.portal_wizard_user (id, wizard_id, partner_id, create_uid, write_uid, email, create_date, write_date) FROM stdin;
\.


--
-- Data for Name: privacy_log; Type: TABLE DATA; Schema: public; Owner: odoo
--

COPY public.privacy_log (id, user_id, create_uid, write_uid, anonymized_name, anonymized_email, execution_details, records_description, additional_note, date, create_date, write_date) FROM stdin;
\.


--
-- Data for Name: privacy_lookup_wizard; Type: TABLE DATA; Schema: public; Owner: odoo
--

COPY public.privacy_lookup_wizard (id, log_id, create_uid, write_uid, name, email, execution_details, create_date, write_date) FROM stdin;
\.


--
-- Data for Name: privacy_lookup_wizard_line; Type: TABLE DATA; Schema: public; Owner: odoo
--

COPY public.privacy_lookup_wizard_line (id, wizard_id, res_id, res_model_id, create_uid, write_uid, res_name, res_model, execution_details, has_active, is_active, is_unlinked, create_date, write_date) FROM stdin;
\.


--
-- Data for Name: procurement_group; Type: TABLE DATA; Schema: public; Owner: odoo
--

COPY public.procurement_group (id, partner_id, create_uid, write_uid, name, move_type, create_date, write_date, sale_id) FROM stdin;
\.


--
-- Data for Name: product_attr_exclusion_value_ids_rel; Type: TABLE DATA; Schema: public; Owner: odoo
--

COPY public.product_attr_exclusion_value_ids_rel (product_template_attribute_exclusion_id, product_template_attribute_value_id) FROM stdin;
\.


--
-- Data for Name: product_attribute; Type: TABLE DATA; Schema: public; Owner: odoo
--

COPY public.product_attribute (id, sequence, create_uid, write_uid, create_variant, display_type, name, create_date, write_date) FROM stdin;
\.


--
-- Data for Name: product_attribute_custom_value; Type: TABLE DATA; Schema: public; Owner: odoo
--

COPY public.product_attribute_custom_value (id, custom_product_template_attribute_value_id, create_uid, write_uid, custom_value, create_date, write_date, sale_order_line_id) FROM stdin;
\.


--
-- Data for Name: product_attribute_product_template_rel; Type: TABLE DATA; Schema: public; Owner: odoo
--

COPY public.product_attribute_product_template_rel (product_attribute_id, product_template_id) FROM stdin;
\.


--
-- Data for Name: product_attribute_value; Type: TABLE DATA; Schema: public; Owner: odoo
--

COPY public.product_attribute_value (id, sequence, attribute_id, color, create_uid, write_uid, html_color, name, is_custom, create_date, write_date) FROM stdin;
\.


--
-- Data for Name: product_attribute_value_product_template_attribute_line_rel; Type: TABLE DATA; Schema: public; Owner: odoo
--

COPY public.product_attribute_value_product_template_attribute_line_rel (product_attribute_value_id, product_template_attribute_line_id) FROM stdin;
\.


--
-- Data for Name: product_category; Type: TABLE DATA; Schema: public; Owner: odoo
--

COPY public.product_category (id, parent_id, create_uid, write_uid, name, complete_name, parent_path, create_date, write_date, removal_strategy_id, packaging_reserve_method) FROM stdin;
1	\N	1	1	All	All	1/	2025-06-18 15:58:16.099095	2025-06-18 15:58:16.099095	\N	partial
2	1	1	1	Saleable	All / Saleable	1/2/	2025-06-18 15:58:16.099095	2025-06-18 15:58:16.099095	\N	partial
3	1	1	1	Expenses	All / Expenses	1/3/	2025-06-18 15:58:16.099095	2025-06-18 15:58:16.099095	\N	partial
\.


--
-- Data for Name: product_label_layout; Type: TABLE DATA; Schema: public; Owner: odoo
--

COPY public.product_label_layout (id, custom_quantity, create_uid, write_uid, print_format, extra_html, create_date, write_date, picking_quantity) FROM stdin;
\.


--
-- Data for Name: product_label_layout_product_product_rel; Type: TABLE DATA; Schema: public; Owner: odoo
--

COPY public.product_label_layout_product_product_rel (product_label_layout_id, product_product_id) FROM stdin;
\.


--
-- Data for Name: product_label_layout_product_template_rel; Type: TABLE DATA; Schema: public; Owner: odoo
--

COPY public.product_label_layout_product_template_rel (product_label_layout_id, product_template_id) FROM stdin;
\.


--
-- Data for Name: product_label_layout_stock_move_line_rel; Type: TABLE DATA; Schema: public; Owner: odoo
--

COPY public.product_label_layout_stock_move_line_rel (product_label_layout_id, stock_move_line_id) FROM stdin;
\.


--
-- Data for Name: product_optional_rel; Type: TABLE DATA; Schema: public; Owner: odoo
--

COPY public.product_optional_rel (src_id, dest_id) FROM stdin;
\.


--
-- Data for Name: product_packaging; Type: TABLE DATA; Schema: public; Owner: odoo
--

COPY public.product_packaging (id, sequence, product_id, company_id, create_uid, write_uid, name, barcode, qty, create_date, write_date, sales, package_type_id, purchase) FROM stdin;
\.


--
-- Data for Name: product_pricelist; Type: TABLE DATA; Schema: public; Owner: odoo
--

COPY public.product_pricelist (id, sequence, currency_id, company_id, create_uid, write_uid, discount_policy, name, active, create_date, write_date) FROM stdin;
1	1	24	\N	1	1	with_discount	{"en_US": "Public Pricelist", "vi_VN": "Bảng giá niêm yết"}	t	2025-06-18 15:58:16.099095	2025-06-18 15:59:18.657244
\.


--
-- Data for Name: product_pricelist_item; Type: TABLE DATA; Schema: public; Owner: odoo
--

COPY public.product_pricelist_item (id, pricelist_id, company_id, currency_id, categ_id, product_tmpl_id, product_id, base_pricelist_id, create_uid, write_uid, applied_on, base, compute_price, min_quantity, fixed_price, price_discount, price_round, price_surcharge, price_min_margin, price_max_margin, active, date_start, date_end, create_date, write_date, percent_price) FROM stdin;
\.


--
-- Data for Name: product_product; Type: TABLE DATA; Schema: public; Owner: odoo
--

COPY public.product_product (id, message_main_attachment_id, product_tmpl_id, create_uid, write_uid, default_code, barcode, combination_indices, volume, weight, active, can_image_variant_1024_be_zoomed, create_date, write_date) FROM stdin;
4	\N	4	1	1	GIFT	\N		\N	\N	t	f	2025-06-19 03:12:53.578007	2025-06-19 03:12:53.578007
6	\N	6	1	1	EXP_GEN	\N		\N	\N	t	f	2025-06-19 03:12:53.578007	2025-06-19 03:12:53.578007
1	\N	1	1	1	FOOD	\N		\N	\N	t	f	2025-06-19 03:12:53.578007	2025-06-19 03:12:58.808672
2	\N	2	1	1	TRANS & ACC	\N		\N	\N	t	f	2025-06-19 03:12:53.578007	2025-06-19 03:12:58.808672
3	\N	3	1	1	MIL	\N		\N	\N	t	f	2025-06-19 03:12:53.578007	2025-06-19 03:12:58.808672
5	\N	5	1	1	COMM	\N		\N	\N	t	f	2025-06-19 03:12:53.578007	2025-06-19 03:12:58.808672
\.


--
-- Data for Name: product_product_stock_track_confirmation_rel; Type: TABLE DATA; Schema: public; Owner: odoo
--

COPY public.product_product_stock_track_confirmation_rel (stock_track_confirmation_id, product_product_id) FROM stdin;
\.


--
-- Data for Name: product_removal; Type: TABLE DATA; Schema: public; Owner: odoo
--

COPY public.product_removal (id, create_uid, write_uid, name, method, create_date, write_date) FROM stdin;
1	1	1	First In First Out (FIFO)	fifo	2025-06-19 03:10:52.944233	2025-06-19 03:10:52.944233
2	1	1	Last In First Out (LIFO)	lifo	2025-06-19 03:10:52.944233	2025-06-19 03:10:52.944233
3	1	1	Closest Location	closest	2025-06-19 03:10:52.944233	2025-06-19 03:10:52.944233
\.


--
-- Data for Name: product_replenish; Type: TABLE DATA; Schema: public; Owner: odoo
--

COPY public.product_replenish (id, product_id, product_tmpl_id, product_uom_id, warehouse_id, company_id, create_uid, write_uid, product_has_variants, date_planned, create_date, write_date, quantity) FROM stdin;
\.


--
-- Data for Name: product_replenish_stock_route_rel; Type: TABLE DATA; Schema: public; Owner: odoo
--

COPY public.product_replenish_stock_route_rel (product_replenish_id, stock_route_id) FROM stdin;
\.


--
-- Data for Name: product_supplier_taxes_rel; Type: TABLE DATA; Schema: public; Owner: odoo
--

COPY public.product_supplier_taxes_rel (prod_id, tax_id) FROM stdin;
1	1
2	1
3	1
4	1
5	1
6	1
\.


--
-- Data for Name: product_supplierinfo; Type: TABLE DATA; Schema: public; Owner: odoo
--

COPY public.product_supplierinfo (id, partner_id, sequence, company_id, currency_id, product_id, product_tmpl_id, delay, create_uid, write_uid, product_name, product_code, date_start, date_end, min_qty, price, create_date, write_date) FROM stdin;
\.


--
-- Data for Name: product_supplierinfo_stock_replenishment_info_rel; Type: TABLE DATA; Schema: public; Owner: odoo
--

COPY public.product_supplierinfo_stock_replenishment_info_rel (stock_replenishment_info_id, product_supplierinfo_id) FROM stdin;
\.


--
-- Data for Name: product_tag; Type: TABLE DATA; Schema: public; Owner: odoo
--

COPY public.product_tag (id, color, create_uid, write_uid, name, create_date, write_date) FROM stdin;
\.


--
-- Data for Name: product_tag_product_product_rel; Type: TABLE DATA; Schema: public; Owner: odoo
--

COPY public.product_tag_product_product_rel (product_product_id, product_tag_id) FROM stdin;
\.


--
-- Data for Name: product_tag_product_template_rel; Type: TABLE DATA; Schema: public; Owner: odoo
--

COPY public.product_tag_product_template_rel (product_template_id, product_tag_id) FROM stdin;
\.


--
-- Data for Name: product_taxes_rel; Type: TABLE DATA; Schema: public; Owner: odoo
--

COPY public.product_taxes_rel (prod_id, tax_id) FROM stdin;
1	4
2	4
3	4
4	4
5	4
6	4
\.


--
-- Data for Name: product_template; Type: TABLE DATA; Schema: public; Owner: odoo
--

COPY public.product_template (id, message_main_attachment_id, sequence, categ_id, uom_id, uom_po_id, company_id, color, create_uid, write_uid, detailed_type, type, default_code, priority, name, description, description_purchase, description_sale, list_price, volume, weight, sale_ok, purchase_ok, active, can_image_1024_be_zoomed, has_configurable_attributes, create_date, write_date, service_type, sale_line_warn, expense_policy, invoice_policy, sale_line_warn_msg, service_tracking, tracking, description_picking, description_pickingout, description_pickingin, sale_delay, purchase_method, purchase_line_warn, purchase_line_warn_msg, can_be_expensed) FROM stdin;
5	\N	1	1	7	7	\N	\N	1	1	service	service	COMM	0	{"en_US": "Communication", "vi_VN": "Thông tin giao dịch"}	{"en_US": "<p>Phone bills, postage, etc.</p>", "vi_VN": "<p>Hóa đơn điện thoại, bưu phí, v.v.</p>"}	\N	\N	1.00	0.00	0.00	f	f	t	f	f	2025-06-19 03:12:53.578007	2025-06-19 03:12:58.808672	manual	no-message	cost	order	\N	no	none	\N	\N	\N	0	receive	no-message	\N	t
4	\N	1	1	7	7	\N	\N	1	1	service	service	GIFT	0	{"en_US": "Gifts", "vi_VN": "Quà tặng"}	{"en_US": "<p>Gifts to customers or vendors</p>", "vi_VN": "<p>Quà tặng cho khách hàng hoặc nhà cung cấp</p>"}	\N	\N	1.00	0.00	0.00	f	f	t	f	f	2025-06-19 03:12:53.578007	2025-06-19 03:12:53.578007	manual	no-message	no	order	\N	no	none	\N	\N	\N	0	receive	no-message	\N	t
6	\N	1	3	1	1	\N	\N	1	1	service	service	EXP_GEN	0	{"en_US": "Others", "vi_VN": "Khác"}	\N	\N	\N	1.00	0.00	0.00	t	t	t	f	f	2025-06-19 03:12:53.578007	2025-06-19 03:12:53.578007	manual	no-message	no	order	\N	no	none	\N	\N	\N	0	receive	no-message	\N	t
1	\N	1	1	1	1	\N	\N	1	1	service	service	FOOD	0	{"en_US": "Meals", "vi_VN": "Các bữa ăn"}	{"en_US": "<p>Restaurants, business lunches, etc.</p>", "vi_VN": "<p>Nhà hàng, bữa trưa với khách, vv.</p>"}	\N	\N	1.00	0.00	0.00	f	f	t	f	f	2025-06-19 03:12:53.578007	2025-06-19 03:12:58.808672	manual	no-message	sales_price	order	\N	no	none	\N	\N	\N	0	receive	no-message	\N	t
3	\N	1	1	7	7	\N	\N	1	1	service	service	MIL	0	{"en_US": "Mileage", "vi_VN": "Dặm"}	\N	\N	\N	1.00	0.00	0.00	f	f	t	f	f	2025-06-19 03:12:53.578007	2025-06-19 03:12:58.808672	manual	no-message	sales_price	delivery	\N	no	none	\N	\N	\N	0	receive	no-message	\N	t
2	\N	1	1	1	1	\N	\N	1	1	service	service	TRANS & ACC	0	{"en_US": "Travel & Accommodation", "vi_VN": "Du lịch & Chỗ ở"}	{"en_US": "<p>Hotel, plane ticket, taxi, etc.</p>", "vi_VN": "<p>Khách sạn, vé máy bay, taxi, v.v.</p>"}	\N	\N	1.00	0.00	0.00	f	f	t	f	f	2025-06-19 03:12:53.578007	2025-06-19 03:12:58.808672	manual	no-message	cost	delivery	\N	no	none	\N	\N	\N	0	receive	no-message	\N	t
\.


--
-- Data for Name: product_template_attribute_exclusion; Type: TABLE DATA; Schema: public; Owner: odoo
--

COPY public.product_template_attribute_exclusion (id, product_template_attribute_value_id, product_tmpl_id, create_uid, write_uid, create_date, write_date) FROM stdin;
\.


--
-- Data for Name: product_template_attribute_line; Type: TABLE DATA; Schema: public; Owner: odoo
--

COPY public.product_template_attribute_line (id, product_tmpl_id, attribute_id, value_count, create_uid, write_uid, active, create_date, write_date) FROM stdin;
\.


--
-- Data for Name: product_template_attribute_value; Type: TABLE DATA; Schema: public; Owner: odoo
--

COPY public.product_template_attribute_value (id, product_attribute_value_id, attribute_line_id, product_tmpl_id, attribute_id, color, create_uid, write_uid, price_extra, ptav_active, create_date, write_date) FROM stdin;
\.


--
-- Data for Name: product_template_attribute_value_sale_order_line_rel; Type: TABLE DATA; Schema: public; Owner: odoo
--

COPY public.product_template_attribute_value_sale_order_line_rel (sale_order_line_id, product_template_attribute_value_id) FROM stdin;
\.


--
-- Data for Name: product_variant_combination; Type: TABLE DATA; Schema: public; Owner: odoo
--

COPY public.product_variant_combination (product_product_id, product_template_attribute_value_id) FROM stdin;
\.


--
-- Data for Name: project_collaborator; Type: TABLE DATA; Schema: public; Owner: odoo
--

COPY public.project_collaborator (id, project_id, partner_id, create_uid, write_uid, create_date, write_date) FROM stdin;
\.


--
-- Data for Name: project_favorite_user_rel; Type: TABLE DATA; Schema: public; Owner: odoo
--

COPY public.project_favorite_user_rel (project_id, user_id) FROM stdin;
\.


--
-- Data for Name: project_milestone; Type: TABLE DATA; Schema: public; Owner: odoo
--

COPY public.project_milestone (id, message_main_attachment_id, project_id, create_uid, write_uid, name, deadline, reached_date, is_reached, create_date, write_date, sale_line_id, quantity_percentage) FROM stdin;
\.


--
-- Data for Name: project_project; Type: TABLE DATA; Schema: public; Owner: odoo
--

COPY public.project_project (id, message_main_attachment_id, alias_id, sequence, partner_id, company_id, analytic_account_id, color, user_id, stage_id, last_update_id, create_uid, write_uid, access_token, partner_email, partner_phone, privacy_visibility, rating_status, rating_status_period, last_update_status, date_start, date, name, label_tasks, task_properties_definition, description, active, allow_subtasks, allow_recurring_tasks, allow_task_dependencies, allow_milestones, rating_active, rating_request_deadline, create_date, write_date, sale_line_id, allow_billable) FROM stdin;
\.


--
-- Data for Name: project_project_project_tags_rel; Type: TABLE DATA; Schema: public; Owner: odoo
--

COPY public.project_project_project_tags_rel (project_project_id, project_tags_id) FROM stdin;
\.


--
-- Data for Name: project_project_project_task_type_delete_wizard_rel; Type: TABLE DATA; Schema: public; Owner: odoo
--

COPY public.project_project_project_task_type_delete_wizard_rel (project_task_type_delete_wizard_id, project_project_id) FROM stdin;
\.


--
-- Data for Name: project_project_stage; Type: TABLE DATA; Schema: public; Owner: odoo
--

COPY public.project_project_stage (id, sequence, mail_template_id, create_uid, write_uid, name, active, fold, create_date, write_date, sms_template_id) FROM stdin;
1	10	\N	1	1	{"en_US": "To Do", "vi_VN": "Việc cần làm"}	t	\N	2025-06-18 15:59:10.560412	2025-06-18 15:59:10.560412	\N
2	15	\N	1	1	{"en_US": "In Progress", "vi_VN": "Đang thực hiện"}	t	\N	2025-06-18 15:59:10.560412	2025-06-18 15:59:10.560412	\N
3	20	\N	1	1	{"en_US": "Done", "vi_VN": "Hoàn thành"}	t	t	2025-06-18 15:59:10.560412	2025-06-18 15:59:10.560412	\N
4	25	\N	1	1	{"en_US": "Canceled", "vi_VN": "Đã huỷ"}	t	t	2025-06-18 15:59:10.560412	2025-06-18 15:59:10.560412	\N
\.


--
-- Data for Name: project_share_wizard; Type: TABLE DATA; Schema: public; Owner: odoo
--

COPY public.project_share_wizard (id, res_id, create_uid, write_uid, res_model, access_mode, note, display_access_mode, create_date, write_date) FROM stdin;
\.


--
-- Data for Name: project_share_wizard_res_partner_rel; Type: TABLE DATA; Schema: public; Owner: odoo
--

COPY public.project_share_wizard_res_partner_rel (project_share_wizard_id, res_partner_id) FROM stdin;
\.


--
-- Data for Name: project_tags; Type: TABLE DATA; Schema: public; Owner: odoo
--

COPY public.project_tags (id, color, create_uid, write_uid, name, create_date, write_date) FROM stdin;
\.


--
-- Data for Name: project_tags_project_task_rel; Type: TABLE DATA; Schema: public; Owner: odoo
--

COPY public.project_tags_project_task_rel (project_task_id, project_tags_id) FROM stdin;
\.


--
-- Data for Name: project_task; Type: TABLE DATA; Schema: public; Owner: odoo
--

COPY public.project_task (id, message_main_attachment_id, sequence, stage_id, project_id, display_project_id, partner_id, company_id, color, displayed_image_id, parent_id, ancestor_id, milestone_id, recurrence_id, analytic_account_id, create_uid, write_uid, email_cc, access_token, name, priority, kanban_state, partner_email, partner_phone, email_from, date_deadline, task_properties, description, working_hours_open, working_hours_close, active, is_closed, is_blocked, recurring_task, is_analytic_account_id_changed, create_date, write_date, date_end, date_assign, date_last_stage_update, rating_last_value, planned_hours, working_days_open, working_days_close, sale_order_id, sale_line_id) FROM stdin;
\.


--
-- Data for Name: project_task_recurrence; Type: TABLE DATA; Schema: public; Owner: odoo
--

COPY public.project_task_recurrence (id, recurrence_left, repeat_interval, repeat_number, create_uid, write_uid, repeat_unit, repeat_type, repeat_on_month, repeat_on_year, repeat_day, repeat_week, repeat_weekday, repeat_month, next_recurrence_date, repeat_until, mon, tue, wed, thu, fri, sat, sun, create_date, write_date) FROM stdin;
\.


--
-- Data for Name: project_task_type; Type: TABLE DATA; Schema: public; Owner: odoo
--

COPY public.project_task_type (id, sequence, mail_template_id, rating_template_id, user_id, create_uid, write_uid, name, description, legend_blocked, legend_done, legend_normal, active, fold, auto_validation_kanban_state, create_date, write_date, sms_template_id) FROM stdin;
\.


--
-- Data for Name: project_task_type_delete_wizard; Type: TABLE DATA; Schema: public; Owner: odoo
--

COPY public.project_task_type_delete_wizard (id, create_uid, write_uid, create_date, write_date) FROM stdin;
\.


--
-- Data for Name: project_task_type_project_task_type_delete_wizard_rel; Type: TABLE DATA; Schema: public; Owner: odoo
--

COPY public.project_task_type_project_task_type_delete_wizard_rel (project_task_type_delete_wizard_id, project_task_type_id) FROM stdin;
\.


--
-- Data for Name: project_task_type_rel; Type: TABLE DATA; Schema: public; Owner: odoo
--

COPY public.project_task_type_rel (type_id, project_id) FROM stdin;
\.


--
-- Data for Name: project_task_user_rel; Type: TABLE DATA; Schema: public; Owner: odoo
--

COPY public.project_task_user_rel (id, task_id, user_id, stage_id, create_uid, write_uid, create_date, write_date) FROM stdin;
\.


--
-- Data for Name: project_update; Type: TABLE DATA; Schema: public; Owner: odoo
--

COPY public.project_update (id, message_main_attachment_id, progress, user_id, project_id, create_uid, write_uid, email_cc, name, status, date, description, create_date, write_date) FROM stdin;
\.


--
-- Data for Name: purchase_order; Type: TABLE DATA; Schema: public; Owner: odoo
--

COPY public.purchase_order (id, message_main_attachment_id, partner_id, dest_address_id, currency_id, invoice_count, fiscal_position_id, payment_term_id, incoterm_id, user_id, company_id, create_uid, write_uid, access_token, name, priority, origin, partner_ref, state, invoice_status, notes, amount_untaxed, amount_tax, amount_total, mail_reminder_confirmed, mail_reception_confirmed, date_order, date_approve, date_planned, date_calendar_start, create_date, write_date, currency_rate, picking_type_id, group_id, incoterm_location, receipt_status, effective_date) FROM stdin;
\.


--
-- Data for Name: purchase_order_line; Type: TABLE DATA; Schema: public; Owner: odoo
--

COPY public.purchase_order_line (id, sequence, product_uom, product_id, order_id, company_id, partner_id, currency_id, product_packaging_id, create_uid, write_uid, state, qty_received_method, display_type, analytic_distribution, name, product_qty, price_unit, price_subtotal, price_total, qty_invoiced, qty_received, qty_received_manual, qty_to_invoice, date_planned, create_date, write_date, product_uom_qty, price_tax, product_packaging_qty, orderpoint_id, product_description_variants, propagate_cancel, sale_order_id, sale_line_id) FROM stdin;
\.


--
-- Data for Name: purchase_order_stock_picking_rel; Type: TABLE DATA; Schema: public; Owner: odoo
--

COPY public.purchase_order_stock_picking_rel (purchase_order_id, stock_picking_id) FROM stdin;
\.


--
-- Data for Name: rating_rating; Type: TABLE DATA; Schema: public; Owner: odoo
--

COPY public.rating_rating (id, res_model_id, res_id, parent_res_model_id, parent_res_id, rated_partner_id, partner_id, message_id, create_uid, write_uid, res_name, res_model, parent_res_name, parent_res_model, rating_text, access_token, feedback, is_internal, consumed, create_date, write_date, rating, publisher_id, publisher_comment, publisher_datetime) FROM stdin;
\.


--
-- Data for Name: rel_badge_auth_users; Type: TABLE DATA; Schema: public; Owner: odoo
--

COPY public.rel_badge_auth_users (gamification_badge_id, res_users_id) FROM stdin;
\.


--
-- Data for Name: rel_modules_langexport; Type: TABLE DATA; Schema: public; Owner: odoo
--

COPY public.rel_modules_langexport (wiz_id, module_id) FROM stdin;
\.


--
-- Data for Name: rel_server_actions; Type: TABLE DATA; Schema: public; Owner: odoo
--

COPY public.rel_server_actions (server_id, action_id) FROM stdin;
\.


--
-- Data for Name: report_layout; Type: TABLE DATA; Schema: public; Owner: odoo
--

COPY public.report_layout (id, view_id, sequence, create_uid, write_uid, image, pdf, name, create_date, write_date) FROM stdin;
1	199	5	1	1	\N	\N	Striped	2025-06-18 15:49:20.716107	2025-06-18 15:49:20.716107
2	202	2	1	1	\N	\N	Light	2025-06-18 15:49:20.716107	2025-06-18 15:49:20.716107
3	200	3	1	1	\N	\N	Boxed	2025-06-18 15:49:20.716107	2025-06-18 15:49:20.716107
4	201	4	1	1	\N	\N	Bold	2025-06-18 15:49:20.716107	2025-06-18 15:49:20.716107
\.


--
-- Data for Name: report_paperformat; Type: TABLE DATA; Schema: public; Owner: odoo
--

COPY public.report_paperformat (id, page_height, page_width, header_spacing, dpi, create_uid, write_uid, name, format, orientation, "default", header_line, disable_shrinking, create_date, write_date, margin_top, margin_bottom, margin_left, margin_right) FROM stdin;
1	0	0	35	90	1	1	A4	A4	Portrait	t	f	\N	2025-06-18 15:49:05.568244	2025-06-18 15:49:05.568244	40	32	7	7
2	0	0	35	90	1	1	US Letter	Letter	Portrait	t	f	\N	2025-06-18 15:49:05.568244	2025-06-18 15:49:05.568244	40	30	7	7
3	0	0	15	90	1	1	US Batch Deposit	Letter	Portrait	f	f	\N	2025-06-18 15:49:05.568244	2025-06-18 15:49:05.568244	15	30	10	10
4	0	0	35	96	1	1	A4 Label Sheet	A4	Portrait	t	f	t	2025-06-18 15:58:16.099095	2025-06-18 15:58:16.099095	0	0	0	0
5	57	32	35	96	1	1	Dymo Label Sheet	custom	Landscape	t	f	t	2025-06-18 15:58:16.099095	2025-06-18 15:58:16.099095	0	0	0	0
6	0	0	0	96	1	1	Survey Certification	A4	Landscape	t	f	t	2025-06-18 15:59:03.096296	2025-06-18 15:59:03.096296	0	0	0	0
\.


--
-- Data for Name: res_bank; Type: TABLE DATA; Schema: public; Owner: odoo
--

COPY public.res_bank (id, state, country, create_uid, write_uid, name, street, street2, zip, city, email, phone, bic, active, create_date, write_date) FROM stdin;
1	\N	\N	1	1	Reserve	\N	\N	\N	\N	\N	\N	\N	f	2025-06-18 15:49:05.568244	2025-06-18 15:49:05.568244
\.


--
-- Data for Name: res_company; Type: TABLE DATA; Schema: public; Owner: odoo
--

COPY public.res_company (id, name, partner_id, currency_id, sequence, create_date, parent_id, paperformat_id, external_report_layout_id, create_uid, write_uid, email, phone, mobile, base_onboarding_company_state, font, primary_color, secondary_color, layout_background, report_footer, report_header, company_details, active, write_date, logo_web, resource_calendar_id, partner_gid, iap_enrich_auto_done, snailmail_color, snailmail_cover, snailmail_duplex, payment_provider_onboarding_state, payment_onboarding_payment_method, message_main_attachment_id, fiscalyear_last_day, transfer_account_id, chart_template_id, default_cash_difference_income_account_id, default_cash_difference_expense_account_id, account_journal_suspense_account_id, account_journal_payment_debit_account_id, account_journal_payment_credit_account_id, account_journal_early_pay_discount_gain_account_id, account_journal_early_pay_discount_loss_account_id, account_sale_tax_id, account_purchase_tax_id, currency_exchange_journal_id, income_currency_exchange_account_id, expense_currency_exchange_account_id, property_stock_account_input_categ_id, property_stock_account_output_categ_id, property_stock_valuation_account_id, incoterm_id, account_opening_move_id, account_default_pos_receivable_account_id, expense_accrual_account_id, revenue_accrual_account_id, automatic_entry_default_journal_id, account_fiscal_country_id, tax_cash_basis_journal_id, account_cash_basis_base_account_id, fiscalyear_last_month, bank_account_code_prefix, cash_account_code_prefix, early_pay_discount_computation, transfer_account_code_prefix, tax_calculation_rounding_method, account_setup_bank_data_state, account_setup_fy_data_state, account_setup_coa_state, account_setup_taxes_state, account_onboarding_invoice_layout_state, account_onboarding_sale_tax_state, account_invoice_onboarding_state, account_dashboard_onboarding_state, terms_type, account_setup_bill_state, quick_edit_mode, period_lock_date, fiscalyear_lock_date, tax_lock_date, account_opening_date, invoice_terms, invoice_terms_html, expects_chart_of_accounts, anglo_saxon_accounting, qr_code, invoice_is_email, invoice_is_print, account_use_credit_limit, account_onboarding_create_invoice_state_flag, tax_exigibility, account_storno, invoice_is_snailmail, quotation_validity_days, sale_quotation_onboarding_state, sale_onboarding_order_confirmation_state, sale_onboarding_sample_quotation_state, sale_onboarding_payment_method, portal_confirmation_sign, portal_confirmation_pay, sale_order_template_id, social_twitter, social_facebook, social_github, social_linkedin, social_youtube, social_instagram, hr_presence_control_email_amount, hr_presence_control_ip_list, vat_check_vies, website_id, nomenclature_id, internal_transit_location_id, stock_mail_confirmation_template_id, annual_inventory_day, annual_inventory_month, stock_move_email_validation, stock_sms_confirmation_template_id, stock_move_sms_validation, has_received_warning_stock_sms, security_lead, po_lock, po_double_validation, po_double_validation_amount, po_lead, days_to_purchase, expense_journal_id, company_expense_journal_id) FROM stdin;
1	My Company	1	24	\N	2025-06-18 15:49:03.854699	\N	1	\N	\N	1	rniinstitute.mkt@gmail.com	+84867303712	\N	not_done	Lato	\N	\N	Blank	\N	\N	\N	t	2025-06-19 03:11:06.295861	\\x[encoded data, 23200 characters]	1	\N	t	t	\N	\N	not_done	\N	\N	31	1	1	197	196	193	194	195	192	191	4	1	4	149	170	\N	\N	\N	\N	\N	12	\N	\N	\N	241	5	\N	12	112	111	included	113	round_per_line	not_done	not_done	not_done	not_done	not_done	not_done	not_done	not_done	plain	not_done	\N	\N	\N	\N	2025-01-01	\N	\N	t	f	\N	t	t	\N	\N	\N	f	\N	30	not_done	not_done	not_done	\N	t	\N	\N	\N	\N	\N	\N	\N	\N	\N	\N	\N	1	1	13	28	31	12	\N	2	t	\N	0	edit	one_step	5000.0	0	\N	\N	\N
\.


--
-- Data for Name: res_company_users_rel; Type: TABLE DATA; Schema: public; Owner: odoo
--

COPY public.res_company_users_rel (cid, user_id) FROM stdin;
1	1
1	2
1	3
1	4
1	5
\.


--
-- Data for Name: res_config; Type: TABLE DATA; Schema: public; Owner: odoo
--

COPY public.res_config (id, create_uid, write_uid, create_date, write_date) FROM stdin;
\.


--
-- Data for Name: res_config_installer; Type: TABLE DATA; Schema: public; Owner: odoo
--

COPY public.res_config_installer (id, create_uid, write_uid, create_date, write_date) FROM stdin;
\.


--
-- Data for Name: res_config_settings; Type: TABLE DATA; Schema: public; Owner: odoo
--

COPY public.res_config_settings (id, create_uid, write_uid, create_date, write_date, company_id, user_default_rights, external_email_server_default, module_base_import, module_google_calendar, module_microsoft_calendar, module_mail_plugin, module_auth_oauth, module_auth_ldap, module_base_gengo, module_account_inter_company_rules, module_voip, module_web_unsplash, module_partner_autocomplete, module_base_geolocalize, module_google_recaptcha, group_multi_currency, show_effect, module_product_images, profiling_enabled_until, alias_domain, twilio_account_sid, twilio_account_token, module_google_gmail, module_microsoft_outlook, restrict_template_rendering, use_twilio_rtc_servers, group_analytic_accounting, auth_signup_template_user_id, auth_signup_uninvited, auth_signup_reset_password, google_gmail_client_identifier, google_gmail_client_secret, product_pricelist_setting, product_weight_in_lbs, product_volume_volume_in_cubic_feet, group_discount_per_so_line, group_uom, group_product_variant, module_sale_product_matrix, module_loyalty, group_stock_packaging, group_product_pricelist, group_sale_pricelist, unsplash_access_key, unsplash_app_id, digest_id, digest_emails, chart_template_id, show_line_subtotals_tax_selection, module_account_accountant, group_warning_account, group_cash_rounding, group_show_line_subtotals_tax_excluded, group_show_line_subtotals_tax_included, group_show_sale_receipts, group_show_purchase_receipts, module_account_budget, module_account_payment, module_account_reports, module_account_check_printing, module_account_batch_payment, module_account_sepa, module_account_sepa_direct_debit, module_account_bank_statement_import_qif, module_account_bank_statement_import_ofx, module_account_bank_statement_import_csv, module_account_bank_statement_import_camt, module_currency_rate_live, module_account_intrastat, module_product_margin, module_l10n_eu_oss, module_account_taxcloud, module_account_invoice_extract, module_snailmail_account, use_invoice_terms, group_sale_delivery_address, pay_invoices_online, deposit_default_product_id, invoice_mail_template_id, default_invoice_policy, group_auto_done_setting, group_proforma_sales, group_warning_sale, automatic_invoice, use_quotation_validity_days, module_delivery, module_delivery_bpost, module_delivery_dhl, module_delivery_easypost, module_delivery_sendcloud, module_delivery_fedex, module_delivery_ups, module_delivery_usps, module_product_email_template, module_sale_amazon, module_sale_loyalty, module_sale_margin, group_sale_order_template, module_sale_quotation_builder, module_hr_presence, module_hr_skills, module_hr_homeworking, hr_presence_control_login, hr_presence_control_email, hr_presence_control_ip, module_hr_attendance, hr_employee_self_edit, mass_mailing_mail_server_id, group_mass_mailing_campaign, mass_mailing_outgoing_mail_server, show_blacklist_buttons, mass_mailing_reports, module_project_forecast, module_hr_timesheet, group_subtask_project, group_project_rating, group_project_stages, group_project_recurring_tasks, group_project_task_dependencies, group_project_milestone, crm_auto_assignment_interval_number, crm_auto_assignment_action, crm_auto_assignment_interval_type, lead_enrich_auto, predictive_lead_scoring_start_date_str, predictive_lead_scoring_fields_str, group_use_lead, group_use_recurring_revenues, is_membership_multi, crm_use_auto_assignment, module_crm_iap_mine, module_crm_iap_enrich, module_website_crm_iap_reveal, lead_mining_in_pipeline, crm_auto_assignment_run_datetime, recaptcha_public_key, recaptcha_private_key, recaptcha_min_score, website_id, group_multi_website, module_website_livechat, module_marketing_automation, module_payment_paypal, module_product_expiry, group_stock_production_lot, group_stock_lot_print_gs1, group_lot_on_delivery_slip, group_stock_tracking_lot, group_stock_tracking_owner, group_stock_adv_location, group_warning_stock, group_stock_sign_delivery, module_stock_picking_batch, group_stock_picking_wave, module_stock_barcode, module_stock_sms, module_quality_control, module_quality_control_worksheet, group_stock_multi_locations, group_stock_storage_categories, group_stock_reception_report, module_stock_landed_costs, group_lot_on_invoice, default_picking_policy, group_display_incoterm, use_security_lead, default_purchase_method, lock_confirmed_po, po_order_approval, group_warning_purchase, module_account_3way_match, module_purchase_requisition, module_purchase_product_matrix, use_po_lead, group_send_reminder, module_stock_dropshipping, is_installed_sale, expense_alias_prefix, use_mailgateway, module_hr_payroll_expense, module_hr_expense_extract) FROM stdin;
\.


--
-- Data for Name: res_country; Type: TABLE DATA; Schema: public; Owner: odoo
--

COPY public.res_country (id, address_view_id, currency_id, phone_code, create_uid, write_uid, code, name_position, name, vat_label, address_format, state_required, zip_required, create_date, write_date) FROM stdin;
10	\N	20	54	1	1	AR	before	{"en_US": "Argentina", "vi_VN": "Argentina"}	{"en_US": "CUIT", "vi_VN": "CUIT"}	%(street)s\n%(street2)s\n%(city)s %(state_name)s %(zip)s\n%(country_name)s	t	t	2025-06-18 15:49:05.568244	2025-06-18 15:49:05.568244
13	\N	22	61	1	1	AU	before	{"en_US": "Australia", "vi_VN": "Úc"}	{"en_US": "ABN", "vi_VN": "ABN"}	%(street)s\n%(street2)s\n%(city)s %(state_code)s %(zip)s\n%(country_name)s	t	t	2025-06-18 15:49:05.568244	2025-06-18 15:49:05.568244
14	\N	52	297	1	1	AW	before	{"en_US": "Aruba", "vi_VN": "Aruba"}	\N	%(street)s\n%(street2)s\n%(city)s %(state_code)s %(zip)s\n%(country_name)s	f	t	2025-06-18 15:49:05.568244	2025-06-18 15:49:05.568244
16	\N	53	994	1	1	AZ	before	{"en_US": "Azerbaijan", "vi_VN": "Azerbaijan"}	\N	%(street)s\n%(street2)s\n%(city)s %(state_code)s %(zip)s\n%(country_name)s	f	t	2025-06-18 15:49:05.568244	2025-06-18 15:49:05.568244
17	\N	64	387	1	1	BA	before	{"en_US": "Bosnia and Herzegovina", "vi_VN": "Bosnia và Herzegovina"}	\N	%(street)s\n%(street2)s\n%(city)s %(state_code)s %(zip)s\n%(country_name)s	f	t	2025-06-18 15:49:05.568244	2025-06-18 15:49:05.568244
18	\N	57	1246	1	1	BB	before	{"en_US": "Barbados", "vi_VN": "Barbados"}	\N	%(street)s\n%(street2)s\n%(city)s %(state_code)s %(zip)s\n%(country_name)s	f	t	2025-06-18 15:49:05.568244	2025-06-18 15:49:05.568244
19	\N	56	880	1	1	BD	before	{"en_US": "Bangladesh", "vi_VN": "Bangladesh"}	\N	%(street)s\n%(street2)s\n%(city)s %(state_code)s %(zip)s\n%(country_name)s	f	t	2025-06-18 15:49:05.568244	2025-06-18 15:49:05.568244
20	\N	1	32	1	1	BE	before	{"en_US": "Belgium", "vi_VN": "Bỉ"}	{"en_US": "VAT", "vi_VN": "Mã số thuế"}	%(street)s\n%(street2)s\n%(zip)s %(city)s\n%(country_name)s	f	t	2025-06-18 15:49:05.568244	2025-06-18 15:49:05.568244
21	\N	42	226	1	1	BF	before	{"en_US": "Burkina Faso", "vi_VN": "Burkina Faso"}	\N	%(street)s\n%(street2)s\n%(city)s %(state_code)s %(zip)s\n%(country_name)s	f	t	2025-06-18 15:49:05.568244	2025-06-18 15:49:05.568244
22	\N	27	359	1	1	BG	before	{"en_US": "Bulgaria", "vi_VN": "Bulgary"}	{"en_US": "VAT", "vi_VN": "Mã số thuế"}	%(street)s\n%(street2)s\n%(city)s %(state_code)s %(zip)s\n%(country_name)s	f	t	2025-06-18 15:49:05.568244	2025-06-18 15:49:05.568244
23	\N	55	973	1	1	BH	before	{"en_US": "Bahrain", "vi_VN": "Bahrain"}	\N	%(street)s\n%(street2)s\n%(city)s %(state_code)s %(zip)s\n%(country_name)s	f	t	2025-06-18 15:49:05.568244	2025-06-18 15:49:05.568244
24	\N	66	257	1	1	BI	before	{"en_US": "Burundi", "vi_VN": "Burundi"}	\N	%(street)s\n%(street2)s\n%(city)s %(state_code)s %(zip)s\n%(country_name)s	f	t	2025-06-18 15:49:05.568244	2025-06-18 15:49:05.568244
25	\N	42	229	1	1	BJ	before	{"en_US": "Benin", "vi_VN": "Benin"}	\N	%(street)s\n%(street2)s\n%(city)s %(state_code)s %(zip)s\n%(country_name)s	f	f	2025-06-18 15:49:05.568244	2025-06-18 15:49:05.568244
26	\N	1	590	1	1	BL	before	{"en_US": "Saint Barthélémy", "vi_VN": "Saint Barthélémy"}	\N	%(street)s\n%(street2)s\n%(city)s %(state_code)s %(zip)s\n%(country_name)s	f	t	2025-06-18 15:49:05.568244	2025-06-18 15:49:05.568244
27	\N	61	1441	1	1	BM	before	{"en_US": "Bermuda", "vi_VN": "Bermuda"}	\N	%(street)s\n%(street2)s\n%(city)s %(state_code)s %(zip)s\n%(country_name)s	f	t	2025-06-18 15:49:05.568244	2025-06-18 15:49:05.568244
28	\N	111	673	1	1	BN	before	{"en_US": "Brunei Darussalam", "vi_VN": "Brunei Darussalam"}	\N	%(street)s\n%(street2)s\n%(city)s %(state_code)s %(zip)s\n%(country_name)s	f	t	2025-06-18 15:49:05.568244	2025-06-18 15:49:05.568244
29	\N	63	591	1	1	BO	before	{"en_US": "Bolivia", "vi_VN": "Bolivia"}	\N	%(street)s\n%(street2)s\n%(city)s %(state_code)s %(zip)s\n%(country_name)s	f	t	2025-06-18 15:49:05.568244	2025-06-18 15:49:05.568244
30	\N	2	599	1	1	BQ	before	{"en_US": "Bonaire, Sint Eustatius and Saba", "vi_VN": "Bonaire, Sint Eustatius và Saba"}	\N	%(street)s\n%(street2)s\n%(city)s %(state_code)s %(zip)s\n%(country_name)s	f	t	2025-06-18 15:49:05.568244	2025-06-18 15:49:05.568244
32	\N	54	1242	1	1	BS	before	{"en_US": "Bahamas", "vi_VN": "Bahamas"}	\N	%(street)s\n%(street2)s\n%(city)s %(state_code)s %(zip)s\n%(country_name)s	f	t	2025-06-18 15:49:05.568244	2025-06-18 15:49:05.568244
33	\N	62	975	1	1	BT	before	{"en_US": "Bhutan", "vi_VN": "Bhutan"}	\N	%(street)s\n%(street2)s\n%(city)s %(state_code)s %(zip)s\n%(country_name)s	f	t	2025-06-18 15:49:05.568244	2025-06-18 15:49:05.568244
34	\N	15	55	1	1	BV	before	{"en_US": "Bouvet Island", "vi_VN": "Đảo Bouvet"}	\N	%(street)s\n%(street2)s\n%(city)s %(state_code)s %(zip)s\n%(country_name)s	f	t	2025-06-18 15:49:05.568244	2025-06-18 15:49:05.568244
35	\N	65	267	1	1	BW	before	{"en_US": "Botswana", "vi_VN": "Botswana"}	\N	%(street)s\n%(street2)s\n%(city)s %(state_code)s %(zip)s\n%(country_name)s	f	t	2025-06-18 15:49:05.568244	2025-06-18 15:49:05.568244
36	\N	59	375	1	1	BY	before	{"en_US": "Belarus", "vi_VN": "Belarus"}	\N	%(street)s\n%(street2)s\n%(city)s %(state_code)s %(zip)s\n%(country_name)s	f	t	2025-06-18 15:49:05.568244	2025-06-18 15:49:05.568244
37	\N	60	501	1	1	BZ	before	{"en_US": "Belize", "vi_VN": "Belize"}	\N	%(street)s\n%(street2)s\n%(city)s %(state_code)s %(zip)s\n%(country_name)s	f	f	2025-06-18 15:49:05.568244	2025-06-18 15:49:05.568244
38	\N	4	1	1	1	CA	before	{"en_US": "Canada", "vi_VN": "Canada"}	{"en_US": "HST", "vi_VN": "HST"}	%(street)s\n%(street2)s\n%(city)s %(state_code)s %(zip)s\n%(country_name)s	t	t	2025-06-18 15:49:05.568244	2025-06-18 15:49:05.568244
39	\N	22	61	1	1	CC	before	{"en_US": "Cocos (Keeling) Islands", "vi_VN": "Quần đảo Cocos (Keeling)"}	\N	%(street)s\n%(street2)s\n%(city)s %(state_code)s %(zip)s\n%(country_name)s	f	t	2025-06-18 15:49:05.568244	2025-06-18 15:49:05.568244
40	\N	43	236	1	1	CF	before	{"en_US": "Central African Republic", "vi_VN": "Nước Cộng Hoà Trung Phi"}	\N	%(street)s\n%(street2)s\n%(city)s %(state_code)s %(zip)s\n%(country_name)s	f	t	2025-06-18 15:49:05.568244	2025-06-18 15:49:05.568244
41	\N	70	243	1	1	CD	before	{"en_US": "Democratic Republic of the Congo", "vi_VN": "Cộng hòa Dân chủ Congo"}	\N	%(street)s\n%(street2)s\n%(city)s %(state_code)s %(zip)s\n%(country_name)s	f	t	2025-06-18 15:49:05.568244	2025-06-18 15:49:05.568244
42	\N	43	242	1	1	CG	before	{"en_US": "Congo", "vi_VN": "Congo"}	\N	%(street)s\n%(street2)s\n%(city)s %(state_code)s %(zip)s\n%(country_name)s	f	t	2025-06-18 15:49:05.568244	2025-06-18 15:49:05.568244
43	\N	5	41	1	1	CH	before	{"en_US": "Switzerland", "vi_VN": "Thụy Sĩ"}	\N	%(street)s\n%(street2)s\n%(zip)s %(city)s\n%(country_name)s	f	t	2025-06-18 15:49:05.568244	2025-06-18 15:49:05.568244
44	\N	42	225	1	1	CI	before	{"en_US": "Côte d'Ivoire", "vi_VN": "Côte d'Ivoire"}	\N	%(street)s\n%(street2)s\n%(city)s %(state_code)s %(zip)s\n%(country_name)s	f	t	2025-06-18 15:49:05.568244	2025-06-18 15:49:05.568244
45	\N	36	682	1	1	CK	before	{"en_US": "Cook Islands", "vi_VN": "Quần đảo Cook"}	\N	%(street)s\n%(street2)s\n%(city)s %(state_code)s %(zip)s\n%(country_name)s	f	t	2025-06-18 15:49:05.568244	2025-06-18 15:49:05.568244
46	\N	46	56	1	1	CL	before	{"en_US": "Chile", "vi_VN": "Chile"}	{"en_US": "RUT", "vi_VN": "RUT"}	%(street)s\n%(street2)s\n%(city)s %(state_code)s %(zip)s\n%(country_name)s	f	f	2025-06-18 15:49:05.568244	2025-06-18 15:49:05.568244
47	\N	43	237	1	1	CM	before	{"en_US": "Cameroon", "vi_VN": "Cameroon"}	\N	%(street)s\n%(street2)s\n%(city)s %(state_code)s %(zip)s\n%(country_name)s	f	t	2025-06-18 15:49:05.568244	2025-06-18 15:49:05.568244
48	\N	7	86	1	1	CN	before	{"en_US": "China", "vi_VN": "Trung Quốc"}	\N	%(country_name)s, %(zip)s\n%(state_name)s %(city)s %(street)s %(street2)s	f	t	2025-06-18 15:49:05.568244	2025-06-18 15:49:05.568244
49	\N	9	57	1	1	CO	before	{"en_US": "Colombia", "vi_VN": "Colombia"}	{"en_US": "NIT", "vi_VN": "NIT"}	%(street)s\n%(street2)s\n%(city)s %(state_name)s %(zip)s\n%(country_name)s	f	t	2025-06-18 15:49:05.568244	2025-06-18 15:49:05.568244
50	\N	40	506	1	1	CR	before	{"en_US": "Costa Rica", "vi_VN": "Costa Rica"}	\N	%(street)s\n%(street2)s\n%(city)s %(state_code)s %(zip)s\n%(country_name)s	f	t	2025-06-18 15:49:05.568244	2025-06-18 15:49:05.568244
51	\N	71	53	1	1	CU	before	{"en_US": "Cuba", "vi_VN": "Cuba"}	\N	%(street)s\n%(street2)s\n%(city)s %(state_code)s %(zip)s\n%(country_name)s	f	t	2025-06-18 15:49:05.568244	2025-06-18 15:49:05.568244
52	\N	161	238	1	1	CV	before	{"en_US": "Cape Verde", "vi_VN": "Cape Verde"}	\N	%(street)s\n%(street2)s\n%(city)s %(state_code)s %(zip)s\n%(country_name)s	f	t	2025-06-18 15:49:05.568244	2025-06-18 15:49:05.568244
53	\N	72	599	1	1	CW	before	{"en_US": "Curaçao", "vi_VN": "Curaçao"}	\N	%(street)s\n%(street2)s\n%(city)s %(state_code)s %(zip)s\n%(country_name)s	f	t	2025-06-18 15:49:05.568244	2025-06-18 15:49:05.568244
54	\N	22	61	1	1	CX	before	{"en_US": "Christmas Island", "vi_VN": "Đảo Christmas"}	\N	%(street)s\n%(street2)s\n%(city)s %(state_code)s %(zip)s\n%(country_name)s	f	t	2025-06-18 15:49:05.568244	2025-06-18 15:49:05.568244
55	\N	1	357	1	1	CY	before	{"en_US": "Cyprus", "vi_VN": "Síp"}	{"en_US": "VAT", "vi_VN": "Mã số thuế"}	%(street)s\n%(street2)s\n%(city)s %(state_code)s %(zip)s\n%(country_name)s	f	t	2025-06-18 15:49:05.568244	2025-06-18 15:49:05.568244
56	\N	10	420	1	1	CZ	before	{"en_US": "Czech Republic", "vi_VN": "Cộng hoà Séc"}	{"en_US": "VAT", "vi_VN": "Mã số thuế"}	%(street)s\n%(street2)s\n%(city)s %(state_code)s %(zip)s\n%(country_name)s	f	t	2025-06-18 15:49:05.568244	2025-06-18 15:49:05.568244
57	\N	1	49	1	1	DE	before	{"en_US": "Germany", "vi_VN": "Đức"}	{"en_US": "VAT", "vi_VN": "Mã số thuế"}	%(street)s\n%(street2)s\n%(zip)s %(city)s\n%(country_name)s	f	t	2025-06-18 15:49:05.568244	2025-06-18 15:49:05.568244
58	\N	73	253	1	1	DJ	before	{"en_US": "Djibouti", "vi_VN": "Djibouti"}	\N	%(street)s\n%(street2)s\n%(city)s %(state_code)s %(zip)s\n%(country_name)s	f	t	2025-06-18 15:49:05.568244	2025-06-18 15:49:05.568244
59	\N	11	45	1	1	DK	before	{"en_US": "Denmark", "vi_VN": "Đan Mạch"}	{"en_US": "VAT", "vi_VN": "Mã số thuế"}	%(street)s\n%(street2)s\n%(zip)s %(city)s\n%(country_name)s	f	t	2025-06-18 15:49:05.568244	2025-06-18 15:49:05.568244
60	\N	50	1767	1	1	DM	before	{"en_US": "Dominica", "vi_VN": "Dominica"}	\N	%(street)s\n%(street2)s\n%(city)s %(state_code)s %(zip)s\n%(country_name)s	f	t	2025-06-18 15:49:05.568244	2025-06-18 15:49:05.568244
61	\N	74	1849	1	1	DO	before	{"en_US": "Dominican Republic", "vi_VN": "Cộng hòa Dominica"}	{"en_US": "RNC", "vi_VN": "RNC"}	%(street)s\n%(street2)s\n%(city)s %(state_name)s %(zip)s\n%(country_name)s	f	t	2025-06-18 15:49:05.568244	2025-06-18 15:49:05.568244
63	\N	2	593	1	1	EC	before	{"en_US": "Ecuador", "vi_VN": "Ecuador"}	{"en_US": "RUC", "vi_VN": "RUC"}	%(street)s\n%(street2)s\n%(city)s %(state_code)s %(zip)s\n%(country_name)s	f	t	2025-06-18 15:49:05.568244	2025-06-18 15:49:05.568244
64	\N	1	372	1	1	EE	before	{"en_US": "Estonia", "vi_VN": "Estonia"}	{"en_US": "VAT", "vi_VN": "Mã số thuế"}	%(street)s\n%(street2)s\n%(city)s %(state_code)s %(zip)s\n%(country_name)s	f	t	2025-06-18 15:49:05.568244	2025-06-18 15:49:05.568244
65	\N	75	20	1	1	EG	before	{"en_US": "Egypt", "vi_VN": "Ai Cập"}	\N	%(street)s\n%(street2)s\n%(city)s %(state_code)s %(zip)s\n%(country_name)s	f	t	2025-06-18 15:49:05.568244	2025-06-18 15:49:05.568244
67	\N	77	291	1	1	ER	before	{"en_US": "Eritrea", "vi_VN": "Eritrea"}	\N	%(street)s\n%(street2)s\n%(city)s %(state_code)s %(zip)s\n%(country_name)s	f	t	2025-06-18 15:49:05.568244	2025-06-18 15:49:05.568244
68	\N	1	34	1	1	ES	before	{"en_US": "Spain", "vi_VN": "Tây Ban Nha"}	{"en_US": "VAT", "vi_VN": "Mã số thuế"}	%(street)s\n%(street2)s\n%(zip)s %(city)s (%(state_name)s)\n%(country_name)s	f	t	2025-06-18 15:49:05.568244	2025-06-18 15:49:05.568244
69	\N	78	251	1	1	ET	before	{"en_US": "Ethiopia", "vi_VN": "Ethiopia"}	\N	%(street)s\n%(street2)s\n%(city)s %(state_code)s %(zip)s\n%(country_name)s	f	t	2025-06-18 15:49:05.568244	2025-06-18 15:49:05.568244
70	\N	1	358	1	1	FI	before	{"en_US": "Finland", "vi_VN": "Phần Lan"}	{"en_US": "VAT", "vi_VN": "Mã số thuế"}	%(street)s\n%(street2)s\n%(zip)s %(city)s\n%(country_name)s	f	t	2025-06-18 15:49:05.568244	2025-06-18 15:49:05.568244
71	\N	80	679	1	1	FJ	before	{"en_US": "Fiji", "vi_VN": "Fiji"}	\N	%(street)s\n%(street2)s\n%(city)s %(state_code)s %(zip)s\n%(country_name)s	f	t	2025-06-18 15:49:05.568244	2025-06-18 15:49:05.568244
72	\N	79	500	1	1	FK	before	{"en_US": "Falkland Islands", "vi_VN": "Quần đảo Falkland"}	\N	%(street)s\n%(street2)s\n%(city)s %(state_code)s %(zip)s\n%(country_name)s	f	t	2025-06-18 15:49:05.568244	2025-06-18 15:49:05.568244
73	\N	2	691	1	1	FM	before	{"en_US": "Micronesia", "vi_VN": "Micronesia"}	\N	%(street)s\n%(street2)s\n%(city)s %(state_code)s %(zip)s\n%(country_name)s	f	t	2025-06-18 15:49:05.568244	2025-06-18 15:49:05.568244
74	\N	11	298	1	1	FO	before	{"en_US": "Faroe Islands", "vi_VN": "Quần đảo Faroe"}	\N	%(street)s\n%(street2)s\n%(city)s %(state_code)s %(zip)s\n%(country_name)s	f	t	2025-06-18 15:49:05.568244	2025-06-18 15:49:05.568244
75	\N	1	33	1	1	FR	before	{"en_US": "France", "vi_VN": "Pháp"}	{"en_US": "VAT", "vi_VN": "Mã số thuế"}	%(street)s\n%(street2)s\n%(zip)s %(city)s\n%(country_name)s	f	t	2025-06-18 15:49:05.568244	2025-06-18 15:49:05.568244
76	\N	43	241	1	1	GA	before	{"en_US": "Gabon", "vi_VN": "Gabon"}	\N	%(street)s\n%(street2)s\n%(city)s %(state_code)s %(zip)s\n%(country_name)s	f	t	2025-06-18 15:49:05.568244	2025-06-18 15:49:05.568244
77	\N	50	1473	1	1	GD	before	{"en_US": "Grenada", "vi_VN": "Grenada"}	\N	%(street)s\n%(street2)s\n%(city)s %(state_code)s %(zip)s\n%(country_name)s	f	t	2025-06-18 15:49:05.568244	2025-06-18 15:49:05.568244
78	\N	81	995	1	1	GE	before	{"en_US": "Georgia", "vi_VN": "Georgia"}	\N	%(street)s\n%(street2)s\n%(city)s %(state_code)s %(zip)s\n%(country_name)s	f	t	2025-06-18 15:49:05.568244	2025-06-18 15:49:05.568244
79	\N	1	594	1	1	GF	before	{"en_US": "French Guiana", "vi_VN": "Guiana thuộc Pháp"}	\N	%(street)s\n%(street2)s\n%(city)s %(state_code)s %(zip)s\n%(country_name)s	f	t	2025-06-18 15:49:05.568244	2025-06-18 15:49:05.568244
80	\N	113	233	1	1	GH	before	{"en_US": "Ghana", "vi_VN": "Ghana"}	\N	%(street)s\n%(street2)s\n%(city)s %(state_code)s %(zip)s\n%(country_name)s	f	t	2025-06-18 15:49:05.568244	2025-06-18 15:49:05.568244
81	\N	82	350	1	1	GI	before	{"en_US": "Gibraltar", "vi_VN": "Gibraltar"}	\N	%(street)s\n%(street2)s\n%(city)s %(state_code)s %(zip)s\n%(country_name)s	f	t	2025-06-18 15:49:05.568244	2025-06-18 15:49:05.568244
82	\N	144	44	1	1	GG	before	{"en_US": "Guernsey", "vi_VN": "Guernsey"}	\N	%(street)s\n%(street2)s\n%(city)s %(state_code)s %(zip)s\n%(country_name)s	f	t	2025-06-18 15:49:05.568244	2025-06-18 15:49:05.568244
83	\N	11	299	1	1	GL	before	{"en_US": "Greenland", "vi_VN": "Greenland"}	\N	%(street)s\n%(street2)s\n%(city)s %(state_code)s %(zip)s\n%(country_name)s	f	t	2025-06-18 15:49:05.568244	2025-06-18 15:49:05.568244
84	\N	114	220	1	1	GM	before	{"en_US": "Gambia", "vi_VN": "Gambia"}	\N	%(street)s\n%(street2)s\n%(city)s %(state_code)s %(zip)s\n%(country_name)s	f	t	2025-06-18 15:49:05.568244	2025-06-18 15:49:05.568244
85	\N	83	224	1	1	GN	before	{"en_US": "Guinea", "vi_VN": "Guinea"}	\N	%(street)s\n%(street2)s\n%(city)s %(state_code)s %(zip)s\n%(country_name)s	f	t	2025-06-18 15:49:05.568244	2025-06-18 15:49:05.568244
86	\N	1	590	1	1	GP	before	{"en_US": "Guadeloupe", "vi_VN": "Guadeloupe"}	\N	%(street)s\n%(street2)s\n%(city)s %(state_code)s %(zip)s\n%(country_name)s	f	t	2025-06-18 15:49:05.568244	2025-06-18 15:49:05.568244
87	\N	43	240	1	1	GQ	before	{"en_US": "Equatorial Guinea", "vi_VN": "Equatorial Guinea"}	\N	%(street)s\n%(street2)s\n%(city)s %(state_code)s %(zip)s\n%(country_name)s	f	t	2025-06-18 15:49:05.568244	2025-06-18 15:49:05.568244
88	\N	1	30	1	1	GR	before	{"en_US": "Greece", "vi_VN": "Hy Lạp"}	{"en_US": "VAT", "vi_VN": "Mã số thuế"}	%(street)s\n%(street2)s\n%(city)s %(state_code)s %(zip)s\n%(country_name)s	f	t	2025-06-18 15:49:05.568244	2025-06-18 15:49:05.568244
89	\N	144	500	1	1	GS	before	{"en_US": "South Georgia and the South Sandwich Islands", "vi_VN": "Nam Georgia và Quần đảo Nam Sandwich"}	\N	%(street)s\n%(street2)s\n%(city)s %(state_code)s %(zip)s\n%(country_name)s	f	t	2025-06-18 15:49:05.568244	2025-06-18 15:49:05.568244
90	\N	165	502	1	1	GT	before	{"en_US": "Guatemala", "vi_VN": "Guatemala"}	{"en_US": "NIT", "vi_VN": "NIT"}	%(street)s\n%(street2)s\n%(city)s %(state_code)s %(zip)s\n%(country_name)s	f	t	2025-06-18 15:49:05.568244	2025-06-18 15:49:05.568244
91	\N	2	1671	1	1	GU	before	{"en_US": "Guam", "vi_VN": "Guam"}	\N	%(street)s\n%(street2)s\n%(city)s %(state_code)s %(zip)s\n%(country_name)s	f	t	2025-06-18 15:49:05.568244	2025-06-18 15:49:05.568244
92	\N	42	245	1	1	GW	before	{"en_US": "Guinea-Bissau", "vi_VN": "Guinea Bissau"}	\N	%(street)s\n%(street2)s\n%(city)s %(state_code)s %(zip)s\n%(country_name)s	f	t	2025-06-18 15:49:05.568244	2025-06-18 15:49:05.568244
93	\N	84	592	1	1	GY	before	{"en_US": "Guyana", "vi_VN": "Guyana"}	\N	%(street)s\n%(street2)s\n%(city)s %(state_code)s %(zip)s\n%(country_name)s	f	t	2025-06-18 15:49:05.568244	2025-06-18 15:49:05.568244
94	\N	25	852	1	1	HK	before	{"en_US": "Hong Kong", "vi_VN": "Hồng Kông"}	\N	%(street)s\n%(street2)s\n%(city)s %(state_code)s %(zip)s\n%(country_name)s	f	f	2025-06-18 15:49:05.568244	2025-06-18 15:49:05.568244
95	\N	22	672	1	1	HM	before	{"en_US": "Heard Island and McDonald Islands", "vi_VN": "Quần đảo Heard và Quần đảo McDonald"}	\N	%(street)s\n%(street2)s\n%(city)s %(state_code)s %(zip)s\n%(country_name)s	f	t	2025-06-18 15:49:05.568244	2025-06-18 15:49:05.568244
96	\N	45	504	1	1	HN	before	{"en_US": "Honduras", "vi_VN": "Honduras"}	{"en_US": "RTN", "vi_VN": "RTN"}	%(street)s\n%(street2)s\n%(city)s %(state_code)s %(zip)s\n%(country_name)s	f	t	2025-06-18 15:49:05.568244	2025-06-18 15:49:05.568244
97	\N	1	385	1	1	HR	before	{"en_US": "Croatia", "vi_VN": "Croatia"}	{"en_US": "VAT", "vi_VN": "Mã số thuế"}	%(street)s\n%(street2)s\n%(zip)s %(city)s \n%(country_name)s	f	t	2025-06-18 15:49:05.568244	2025-06-18 15:49:05.568244
98	\N	85	509	1	1	HT	before	{"en_US": "Haiti", "vi_VN": "Haiti"}	\N	%(street)s\n%(street2)s\n%(city)s %(state_code)s %(zip)s\n%(country_name)s	f	t	2025-06-18 15:49:05.568244	2025-06-18 15:49:05.568244
99	\N	12	36	1	1	HU	before	{"en_US": "Hungary", "vi_VN": "Hungary"}	{"en_US": "VAT", "vi_VN": "Mã số thuế"}	%(street)s\n%(street2)s\n%(city)s %(state_code)s %(zip)s\n%(country_name)s	f	t	2025-06-18 15:49:05.568244	2025-06-18 15:49:05.568244
100	\N	13	62	1	1	ID	before	{"en_US": "Indonesia", "vi_VN": "Indonesia"}	{"en_US": "NPWP", "vi_VN": "NPWP"}	%(street)s\n%(street2)s\n%(city)s %(state_code)s %(zip)s\n%(country_name)s	t	t	2025-06-18 15:49:05.568244	2025-06-18 15:49:05.568244
101	\N	1	353	1	1	IE	before	{"en_US": "Ireland", "vi_VN": "Ireland"}	{"en_US": "VAT", "vi_VN": "Mã số thuế"}	%(street)s\n%(street2)s\n%(city)s %(state_code)s %(zip)s\n%(country_name)s	f	f	2025-06-18 15:49:05.568244	2025-06-18 15:49:05.568244
102	\N	89	972	1	1	IL	before	{"en_US": "Israel", "vi_VN": "Israel"}	\N	%(street)s\n%(street2)s\n%(city)s %(state_code)s %(zip)s\n%(country_name)s	f	t	2025-06-18 15:49:05.568244	2025-06-18 15:49:05.568244
103	\N	144	44	1	1	IM	before	{"en_US": "Isle of Man", "vi_VN": "Đảo Man"}	\N	%(street)s\n%(street2)s\n%(city)s %(state_code)s %(zip)s\n%(country_name)s	f	t	2025-06-18 15:49:05.568244	2025-06-18 15:49:05.568244
104	\N	21	91	1	1	IN	before	{"en_US": "India", "vi_VN": "Ấn Độ "}	{"en_US": "GSTIN", "vi_VN": "GSTIN"}	%(street)s\n%(street2)s\n%(city)s %(zip)s\n%(state_name)s %(state_code)s\n%(country_name)s	t	t	2025-06-18 15:49:05.568244	2025-06-18 15:49:05.568244
105	\N	2	246	1	1	IO	before	{"en_US": "British Indian Ocean Territory", "vi_VN": "Lãnh thổ Ấn Độ Dương thuộc Anh"}	\N	%(street)s\n%(street2)s\n%(city)s %(state_code)s %(zip)s\n%(country_name)s	f	t	2025-06-18 15:49:05.568244	2025-06-18 15:49:05.568244
106	\N	88	964	1	1	IQ	before	{"en_US": "Iraq", "vi_VN": "Iraq"}	\N	%(street)s\n%(street2)s\n%(city)s %(state_code)s %(zip)s\n%(country_name)s	f	t	2025-06-18 15:49:05.568244	2025-06-18 15:49:05.568244
107	\N	87	98	1	1	IR	before	{"en_US": "Iran", "vi_VN": "Iran"}	\N	%(street)s\n%(street2)s\n%(city)s %(state_code)s %(zip)s\n%(country_name)s	f	t	2025-06-18 15:49:05.568244	2025-06-18 15:49:05.568244
108	\N	86	354	1	1	IS	before	{"en_US": "Iceland", "vi_VN": "Iceland"}	\N	%(street)s\n%(street2)s\n%(city)s %(state_code)s %(zip)s\n%(country_name)s	f	t	2025-06-18 15:49:05.568244	2025-06-18 15:49:05.568244
109	\N	1	39	1	1	IT	before	{"en_US": "Italy", "vi_VN": "Ý"}	{"en_US": "VAT", "vi_VN": "Mã số thuế"}	%(street)s\n%(street2)s\n%(city)s %(state_code)s %(zip)s\n%(country_name)s	t	t	2025-06-18 15:49:05.568244	2025-06-18 15:49:05.568244
110	\N	144	44	1	1	JE	before	{"en_US": "Jersey", "vi_VN": "Jersey"}	\N	%(street)s\n%(street2)s\n%(city)s %(state_code)s %(zip)s\n%(country_name)s	f	t	2025-06-18 15:49:05.568244	2025-06-18 15:49:05.568244
111	\N	90	1876	1	1	JM	before	{"en_US": "Jamaica", "vi_VN": "Jamaica"}	\N	%(street)s\n%(street2)s\n%(city)s %(state_code)s %(zip)s\n%(country_name)s	f	t	2025-06-18 15:49:05.568244	2025-06-18 15:49:05.568244
112	\N	91	962	1	1	JO	before	{"en_US": "Jordan", "vi_VN": "Jordan"}	\N	%(street)s\n%(street2)s\n%(city)s %(state_code)s %(zip)s\n%(country_name)s	f	t	2025-06-18 15:49:05.568244	2025-06-18 15:49:05.568244
113	\N	26	81	1	1	JP	after	{"en_US": "Japan", "vi_VN": "Nhật Bản"}	\N	%(zip)s\n%(state_name)s %(city)s\n%(street)s\n%(street2)s\n%(country_name)s	t	t	2025-06-18 15:49:05.568244	2025-06-18 15:49:05.568244
114	\N	93	254	1	1	KE	before	{"en_US": "Kenya", "vi_VN": "Kenya"}	\N	%(street)s\n%(street2)s\n%(city)s %(state_code)s %(zip)s\n%(country_name)s	f	t	2025-06-18 15:49:05.568244	2025-06-18 15:49:05.568244
115	\N	95	996	1	1	KG	before	{"en_US": "Kyrgyzstan", "vi_VN": "Kyrgyzstan"}	\N	%(street)s\n%(street2)s\n%(city)s %(state_code)s %(zip)s\n%(country_name)s	f	t	2025-06-18 15:49:05.568244	2025-06-18 15:49:05.568244
117	\N	22	686	1	1	KI	before	{"en_US": "Kiribati", "vi_VN": "Kiribati"}	\N	%(street)s\n%(street2)s\n%(city)s %(state_code)s %(zip)s\n%(country_name)s	f	t	2025-06-18 15:49:05.568244	2025-06-18 15:49:05.568244
118	\N	69	269	1	1	KM	before	{"en_US": "Comoros", "vi_VN": "Comoros"}	\N	%(street)s\n%(street2)s\n%(city)s %(state_code)s %(zip)s\n%(country_name)s	f	t	2025-06-18 15:49:05.568244	2025-06-18 15:49:05.568244
119	\N	50	1869	1	1	KN	before	{"en_US": "Saint Kitts and Nevis", "vi_VN": "Saint Kitts và Nevis"}	\N	%(street)s\n%(street2)s\n%(city)s %(state_code)s %(zip)s\n%(country_name)s	f	t	2025-06-18 15:49:05.568244	2025-06-18 15:49:05.568244
120	\N	122	850	1	1	KP	before	{"en_US": "North Korea", "vi_VN": "Bắc Triều Tiên"}	\N	%(street)s\n%(street2)s\n%(city)s %(state_code)s %(zip)s\n%(country_name)s	f	t	2025-06-18 15:49:05.568244	2025-06-18 15:49:05.568244
121	\N	33	82	1	1	KR	before	{"en_US": "South Korea", "vi_VN": "Nam Triều tiên"}	\N	%(street)s\n%(street2)s\n%(city)s %(state_code)s %(zip)s\n%(country_name)s	f	t	2025-06-18 15:49:05.568244	2025-06-18 15:49:05.568244
122	\N	94	965	1	1	KW	before	{"en_US": "Kuwait", "vi_VN": "Kuwait"}	\N	%(street)s\n%(street2)s\n%(city)s %(state_code)s %(zip)s\n%(country_name)s	f	t	2025-06-18 15:49:05.568244	2025-06-18 15:49:05.568244
123	\N	68	1345	1	1	KY	before	{"en_US": "Cayman Islands", "vi_VN": "Quần đảo Cayman"}	\N	%(street)s\n%(street2)s\n%(city)s %(state_code)s %(zip)s\n%(country_name)s	f	t	2025-06-18 15:49:05.568244	2025-06-18 15:49:05.568244
124	\N	92	7	1	1	KZ	before	{"en_US": "Kazakhstan", "vi_VN": "Kazakhstan"}	\N	%(street)s\n%(street2)s\n%(city)s %(state_code)s %(zip)s\n%(country_name)s	f	t	2025-06-18 15:49:05.568244	2025-06-18 15:49:05.568244
125	\N	96	856	1	1	LA	before	{"en_US": "Laos", "vi_VN": "Lào"}	\N	%(street)s\n%(street2)s\n%(city)s %(state_code)s %(zip)s\n%(country_name)s	f	t	2025-06-18 15:49:05.568244	2025-06-18 15:49:05.568244
126	\N	97	961	1	1	LB	before	{"en_US": "Lebanon", "vi_VN": "Lebanon"}	\N	%(street)s\n%(street2)s\n%(city)s %(state_code)s %(zip)s\n%(country_name)s	f	t	2025-06-18 15:49:05.568244	2025-06-18 15:49:05.568244
127	\N	50	1758	1	1	LC	before	{"en_US": "Saint Lucia", "vi_VN": "Saint Lucia"}	\N	%(street)s\n%(street2)s\n%(city)s %(state_code)s %(zip)s\n%(country_name)s	f	t	2025-06-18 15:49:05.568244	2025-06-18 15:49:05.568244
128	\N	5	423	1	1	LI	before	{"en_US": "Liechtenstein", "vi_VN": "Liechtenstein"}	\N	%(street)s\n%(street2)s\n%(zip)s %(city)s\n%(country_name)s	f	t	2025-06-18 15:49:05.568244	2025-06-18 15:49:05.568244
129	\N	142	94	1	1	LK	before	{"en_US": "Sri Lanka", "vi_VN": "Sri Lanka"}	\N	%(street)s\n%(street2)s\n%(city)s %(state_code)s %(zip)s\n%(country_name)s	f	t	2025-06-18 15:49:05.568244	2025-06-18 15:49:05.568244
130	\N	99	231	1	1	LR	before	{"en_US": "Liberia", "vi_VN": "Liberia"}	\N	%(street)s\n%(street2)s\n%(city)s %(state_code)s %(zip)s\n%(country_name)s	f	t	2025-06-18 15:49:05.568244	2025-06-18 15:49:05.568244
131	\N	98	266	1	1	LS	before	{"en_US": "Lesotho", "vi_VN": "Lesotho"}	\N	%(street)s\n%(street2)s\n%(city)s %(state_code)s %(zip)s\n%(country_name)s	f	t	2025-06-18 15:49:05.568244	2025-06-18 15:49:05.568244
132	\N	1	370	1	1	LT	before	{"en_US": "Lithuania", "vi_VN": "Lithuania"}	{"en_US": "VAT", "vi_VN": "Mã số thuế"}	%(street)s\n%(street2)s\n%(city)s %(state_code)s %(zip)s\n%(country_name)s	f	t	2025-06-18 15:49:05.568244	2025-06-18 15:49:05.568244
133	\N	1	352	1	1	LU	before	{"en_US": "Luxembourg", "vi_VN": "Luxembourg"}	{"en_US": "VAT", "vi_VN": "Mã số thuế"}	%(street)s\n%(street2)s\n%(zip)s %(city)s \n%(country_name)s	f	t	2025-06-18 15:49:05.568244	2025-06-18 15:49:05.568244
134	\N	1	371	1	1	LV	before	{"en_US": "Latvia", "vi_VN": "Latvia"}	{"en_US": "VAT", "vi_VN": "Mã số thuế"}	%(street)s\n%(street2)s\n%(city)s %(state_code)s %(zip)s\n%(country_name)s	f	t	2025-06-18 15:49:05.568244	2025-06-18 15:49:05.568244
135	\N	100	218	1	1	LY	before	{"en_US": "Libya", "vi_VN": "Libya"}	\N	%(street)s\n%(street2)s\n%(city)s %(state_code)s %(zip)s\n%(country_name)s	f	t	2025-06-18 15:49:05.568244	2025-06-18 15:49:05.568244
136	\N	110	212	1	1	MA	before	{"en_US": "Morocco", "vi_VN": "Ma-rốc"}	\N	%(street)s\n%(street2)s\n%(city)s %(state_code)s %(zip)s\n%(country_name)s	f	t	2025-06-18 15:49:05.568244	2025-06-18 15:49:05.568244
137	\N	1	377	1	1	MC	before	{"en_US": "Monaco", "vi_VN": "Monaco"}	\N	%(street)s\n%(street2)s\n%(city)s %(state_code)s %(zip)s\n%(country_name)s	f	t	2025-06-18 15:49:05.568244	2025-06-18 15:49:05.568244
138	\N	108	373	1	1	MD	before	{"en_US": "Moldova", "vi_VN": "Moldova"}	\N	%(street)s\n%(street2)s\n%(city)s %(state_code)s %(zip)s\n%(country_name)s	f	t	2025-06-18 15:49:05.568244	2025-06-18 15:49:05.568244
139	\N	1	382	1	1	ME	before	{"en_US": "Montenegro", "vi_VN": "Montenegro"}	\N	%(street)s\n%(street2)s\n%(city)s %(state_code)s %(zip)s\n%(country_name)s	f	t	2025-06-18 15:49:05.568244	2025-06-18 15:49:05.568244
140	\N	1	590	1	1	MF	before	{"en_US": "Saint Martin (French part)", "vi_VN": "Saint Martin (thuộc Pháp)"}	\N	%(street)s\n%(street2)s\n%(city)s %(state_code)s %(zip)s\n%(country_name)s	f	t	2025-06-18 15:49:05.568244	2025-06-18 15:49:05.568244
141	\N	103	261	1	1	MG	before	{"en_US": "Madagascar", "vi_VN": "Madagascar"}	\N	%(street)s\n%(street2)s\n%(city)s %(state_code)s %(zip)s\n%(country_name)s	f	t	2025-06-18 15:49:05.568244	2025-06-18 15:49:05.568244
142	\N	2	692	1	1	MH	before	{"en_US": "Marshall Islands", "vi_VN": "Quần đảo Marshall"}	\N	%(street)s\n%(street2)s\n%(city)s %(state_code)s %(zip)s\n%(country_name)s	f	t	2025-06-18 15:49:05.568244	2025-06-18 15:49:05.568244
143	\N	102	389	1	1	MK	before	{"en_US": "North Macedonia", "vi_VN": "Bắc Macedonia"}	\N	%(street)s\n%(street2)s\n%(city)s %(state_code)s %(zip)s\n%(country_name)s	f	t	2025-06-18 15:49:05.568244	2025-06-18 15:49:05.568244
144	\N	42	223	1	1	ML	before	{"en_US": "Mali", "vi_VN": "Mali"}	\N	%(street)s\n%(street2)s\n%(city)s %(state_code)s %(zip)s\n%(country_name)s	f	t	2025-06-18 15:49:05.568244	2025-06-18 15:49:05.568244
145	\N	116	95	1	1	MM	before	{"en_US": "Myanmar", "vi_VN": "Miến Điện"}	\N	%(street)s\n%(street2)s\n%(city)s %(state_code)s %(zip)s\n%(country_name)s	f	t	2025-06-18 15:49:05.568244	2025-06-18 15:49:05.568244
146	\N	109	976	1	1	MN	before	{"en_US": "Mongolia", "vi_VN": "Mông Cổ"}	\N	%(street)s\n%(street2)s\n%(city)s %(state_code)s %(zip)s\n%(country_name)s	f	t	2025-06-18 15:49:05.568244	2025-06-18 15:49:05.568244
147	\N	101	853	1	1	MO	before	{"en_US": "Macau", "vi_VN": "Ma Cao"}	\N	%(street)s\n%(street2)s\n%(city)s %(state_code)s %(zip)s\n%(country_name)s	f	f	2025-06-18 15:49:05.568244	2025-06-18 15:49:05.568244
148	\N	2	1670	1	1	MP	before	{"en_US": "Northern Mariana Islands", "vi_VN": "Quần đảo Bắc Mariana"}	\N	%(street)s\n%(street2)s\n%(city)s %(state_code)s %(zip)s\n%(country_name)s	f	t	2025-06-18 15:49:05.568244	2025-06-18 15:49:05.568244
149	\N	1	596	1	1	MQ	before	{"en_US": "Martinique", "vi_VN": "Martinique"}	\N	%(street)s\n%(street2)s\n%(city)s %(state_code)s %(zip)s\n%(country_name)s	f	t	2025-06-18 15:49:05.568244	2025-06-18 15:49:05.568244
150	\N	107	222	1	1	MR	before	{"en_US": "Mauritania", "vi_VN": "Mauritania"}	\N	%(street)s\n%(street2)s\n%(city)s %(state_code)s %(zip)s\n%(country_name)s	f	t	2025-06-18 15:49:05.568244	2025-06-18 15:49:05.568244
151	\N	50	1664	1	1	MS	before	{"en_US": "Montserrat", "vi_VN": "Montserrat"}	\N	%(street)s\n%(street2)s\n%(city)s %(state_code)s %(zip)s\n%(country_name)s	f	t	2025-06-18 15:49:05.568244	2025-06-18 15:49:05.568244
152	\N	1	356	1	1	MT	before	{"en_US": "Malta", "vi_VN": "Malta"}	{"en_US": "VAT", "vi_VN": "Mã số thuế"}	%(street)s\n%(street2)s\n%(city)s %(state_code)s %(zip)s\n%(country_name)s	f	t	2025-06-18 15:49:05.568244	2025-06-18 15:49:05.568244
153	\N	41	230	1	1	MU	before	{"en_US": "Mauritius", "vi_VN": "Mauritius"}	\N	%(street)s\n%(street2)s\n%(city)s %(state_code)s %(zip)s\n%(country_name)s	f	t	2025-06-18 15:49:05.568244	2025-06-18 15:49:05.568244
154	\N	105	960	1	1	MV	before	{"en_US": "Maldives", "vi_VN": "Maldives"}	\N	%(street)s\n%(street2)s\n%(city)s %(state_code)s %(zip)s\n%(country_name)s	f	t	2025-06-18 15:49:05.568244	2025-06-18 15:49:05.568244
155	\N	104	265	1	1	MW	before	{"en_US": "Malawi", "vi_VN": "Malawi"}	\N	%(street)s\n%(street2)s\n%(city)s %(state_code)s %(zip)s\n%(country_name)s	f	t	2025-06-18 15:49:05.568244	2025-06-18 15:49:05.568244
156	\N	34	52	1	1	MX	before	{"en_US": "Mexico", "vi_VN": "Mexico"}	{"en_US": "RFC", "vi_VN": "RFC"}	%(street)s\n%(street2)s\n%(zip)s %(city)s, %(state_code)s\n%(country_name)s	t	t	2025-06-18 15:49:05.568244	2025-06-18 15:49:05.568244
157	\N	35	60	1	1	MY	before	{"en_US": "Malaysia", "vi_VN": "Malaysia"}	\N	%(street)s\n%(street2)s\n%(city)s %(state_name)s %(zip)s\n%(country_name)s	f	t	2025-06-18 15:49:05.568244	2025-06-18 15:49:05.568244
158	\N	115	258	1	1	MZ	before	{"en_US": "Mozambique", "vi_VN": "Mozambique"}	\N	%(street)s\n%(street2)s\n%(city)s %(state_code)s %(zip)s\n%(country_name)s	f	t	2025-06-18 15:49:05.568244	2025-06-18 15:49:05.568244
159	\N	117	264	1	1	NA	before	{"en_US": "Namibia", "vi_VN": "Namibia"}	\N	%(street)s\n%(street2)s\n%(city)s %(state_code)s %(zip)s\n%(country_name)s	f	t	2025-06-18 15:49:05.568244	2025-06-18 15:49:05.568244
160	\N	16	687	1	1	NC	before	{"en_US": "New Caledonia", "vi_VN": "New Caledonia"}	\N	%(street)s\n%(street2)s\n%(city)s %(state_code)s %(zip)s\n%(country_name)s	f	t	2025-06-18 15:49:05.568244	2025-06-18 15:49:05.568244
161	\N	42	227	1	1	NE	before	{"en_US": "Niger", "vi_VN": "Niger"}	\N	%(street)s\n%(street2)s\n%(city)s %(state_code)s %(zip)s\n%(country_name)s	f	t	2025-06-18 15:49:05.568244	2025-06-18 15:49:05.568244
162	\N	22	672	1	1	NF	before	{"en_US": "Norfolk Island", "vi_VN": "Norfolk Island"}	\N	%(street)s\n%(street2)s\n%(city)s %(state_code)s %(zip)s\n%(country_name)s	f	t	2025-06-18 15:49:05.568244	2025-06-18 15:49:05.568244
163	\N	121	234	1	1	NG	before	{"en_US": "Nigeria", "vi_VN": "Nigeria"}	\N	%(street)s\n%(street2)s\n%(city)s %(state_code)s %(zip)s\n%(country_name)s	f	t	2025-06-18 15:49:05.568244	2025-06-18 15:49:05.568244
164	\N	120	505	1	1	NI	before	{"en_US": "Nicaragua", "vi_VN": "Ni-ca-ra-goa"}	\N	%(street)s\n%(street2)s\n%(city)s %(state_code)s %(zip)s\n%(country_name)s	f	t	2025-06-18 15:49:05.568244	2025-06-18 15:49:05.568244
165	\N	1	31	1	1	NL	before	{"en_US": "Netherlands", "vi_VN": "Hà Lan"}	{"en_US": "VAT", "vi_VN": "Mã số thuế"}	%(street)s\n%(street2)s\n%(zip)s %(city)s\n%(country_name)s	f	t	2025-06-18 15:49:05.568244	2025-06-18 15:49:05.568244
166	\N	15	47	1	1	NO	before	{"en_US": "Norway", "vi_VN": "Na Uy"}	\N	%(street)s\n%(street2)s\n%(zip)s %(city)s\n%(country_name)s	f	t	2025-06-18 15:49:05.568244	2025-06-18 15:49:05.568244
167	\N	118	977	1	1	NP	before	{"en_US": "Nepal", "vi_VN": "Nê-pan"}	\N	%(street)s\n%(street2)s\n%(city)s %(state_code)s %(zip)s\n%(country_name)s	f	t	2025-06-18 15:49:05.568244	2025-06-18 15:49:05.568244
168	\N	22	674	1	1	NR	before	{"en_US": "Nauru", "vi_VN": "Nauru"}	\N	%(street)s\n%(street2)s\n%(city)s %(state_code)s %(zip)s\n%(country_name)s	f	t	2025-06-18 15:49:05.568244	2025-06-18 15:49:05.568244
169	\N	36	683	1	1	NU	before	{"en_US": "Niue", "vi_VN": "Niue"}	\N	%(street)s\n%(street2)s\n%(city)s %(state_code)s %(zip)s\n%(country_name)s	f	t	2025-06-18 15:49:05.568244	2025-06-18 15:49:05.568244
170	\N	36	64	1	1	NZ	before	{"en_US": "New Zealand", "vi_VN": "New Zealand"}	{"en_US": "IRD/GST", "vi_VN": "IRD/GST"}	%(street)s\n%(street2)s\n%(city)s %(state_code)s %(zip)s\n%(country_name)s	f	t	2025-06-18 15:49:05.568244	2025-06-18 15:49:05.568244
171	\N	160	968	1	1	OM	before	{"en_US": "Oman", "vi_VN": "Oman"}	\N	%(street)s\n%(street2)s\n%(city)s %(state_code)s %(zip)s\n%(country_name)s	f	t	2025-06-18 15:49:05.568244	2025-06-18 15:49:05.568244
172	\N	17	507	1	1	PA	before	{"en_US": "Panama", "vi_VN": "Panama"}	\N	%(street)s\n%(street2)s\n%(city)s %(state_name)s %(zip)s\n%(country_name)s	f	t	2025-06-18 15:49:05.568244	2025-06-18 15:49:05.568244
173	\N	156	51	1	1	PE	before	{"en_US": "Peru", "vi_VN": "Pê-ru"}	{"en_US": "RUC", "vi_VN": "RUC"}	%(street)s\n%(street2)s\n%(city)s %(state_code)s %(zip)s\n%(country_name)s	f	t	2025-06-18 15:49:05.568244	2025-06-18 15:49:05.568244
174	\N	16	689	1	1	PF	before	{"en_US": "French Polynesia", "vi_VN": "Polynesia thuộc Pháp"}	{"en_US": "N° Tahiti", "vi_VN": "N° Tahiti"}	%(street)s\n%(street2)s\n%(city)s %(state_code)s %(zip)s\n%(country_name)s	f	t	2025-06-18 15:49:05.568244	2025-06-18 15:49:05.568244
175	\N	158	675	1	1	PG	before	{"en_US": "Papua New Guinea", "vi_VN": "Papua New Guinea"}	\N	%(street)s\n%(street2)s\n%(city)s %(state_code)s %(zip)s\n%(country_name)s	f	t	2025-06-18 15:49:05.568244	2025-06-18 15:49:05.568244
176	\N	37	63	1	1	PH	before	{"en_US": "Philippines", "vi_VN": "Philippines"}	\N	%(street)s\n%(street2)s\n%(city)s %(state_code)s %(zip)s\n%(country_name)s	f	t	2025-06-18 15:49:05.568244	2025-06-18 15:49:05.568244
177	\N	159	92	1	1	PK	before	{"en_US": "Pakistan", "vi_VN": "Pakistan"}	\N	%(street)s\n%(street2)s\n%(city)s %(state_code)s %(zip)s\n%(country_name)s	f	t	2025-06-18 15:49:05.568244	2025-06-18 15:49:05.568244
178	\N	18	48	1	1	PL	before	{"en_US": "Poland", "vi_VN": "Ba Lan"}	{"en_US": "VAT", "vi_VN": "Mã số thuế"}	%(street)s\n%(street2)s\n%(zip)s %(city)s\n%(country_name)s	f	t	2025-06-18 15:49:05.568244	2025-06-18 15:49:05.568244
179	\N	1	508	1	1	PM	before	{"en_US": "Saint Pierre and Miquelon", "vi_VN": "Saint Pierre và Miquelon"}	\N	%(street)s\n%(street2)s\n%(city)s %(state_code)s %(zip)s\n%(country_name)s	f	t	2025-06-18 15:49:05.568244	2025-06-18 15:49:05.568244
180	\N	36	64	1	1	PN	before	{"en_US": "Pitcairn Islands", "vi_VN": "Quần đảo Pitcairn"}	\N	%(street)s\n%(street2)s\n%(city)s %(state_code)s %(zip)s\n%(country_name)s	f	t	2025-06-18 15:49:05.568244	2025-06-18 15:49:05.568244
181	\N	2	1939	1	1	PR	before	{"en_US": "Puerto Rico", "vi_VN": "Puerto Rico"}	\N	%(street)s\n%(street2)s\n%(city)s %(state_code)s %(zip)s\n%(country_name)s	f	t	2025-06-18 15:49:05.568244	2025-06-18 15:49:05.568244
182	\N	89	970	1	1	PS	before	{"en_US": "State of Palestine", "vi_VN": "Nhà nước Palestine"}	\N	%(street)s\n%(street2)s\n%(city)s %(state_code)s %(zip)s\n%(country_name)s	f	t	2025-06-18 15:49:05.568244	2025-06-18 15:49:05.568244
183	\N	1	351	1	1	PT	before	{"en_US": "Portugal", "vi_VN": "Bồ Đào Nha"}	{"en_US": "VAT", "vi_VN": "Mã số thuế"}	%(street)s\n%(street2)s\n%(city)s %(state_code)s %(zip)s\n%(country_name)s	f	t	2025-06-18 15:49:05.568244	2025-06-18 15:49:05.568244
184	\N	2	680	1	1	PW	before	{"en_US": "Palau", "vi_VN": "Palau"}	\N	%(street)s\n%(street2)s\n%(city)s %(state_code)s %(zip)s\n%(country_name)s	f	t	2025-06-18 15:49:05.568244	2025-06-18 15:49:05.568244
185	\N	157	595	1	1	PY	before	{"en_US": "Paraguay", "vi_VN": "Paraguay"}	\N	%(street)s\n%(street2)s\n%(city)s %(state_code)s %(zip)s\n%(country_name)s	f	t	2025-06-18 15:49:05.568244	2025-06-18 15:49:05.568244
186	\N	155	974	1	1	QA	before	{"en_US": "Qatar", "vi_VN": "Qatar"}	\N	%(street)s\n%(street2)s\n%(city)s %(state_code)s %(zip)s\n%(country_name)s	f	t	2025-06-18 15:49:05.568244	2025-06-18 15:49:05.568244
187	\N	1	262	1	1	RE	before	{"en_US": "Réunion", "vi_VN": "Réunion"}	\N	%(street)s\n%(street2)s\n%(city)s %(state_code)s %(zip)s\n%(country_name)s	f	t	2025-06-18 15:49:05.568244	2025-06-18 15:49:05.568244
188	\N	29	40	1	1	RO	before	{"en_US": "Romania", "vi_VN": "Romania"}	{"en_US": "VAT", "vi_VN": "Mã số thuế"}	%(street)s\n%(street2)s\n%(city)s %(state_code)s %(zip)s\n%(country_name)s	f	t	2025-06-18 15:49:05.568244	2025-06-18 15:49:05.568244
189	\N	149	381	1	1	RS	before	{"en_US": "Serbia", "vi_VN": "Serbia"}	\N	%(street)s\n%(street2)s\n%(city)s %(state_code)s %(zip)s\n%(country_name)s	f	t	2025-06-18 15:49:05.568244	2025-06-18 15:49:05.568244
190	\N	31	7	1	1	RU	before	{"en_US": "Russian Federation", "vi_VN": "Liên bang Nga"}	\N	%(street)s\n%(street2)s\n%(city)s %(state_code)s %(zip)s\n%(country_name)s	f	t	2025-06-18 15:49:05.568244	2025-06-18 15:49:05.568244
191	\N	154	250	1	1	RW	before	{"en_US": "Rwanda", "vi_VN": "Rwanda"}	\N	%(street)s\n%(street2)s\n%(city)s %(state_code)s %(zip)s\n%(country_name)s	f	t	2025-06-18 15:49:05.568244	2025-06-18 15:49:05.568244
192	\N	150	966	1	1	SA	before	{"en_US": "Saudi Arabia", "vi_VN": "Ả Rập Xê Út "}	\N	%(street)s\n%(street2)s\n%(city)s %(state_code)s %(zip)s\n%(country_name)s	f	t	2025-06-18 15:49:05.568244	2025-06-18 15:49:05.568244
193	\N	146	677	1	1	SB	before	{"en_US": "Solomon Islands", "vi_VN": "Quần đảo Solomon"}	\N	%(street)s\n%(street2)s\n%(city)s %(state_code)s %(zip)s\n%(country_name)s	f	t	2025-06-18 15:49:05.568244	2025-06-18 15:49:05.568244
194	\N	148	248	1	1	SC	before	{"en_US": "Seychelles", "vi_VN": "Seychelles"}	\N	%(street)s\n%(street2)s\n%(city)s %(state_code)s %(zip)s\n%(country_name)s	f	t	2025-06-18 15:49:05.568244	2025-06-18 15:49:05.568244
195	\N	141	249	1	1	SD	before	{"en_US": "Sudan", "vi_VN": "Sudan"}	\N	%(street)s\n%(street2)s\n%(city)s %(state_code)s %(zip)s\n%(country_name)s	f	t	2025-06-18 15:49:05.568244	2025-06-18 15:49:05.568244
196	\N	19	46	1	1	SE	before	{"en_US": "Sweden", "vi_VN": "Thụy Điển"}	{"en_US": "VAT", "vi_VN": "Mã số thuế"}	%(street)s\n%(street2)s\n%(zip)s %(city)s\n%(country_name)s	f	t	2025-06-18 15:49:05.568244	2025-06-18 15:49:05.568244
197	\N	38	65	1	1	SG	before	{"en_US": "Singapore", "vi_VN": "Singapore"}	{"en_US": "GST No.", "vi_VN": "Số GST"}	%(street)s\n%(street2)s\n%(city)s %(state_code)s %(zip)s\n%(country_name)s	f	t	2025-06-18 15:49:05.568244	2025-06-18 15:49:05.568244
198	\N	153	290	1	1	SH	before	{"en_US": "Saint Helena, Ascension and Tristan da Cunha", "vi_VN": "Saint Helena, Ascension và Tristan da Cunha"}	\N	%(street)s\n%(street2)s\n%(city)s %(state_code)s %(zip)s\n%(country_name)s	f	t	2025-06-18 15:49:05.568244	2025-06-18 15:49:05.568244
199	\N	1	386	1	1	SI	before	{"en_US": "Slovenia", "vi_VN": "Slovenia"}	{"en_US": "VAT", "vi_VN": "Mã số thuế"}	%(street)s\n%(street2)s\n%(city)s %(state_code)s %(zip)s\n%(country_name)s	f	t	2025-06-18 15:49:05.568244	2025-06-18 15:49:05.568244
200	\N	15	47	1	1	SJ	before	{"en_US": "Svalbard and Jan Mayen", "vi_VN": "Svalbard và Jan Mayen"}	\N	%(street)s\n%(street2)s\n%(city)s %(state_code)s %(zip)s\n%(country_name)s	f	t	2025-06-18 15:49:05.568244	2025-06-18 15:49:05.568244
201	\N	1	421	1	1	SK	before	{"en_US": "Slovakia", "vi_VN": "Slovakia"}	{"en_US": "VAT", "vi_VN": "Mã số thuế"}	%(street)s\n%(street2)s\n%(city)s %(state_code)s %(zip)s\n%(country_name)s	f	t	2025-06-18 15:49:05.568244	2025-06-18 15:49:05.568244
202	\N	147	232	1	1	SL	before	{"en_US": "Sierra Leone", "vi_VN": "Sierra Leone"}	\N	%(street)s\n%(street2)s\n%(city)s %(state_code)s %(zip)s\n%(country_name)s	f	t	2025-06-18 15:49:05.568244	2025-06-18 15:49:05.568244
203	\N	1	378	1	1	SM	before	{"en_US": "San Marino", "vi_VN": "San Marino"}	\N	%(street)s\n%(street2)s\n%(city)s %(state_code)s %(zip)s\n%(country_name)s	f	t	2025-06-18 15:49:05.568244	2025-06-18 15:49:05.568244
204	\N	42	221	1	1	SN	before	{"en_US": "Senegal", "vi_VN": "Senegal"}	\N	%(street)s\n%(street2)s\n%(city)s %(state_code)s %(zip)s\n%(country_name)s	f	t	2025-06-18 15:49:05.568244	2025-06-18 15:49:05.568244
205	\N	145	252	1	1	SO	before	{"en_US": "Somalia", "vi_VN": "Somalia"}	\N	%(street)s\n%(street2)s\n%(city)s %(state_code)s %(zip)s\n%(country_name)s	f	t	2025-06-18 15:49:05.568244	2025-06-18 15:49:05.568244
206	\N	140	597	1	1	SR	before	{"en_US": "Suriname", "vi_VN": "Suriname"}	\N	%(street)s\n%(street2)s\n%(city)s %(state_code)s %(zip)s\n%(country_name)s	f	t	2025-06-18 15:49:05.568244	2025-06-18 15:49:05.568244
207	\N	143	211	1	1	SS	before	{"en_US": "South Sudan", "vi_VN": "Nam Sudan"}	\N	%(street)s\n%(street2)s\n%(city)s %(state_code)s %(zip)s\n%(country_name)s	f	t	2025-06-18 15:49:05.568244	2025-06-18 15:49:05.568244
208	\N	151	239	1	1	ST	before	{"en_US": "São Tomé and Príncipe", "vi_VN": "São Tomé and Príncipe"}	\N	%(street)s\n%(street2)s\n%(city)s %(state_code)s %(zip)s\n%(country_name)s	f	t	2025-06-18 15:49:05.568244	2025-06-18 15:49:05.568244
209	\N	76	503	1	1	SV	before	{"en_US": "El Salvador", "vi_VN": "El Salvador"}	\N	%(street)s\n%(street2)s\n%(city)s %(state_code)s %(zip)s\n%(country_name)s	f	t	2025-06-18 15:49:05.568244	2025-06-18 15:49:05.568244
210	\N	72	1721	1	1	SX	before	{"en_US": "Sint Maarten (Dutch part)", "vi_VN": "Sint Maarten (Dutch part)"}	\N	%(street)s\n%(street2)s\n%(city)s %(state_code)s %(zip)s\n%(country_name)s	f	t	2025-06-18 15:49:05.568244	2025-06-18 15:49:05.568244
211	\N	138	963	1	1	SY	before	{"en_US": "Syria", "vi_VN": "Syria"}	\N	%(street)s\n%(street2)s\n%(city)s %(state_code)s %(zip)s\n%(country_name)s	f	t	2025-06-18 15:49:05.568244	2025-06-18 15:49:05.568244
212	\N	139	268	1	1	SZ	before	{"en_US": "Eswatini", "vi_VN": "Eswatini"}	\N	%(street)s\n%(street2)s\n%(city)s %(state_code)s %(zip)s\n%(country_name)s	f	t	2025-06-18 15:49:05.568244	2025-06-18 15:49:05.568244
214	\N	43	235	1	1	TD	before	{"en_US": "Chad", "vi_VN": "Chad"}	\N	%(street)s\n%(street2)s\n%(city)s %(state_code)s %(zip)s\n%(country_name)s	f	t	2025-06-18 15:49:05.568244	2025-06-18 15:49:05.568244
215	\N	1	262	1	1	TF	before	{"en_US": "French Southern Territories", "vi_VN": "Lãnh thổ phía Nam của Pháp"}	\N	%(street)s\n%(street2)s\n%(city)s %(state_code)s %(zip)s\n%(country_name)s	f	t	2025-06-18 15:49:05.568244	2025-06-18 15:49:05.568244
218	\N	136	992	1	1	TJ	before	{"en_US": "Tajikistan", "vi_VN": "Tajikistan"}	\N	%(street)s\n%(street2)s\n%(city)s %(state_code)s %(zip)s\n%(country_name)s	f	t	2025-06-18 15:49:05.568244	2025-06-18 15:49:05.568244
219	\N	36	690	1	1	TK	before	{"en_US": "Tokelau", "vi_VN": "Tokelau"}	\N	%(street)s\n%(street2)s\n%(city)s %(state_code)s %(zip)s\n%(country_name)s	f	t	2025-06-18 15:49:05.568244	2025-06-18 15:49:05.568244
220	\N	130	993	1	1	TM	before	{"en_US": "Turkmenistan", "vi_VN": "Turkmenistan"}	\N	%(street)s\n%(street2)s\n%(city)s %(state_code)s %(zip)s\n%(country_name)s	f	t	2025-06-18 15:49:05.568244	2025-06-18 15:49:05.568244
221	\N	131	216	1	1	TN	before	{"en_US": "Tunisia", "vi_VN": "Tunisia"}	\N	%(street)s\n%(street2)s\n%(city)s %(state_code)s %(zip)s\n%(country_name)s	f	t	2025-06-18 15:49:05.568244	2025-06-18 15:49:05.568244
222	\N	133	676	1	1	TO	before	{"en_US": "Tonga", "vi_VN": "Tonga"}	\N	%(street)s\n%(street2)s\n%(city)s %(state_code)s %(zip)s\n%(country_name)s	f	t	2025-06-18 15:49:05.568244	2025-06-18 15:49:05.568244
223	\N	2	670	1	1	TL	before	{"en_US": "Timor-Leste", "vi_VN": "Timor-Leste"}	\N	%(street)s\n%(street2)s\n%(city)s %(state_code)s %(zip)s\n%(country_name)s	f	t	2025-06-18 15:49:05.568244	2025-06-18 15:49:05.568244
224	\N	32	90	1	1	TR	before	{"en_US": "Türkiye", "vi_VN": "Türkiye"}	\N	%(street)s\n%(street2)s\n%(city)s %(state_name)s %(zip)s\n%(country_name)s	f	t	2025-06-18 15:49:05.568244	2025-06-18 15:49:05.568244
225	\N	132	1868	1	1	TT	before	{"en_US": "Trinidad and Tobago", "vi_VN": "Trinidad và Tobago"}	\N	%(street)s\n%(street2)s\n%(city)s %(state_code)s %(zip)s\n%(country_name)s	f	t	2025-06-18 15:49:05.568244	2025-06-18 15:49:05.568244
226	\N	22	688	1	1	TV	before	{"en_US": "Tuvalu", "vi_VN": "Tuvalu"}	\N	%(street)s\n%(street2)s\n%(city)s %(state_code)s %(zip)s\n%(country_name)s	f	t	2025-06-18 15:49:05.568244	2025-06-18 15:49:05.568244
227	\N	137	886	1	1	TW	before	{"en_US": "Taiwan", "vi_VN": "Đài Loan"}	\N	%(street)s\n%(street2)s\n%(city)s %(state_code)s %(zip)s\n%(country_name)s	f	t	2025-06-18 15:49:05.568244	2025-06-18 15:49:05.568244
228	\N	135	255	1	1	TZ	before	{"en_US": "Tanzania", "vi_VN": "Tanzania"}	\N	%(street)s\n%(street2)s\n%(city)s %(state_code)s %(zip)s\n%(country_name)s	f	t	2025-06-18 15:49:05.568244	2025-06-18 15:49:05.568244
229	\N	23	380	1	1	UA	before	{"en_US": "Ukraine", "vi_VN": "Ukraine"}	\N	%(street)s\n%(street2)s\n%(city)s %(state_code)s %(zip)s\n%(country_name)s	f	t	2025-06-18 15:49:05.568244	2025-06-18 15:49:05.568244
230	\N	44	256	1	1	UG	before	{"en_US": "Uganda", "vi_VN": "Uganda"}	\N	%(street)s\n%(street2)s\n%(city)s %(state_code)s %(zip)s\n%(country_name)s	f	t	2025-06-18 15:49:05.568244	2025-06-18 15:49:05.568244
231	\N	144	44	1	1	GB	before	{"en_US": "United Kingdom", "vi_VN": "Vương Quốc Anh"}	{"en_US": "VAT", "vi_VN": "Mã số thuế"}	%(street)s\n%(street2)s\n%(city)s\n%(state_name)s\n%(zip)s\n%(country_name)s	f	t	2025-06-18 15:49:05.568244	2025-06-18 15:49:05.568244
3	\N	48	93	1	1	AF	before	{"en_US": "Afghanistan", "vi_VN": "Afghanistan"}	\N	%(street)s\n%(street2)s\n%(city)s %(state_code)s %(zip)s\n%(country_name)s	f	t	2025-06-18 15:49:05.568244	2025-06-18 15:49:05.568244
6	\N	119	355	1	1	AL	before	{"en_US": "Albania", "vi_VN": "Albania"}	\N	%(street)s\n%(street2)s\n%(city)s %(state_code)s %(zip)s\n%(country_name)s	f	t	2025-06-18 15:49:05.568244	2025-06-18 15:49:05.568244
232	\N	2	699	1	1	UM	before	{"en_US": "USA Minor Outlying Islands", "vi_VN": "Quần đảo Nhỏ Xa xôi của Hoa Kỳ"}	\N	%(street)s\n%(street2)s\n%(city)s %(state_code)s %(zip)s\n%(country_name)s	f	t	2025-06-18 15:49:05.568244	2025-06-18 15:49:05.568244
233	\N	2	1	1	1	US	before	{"en_US": "United States", "vi_VN": "Hợp chủng quốc Hoa Kỳ"}	{"en_US": ""}	%(street)s\n%(street2)s\n%(city)s %(state_code)s %(zip)s\n%(country_name)s	t	t	2025-06-18 15:49:05.568244	2025-06-18 15:49:05.568244
234	\N	47	598	1	1	UY	before	{"en_US": "Uruguay", "vi_VN": "Uruguay"}	\N	%(street)s\n%(street2)s\n%(city)s %(state_code)s %(zip)s\n%(country_name)s	f	t	2025-06-18 15:49:05.568244	2025-06-18 15:49:05.568244
235	\N	128	998	1	1	UZ	before	{"en_US": "Uzbekistan", "vi_VN": "Uzbekistan"}	\N	%(street)s\n%(street2)s\n%(city)s %(state_code)s %(zip)s\n%(country_name)s	f	t	2025-06-18 15:49:05.568244	2025-06-18 15:49:05.568244
236	\N	1	379	1	1	VA	before	{"en_US": "Holy See (Vatican City State)", "vi_VN": "Tòa Thánh (Thành quốc Vatican)"}	\N	%(street)s\n%(street2)s\n%(city)s %(state_code)s %(zip)s\n%(country_name)s	f	t	2025-06-18 15:49:05.568244	2025-06-18 15:49:05.568244
237	\N	50	1784	1	1	VC	before	{"en_US": "Saint Vincent and the Grenadines", "vi_VN": "Saint Vincent và the Grenadines"}	\N	%(street)s\n%(street2)s\n%(city)s %(state_code)s %(zip)s\n%(country_name)s	f	t	2025-06-18 15:49:05.568244	2025-06-18 15:49:05.568244
238	\N	3	58	1	1	VE	before	{"en_US": "Venezuela", "vi_VN": "Venezuela"}	\N	%(street)s\n%(street2)s\n%(city)s %(state_code)s %(zip)s\n%(country_name)s	f	t	2025-06-18 15:49:05.568244	2025-06-18 15:49:05.568244
239	\N	2	1284	1	1	VG	before	{"en_US": "Virgin Islands (British)", "vi_VN": "Virgin Islands (British)"}	\N	%(street)s\n%(street2)s\n%(city)s %(state_code)s %(zip)s\n%(country_name)s	f	t	2025-06-18 15:49:05.568244	2025-06-18 15:49:05.568244
240	\N	2	1340	1	1	VI	before	{"en_US": "Virgin Islands (USA)", "vi_VN": "Virgin Islands (USA)"}	\N	%(street)s\n%(street2)s\n%(city)s %(state_code)s %(zip)s\n%(country_name)s	f	t	2025-06-18 15:49:05.568244	2025-06-18 15:49:05.568244
241	\N	24	84	1	1	VN	before	{"en_US": "Vietnam", "vi_VN": "Việt Nam"}	\N	%(street)s\n%(street2)s\n%(city)s\n%(state_name)s %(country_name)s	f	f	2025-06-18 15:49:05.568244	2025-06-18 15:49:05.568244
242	\N	127	678	1	1	VU	before	{"en_US": "Vanuatu", "vi_VN": "Vanuatu"}	\N	%(street)s\n%(street2)s\n%(city)s %(state_code)s %(zip)s\n%(country_name)s	f	t	2025-06-18 15:49:05.568244	2025-06-18 15:49:05.568244
243	\N	16	681	1	1	WF	before	{"en_US": "Wallis and Futuna", "vi_VN": "Wallis và Futuna"}	\N	%(street)s\n%(street2)s\n%(city)s %(state_code)s %(zip)s\n%(country_name)s	f	t	2025-06-18 15:49:05.568244	2025-06-18 15:49:05.568244
244	\N	152	685	1	1	WS	before	{"en_US": "Samoa", "vi_VN": "Samoa"}	\N	%(street)s\n%(street2)s\n%(city)s %(state_code)s %(zip)s\n%(country_name)s	f	t	2025-06-18 15:49:05.568244	2025-06-18 15:49:05.568244
245	\N	126	967	1	1	YE	before	{"en_US": "Yemen", "vi_VN": "Yemen"}	\N	%(street)s\n%(street2)s\n%(city)s %(state_code)s %(zip)s\n%(country_name)s	f	t	2025-06-18 15:49:05.568244	2025-06-18 15:49:05.568244
246	\N	1	262	1	1	YT	before	{"en_US": "Mayotte", "vi_VN": "Mayotte"}	\N	%(street)s\n%(street2)s\n%(city)s %(state_code)s %(zip)s\n%(country_name)s	f	t	2025-06-18 15:49:05.568244	2025-06-18 15:49:05.568244
247	\N	39	27	1	1	ZA	before	{"en_US": "South Africa", "vi_VN": "Nam Phi"}	\N	%(street)s\n%(street2)s\n%(city)s %(state_code)s %(zip)s\n%(country_name)s	f	t	2025-06-18 15:49:05.568244	2025-06-18 15:49:05.568244
248	\N	125	260	1	1	ZM	before	{"en_US": "Zambia", "vi_VN": "Zambia"}	\N	%(street)s\n%(street2)s\n%(city)s %(state_code)s %(zip)s\n%(country_name)s	f	t	2025-06-18 15:49:05.568244	2025-06-18 15:49:05.568244
249	\N	124	263	1	1	ZW	before	{"en_US": "Zimbabwe", "vi_VN": "Zimbabwe"}	\N	%(street)s\n%(street2)s\n%(city)s %(state_code)s %(zip)s\n%(country_name)s	f	t	2025-06-18 15:49:05.568244	2025-06-18 15:49:05.568244
250	\N	1	383	1	1	XK	before	{"en_US": "Kosovo", "vi_VN": "Kosovo"}	\N	%(street)s\n%(street2)s\n%(city)s %(state_code)s %(zip)s\n%(country_name)s	f	t	2025-06-18 15:49:05.568244	2025-06-18 15:49:05.568244
31	\N	6	55	1	1	BR	before	{"en_US": "Brazil", "vi_VN": "Brazil"}	\N	%(street)s\n%(street2)s\n%(city)s %(state_code)s\n%(zip)s\n%(country_name)s	f	t	2025-06-18 15:49:05.568244	2025-06-18 15:49:05.568244
1	\N	1	376	1	1	AD	before	{"en_US": "Andorra", "vi_VN": "Andorra"}	\N	%(street)s\n%(street2)s\n%(city)s %(state_code)s %(zip)s\n%(country_name)s	f	t	2025-06-18 15:49:05.568244	2025-06-18 15:49:05.568244
5	\N	50	1264	1	1	AI	before	{"en_US": "Anguilla", "vi_VN": "Anguilla"}	\N	%(street)s\n%(street2)s\n%(city)s %(state_code)s %(zip)s\n%(country_name)s	f	t	2025-06-18 15:49:05.568244	2025-06-18 15:49:05.568244
8	\N	49	244	1	1	AO	before	{"en_US": "Angola", "vi_VN": "Angola"}	\N	%(street)s\n%(street2)s\n%(city)s %(state_code)s %(zip)s\n%(country_name)s	f	f	2025-06-18 15:49:05.568244	2025-06-18 15:49:05.568244
11	\N	2	1684	1	1	AS	before	{"en_US": "American Samoa", "vi_VN": "American Samoa"}	\N	%(street)s\n%(street2)s\n%(city)s %(state_code)s %(zip)s\n%(country_name)s	f	t	2025-06-18 15:49:05.568244	2025-06-18 15:49:05.568244
62	\N	112	213	1	1	DZ	before	{"en_US": "Algeria", "vi_VN": "Algeria"}	\N	%(street)s\n%(street2)s\n%(city)s %(state_code)s %(zip)s\n%(country_name)s	f	t	2025-06-18 15:49:05.568244	2025-06-18 15:49:05.568244
116	\N	67	855	1	1	KH	before	{"en_US": "Cambodia", "vi_VN": "Campuchia"}	\N	%(street)s\n%(street2)s\n%(city)s %(state_code)s %(zip)s\n%(country_name)s	f	t	2025-06-18 15:49:05.568244	2025-06-18 15:49:05.568244
4	\N	50	1268	1	1	AG	before	{"en_US": "Antigua and Barbuda", "vi_VN": "Antigua và Barbuda"}	\N	%(street)s\n%(street2)s\n%(city)s %(state_code)s %(zip)s\n%(country_name)s	f	t	2025-06-18 15:49:05.568244	2025-06-18 15:49:05.568244
7	\N	51	374	1	1	AM	before	{"en_US": "Armenia", "vi_VN": "Armenia"}	\N	%(street)s\n%(street2)s\n%(city)s %(state_code)s %(zip)s\n%(country_name)s	f	t	2025-06-18 15:49:05.568244	2025-06-18 15:49:05.568244
9	\N	50	672	1	1	AQ	before	{"en_US": "Antarctica", "vi_VN": "Nam Cực"}	\N	%(street)s\n%(street2)s\n%(city)s %(state_code)s %(zip)s\n%(country_name)s	f	t	2025-06-18 15:49:05.568244	2025-06-18 15:49:05.568244
12	\N	1	43	1	1	AT	before	{"en_US": "Austria", "vi_VN": "Áo"}	{"en_US": "USt", "vi_VN": "USt"}	%(street)s\n%(street2)s\n%(zip)s %(city)s\n%(country_name)s	f	t	2025-06-18 15:49:05.568244	2025-06-18 15:49:05.568244
2	\N	129	971	1	1	AE	before	{"en_US": "United Arab Emirates", "vi_VN": "Các Tiểu Vương Quốc Ả-rập Thống nhất"}	\N	%(street)s\n%(street2)s\n%(city)s %(state_code)s %(zip)s\n%(country_name)s	f	t	2025-06-18 15:49:05.568244	2025-06-18 15:49:05.568244
15	\N	1	358	1	1	AX	before	{"en_US": "Åland Islands", "vi_VN": "Åland Islands"}	\N	%(street)s\n%(street2)s\n%(city)s %(state_code)s %(zip)s\n%(country_name)s	f	t	2025-06-18 15:49:05.568244	2025-06-18 15:49:05.568244
66	\N	110	212	1	1	EH	before	{"en_US": "Western Sahara", "vi_VN": "Western Sahara"}	\N	%(street)s\n%(street2)s\n%(city)s %(state_code)s %(zip)s\n%(country_name)s	f	t	2025-06-18 15:49:05.568244	2025-06-18 15:49:05.568244
213	\N	2	1649	1	1	TC	before	{"en_US": "Turks and Caicos Islands", "vi_VN": "Quần đảo Turks và Caicos"}	\N	%(street)s\n%(street2)s\n%(city)s %(state_code)s %(zip)s\n%(country_name)s	f	t	2025-06-18 15:49:05.568244	2025-06-18 15:49:05.568244
216	\N	42	228	1	1	TG	before	{"en_US": "Togo", "vi_VN": "Togo"}	\N	%(street)s\n%(street2)s\n%(city)s %(state_code)s %(zip)s\n%(country_name)s	f	t	2025-06-18 15:49:05.568244	2025-06-18 15:49:05.568244
217	\N	134	66	1	1	TH	before	{"en_US": "Thailand", "vi_VN": "Thái Lan"}	\N	%(street)s\n%(street2)s\n%(city)s\n%(state_name)s %(zip)s\n%(country_name)s	f	t	2025-06-18 15:49:05.568244	2025-06-18 15:49:05.568244
\.


--
-- Data for Name: res_country_group; Type: TABLE DATA; Schema: public; Owner: odoo
--

COPY public.res_country_group (id, create_uid, write_uid, name, create_date, write_date) FROM stdin;
1	1	1	{"en_US": "Europe", "vi_VN": "Châu Âu"}	2025-06-18 15:49:05.568244	2025-06-18 15:49:05.568244
2	1	1	{"en_US": "South America", "vi_VN": "Nam Phi"}	2025-06-18 15:49:05.568244	2025-06-18 15:49:05.568244
3	1	1	{"en_US": "SEPA Countries", "vi_VN": "Quốc gia SEPA"}	2025-06-18 15:49:05.568244	2025-06-18 15:49:05.568244
4	1	1	{"en_US": "Gulf Cooperation Council (GCC)", "vi_VN": "Hội đồng Hợp tác vùng Vịnh (GCC)"}	2025-06-18 15:49:05.568244	2025-06-18 15:49:05.568244
5	1	1	{"en_US": "Switzerland and Liechtenstein", "vi_VN": "Thụy Sĩ và Liechtenstein"}	2025-06-18 15:49:05.568244	2025-06-18 15:49:05.568244
\.


--
-- Data for Name: res_country_group_pricelist_rel; Type: TABLE DATA; Schema: public; Owner: odoo
--

COPY public.res_country_group_pricelist_rel (pricelist_id, res_country_group_id) FROM stdin;
\.


--
-- Data for Name: res_country_res_country_group_rel; Type: TABLE DATA; Schema: public; Owner: odoo
--

COPY public.res_country_res_country_group_rel (res_country_id, res_country_group_id) FROM stdin;
12	1
20	1
22	1
97	1
55	1
56	1
59	1
64	1
70	1
75	1
57	1
88	1
99	1
101	1
109	1
134	1
132	1
133	1
152	1
165	1
178	1
183	1
188	1
201	1
199	1
68	1
196	1
10	2
29	2
31	2
46	2
49	2
63	2
72	2
89	2
79	2
93	2
185	2
173	2
206	2
234	2
238	2
1	3
12	3
15	3
20	3
22	3
26	3
43	3
55	3
56	3
57	3
59	3
64	3
68	3
70	3
75	3
231	3
79	3
82	3
81	3
86	3
88	3
97	3
99	3
101	3
103	3
108	3
109	3
110	3
128	3
132	3
133	3
134	3
137	3
140	3
149	3
152	3
165	3
166	3
178	3
179	3
183	3
187	3
188	3
196	3
199	3
201	3
203	3
236	3
246	3
192	4
2	4
23	4
171	4
186	4
122	4
43	5
128	5
\.


--
-- Data for Name: res_country_state; Type: TABLE DATA; Schema: public; Owner: odoo
--

COPY public.res_country_state (id, country_id, create_uid, write_uid, name, code, create_date, write_date) FROM stdin;
1	13	1	1	Australian Capital Territory	ACT	2025-06-18 15:49:05.568244	2025-06-18 15:49:05.568244
2	13	1	1	New South Wales	NSW	2025-06-18 15:49:05.568244	2025-06-18 15:49:05.568244
3	13	1	1	Northern Territory	NT	2025-06-18 15:49:05.568244	2025-06-18 15:49:05.568244
4	13	1	1	Queensland	QLD	2025-06-18 15:49:05.568244	2025-06-18 15:49:05.568244
5	13	1	1	South Australia	SA	2025-06-18 15:49:05.568244	2025-06-18 15:49:05.568244
6	13	1	1	Tasmania	TAS	2025-06-18 15:49:05.568244	2025-06-18 15:49:05.568244
7	13	1	1	Victoria	VIC	2025-06-18 15:49:05.568244	2025-06-18 15:49:05.568244
8	13	1	1	Western Australia	WA	2025-06-18 15:49:05.568244	2025-06-18 15:49:05.568244
9	233	1	1	Alabama	AL	2025-06-18 15:49:05.568244	2025-06-18 15:49:05.568244
10	233	1	1	Alaska	AK	2025-06-18 15:49:05.568244	2025-06-18 15:49:05.568244
11	233	1	1	Arizona	AZ	2025-06-18 15:49:05.568244	2025-06-18 15:49:05.568244
12	233	1	1	Arkansas	AR	2025-06-18 15:49:05.568244	2025-06-18 15:49:05.568244
13	233	1	1	California	CA	2025-06-18 15:49:05.568244	2025-06-18 15:49:05.568244
14	233	1	1	Colorado	CO	2025-06-18 15:49:05.568244	2025-06-18 15:49:05.568244
15	233	1	1	Connecticut	CT	2025-06-18 15:49:05.568244	2025-06-18 15:49:05.568244
16	233	1	1	Delaware	DE	2025-06-18 15:49:05.568244	2025-06-18 15:49:05.568244
17	233	1	1	District of Columbia	DC	2025-06-18 15:49:05.568244	2025-06-18 15:49:05.568244
18	233	1	1	Florida	FL	2025-06-18 15:49:05.568244	2025-06-18 15:49:05.568244
19	233	1	1	Georgia	GA	2025-06-18 15:49:05.568244	2025-06-18 15:49:05.568244
20	233	1	1	Hawaii	HI	2025-06-18 15:49:05.568244	2025-06-18 15:49:05.568244
21	233	1	1	Idaho	ID	2025-06-18 15:49:05.568244	2025-06-18 15:49:05.568244
22	233	1	1	Illinois	IL	2025-06-18 15:49:05.568244	2025-06-18 15:49:05.568244
23	233	1	1	Indiana	IN	2025-06-18 15:49:05.568244	2025-06-18 15:49:05.568244
24	233	1	1	Iowa	IA	2025-06-18 15:49:05.568244	2025-06-18 15:49:05.568244
25	233	1	1	Kansas	KS	2025-06-18 15:49:05.568244	2025-06-18 15:49:05.568244
26	233	1	1	Kentucky	KY	2025-06-18 15:49:05.568244	2025-06-18 15:49:05.568244
27	233	1	1	Louisiana	LA	2025-06-18 15:49:05.568244	2025-06-18 15:49:05.568244
28	233	1	1	Maine	ME	2025-06-18 15:49:05.568244	2025-06-18 15:49:05.568244
29	233	1	1	Montana	MT	2025-06-18 15:49:05.568244	2025-06-18 15:49:05.568244
30	233	1	1	Nebraska	NE	2025-06-18 15:49:05.568244	2025-06-18 15:49:05.568244
31	233	1	1	Nevada	NV	2025-06-18 15:49:05.568244	2025-06-18 15:49:05.568244
32	233	1	1	New Hampshire	NH	2025-06-18 15:49:05.568244	2025-06-18 15:49:05.568244
33	233	1	1	New Jersey	NJ	2025-06-18 15:49:05.568244	2025-06-18 15:49:05.568244
34	233	1	1	New Mexico	NM	2025-06-18 15:49:05.568244	2025-06-18 15:49:05.568244
35	233	1	1	New York	NY	2025-06-18 15:49:05.568244	2025-06-18 15:49:05.568244
36	233	1	1	North Carolina	NC	2025-06-18 15:49:05.568244	2025-06-18 15:49:05.568244
37	233	1	1	North Dakota	ND	2025-06-18 15:49:05.568244	2025-06-18 15:49:05.568244
38	233	1	1	Ohio	OH	2025-06-18 15:49:05.568244	2025-06-18 15:49:05.568244
39	233	1	1	Oklahoma	OK	2025-06-18 15:49:05.568244	2025-06-18 15:49:05.568244
40	233	1	1	Oregon	OR	2025-06-18 15:49:05.568244	2025-06-18 15:49:05.568244
41	233	1	1	Maryland	MD	2025-06-18 15:49:05.568244	2025-06-18 15:49:05.568244
42	233	1	1	Massachusetts	MA	2025-06-18 15:49:05.568244	2025-06-18 15:49:05.568244
43	233	1	1	Michigan	MI	2025-06-18 15:49:05.568244	2025-06-18 15:49:05.568244
44	233	1	1	Minnesota	MN	2025-06-18 15:49:05.568244	2025-06-18 15:49:05.568244
45	233	1	1	Mississippi	MS	2025-06-18 15:49:05.568244	2025-06-18 15:49:05.568244
46	233	1	1	Missouri	MO	2025-06-18 15:49:05.568244	2025-06-18 15:49:05.568244
47	233	1	1	Pennsylvania	PA	2025-06-18 15:49:05.568244	2025-06-18 15:49:05.568244
48	233	1	1	Rhode Island	RI	2025-06-18 15:49:05.568244	2025-06-18 15:49:05.568244
49	233	1	1	South Carolina	SC	2025-06-18 15:49:05.568244	2025-06-18 15:49:05.568244
50	233	1	1	South Dakota	SD	2025-06-18 15:49:05.568244	2025-06-18 15:49:05.568244
51	233	1	1	Tennessee	TN	2025-06-18 15:49:05.568244	2025-06-18 15:49:05.568244
52	233	1	1	Texas	TX	2025-06-18 15:49:05.568244	2025-06-18 15:49:05.568244
53	233	1	1	Utah	UT	2025-06-18 15:49:05.568244	2025-06-18 15:49:05.568244
54	233	1	1	Vermont	VT	2025-06-18 15:49:05.568244	2025-06-18 15:49:05.568244
55	233	1	1	Virginia	VA	2025-06-18 15:49:05.568244	2025-06-18 15:49:05.568244
56	233	1	1	Washington	WA	2025-06-18 15:49:05.568244	2025-06-18 15:49:05.568244
57	233	1	1	West Virginia	WV	2025-06-18 15:49:05.568244	2025-06-18 15:49:05.568244
58	233	1	1	Wisconsin	WI	2025-06-18 15:49:05.568244	2025-06-18 15:49:05.568244
59	233	1	1	Wyoming	WY	2025-06-18 15:49:05.568244	2025-06-18 15:49:05.568244
60	233	1	1	American Samoa	AS	2025-06-18 15:49:05.568244	2025-06-18 15:49:05.568244
61	233	1	1	Federated States of Micronesia	FM	2025-06-18 15:49:05.568244	2025-06-18 15:49:05.568244
62	233	1	1	Guam	GU	2025-06-18 15:49:05.568244	2025-06-18 15:49:05.568244
63	233	1	1	Marshall Islands	MH	2025-06-18 15:49:05.568244	2025-06-18 15:49:05.568244
64	233	1	1	Northern Mariana Islands	MP	2025-06-18 15:49:05.568244	2025-06-18 15:49:05.568244
65	233	1	1	Palau	PW	2025-06-18 15:49:05.568244	2025-06-18 15:49:05.568244
66	233	1	1	Puerto Rico	PR	2025-06-18 15:49:05.568244	2025-06-18 15:49:05.568244
67	233	1	1	Virgin Islands	VI	2025-06-18 15:49:05.568244	2025-06-18 15:49:05.568244
68	233	1	1	Armed Forces Americas	AA	2025-06-18 15:49:05.568244	2025-06-18 15:49:05.568244
69	233	1	1	Armed Forces Europe	AE	2025-06-18 15:49:05.568244	2025-06-18 15:49:05.568244
70	233	1	1	Armed Forces Pacific	AP	2025-06-18 15:49:05.568244	2025-06-18 15:49:05.568244
71	31	1	1	Acre	AC	2025-06-18 15:49:05.568244	2025-06-18 15:49:05.568244
72	31	1	1	Alagoas	AL	2025-06-18 15:49:05.568244	2025-06-18 15:49:05.568244
73	31	1	1	Amapá	AP	2025-06-18 15:49:05.568244	2025-06-18 15:49:05.568244
74	31	1	1	Amazonas	AM	2025-06-18 15:49:05.568244	2025-06-18 15:49:05.568244
75	31	1	1	Bahia	BA	2025-06-18 15:49:05.568244	2025-06-18 15:49:05.568244
76	31	1	1	Ceará	CE	2025-06-18 15:49:05.568244	2025-06-18 15:49:05.568244
77	31	1	1	Distrito Federal	DF	2025-06-18 15:49:05.568244	2025-06-18 15:49:05.568244
78	31	1	1	Espírito Santo	ES	2025-06-18 15:49:05.568244	2025-06-18 15:49:05.568244
79	31	1	1	Goiás	GO	2025-06-18 15:49:05.568244	2025-06-18 15:49:05.568244
80	31	1	1	Maranhão	MA	2025-06-18 15:49:05.568244	2025-06-18 15:49:05.568244
81	31	1	1	Mato Grosso	MT	2025-06-18 15:49:05.568244	2025-06-18 15:49:05.568244
82	31	1	1	Mato Grosso do Sul	MS	2025-06-18 15:49:05.568244	2025-06-18 15:49:05.568244
83	31	1	1	Minas Gerais	MG	2025-06-18 15:49:05.568244	2025-06-18 15:49:05.568244
84	31	1	1	Pará	PA	2025-06-18 15:49:05.568244	2025-06-18 15:49:05.568244
85	31	1	1	Paraíba	PB	2025-06-18 15:49:05.568244	2025-06-18 15:49:05.568244
86	31	1	1	Paraná	PR	2025-06-18 15:49:05.568244	2025-06-18 15:49:05.568244
87	31	1	1	Pernambuco	PE	2025-06-18 15:49:05.568244	2025-06-18 15:49:05.568244
88	31	1	1	Piauí	PI	2025-06-18 15:49:05.568244	2025-06-18 15:49:05.568244
89	31	1	1	Rio de Janeiro	RJ	2025-06-18 15:49:05.568244	2025-06-18 15:49:05.568244
90	31	1	1	Rio Grande do Norte	RN	2025-06-18 15:49:05.568244	2025-06-18 15:49:05.568244
91	31	1	1	Rio Grande do Sul	RS	2025-06-18 15:49:05.568244	2025-06-18 15:49:05.568244
92	31	1	1	Rondônia	RO	2025-06-18 15:49:05.568244	2025-06-18 15:49:05.568244
93	31	1	1	Roraima	RR	2025-06-18 15:49:05.568244	2025-06-18 15:49:05.568244
94	31	1	1	Santa Catarina	SC	2025-06-18 15:49:05.568244	2025-06-18 15:49:05.568244
95	31	1	1	São Paulo	SP	2025-06-18 15:49:05.568244	2025-06-18 15:49:05.568244
96	31	1	1	Sergipe	SE	2025-06-18 15:49:05.568244	2025-06-18 15:49:05.568244
97	31	1	1	Tocantins	TO	2025-06-18 15:49:05.568244	2025-06-18 15:49:05.568244
98	190	1	1	Republic of Adygeya	AD	2025-06-18 15:49:05.568244	2025-06-18 15:49:05.568244
99	190	1	1	Altai Republic	AL	2025-06-18 15:49:05.568244	2025-06-18 15:49:05.568244
100	190	1	1	Altai Krai	ALT	2025-06-18 15:49:05.568244	2025-06-18 15:49:05.568244
101	190	1	1	Amur Oblast	AMU	2025-06-18 15:49:05.568244	2025-06-18 15:49:05.568244
102	190	1	1	Arkhangelsk Oblast	ARK	2025-06-18 15:49:05.568244	2025-06-18 15:49:05.568244
103	190	1	1	Astrakhan Oblast	AST	2025-06-18 15:49:05.568244	2025-06-18 15:49:05.568244
104	190	1	1	Republic of Bashkortostan	BA	2025-06-18 15:49:05.568244	2025-06-18 15:49:05.568244
105	190	1	1	Belgorod Oblast	BEL	2025-06-18 15:49:05.568244	2025-06-18 15:49:05.568244
106	190	1	1	Bryansk Oblast	BRY	2025-06-18 15:49:05.568244	2025-06-18 15:49:05.568244
107	190	1	1	Republic of Buryatia	BU	2025-06-18 15:49:05.568244	2025-06-18 15:49:05.568244
108	190	1	1	Chechen Republic	CE	2025-06-18 15:49:05.568244	2025-06-18 15:49:05.568244
109	190	1	1	Chelyabinsk Oblast	CHE	2025-06-18 15:49:05.568244	2025-06-18 15:49:05.568244
110	190	1	1	Chukotka Autonomous Okrug	CHU	2025-06-18 15:49:05.568244	2025-06-18 15:49:05.568244
111	190	1	1	Chuvash Republic	CU	2025-06-18 15:49:05.568244	2025-06-18 15:49:05.568244
112	190	1	1	Republic of Dagestan	DA	2025-06-18 15:49:05.568244	2025-06-18 15:49:05.568244
113	190	1	1	Republic of Ingushetia	IN	2025-06-18 15:49:05.568244	2025-06-18 15:49:05.568244
114	190	1	1	Irkutsk Oblast	IRK	2025-06-18 15:49:05.568244	2025-06-18 15:49:05.568244
115	190	1	1	Ivanovo Oblast	IVA	2025-06-18 15:49:05.568244	2025-06-18 15:49:05.568244
116	190	1	1	Kamchatka Krai	KAM	2025-06-18 15:49:05.568244	2025-06-18 15:49:05.568244
117	190	1	1	Kabardino-Balkarian Republic	KB	2025-06-18 15:49:05.568244	2025-06-18 15:49:05.568244
118	190	1	1	Kaliningrad Oblast	KGD	2025-06-18 15:49:05.568244	2025-06-18 15:49:05.568244
119	190	1	1	Republic of Kalmykia	KL	2025-06-18 15:49:05.568244	2025-06-18 15:49:05.568244
120	190	1	1	Kaluga Oblast	KLU	2025-06-18 15:49:05.568244	2025-06-18 15:49:05.568244
121	190	1	1	Karachay–Cherkess Republic	KC	2025-06-18 15:49:05.568244	2025-06-18 15:49:05.568244
122	190	1	1	Republic of Karelia	KR	2025-06-18 15:49:05.568244	2025-06-18 15:49:05.568244
123	190	1	1	Kemerovo Oblast	KEM	2025-06-18 15:49:05.568244	2025-06-18 15:49:05.568244
124	190	1	1	Khabarovsk Krai	KHA	2025-06-18 15:49:05.568244	2025-06-18 15:49:05.568244
125	190	1	1	Republic of Khakassia	KK	2025-06-18 15:49:05.568244	2025-06-18 15:49:05.568244
126	190	1	1	Khanty-Mansi Autonomous Okrug	KHM	2025-06-18 15:49:05.568244	2025-06-18 15:49:05.568244
127	190	1	1	Kirov Oblast	KIR	2025-06-18 15:49:05.568244	2025-06-18 15:49:05.568244
128	190	1	1	Komi Republic	KO	2025-06-18 15:49:05.568244	2025-06-18 15:49:05.568244
129	190	1	1	Kostroma Oblast	KOS	2025-06-18 15:49:05.568244	2025-06-18 15:49:05.568244
130	190	1	1	Krasnodar Krai	KDA	2025-06-18 15:49:05.568244	2025-06-18 15:49:05.568244
131	190	1	1	Krasnoyarsk Krai	KYA	2025-06-18 15:49:05.568244	2025-06-18 15:49:05.568244
132	190	1	1	Kurgan Oblast	KGN	2025-06-18 15:49:05.568244	2025-06-18 15:49:05.568244
133	190	1	1	Kursk Oblast	KRS	2025-06-18 15:49:05.568244	2025-06-18 15:49:05.568244
134	190	1	1	Leningrad Oblast	LEN	2025-06-18 15:49:05.568244	2025-06-18 15:49:05.568244
135	190	1	1	Lipetsk Oblast	LIP	2025-06-18 15:49:05.568244	2025-06-18 15:49:05.568244
136	190	1	1	Magadan Oblast	MAG	2025-06-18 15:49:05.568244	2025-06-18 15:49:05.568244
137	190	1	1	Mari El Republic	ME	2025-06-18 15:49:05.568244	2025-06-18 15:49:05.568244
138	190	1	1	Republic of Mordovia	MO	2025-06-18 15:49:05.568244	2025-06-18 15:49:05.568244
139	190	1	1	Moscow Oblast	MOS	2025-06-18 15:49:05.568244	2025-06-18 15:49:05.568244
140	190	1	1	Moscow	MOW	2025-06-18 15:49:05.568244	2025-06-18 15:49:05.568244
141	190	1	1	Murmansk Oblast	MUR	2025-06-18 15:49:05.568244	2025-06-18 15:49:05.568244
142	190	1	1	Nizhny Novgorod Oblast	NIZ	2025-06-18 15:49:05.568244	2025-06-18 15:49:05.568244
143	190	1	1	Novgorod Oblast	NGR	2025-06-18 15:49:05.568244	2025-06-18 15:49:05.568244
144	190	1	1	Novosibirsk Oblast	NVS	2025-06-18 15:49:05.568244	2025-06-18 15:49:05.568244
145	190	1	1	Omsk Oblast	OMS	2025-06-18 15:49:05.568244	2025-06-18 15:49:05.568244
146	190	1	1	Orenburg Oblast	ORE	2025-06-18 15:49:05.568244	2025-06-18 15:49:05.568244
147	190	1	1	Oryol Oblast	ORL	2025-06-18 15:49:05.568244	2025-06-18 15:49:05.568244
148	190	1	1	Penza Oblast	PNZ	2025-06-18 15:49:05.568244	2025-06-18 15:49:05.568244
149	190	1	1	Perm Krai	PER	2025-06-18 15:49:05.568244	2025-06-18 15:49:05.568244
150	190	1	1	Primorsky Krai	PRI	2025-06-18 15:49:05.568244	2025-06-18 15:49:05.568244
151	190	1	1	Pskov Oblast	PSK	2025-06-18 15:49:05.568244	2025-06-18 15:49:05.568244
152	190	1	1	Rostov Oblast	ROS	2025-06-18 15:49:05.568244	2025-06-18 15:49:05.568244
153	190	1	1	Ryazan Oblast	RYA	2025-06-18 15:49:05.568244	2025-06-18 15:49:05.568244
154	190	1	1	Sakha Republic (Yakutia)	SA	2025-06-18 15:49:05.568244	2025-06-18 15:49:05.568244
155	190	1	1	Sakhalin Oblast	SAK	2025-06-18 15:49:05.568244	2025-06-18 15:49:05.568244
156	190	1	1	Samara Oblast	SAM	2025-06-18 15:49:05.568244	2025-06-18 15:49:05.568244
157	190	1	1	Saint Petersburg	SPE	2025-06-18 15:49:05.568244	2025-06-18 15:49:05.568244
158	190	1	1	Saratov Oblast	SAR	2025-06-18 15:49:05.568244	2025-06-18 15:49:05.568244
159	190	1	1	Republic of North Ossetia–Alania	SE	2025-06-18 15:49:05.568244	2025-06-18 15:49:05.568244
160	190	1	1	Smolensk Oblast	SMO	2025-06-18 15:49:05.568244	2025-06-18 15:49:05.568244
161	190	1	1	Stavropol Krai	STA	2025-06-18 15:49:05.568244	2025-06-18 15:49:05.568244
162	190	1	1	Sverdlovsk Oblast	SVE	2025-06-18 15:49:05.568244	2025-06-18 15:49:05.568244
163	190	1	1	Tambov Oblast	TAM	2025-06-18 15:49:05.568244	2025-06-18 15:49:05.568244
164	190	1	1	Republic of Tatarstan	TA	2025-06-18 15:49:05.568244	2025-06-18 15:49:05.568244
165	190	1	1	Tomsk Oblast	TOM	2025-06-18 15:49:05.568244	2025-06-18 15:49:05.568244
166	190	1	1	Tula Oblast	TUL	2025-06-18 15:49:05.568244	2025-06-18 15:49:05.568244
167	190	1	1	Tver Oblast	TVE	2025-06-18 15:49:05.568244	2025-06-18 15:49:05.568244
168	190	1	1	Tyumen Oblast	TYU	2025-06-18 15:49:05.568244	2025-06-18 15:49:05.568244
169	190	1	1	Tyva Republic	TY	2025-06-18 15:49:05.568244	2025-06-18 15:49:05.568244
170	190	1	1	Udmurtia	UD	2025-06-18 15:49:05.568244	2025-06-18 15:49:05.568244
171	190	1	1	Ulyanovsk Oblast	ULY	2025-06-18 15:49:05.568244	2025-06-18 15:49:05.568244
172	190	1	1	Vladimir Oblast	VLA	2025-06-18 15:49:05.568244	2025-06-18 15:49:05.568244
173	190	1	1	Volgograd Oblast	VGG	2025-06-18 15:49:05.568244	2025-06-18 15:49:05.568244
174	190	1	1	Vologda Oblast	VLG	2025-06-18 15:49:05.568244	2025-06-18 15:49:05.568244
175	190	1	1	Voronezh Oblast	VOR	2025-06-18 15:49:05.568244	2025-06-18 15:49:05.568244
176	190	1	1	Yamalo-Nenets Autonomous Okrug	YAN	2025-06-18 15:49:05.568244	2025-06-18 15:49:05.568244
177	190	1	1	Yaroslavl Oblast	YAR	2025-06-18 15:49:05.568244	2025-06-18 15:49:05.568244
178	190	1	1	Jewish Autonomous Oblast	YEV	2025-06-18 15:49:05.568244	2025-06-18 15:49:05.568244
179	90	1	1	Alta Verapaz	AVE	2025-06-18 15:49:05.568244	2025-06-18 15:49:05.568244
180	90	1	1	Baja Verapaz	BVE	2025-06-18 15:49:05.568244	2025-06-18 15:49:05.568244
181	90	1	1	Chimaltenango	CMT	2025-06-18 15:49:05.568244	2025-06-18 15:49:05.568244
182	90	1	1	Chiquimula	CQM	2025-06-18 15:49:05.568244	2025-06-18 15:49:05.568244
183	90	1	1	El Progreso	EPR	2025-06-18 15:49:05.568244	2025-06-18 15:49:05.568244
184	90	1	1	Escuintla	ESC	2025-06-18 15:49:05.568244	2025-06-18 15:49:05.568244
185	90	1	1	Guatemala	GUA	2025-06-18 15:49:05.568244	2025-06-18 15:49:05.568244
186	90	1	1	Huehuetenango	HUE	2025-06-18 15:49:05.568244	2025-06-18 15:49:05.568244
187	90	1	1	Izabal	IZA	2025-06-18 15:49:05.568244	2025-06-18 15:49:05.568244
188	90	1	1	Jalapa	JAL	2025-06-18 15:49:05.568244	2025-06-18 15:49:05.568244
189	90	1	1	Jutiapa	JUT	2025-06-18 15:49:05.568244	2025-06-18 15:49:05.568244
190	90	1	1	Petén	PET	2025-06-18 15:49:05.568244	2025-06-18 15:49:05.568244
191	90	1	1	Quetzaltenango	QUE	2025-06-18 15:49:05.568244	2025-06-18 15:49:05.568244
192	90	1	1	Quiché	QUI	2025-06-18 15:49:05.568244	2025-06-18 15:49:05.568244
193	90	1	1	Retalhuleu	RET	2025-06-18 15:49:05.568244	2025-06-18 15:49:05.568244
194	90	1	1	Sacatepéquez	SAC	2025-06-18 15:49:05.568244	2025-06-18 15:49:05.568244
195	90	1	1	San Marcos	SMA	2025-06-18 15:49:05.568244	2025-06-18 15:49:05.568244
196	90	1	1	Santa Rosa	SRO	2025-06-18 15:49:05.568244	2025-06-18 15:49:05.568244
197	90	1	1	Sololá	SOL	2025-06-18 15:49:05.568244	2025-06-18 15:49:05.568244
198	90	1	1	Suchitepéquez	SUC	2025-06-18 15:49:05.568244	2025-06-18 15:49:05.568244
199	90	1	1	Totonicapán	TOT	2025-06-18 15:49:05.568244	2025-06-18 15:49:05.568244
200	90	1	1	Zacapa	ZAC	2025-06-18 15:49:05.568244	2025-06-18 15:49:05.568244
201	113	1	1	Aichi	23	2025-06-18 15:49:05.568244	2025-06-18 15:49:05.568244
202	113	1	1	Akita	05	2025-06-18 15:49:05.568244	2025-06-18 15:49:05.568244
203	113	1	1	Aomori	02	2025-06-18 15:49:05.568244	2025-06-18 15:49:05.568244
204	113	1	1	Chiba	12	2025-06-18 15:49:05.568244	2025-06-18 15:49:05.568244
205	113	1	1	Ehime	38	2025-06-18 15:49:05.568244	2025-06-18 15:49:05.568244
206	113	1	1	Fukui	18	2025-06-18 15:49:05.568244	2025-06-18 15:49:05.568244
207	113	1	1	Fukuoka	40	2025-06-18 15:49:05.568244	2025-06-18 15:49:05.568244
208	113	1	1	Fukushima	07	2025-06-18 15:49:05.568244	2025-06-18 15:49:05.568244
209	113	1	1	Gifu	21	2025-06-18 15:49:05.568244	2025-06-18 15:49:05.568244
210	113	1	1	Gunma	10	2025-06-18 15:49:05.568244	2025-06-18 15:49:05.568244
211	113	1	1	Hiroshima	34	2025-06-18 15:49:05.568244	2025-06-18 15:49:05.568244
212	113	1	1	Hokkaido	01	2025-06-18 15:49:05.568244	2025-06-18 15:49:05.568244
213	113	1	1	Hyogo	28	2025-06-18 15:49:05.568244	2025-06-18 15:49:05.568244
214	113	1	1	Ibaraki	08	2025-06-18 15:49:05.568244	2025-06-18 15:49:05.568244
215	113	1	1	Ishikawa	17	2025-06-18 15:49:05.568244	2025-06-18 15:49:05.568244
216	113	1	1	Iwate	03	2025-06-18 15:49:05.568244	2025-06-18 15:49:05.568244
217	113	1	1	Kagawa	37	2025-06-18 15:49:05.568244	2025-06-18 15:49:05.568244
218	113	1	1	Kagoshima	46	2025-06-18 15:49:05.568244	2025-06-18 15:49:05.568244
219	113	1	1	Kanagawa	14	2025-06-18 15:49:05.568244	2025-06-18 15:49:05.568244
220	113	1	1	Kochi	39	2025-06-18 15:49:05.568244	2025-06-18 15:49:05.568244
221	113	1	1	Kumamoto	43	2025-06-18 15:49:05.568244	2025-06-18 15:49:05.568244
222	113	1	1	Kyoto	26	2025-06-18 15:49:05.568244	2025-06-18 15:49:05.568244
223	113	1	1	Mie	24	2025-06-18 15:49:05.568244	2025-06-18 15:49:05.568244
224	113	1	1	Miyagi	04	2025-06-18 15:49:05.568244	2025-06-18 15:49:05.568244
225	113	1	1	Miyazaki	45	2025-06-18 15:49:05.568244	2025-06-18 15:49:05.568244
226	113	1	1	Nagano	20	2025-06-18 15:49:05.568244	2025-06-18 15:49:05.568244
227	113	1	1	Nagasaki	42	2025-06-18 15:49:05.568244	2025-06-18 15:49:05.568244
228	113	1	1	Nara	29	2025-06-18 15:49:05.568244	2025-06-18 15:49:05.568244
229	113	1	1	Niigata	15	2025-06-18 15:49:05.568244	2025-06-18 15:49:05.568244
230	113	1	1	Oita	44	2025-06-18 15:49:05.568244	2025-06-18 15:49:05.568244
231	113	1	1	Okayama	33	2025-06-18 15:49:05.568244	2025-06-18 15:49:05.568244
232	113	1	1	Okinawa	47	2025-06-18 15:49:05.568244	2025-06-18 15:49:05.568244
233	113	1	1	Osaka	27	2025-06-18 15:49:05.568244	2025-06-18 15:49:05.568244
234	113	1	1	Saga	41	2025-06-18 15:49:05.568244	2025-06-18 15:49:05.568244
235	113	1	1	Saitama	11	2025-06-18 15:49:05.568244	2025-06-18 15:49:05.568244
236	113	1	1	Shiga	25	2025-06-18 15:49:05.568244	2025-06-18 15:49:05.568244
237	113	1	1	Shimane	32	2025-06-18 15:49:05.568244	2025-06-18 15:49:05.568244
238	113	1	1	Shizuoka	22	2025-06-18 15:49:05.568244	2025-06-18 15:49:05.568244
239	113	1	1	Tochigi	09	2025-06-18 15:49:05.568244	2025-06-18 15:49:05.568244
240	113	1	1	Tokushima	36	2025-06-18 15:49:05.568244	2025-06-18 15:49:05.568244
241	113	1	1	Tottori	31	2025-06-18 15:49:05.568244	2025-06-18 15:49:05.568244
242	113	1	1	Toyama	16	2025-06-18 15:49:05.568244	2025-06-18 15:49:05.568244
243	113	1	1	Tokyo	13	2025-06-18 15:49:05.568244	2025-06-18 15:49:05.568244
244	113	1	1	Wakayama	30	2025-06-18 15:49:05.568244	2025-06-18 15:49:05.568244
245	113	1	1	Yamagata	06	2025-06-18 15:49:05.568244	2025-06-18 15:49:05.568244
246	113	1	1	Yamaguchi	35	2025-06-18 15:49:05.568244	2025-06-18 15:49:05.568244
247	113	1	1	Yamanashi	19	2025-06-18 15:49:05.568244	2025-06-18 15:49:05.568244
248	183	1	1	Aveiro	01	2025-06-18 15:49:05.568244	2025-06-18 15:49:05.568244
249	183	1	1	Beja	02	2025-06-18 15:49:05.568244	2025-06-18 15:49:05.568244
250	183	1	1	Braga	03	2025-06-18 15:49:05.568244	2025-06-18 15:49:05.568244
251	183	1	1	Bragança	04	2025-06-18 15:49:05.568244	2025-06-18 15:49:05.568244
252	183	1	1	Castelo Branco	05	2025-06-18 15:49:05.568244	2025-06-18 15:49:05.568244
253	183	1	1	Coimbra	06	2025-06-18 15:49:05.568244	2025-06-18 15:49:05.568244
254	183	1	1	Évora	07	2025-06-18 15:49:05.568244	2025-06-18 15:49:05.568244
255	183	1	1	Faro	08	2025-06-18 15:49:05.568244	2025-06-18 15:49:05.568244
256	183	1	1	Guarda	09	2025-06-18 15:49:05.568244	2025-06-18 15:49:05.568244
257	183	1	1	Leiria	10	2025-06-18 15:49:05.568244	2025-06-18 15:49:05.568244
258	183	1	1	Lisboa	11	2025-06-18 15:49:05.568244	2025-06-18 15:49:05.568244
259	183	1	1	Portalegre	12	2025-06-18 15:49:05.568244	2025-06-18 15:49:05.568244
260	183	1	1	Porto	13	2025-06-18 15:49:05.568244	2025-06-18 15:49:05.568244
261	183	1	1	Santarém	14	2025-06-18 15:49:05.568244	2025-06-18 15:49:05.568244
262	183	1	1	Setúbal	15	2025-06-18 15:49:05.568244	2025-06-18 15:49:05.568244
263	183	1	1	Viana do Castelo	16	2025-06-18 15:49:05.568244	2025-06-18 15:49:05.568244
264	183	1	1	Vila Real	17	2025-06-18 15:49:05.568244	2025-06-18 15:49:05.568244
265	183	1	1	Viseu	18	2025-06-18 15:49:05.568244	2025-06-18 15:49:05.568244
266	183	1	1	Açores	20	2025-06-18 15:49:05.568244	2025-06-18 15:49:05.568244
267	183	1	1	Madeira	30	2025-06-18 15:49:05.568244	2025-06-18 15:49:05.568244
268	65	1	1	Dakahlia	DK	2025-06-18 15:49:05.568244	2025-06-18 15:49:05.568244
269	65	1	1	Red Sea	BA	2025-06-18 15:49:05.568244	2025-06-18 15:49:05.568244
270	65	1	1	Beheira	BH	2025-06-18 15:49:05.568244	2025-06-18 15:49:05.568244
271	65	1	1	Faiyum	FYM	2025-06-18 15:49:05.568244	2025-06-18 15:49:05.568244
272	65	1	1	Gharbia	GH	2025-06-18 15:49:05.568244	2025-06-18 15:49:05.568244
273	65	1	1	Alexandria	ALX	2025-06-18 15:49:05.568244	2025-06-18 15:49:05.568244
274	65	1	1	Ismailia	IS	2025-06-18 15:49:05.568244	2025-06-18 15:49:05.568244
275	65	1	1	Giza	GZ	2025-06-18 15:49:05.568244	2025-06-18 15:49:05.568244
276	65	1	1	Monufia	MNF	2025-06-18 15:49:05.568244	2025-06-18 15:49:05.568244
277	65	1	1	Minya	MN	2025-06-18 15:49:05.568244	2025-06-18 15:49:05.568244
278	65	1	1	Cairo	C	2025-06-18 15:49:05.568244	2025-06-18 15:49:05.568244
279	65	1	1	Qalyubia	KB	2025-06-18 15:49:05.568244	2025-06-18 15:49:05.568244
280	65	1	1	Luxor	LX	2025-06-18 15:49:05.568244	2025-06-18 15:49:05.568244
281	65	1	1	New Valley	WAD	2025-06-18 15:49:05.568244	2025-06-18 15:49:05.568244
282	65	1	1	Al Sharqia	SHR	2025-06-18 15:49:05.568244	2025-06-18 15:49:05.568244
283	65	1	1	6th of October	SU	2025-06-18 15:49:05.568244	2025-06-18 15:49:05.568244
284	65	1	1	Suez	SUZ	2025-06-18 15:49:05.568244	2025-06-18 15:49:05.568244
285	65	1	1	Aswan	ASN	2025-06-18 15:49:05.568244	2025-06-18 15:49:05.568244
286	65	1	1	Asyut	AST	2025-06-18 15:49:05.568244	2025-06-18 15:49:05.568244
287	65	1	1	Beni Suef	BNS	2025-06-18 15:49:05.568244	2025-06-18 15:49:05.568244
288	65	1	1	Port Said	PTS	2025-06-18 15:49:05.568244	2025-06-18 15:49:05.568244
289	65	1	1	Damietta	DT	2025-06-18 15:49:05.568244	2025-06-18 15:49:05.568244
290	65	1	1	Helwan	HU	2025-06-18 15:49:05.568244	2025-06-18 15:49:05.568244
291	65	1	1	South Sinai	JS	2025-06-18 15:49:05.568244	2025-06-18 15:49:05.568244
292	65	1	1	Kafr el-Sheikh	KFS	2025-06-18 15:49:05.568244	2025-06-18 15:49:05.568244
293	65	1	1	Matrouh	MT	2025-06-18 15:49:05.568244	2025-06-18 15:49:05.568244
294	65	1	1	Qena	KN	2025-06-18 15:49:05.568244	2025-06-18 15:49:05.568244
295	65	1	1	North Sinai	SIN	2025-06-18 15:49:05.568244	2025-06-18 15:49:05.568244
296	65	1	1	Sohag	SHG	2025-06-18 15:49:05.568244	2025-06-18 15:49:05.568244
297	247	1	1	Eastern Cape	EC	2025-06-18 15:49:05.568244	2025-06-18 15:49:05.568244
298	247	1	1	Free State	FS	2025-06-18 15:49:05.568244	2025-06-18 15:49:05.568244
299	247	1	1	Gauteng	GP	2025-06-18 15:49:05.568244	2025-06-18 15:49:05.568244
300	247	1	1	KwaZulu-Natal	KZN	2025-06-18 15:49:05.568244	2025-06-18 15:49:05.568244
301	247	1	1	Limpopo	LP	2025-06-18 15:49:05.568244	2025-06-18 15:49:05.568244
302	247	1	1	Mpumalanga	MP	2025-06-18 15:49:05.568244	2025-06-18 15:49:05.568244
303	247	1	1	Northern Cape	NC	2025-06-18 15:49:05.568244	2025-06-18 15:49:05.568244
304	247	1	1	North West	NW	2025-06-18 15:49:05.568244	2025-06-18 15:49:05.568244
305	247	1	1	Western Cape	WC	2025-06-18 15:49:05.568244	2025-06-18 15:49:05.568244
306	109	1	1	Agrigento	AG	2025-06-18 15:49:05.568244	2025-06-18 15:49:05.568244
307	109	1	1	Alessandria	AL	2025-06-18 15:49:05.568244	2025-06-18 15:49:05.568244
308	109	1	1	Ancona	AN	2025-06-18 15:49:05.568244	2025-06-18 15:49:05.568244
309	109	1	1	Aosta	AO	2025-06-18 15:49:05.568244	2025-06-18 15:49:05.568244
310	109	1	1	Arezzo	AR	2025-06-18 15:49:05.568244	2025-06-18 15:49:05.568244
311	109	1	1	Ascoli Piceno	AP	2025-06-18 15:49:05.568244	2025-06-18 15:49:05.568244
312	109	1	1	Asti	AT	2025-06-18 15:49:05.568244	2025-06-18 15:49:05.568244
313	109	1	1	Avellino	AV	2025-06-18 15:49:05.568244	2025-06-18 15:49:05.568244
314	109	1	1	Bari	BA	2025-06-18 15:49:05.568244	2025-06-18 15:49:05.568244
315	109	1	1	Barletta-Andria-Trani	BT	2025-06-18 15:49:05.568244	2025-06-18 15:49:05.568244
316	109	1	1	Belluno	BL	2025-06-18 15:49:05.568244	2025-06-18 15:49:05.568244
317	109	1	1	Benevento	BN	2025-06-18 15:49:05.568244	2025-06-18 15:49:05.568244
318	109	1	1	Bergamo	BG	2025-06-18 15:49:05.568244	2025-06-18 15:49:05.568244
319	109	1	1	Biella	BI	2025-06-18 15:49:05.568244	2025-06-18 15:49:05.568244
320	109	1	1	Bologna	BO	2025-06-18 15:49:05.568244	2025-06-18 15:49:05.568244
321	109	1	1	Bolzano	BZ	2025-06-18 15:49:05.568244	2025-06-18 15:49:05.568244
322	109	1	1	Brescia	BS	2025-06-18 15:49:05.568244	2025-06-18 15:49:05.568244
323	109	1	1	Brindisi	BR	2025-06-18 15:49:05.568244	2025-06-18 15:49:05.568244
324	109	1	1	Cagliari	CA	2025-06-18 15:49:05.568244	2025-06-18 15:49:05.568244
325	109	1	1	Caltanissetta	CL	2025-06-18 15:49:05.568244	2025-06-18 15:49:05.568244
326	109	1	1	Campobasso	CB	2025-06-18 15:49:05.568244	2025-06-18 15:49:05.568244
327	109	1	1	Carbonia-Iglesias	CI	2025-06-18 15:49:05.568244	2025-06-18 15:49:05.568244
328	109	1	1	Caserta	CE	2025-06-18 15:49:05.568244	2025-06-18 15:49:05.568244
329	109	1	1	Catania	CT	2025-06-18 15:49:05.568244	2025-06-18 15:49:05.568244
330	109	1	1	Catanzaro	CZ	2025-06-18 15:49:05.568244	2025-06-18 15:49:05.568244
331	109	1	1	Chieti	CH	2025-06-18 15:49:05.568244	2025-06-18 15:49:05.568244
332	109	1	1	Como	CO	2025-06-18 15:49:05.568244	2025-06-18 15:49:05.568244
333	109	1	1	Cosenza	CS	2025-06-18 15:49:05.568244	2025-06-18 15:49:05.568244
334	109	1	1	Cremona	CR	2025-06-18 15:49:05.568244	2025-06-18 15:49:05.568244
335	109	1	1	Crotone	KR	2025-06-18 15:49:05.568244	2025-06-18 15:49:05.568244
336	109	1	1	Cuneo	CN	2025-06-18 15:49:05.568244	2025-06-18 15:49:05.568244
337	109	1	1	Enna	EN	2025-06-18 15:49:05.568244	2025-06-18 15:49:05.568244
338	109	1	1	Fermo	FM	2025-06-18 15:49:05.568244	2025-06-18 15:49:05.568244
339	109	1	1	Ferrara	FE	2025-06-18 15:49:05.568244	2025-06-18 15:49:05.568244
340	109	1	1	Firenze	FI	2025-06-18 15:49:05.568244	2025-06-18 15:49:05.568244
341	109	1	1	Foggia	FG	2025-06-18 15:49:05.568244	2025-06-18 15:49:05.568244
342	109	1	1	Forlì-Cesena	FC	2025-06-18 15:49:05.568244	2025-06-18 15:49:05.568244
343	109	1	1	Frosinone	FR	2025-06-18 15:49:05.568244	2025-06-18 15:49:05.568244
344	109	1	1	Genova	GE	2025-06-18 15:49:05.568244	2025-06-18 15:49:05.568244
345	109	1	1	Gorizia	GO	2025-06-18 15:49:05.568244	2025-06-18 15:49:05.568244
346	109	1	1	Grosseto	GR	2025-06-18 15:49:05.568244	2025-06-18 15:49:05.568244
347	109	1	1	Imperia	IM	2025-06-18 15:49:05.568244	2025-06-18 15:49:05.568244
348	109	1	1	Isernia	IS	2025-06-18 15:49:05.568244	2025-06-18 15:49:05.568244
349	109	1	1	La Spezia	SP	2025-06-18 15:49:05.568244	2025-06-18 15:49:05.568244
350	109	1	1	L'Aquila	AQ	2025-06-18 15:49:05.568244	2025-06-18 15:49:05.568244
351	109	1	1	Latina	LT	2025-06-18 15:49:05.568244	2025-06-18 15:49:05.568244
352	109	1	1	Lecce	LE	2025-06-18 15:49:05.568244	2025-06-18 15:49:05.568244
353	109	1	1	Lecco	LC	2025-06-18 15:49:05.568244	2025-06-18 15:49:05.568244
354	109	1	1	Livorno	LI	2025-06-18 15:49:05.568244	2025-06-18 15:49:05.568244
355	109	1	1	Lodi	LO	2025-06-18 15:49:05.568244	2025-06-18 15:49:05.568244
356	109	1	1	Lucca	LU	2025-06-18 15:49:05.568244	2025-06-18 15:49:05.568244
357	109	1	1	Macerata	MC	2025-06-18 15:49:05.568244	2025-06-18 15:49:05.568244
358	109	1	1	Mantova	MN	2025-06-18 15:49:05.568244	2025-06-18 15:49:05.568244
359	109	1	1	Massa-Carrara	MS	2025-06-18 15:49:05.568244	2025-06-18 15:49:05.568244
360	109	1	1	Matera	MT	2025-06-18 15:49:05.568244	2025-06-18 15:49:05.568244
361	109	1	1	Medio Campidano	VS	2025-06-18 15:49:05.568244	2025-06-18 15:49:05.568244
362	109	1	1	Messina	ME	2025-06-18 15:49:05.568244	2025-06-18 15:49:05.568244
363	109	1	1	Milano	MI	2025-06-18 15:49:05.568244	2025-06-18 15:49:05.568244
364	109	1	1	Modena	MO	2025-06-18 15:49:05.568244	2025-06-18 15:49:05.568244
365	109	1	1	Monza e Brianza	MB	2025-06-18 15:49:05.568244	2025-06-18 15:49:05.568244
366	109	1	1	Napoli	NA	2025-06-18 15:49:05.568244	2025-06-18 15:49:05.568244
367	109	1	1	Novara	NO	2025-06-18 15:49:05.568244	2025-06-18 15:49:05.568244
368	109	1	1	Nuoro	NU	2025-06-18 15:49:05.568244	2025-06-18 15:49:05.568244
369	109	1	1	Ogliastra	OG	2025-06-18 15:49:05.568244	2025-06-18 15:49:05.568244
370	109	1	1	Olbia-Tempio	OT	2025-06-18 15:49:05.568244	2025-06-18 15:49:05.568244
371	109	1	1	Oristano	OR	2025-06-18 15:49:05.568244	2025-06-18 15:49:05.568244
372	109	1	1	Padova	PD	2025-06-18 15:49:05.568244	2025-06-18 15:49:05.568244
373	109	1	1	Palermo	PA	2025-06-18 15:49:05.568244	2025-06-18 15:49:05.568244
374	109	1	1	Parma	PR	2025-06-18 15:49:05.568244	2025-06-18 15:49:05.568244
375	109	1	1	Pavia	PV	2025-06-18 15:49:05.568244	2025-06-18 15:49:05.568244
376	109	1	1	Perugia	PG	2025-06-18 15:49:05.568244	2025-06-18 15:49:05.568244
377	109	1	1	Pesaro e Urbino	PU	2025-06-18 15:49:05.568244	2025-06-18 15:49:05.568244
378	109	1	1	Pescara	PE	2025-06-18 15:49:05.568244	2025-06-18 15:49:05.568244
379	109	1	1	Piacenza	PC	2025-06-18 15:49:05.568244	2025-06-18 15:49:05.568244
380	109	1	1	Pisa	PI	2025-06-18 15:49:05.568244	2025-06-18 15:49:05.568244
381	109	1	1	Pistoia	PT	2025-06-18 15:49:05.568244	2025-06-18 15:49:05.568244
382	109	1	1	Pordenone	PN	2025-06-18 15:49:05.568244	2025-06-18 15:49:05.568244
383	109	1	1	Potenza	PZ	2025-06-18 15:49:05.568244	2025-06-18 15:49:05.568244
384	109	1	1	Prato	PO	2025-06-18 15:49:05.568244	2025-06-18 15:49:05.568244
385	109	1	1	Ragusa	RG	2025-06-18 15:49:05.568244	2025-06-18 15:49:05.568244
386	109	1	1	Ravenna	RA	2025-06-18 15:49:05.568244	2025-06-18 15:49:05.568244
387	109	1	1	Reggio Calabria	RC	2025-06-18 15:49:05.568244	2025-06-18 15:49:05.568244
388	109	1	1	Reggio Emilia	RE	2025-06-18 15:49:05.568244	2025-06-18 15:49:05.568244
389	109	1	1	Rieti	RI	2025-06-18 15:49:05.568244	2025-06-18 15:49:05.568244
390	109	1	1	Rimini	RN	2025-06-18 15:49:05.568244	2025-06-18 15:49:05.568244
391	109	1	1	Roma	RM	2025-06-18 15:49:05.568244	2025-06-18 15:49:05.568244
392	109	1	1	Rovigo	RO	2025-06-18 15:49:05.568244	2025-06-18 15:49:05.568244
393	109	1	1	Salerno	SA	2025-06-18 15:49:05.568244	2025-06-18 15:49:05.568244
394	109	1	1	Sassari	SS	2025-06-18 15:49:05.568244	2025-06-18 15:49:05.568244
395	109	1	1	Savona	SV	2025-06-18 15:49:05.568244	2025-06-18 15:49:05.568244
396	109	1	1	Siena	SI	2025-06-18 15:49:05.568244	2025-06-18 15:49:05.568244
397	109	1	1	Siracusa	SR	2025-06-18 15:49:05.568244	2025-06-18 15:49:05.568244
398	109	1	1	Sondrio	SO	2025-06-18 15:49:05.568244	2025-06-18 15:49:05.568244
399	109	1	1	Sud Sardegna	SU	2025-06-18 15:49:05.568244	2025-06-18 15:49:05.568244
400	109	1	1	Taranto	TA	2025-06-18 15:49:05.568244	2025-06-18 15:49:05.568244
401	109	1	1	Teramo	TE	2025-06-18 15:49:05.568244	2025-06-18 15:49:05.568244
402	109	1	1	Terni	TR	2025-06-18 15:49:05.568244	2025-06-18 15:49:05.568244
403	109	1	1	Torino	TO	2025-06-18 15:49:05.568244	2025-06-18 15:49:05.568244
404	109	1	1	Trapani	TP	2025-06-18 15:49:05.568244	2025-06-18 15:49:05.568244
405	109	1	1	Trento	TN	2025-06-18 15:49:05.568244	2025-06-18 15:49:05.568244
406	109	1	1	Treviso	TV	2025-06-18 15:49:05.568244	2025-06-18 15:49:05.568244
407	109	1	1	Trieste	TS	2025-06-18 15:49:05.568244	2025-06-18 15:49:05.568244
408	109	1	1	Udine	UD	2025-06-18 15:49:05.568244	2025-06-18 15:49:05.568244
409	109	1	1	Varese	VA	2025-06-18 15:49:05.568244	2025-06-18 15:49:05.568244
410	109	1	1	Venezia	VE	2025-06-18 15:49:05.568244	2025-06-18 15:49:05.568244
411	109	1	1	Verbano-Cusio-Ossola	VB	2025-06-18 15:49:05.568244	2025-06-18 15:49:05.568244
412	109	1	1	Vercelli	VC	2025-06-18 15:49:05.568244	2025-06-18 15:49:05.568244
413	109	1	1	Verona	VR	2025-06-18 15:49:05.568244	2025-06-18 15:49:05.568244
414	109	1	1	Vibo Valentia	VV	2025-06-18 15:49:05.568244	2025-06-18 15:49:05.568244
415	109	1	1	Vicenza	VI	2025-06-18 15:49:05.568244	2025-06-18 15:49:05.568244
416	109	1	1	Viterbo	VT	2025-06-18 15:49:05.568244	2025-06-18 15:49:05.568244
417	68	1	1	A Coruña (La Coruña)	C	2025-06-18 15:49:05.568244	2025-06-18 15:49:05.568244
418	68	1	1	Araba/Álava	VI	2025-06-18 15:49:05.568244	2025-06-18 15:49:05.568244
419	68	1	1	Albacete	AB	2025-06-18 15:49:05.568244	2025-06-18 15:49:05.568244
420	68	1	1	Alacant (Alicante)	A	2025-06-18 15:49:05.568244	2025-06-18 15:49:05.568244
421	68	1	1	Almería	AL	2025-06-18 15:49:05.568244	2025-06-18 15:49:05.568244
422	68	1	1	Asturias	O	2025-06-18 15:49:05.568244	2025-06-18 15:49:05.568244
423	68	1	1	Ávila	AV	2025-06-18 15:49:05.568244	2025-06-18 15:49:05.568244
424	68	1	1	Badajoz	BA	2025-06-18 15:49:05.568244	2025-06-18 15:49:05.568244
425	68	1	1	Illes Balears (Islas Baleares)	PM	2025-06-18 15:49:05.568244	2025-06-18 15:49:05.568244
426	68	1	1	Barcelona	B	2025-06-18 15:49:05.568244	2025-06-18 15:49:05.568244
427	68	1	1	Burgos	BU	2025-06-18 15:49:05.568244	2025-06-18 15:49:05.568244
428	68	1	1	Cáceres	CC	2025-06-18 15:49:05.568244	2025-06-18 15:49:05.568244
429	68	1	1	Cádiz	CA	2025-06-18 15:49:05.568244	2025-06-18 15:49:05.568244
430	68	1	1	Cantabria	S	2025-06-18 15:49:05.568244	2025-06-18 15:49:05.568244
431	68	1	1	Castelló (Castellón)	CS	2025-06-18 15:49:05.568244	2025-06-18 15:49:05.568244
432	68	1	1	Ceuta	CE	2025-06-18 15:49:05.568244	2025-06-18 15:49:05.568244
433	68	1	1	Ciudad Real	CR	2025-06-18 15:49:05.568244	2025-06-18 15:49:05.568244
434	68	1	1	Córdoba	CO	2025-06-18 15:49:05.568244	2025-06-18 15:49:05.568244
435	68	1	1	Cuenca	CU	2025-06-18 15:49:05.568244	2025-06-18 15:49:05.568244
436	68	1	1	Girona (Gerona)	GI	2025-06-18 15:49:05.568244	2025-06-18 15:49:05.568244
437	68	1	1	Granada	GR	2025-06-18 15:49:05.568244	2025-06-18 15:49:05.568244
438	68	1	1	Guadalajara	GU	2025-06-18 15:49:05.568244	2025-06-18 15:49:05.568244
439	68	1	1	Gipuzkoa (Guipúzcoa)	SS	2025-06-18 15:49:05.568244	2025-06-18 15:49:05.568244
440	68	1	1	Huelva	H	2025-06-18 15:49:05.568244	2025-06-18 15:49:05.568244
441	68	1	1	Huesca	HU	2025-06-18 15:49:05.568244	2025-06-18 15:49:05.568244
442	68	1	1	Jaén	J	2025-06-18 15:49:05.568244	2025-06-18 15:49:05.568244
443	68	1	1	La Rioja	LO	2025-06-18 15:49:05.568244	2025-06-18 15:49:05.568244
444	68	1	1	Las Palmas	GC	2025-06-18 15:49:05.568244	2025-06-18 15:49:05.568244
445	68	1	1	León	LE	2025-06-18 15:49:05.568244	2025-06-18 15:49:05.568244
446	68	1	1	Lleida (Lérida)	L	2025-06-18 15:49:05.568244	2025-06-18 15:49:05.568244
447	68	1	1	Lugo	LU	2025-06-18 15:49:05.568244	2025-06-18 15:49:05.568244
448	68	1	1	Madrid	M	2025-06-18 15:49:05.568244	2025-06-18 15:49:05.568244
449	68	1	1	Málaga	MA	2025-06-18 15:49:05.568244	2025-06-18 15:49:05.568244
450	68	1	1	Melilla	ME	2025-06-18 15:49:05.568244	2025-06-18 15:49:05.568244
451	68	1	1	Murcia	MU	2025-06-18 15:49:05.568244	2025-06-18 15:49:05.568244
452	68	1	1	Navarra (Nafarroa)	NA	2025-06-18 15:49:05.568244	2025-06-18 15:49:05.568244
453	68	1	1	Ourense (Orense)	OR	2025-06-18 15:49:05.568244	2025-06-18 15:49:05.568244
454	68	1	1	Palencia	P	2025-06-18 15:49:05.568244	2025-06-18 15:49:05.568244
455	68	1	1	Pontevedra	PO	2025-06-18 15:49:05.568244	2025-06-18 15:49:05.568244
456	68	1	1	Salamanca	SA	2025-06-18 15:49:05.568244	2025-06-18 15:49:05.568244
457	68	1	1	Santa Cruz de Tenerife	TF	2025-06-18 15:49:05.568244	2025-06-18 15:49:05.568244
458	68	1	1	Segovia	SG	2025-06-18 15:49:05.568244	2025-06-18 15:49:05.568244
459	68	1	1	Sevilla	SE	2025-06-18 15:49:05.568244	2025-06-18 15:49:05.568244
460	68	1	1	Soria	SO	2025-06-18 15:49:05.568244	2025-06-18 15:49:05.568244
461	68	1	1	Tarragona	T	2025-06-18 15:49:05.568244	2025-06-18 15:49:05.568244
462	68	1	1	Teruel	TE	2025-06-18 15:49:05.568244	2025-06-18 15:49:05.568244
463	68	1	1	Toledo	TO	2025-06-18 15:49:05.568244	2025-06-18 15:49:05.568244
464	68	1	1	València (Valencia)	V	2025-06-18 15:49:05.568244	2025-06-18 15:49:05.568244
465	68	1	1	Valladolid	VA	2025-06-18 15:49:05.568244	2025-06-18 15:49:05.568244
466	68	1	1	Bizkaia (Vizcaya)	BI	2025-06-18 15:49:05.568244	2025-06-18 15:49:05.568244
467	68	1	1	Zamora	ZA	2025-06-18 15:49:05.568244	2025-06-18 15:49:05.568244
468	68	1	1	Zaragoza	Z	2025-06-18 15:49:05.568244	2025-06-18 15:49:05.568244
469	157	1	1	Johor	JHR	2025-06-18 15:49:05.568244	2025-06-18 15:49:05.568244
470	157	1	1	Kedah	KDH	2025-06-18 15:49:05.568244	2025-06-18 15:49:05.568244
471	157	1	1	Kelantan	KTN	2025-06-18 15:49:05.568244	2025-06-18 15:49:05.568244
472	157	1	1	Kuala Lumpur	KUL	2025-06-18 15:49:05.568244	2025-06-18 15:49:05.568244
473	157	1	1	Labuan	LBN	2025-06-18 15:49:05.568244	2025-06-18 15:49:05.568244
474	157	1	1	Melaka	MLK	2025-06-18 15:49:05.568244	2025-06-18 15:49:05.568244
475	157	1	1	Negeri Sembilan	NSN	2025-06-18 15:49:05.568244	2025-06-18 15:49:05.568244
476	157	1	1	Pahang	PHG	2025-06-18 15:49:05.568244	2025-06-18 15:49:05.568244
477	157	1	1	Perak	PRK	2025-06-18 15:49:05.568244	2025-06-18 15:49:05.568244
478	157	1	1	Perlis	PLS	2025-06-18 15:49:05.568244	2025-06-18 15:49:05.568244
479	157	1	1	Pulau Pinang	PNG	2025-06-18 15:49:05.568244	2025-06-18 15:49:05.568244
480	157	1	1	Putrajaya	PJY	2025-06-18 15:49:05.568244	2025-06-18 15:49:05.568244
481	157	1	1	Sabah	SBH	2025-06-18 15:49:05.568244	2025-06-18 15:49:05.568244
482	157	1	1	Sarawak	SWK	2025-06-18 15:49:05.568244	2025-06-18 15:49:05.568244
483	157	1	1	Selangor	SGR	2025-06-18 15:49:05.568244	2025-06-18 15:49:05.568244
484	157	1	1	Terengganu	TRG	2025-06-18 15:49:05.568244	2025-06-18 15:49:05.568244
485	156	1	1	Aguascalientes	AGU	2025-06-18 15:49:05.568244	2025-06-18 15:49:05.568244
486	156	1	1	Baja California	BCN	2025-06-18 15:49:05.568244	2025-06-18 15:49:05.568244
487	156	1	1	Baja California Sur	BCS	2025-06-18 15:49:05.568244	2025-06-18 15:49:05.568244
488	156	1	1	Chihuahua	CHH	2025-06-18 15:49:05.568244	2025-06-18 15:49:05.568244
489	156	1	1	Colima	COL	2025-06-18 15:49:05.568244	2025-06-18 15:49:05.568244
490	156	1	1	Campeche	CAM	2025-06-18 15:49:05.568244	2025-06-18 15:49:05.568244
491	156	1	1	Coahuila	COA	2025-06-18 15:49:05.568244	2025-06-18 15:49:05.568244
492	156	1	1	Chiapas	CHP	2025-06-18 15:49:05.568244	2025-06-18 15:49:05.568244
493	156	1	1	Ciudad de México	CMX	2025-06-18 15:49:05.568244	2025-06-18 15:49:05.568244
494	156	1	1	Durango	DUR	2025-06-18 15:49:05.568244	2025-06-18 15:49:05.568244
495	156	1	1	Guerrero	GRO	2025-06-18 15:49:05.568244	2025-06-18 15:49:05.568244
496	156	1	1	Guanajuato	GUA	2025-06-18 15:49:05.568244	2025-06-18 15:49:05.568244
497	156	1	1	Hidalgo	HID	2025-06-18 15:49:05.568244	2025-06-18 15:49:05.568244
498	156	1	1	Jalisco	JAL	2025-06-18 15:49:05.568244	2025-06-18 15:49:05.568244
499	156	1	1	Michoacán	MIC	2025-06-18 15:49:05.568244	2025-06-18 15:49:05.568244
500	156	1	1	Morelos	MOR	2025-06-18 15:49:05.568244	2025-06-18 15:49:05.568244
501	156	1	1	México	MEX	2025-06-18 15:49:05.568244	2025-06-18 15:49:05.568244
502	156	1	1	Nayarit	NAY	2025-06-18 15:49:05.568244	2025-06-18 15:49:05.568244
503	156	1	1	Nuevo León	NLE	2025-06-18 15:49:05.568244	2025-06-18 15:49:05.568244
504	156	1	1	Oaxaca	OAX	2025-06-18 15:49:05.568244	2025-06-18 15:49:05.568244
505	156	1	1	Puebla	PUE	2025-06-18 15:49:05.568244	2025-06-18 15:49:05.568244
506	156	1	1	Quintana Roo	ROO	2025-06-18 15:49:05.568244	2025-06-18 15:49:05.568244
507	156	1	1	Querétaro	QUE	2025-06-18 15:49:05.568244	2025-06-18 15:49:05.568244
508	156	1	1	Sinaloa	SIN	2025-06-18 15:49:05.568244	2025-06-18 15:49:05.568244
509	156	1	1	San Luis Potosí	SLP	2025-06-18 15:49:05.568244	2025-06-18 15:49:05.568244
510	156	1	1	Sonora	SON	2025-06-18 15:49:05.568244	2025-06-18 15:49:05.568244
511	156	1	1	Tabasco	TAB	2025-06-18 15:49:05.568244	2025-06-18 15:49:05.568244
512	156	1	1	Tlaxcala	TLA	2025-06-18 15:49:05.568244	2025-06-18 15:49:05.568244
513	156	1	1	Tamaulipas	TAM	2025-06-18 15:49:05.568244	2025-06-18 15:49:05.568244
514	156	1	1	Veracruz	VER	2025-06-18 15:49:05.568244	2025-06-18 15:49:05.568244
515	156	1	1	Yucatán	YUC	2025-06-18 15:49:05.568244	2025-06-18 15:49:05.568244
516	156	1	1	Zacatecas	ZAC	2025-06-18 15:49:05.568244	2025-06-18 15:49:05.568244
517	170	1	1	Auckland	AUK	2025-06-18 15:49:05.568244	2025-06-18 15:49:05.568244
518	170	1	1	Bay of Plenty	BOP	2025-06-18 15:49:05.568244	2025-06-18 15:49:05.568244
519	170	1	1	Canterbury	CAN	2025-06-18 15:49:05.568244	2025-06-18 15:49:05.568244
520	170	1	1	Gisborne	GIS	2025-06-18 15:49:05.568244	2025-06-18 15:49:05.568244
521	170	1	1	Hawke's Bay	HKB	2025-06-18 15:49:05.568244	2025-06-18 15:49:05.568244
522	170	1	1	Manawatu-Wanganui	MWT	2025-06-18 15:49:05.568244	2025-06-18 15:49:05.568244
523	170	1	1	Marlborough	MBH	2025-06-18 15:49:05.568244	2025-06-18 15:49:05.568244
524	170	1	1	Nelson	NSN	2025-06-18 15:49:05.568244	2025-06-18 15:49:05.568244
525	170	1	1	Northland	NTL	2025-06-18 15:49:05.568244	2025-06-18 15:49:05.568244
526	170	1	1	Otago	OTA	2025-06-18 15:49:05.568244	2025-06-18 15:49:05.568244
527	170	1	1	Southland	STL	2025-06-18 15:49:05.568244	2025-06-18 15:49:05.568244
528	170	1	1	Taranaki	TKI	2025-06-18 15:49:05.568244	2025-06-18 15:49:05.568244
529	170	1	1	Tasman	TAS	2025-06-18 15:49:05.568244	2025-06-18 15:49:05.568244
530	170	1	1	Waikato	WKO	2025-06-18 15:49:05.568244	2025-06-18 15:49:05.568244
531	170	1	1	Wellington	WGN	2025-06-18 15:49:05.568244	2025-06-18 15:49:05.568244
532	170	1	1	West Coast	WTC	2025-06-18 15:49:05.568244	2025-06-18 15:49:05.568244
533	38	1	1	Alberta	AB	2025-06-18 15:49:05.568244	2025-06-18 15:49:05.568244
534	38	1	1	British Columbia	BC	2025-06-18 15:49:05.568244	2025-06-18 15:49:05.568244
535	38	1	1	Manitoba	MB	2025-06-18 15:49:05.568244	2025-06-18 15:49:05.568244
536	38	1	1	New Brunswick	NB	2025-06-18 15:49:05.568244	2025-06-18 15:49:05.568244
537	38	1	1	Newfoundland and Labrador	NL	2025-06-18 15:49:05.568244	2025-06-18 15:49:05.568244
538	38	1	1	Northwest Territories	NT	2025-06-18 15:49:05.568244	2025-06-18 15:49:05.568244
539	38	1	1	Nova Scotia	NS	2025-06-18 15:49:05.568244	2025-06-18 15:49:05.568244
540	38	1	1	Nunavut	NU	2025-06-18 15:49:05.568244	2025-06-18 15:49:05.568244
541	38	1	1	Ontario	ON	2025-06-18 15:49:05.568244	2025-06-18 15:49:05.568244
542	38	1	1	Prince Edward Island	PE	2025-06-18 15:49:05.568244	2025-06-18 15:49:05.568244
543	38	1	1	Quebec	QC	2025-06-18 15:49:05.568244	2025-06-18 15:49:05.568244
544	38	1	1	Saskatchewan	SK	2025-06-18 15:49:05.568244	2025-06-18 15:49:05.568244
545	38	1	1	Yukon	YT	2025-06-18 15:49:05.568244	2025-06-18 15:49:05.568244
546	2	1	1	Abu Dhabi	AZ	2025-06-18 15:49:05.568244	2025-06-18 15:49:05.568244
547	2	1	1	Ajman	AJ	2025-06-18 15:49:05.568244	2025-06-18 15:49:05.568244
548	2	1	1	Dubai	DU	2025-06-18 15:49:05.568244	2025-06-18 15:49:05.568244
549	2	1	1	Fujairah	FU	2025-06-18 15:49:05.568244	2025-06-18 15:49:05.568244
550	2	1	1	Ras al-Khaimah	RK	2025-06-18 15:49:05.568244	2025-06-18 15:49:05.568244
551	2	1	1	Sharjah	SH	2025-06-18 15:49:05.568244	2025-06-18 15:49:05.568244
552	2	1	1	Umm al-Quwain	UQ	2025-06-18 15:49:05.568244	2025-06-18 15:49:05.568244
553	10	1	1	Ciudad Autónoma de Buenos Aires	C	2025-06-18 15:49:05.568244	2025-06-18 15:49:05.568244
554	10	1	1	Buenos Aires	B	2025-06-18 15:49:05.568244	2025-06-18 15:49:05.568244
555	10	1	1	Catamarca	K	2025-06-18 15:49:05.568244	2025-06-18 15:49:05.568244
556	10	1	1	Chaco	H	2025-06-18 15:49:05.568244	2025-06-18 15:49:05.568244
557	10	1	1	Chubut	U	2025-06-18 15:49:05.568244	2025-06-18 15:49:05.568244
558	10	1	1	Córdoba	X	2025-06-18 15:49:05.568244	2025-06-18 15:49:05.568244
559	10	1	1	Corrientes	W	2025-06-18 15:49:05.568244	2025-06-18 15:49:05.568244
560	10	1	1	Entre Ríos	E	2025-06-18 15:49:05.568244	2025-06-18 15:49:05.568244
561	10	1	1	Formosa	P	2025-06-18 15:49:05.568244	2025-06-18 15:49:05.568244
562	10	1	1	Jujuy	Y	2025-06-18 15:49:05.568244	2025-06-18 15:49:05.568244
563	10	1	1	La Pampa	L	2025-06-18 15:49:05.568244	2025-06-18 15:49:05.568244
564	10	1	1	La Rioja	F	2025-06-18 15:49:05.568244	2025-06-18 15:49:05.568244
565	10	1	1	Mendoza	M	2025-06-18 15:49:05.568244	2025-06-18 15:49:05.568244
566	10	1	1	Misiones	N	2025-06-18 15:49:05.568244	2025-06-18 15:49:05.568244
567	10	1	1	Neuquén	Q	2025-06-18 15:49:05.568244	2025-06-18 15:49:05.568244
568	10	1	1	Río Negro	R	2025-06-18 15:49:05.568244	2025-06-18 15:49:05.568244
569	10	1	1	Salta	A	2025-06-18 15:49:05.568244	2025-06-18 15:49:05.568244
570	10	1	1	San Juan	J	2025-06-18 15:49:05.568244	2025-06-18 15:49:05.568244
571	10	1	1	San Luis	D	2025-06-18 15:49:05.568244	2025-06-18 15:49:05.568244
572	10	1	1	Santa Cruz	Z	2025-06-18 15:49:05.568244	2025-06-18 15:49:05.568244
573	10	1	1	Santa Fe	S	2025-06-18 15:49:05.568244	2025-06-18 15:49:05.568244
574	10	1	1	Santiago Del Estero	G	2025-06-18 15:49:05.568244	2025-06-18 15:49:05.568244
575	10	1	1	Tierra del Fuego	V	2025-06-18 15:49:05.568244	2025-06-18 15:49:05.568244
576	10	1	1	Tucumán	T	2025-06-18 15:49:05.568244	2025-06-18 15:49:05.568244
577	104	1	1	Andaman and Nicobar	AN	2025-06-18 15:49:05.568244	2025-06-18 15:49:05.568244
578	104	1	1	Andhra Pradesh	AP	2025-06-18 15:49:05.568244	2025-06-18 15:49:05.568244
579	104	1	1	Arunachal Pradesh	AR	2025-06-18 15:49:05.568244	2025-06-18 15:49:05.568244
580	104	1	1	Assam	AS	2025-06-18 15:49:05.568244	2025-06-18 15:49:05.568244
581	104	1	1	Bihar	BR	2025-06-18 15:49:05.568244	2025-06-18 15:49:05.568244
582	104	1	1	Chandigarh	CH	2025-06-18 15:49:05.568244	2025-06-18 15:49:05.568244
583	104	1	1	Chattisgarh	CG	2025-06-18 15:49:05.568244	2025-06-18 15:49:05.568244
584	104	1	1	Dadra and Nagar Haveli	DN	2025-06-18 15:49:05.568244	2025-06-18 15:49:05.568244
585	104	1	1	Daman and Diu	DD	2025-06-18 15:49:05.568244	2025-06-18 15:49:05.568244
586	104	1	1	Delhi	DL	2025-06-18 15:49:05.568244	2025-06-18 15:49:05.568244
587	104	1	1	Goa	GA	2025-06-18 15:49:05.568244	2025-06-18 15:49:05.568244
588	104	1	1	Gujarat	GJ	2025-06-18 15:49:05.568244	2025-06-18 15:49:05.568244
589	104	1	1	Haryana	HR	2025-06-18 15:49:05.568244	2025-06-18 15:49:05.568244
590	104	1	1	Himachal Pradesh	HP	2025-06-18 15:49:05.568244	2025-06-18 15:49:05.568244
591	104	1	1	Jammu and Kashmir	JK	2025-06-18 15:49:05.568244	2025-06-18 15:49:05.568244
592	104	1	1	Jharkhand	JH	2025-06-18 15:49:05.568244	2025-06-18 15:49:05.568244
593	104	1	1	Karnataka	KA	2025-06-18 15:49:05.568244	2025-06-18 15:49:05.568244
594	104	1	1	Kerala	KL	2025-06-18 15:49:05.568244	2025-06-18 15:49:05.568244
595	104	1	1	Lakshadweep	LD	2025-06-18 15:49:05.568244	2025-06-18 15:49:05.568244
596	104	1	1	Madhya Pradesh	MP	2025-06-18 15:49:05.568244	2025-06-18 15:49:05.568244
597	104	1	1	Maharashtra	MH	2025-06-18 15:49:05.568244	2025-06-18 15:49:05.568244
598	104	1	1	Manipur	MN	2025-06-18 15:49:05.568244	2025-06-18 15:49:05.568244
599	104	1	1	Meghalaya	ML	2025-06-18 15:49:05.568244	2025-06-18 15:49:05.568244
600	104	1	1	Mizoram	MZ	2025-06-18 15:49:05.568244	2025-06-18 15:49:05.568244
601	104	1	1	Nagaland	NL	2025-06-18 15:49:05.568244	2025-06-18 15:49:05.568244
602	104	1	1	Orissa	OR	2025-06-18 15:49:05.568244	2025-06-18 15:49:05.568244
603	104	1	1	Puducherry	PY	2025-06-18 15:49:05.568244	2025-06-18 15:49:05.568244
604	104	1	1	Punjab	PB	2025-06-18 15:49:05.568244	2025-06-18 15:49:05.568244
605	104	1	1	Rajasthan	RJ	2025-06-18 15:49:05.568244	2025-06-18 15:49:05.568244
606	104	1	1	Sikkim	SK	2025-06-18 15:49:05.568244	2025-06-18 15:49:05.568244
607	104	1	1	Tamil Nadu	TN	2025-06-18 15:49:05.568244	2025-06-18 15:49:05.568244
608	104	1	1	Telangana	TS	2025-06-18 15:49:05.568244	2025-06-18 15:49:05.568244
609	104	1	1	Tripura	TR	2025-06-18 15:49:05.568244	2025-06-18 15:49:05.568244
610	104	1	1	Uttar Pradesh	UP	2025-06-18 15:49:05.568244	2025-06-18 15:49:05.568244
611	104	1	1	Uttarakhand	UK	2025-06-18 15:49:05.568244	2025-06-18 15:49:05.568244
612	104	1	1	West Bengal	WB	2025-06-18 15:49:05.568244	2025-06-18 15:49:05.568244
613	100	1	1	Aceh	AC	2025-06-18 15:49:05.568244	2025-06-18 15:49:05.568244
614	100	1	1	Bali	BA	2025-06-18 15:49:05.568244	2025-06-18 15:49:05.568244
615	100	1	1	Bangka Belitung	BB	2025-06-18 15:49:05.568244	2025-06-18 15:49:05.568244
616	100	1	1	Banten	BT	2025-06-18 15:49:05.568244	2025-06-18 15:49:05.568244
617	100	1	1	Bengkulu	BE	2025-06-18 15:49:05.568244	2025-06-18 15:49:05.568244
618	100	1	1	Gorontalo	GO	2025-06-18 15:49:05.568244	2025-06-18 15:49:05.568244
619	100	1	1	Jakarta	JK	2025-06-18 15:49:05.568244	2025-06-18 15:49:05.568244
620	100	1	1	Jambi	JA	2025-06-18 15:49:05.568244	2025-06-18 15:49:05.568244
621	100	1	1	Jawa Barat	JB	2025-06-18 15:49:05.568244	2025-06-18 15:49:05.568244
622	100	1	1	Jawa Tengah	JT	2025-06-18 15:49:05.568244	2025-06-18 15:49:05.568244
623	100	1	1	Jawa Timur	JI	2025-06-18 15:49:05.568244	2025-06-18 15:49:05.568244
624	100	1	1	Kalimantan Barat	KB	2025-06-18 15:49:05.568244	2025-06-18 15:49:05.568244
625	100	1	1	Kalimantan Selatan	KS	2025-06-18 15:49:05.568244	2025-06-18 15:49:05.568244
626	100	1	1	Kalimantan Tengah	KT	2025-06-18 15:49:05.568244	2025-06-18 15:49:05.568244
627	100	1	1	Kalimantan Timur	KI	2025-06-18 15:49:05.568244	2025-06-18 15:49:05.568244
628	100	1	1	Kalimantan Utara	KU	2025-06-18 15:49:05.568244	2025-06-18 15:49:05.568244
629	100	1	1	Kepulauan Riau	KR	2025-06-18 15:49:05.568244	2025-06-18 15:49:05.568244
630	100	1	1	Lampung	LA	2025-06-18 15:49:05.568244	2025-06-18 15:49:05.568244
631	100	1	1	Maluku	MA	2025-06-18 15:49:05.568244	2025-06-18 15:49:05.568244
632	100	1	1	Maluku Utara	MU	2025-06-18 15:49:05.568244	2025-06-18 15:49:05.568244
633	100	1	1	Nusa Tenggara Barat	NB	2025-06-18 15:49:05.568244	2025-06-18 15:49:05.568244
634	100	1	1	Nusa Tenggara Timur	NT	2025-06-18 15:49:05.568244	2025-06-18 15:49:05.568244
635	100	1	1	Papua	PA	2025-06-18 15:49:05.568244	2025-06-18 15:49:05.568244
636	100	1	1	Papua Barat	PB	2025-06-18 15:49:05.568244	2025-06-18 15:49:05.568244
637	100	1	1	Papua Barat Daya	PD	2025-06-18 15:49:05.568244	2025-06-18 15:49:05.568244
638	100	1	1	Papua Selatan	PS	2025-06-18 15:49:05.568244	2025-06-18 15:49:05.568244
639	100	1	1	Papua Tengah	PT	2025-06-18 15:49:05.568244	2025-06-18 15:49:05.568244
640	100	1	1	Papua Pegunungan	PE	2025-06-18 15:49:05.568244	2025-06-18 15:49:05.568244
641	100	1	1	Riau	RI	2025-06-18 15:49:05.568244	2025-06-18 15:49:05.568244
642	100	1	1	Sulawesi Barat	SR	2025-06-18 15:49:05.568244	2025-06-18 15:49:05.568244
643	100	1	1	Sulawesi Selatan	SN	2025-06-18 15:49:05.568244	2025-06-18 15:49:05.568244
644	100	1	1	Sulawesi Tengah	ST	2025-06-18 15:49:05.568244	2025-06-18 15:49:05.568244
645	100	1	1	Sulawesi Tenggara	SG	2025-06-18 15:49:05.568244	2025-06-18 15:49:05.568244
646	100	1	1	Sulawesi Utara	SA	2025-06-18 15:49:05.568244	2025-06-18 15:49:05.568244
647	100	1	1	Sumatra Barat	SB	2025-06-18 15:49:05.568244	2025-06-18 15:49:05.568244
648	100	1	1	Sumatra Selatan	SS	2025-06-18 15:49:05.568244	2025-06-18 15:49:05.568244
649	100	1	1	Sumatra Utara	SU	2025-06-18 15:49:05.568244	2025-06-18 15:49:05.568244
650	100	1	1	Yogyakarta	YO	2025-06-18 15:49:05.568244	2025-06-18 15:49:05.568244
651	49	1	1	Antioquia	ANT	2025-06-18 15:49:05.568244	2025-06-18 15:49:05.568244
652	49	1	1	Atlántico	ATL	2025-06-18 15:49:05.568244	2025-06-18 15:49:05.568244
653	49	1	1	Bogotá	DC	2025-06-18 15:49:05.568244	2025-06-18 15:49:05.568244
654	49	1	1	Bolívar	BOL	2025-06-18 15:49:05.568244	2025-06-18 15:49:05.568244
655	49	1	1	Boyacá	BOY	2025-06-18 15:49:05.568244	2025-06-18 15:49:05.568244
656	49	1	1	Caldas	CAL	2025-06-18 15:49:05.568244	2025-06-18 15:49:05.568244
657	49	1	1	Caquetá	CAQ	2025-06-18 15:49:05.568244	2025-06-18 15:49:05.568244
658	49	1	1	Cauca	CAU	2025-06-18 15:49:05.568244	2025-06-18 15:49:05.568244
659	49	1	1	Cesar	CES	2025-06-18 15:49:05.568244	2025-06-18 15:49:05.568244
660	49	1	1	Córdoba	COR	2025-06-18 15:49:05.568244	2025-06-18 15:49:05.568244
661	49	1	1	Cundinamarca	CUN	2025-06-18 15:49:05.568244	2025-06-18 15:49:05.568244
662	49	1	1	Chocó	CHO	2025-06-18 15:49:05.568244	2025-06-18 15:49:05.568244
663	49	1	1	Huila	HUI	2025-06-18 15:49:05.568244	2025-06-18 15:49:05.568244
664	49	1	1	La Guajira	LAG	2025-06-18 15:49:05.568244	2025-06-18 15:49:05.568244
665	49	1	1	Magdalena	MAG	2025-06-18 15:49:05.568244	2025-06-18 15:49:05.568244
666	49	1	1	Meta	MET	2025-06-18 15:49:05.568244	2025-06-18 15:49:05.568244
667	49	1	1	Nariño	NAR	2025-06-18 15:49:05.568244	2025-06-18 15:49:05.568244
668	49	1	1	Norte de Santander	NSA	2025-06-18 15:49:05.568244	2025-06-18 15:49:05.568244
669	49	1	1	Quindío	QUI	2025-06-18 15:49:05.568244	2025-06-18 15:49:05.568244
670	49	1	1	Risaralda	RIS	2025-06-18 15:49:05.568244	2025-06-18 15:49:05.568244
671	49	1	1	Santander	SAN	2025-06-18 15:49:05.568244	2025-06-18 15:49:05.568244
672	49	1	1	Sucre	SUC	2025-06-18 15:49:05.568244	2025-06-18 15:49:05.568244
673	49	1	1	Tolima	TOL	2025-06-18 15:49:05.568244	2025-06-18 15:49:05.568244
674	49	1	1	Valle del Cauca	VAC	2025-06-18 15:49:05.568244	2025-06-18 15:49:05.568244
675	49	1	1	Arauca	ARA	2025-06-18 15:49:05.568244	2025-06-18 15:49:05.568244
676	49	1	1	Casanare	CAS	2025-06-18 15:49:05.568244	2025-06-18 15:49:05.568244
677	49	1	1	Putumayo	PUT	2025-06-18 15:49:05.568244	2025-06-18 15:49:05.568244
678	49	1	1	San Andrés y Providencia	SAP	2025-06-18 15:49:05.568244	2025-06-18 15:49:05.568244
679	49	1	1	Amazonas	AMA	2025-06-18 15:49:05.568244	2025-06-18 15:49:05.568244
680	49	1	1	Guainía	GUA	2025-06-18 15:49:05.568244	2025-06-18 15:49:05.568244
681	49	1	1	Guaviare	GUV	2025-06-18 15:49:05.568244	2025-06-18 15:49:05.568244
682	49	1	1	Vaupés	VAU	2025-06-18 15:49:05.568244	2025-06-18 15:49:05.568244
683	49	1	1	Vichada	VID	2025-06-18 15:49:05.568244	2025-06-18 15:49:05.568244
684	146	1	1	Архангай	01	2025-06-18 15:49:05.568244	2025-06-18 15:49:05.568244
685	146	1	1	Баян-Өлгий	02	2025-06-18 15:49:05.568244	2025-06-18 15:49:05.568244
686	146	1	1	Баянхонгор	03	2025-06-18 15:49:05.568244	2025-06-18 15:49:05.568244
687	146	1	1	Булган	04	2025-06-18 15:49:05.568244	2025-06-18 15:49:05.568244
688	146	1	1	Говь-Алтай	05	2025-06-18 15:49:05.568244	2025-06-18 15:49:05.568244
689	146	1	1	Дорноговь	06	2025-06-18 15:49:05.568244	2025-06-18 15:49:05.568244
690	146	1	1	Дорнод	07	2025-06-18 15:49:05.568244	2025-06-18 15:49:05.568244
691	146	1	1	Дундговь	08	2025-06-18 15:49:05.568244	2025-06-18 15:49:05.568244
692	146	1	1	Завхан	09	2025-06-18 15:49:05.568244	2025-06-18 15:49:05.568244
693	146	1	1	Өвөрхангай	10	2025-06-18 15:49:05.568244	2025-06-18 15:49:05.568244
694	146	1	1	Өмнөговь	11	2025-06-18 15:49:05.568244	2025-06-18 15:49:05.568244
695	146	1	1	Сүхбаатар	12	2025-06-18 15:49:05.568244	2025-06-18 15:49:05.568244
696	146	1	1	Сэлэнгэ	13	2025-06-18 15:49:05.568244	2025-06-18 15:49:05.568244
697	146	1	1	Төв	14	2025-06-18 15:49:05.568244	2025-06-18 15:49:05.568244
698	146	1	1	Увс	15	2025-06-18 15:49:05.568244	2025-06-18 15:49:05.568244
699	146	1	1	Ховд	16	2025-06-18 15:49:05.568244	2025-06-18 15:49:05.568244
700	146	1	1	Хөвсгөл	17	2025-06-18 15:49:05.568244	2025-06-18 15:49:05.568244
701	146	1	1	Хэнтий	18	2025-06-18 15:49:05.568244	2025-06-18 15:49:05.568244
702	146	1	1	Дархан-Уул	19	2025-06-18 15:49:05.568244	2025-06-18 15:49:05.568244
703	146	1	1	Орхон	20	2025-06-18 15:49:05.568244	2025-06-18 15:49:05.568244
704	146	1	1	УБ - Хан Уул	23	2025-06-18 15:49:05.568244	2025-06-18 15:49:05.568244
705	146	1	1	УБ - Баянзүрх	24	2025-06-18 15:49:05.568244	2025-06-18 15:49:05.568244
706	146	1	1	УБ - Сүхбаатар	25	2025-06-18 15:49:05.568244	2025-06-18 15:49:05.568244
707	146	1	1	УБ - Баянгол	26	2025-06-18 15:49:05.568244	2025-06-18 15:49:05.568244
708	146	1	1	УБ - Багануур	27	2025-06-18 15:49:05.568244	2025-06-18 15:49:05.568244
709	146	1	1	УБ - Багахангай	28	2025-06-18 15:49:05.568244	2025-06-18 15:49:05.568244
710	146	1	1	УБ - Налайх	29	2025-06-18 15:49:05.568244	2025-06-18 15:49:05.568244
711	146	1	1	Говьсүмбэр	32	2025-06-18 15:49:05.568244	2025-06-18 15:49:05.568244
712	146	1	1	УБ - Сонгино Хайрхан	34	2025-06-18 15:49:05.568244	2025-06-18 15:49:05.568244
713	146	1	1	УБ - Чингэлтэй	35	2025-06-18 15:49:05.568244	2025-06-18 15:49:05.568244
714	231	1	1	Aberdeenshire	A1	2025-06-18 15:49:05.568244	2025-06-18 15:49:05.568244
715	231	1	1	Angus	A5	2025-06-18 15:49:05.568244	2025-06-18 15:49:05.568244
716	231	1	1	Argyll	A7	2025-06-18 15:49:05.568244	2025-06-18 15:49:05.568244
717	231	1	1	Avon	A9	2025-06-18 15:49:05.568244	2025-06-18 15:49:05.568244
718	231	1	1	Ayrshire	B1	2025-06-18 15:49:05.568244	2025-06-18 15:49:05.568244
719	231	1	1	Banffshire	B3	2025-06-18 15:49:05.568244	2025-06-18 15:49:05.568244
720	231	1	1	Bedfordshire	B5	2025-06-18 15:49:05.568244	2025-06-18 15:49:05.568244
721	231	1	1	Berkshire	B7	2025-06-18 15:49:05.568244	2025-06-18 15:49:05.568244
722	231	1	1	Berwickshire	B9	2025-06-18 15:49:05.568244	2025-06-18 15:49:05.568244
723	231	1	1	Buckinghamshire	C1	2025-06-18 15:49:05.568244	2025-06-18 15:49:05.568244
724	231	1	1	Caithness	C3	2025-06-18 15:49:05.568244	2025-06-18 15:49:05.568244
725	231	1	1	Cambridgeshire	C5	2025-06-18 15:49:05.568244	2025-06-18 15:49:05.568244
726	231	1	1	Channel Islands	C6	2025-06-18 15:49:05.568244	2025-06-18 15:49:05.568244
727	231	1	1	Cheshire	C7	2025-06-18 15:49:05.568244	2025-06-18 15:49:05.568244
728	231	1	1	Clackmannanshire	C9	2025-06-18 15:49:05.568244	2025-06-18 15:49:05.568244
729	231	1	1	Cleveland	D1	2025-06-18 15:49:05.568244	2025-06-18 15:49:05.568244
730	231	1	1	Clwyd	D3	2025-06-18 15:49:05.568244	2025-06-18 15:49:05.568244
731	231	1	1	County Antrim	D5	2025-06-18 15:49:05.568244	2025-06-18 15:49:05.568244
732	231	1	1	County Armagh	D7	2025-06-18 15:49:05.568244	2025-06-18 15:49:05.568244
733	231	1	1	County Down	D9	2025-06-18 15:49:05.568244	2025-06-18 15:49:05.568244
734	231	1	1	County Durham	E1	2025-06-18 15:49:05.568244	2025-06-18 15:49:05.568244
735	231	1	1	County Fermanagh	E3	2025-06-18 15:49:05.568244	2025-06-18 15:49:05.568244
736	231	1	1	County Londonderry	E5	2025-06-18 15:49:05.568244	2025-06-18 15:49:05.568244
737	231	1	1	County Tyrone	E7	2025-06-18 15:49:05.568244	2025-06-18 15:49:05.568244
738	231	1	1	Cornwall	E9	2025-06-18 15:49:05.568244	2025-06-18 15:49:05.568244
739	231	1	1	Cumbria	F1	2025-06-18 15:49:05.568244	2025-06-18 15:49:05.568244
740	231	1	1	Derbyshire	F3	2025-06-18 15:49:05.568244	2025-06-18 15:49:05.568244
741	231	1	1	Devon	F5	2025-06-18 15:49:05.568244	2025-06-18 15:49:05.568244
742	231	1	1	Dorset	F7	2025-06-18 15:49:05.568244	2025-06-18 15:49:05.568244
743	231	1	1	Dumfriesshire	F9	2025-06-18 15:49:05.568244	2025-06-18 15:49:05.568244
744	231	1	1	Dunbartonshire	G1	2025-06-18 15:49:05.568244	2025-06-18 15:49:05.568244
745	231	1	1	Dyfed	G3	2025-06-18 15:49:05.568244	2025-06-18 15:49:05.568244
746	231	1	1	East Lothian	G5	2025-06-18 15:49:05.568244	2025-06-18 15:49:05.568244
747	231	1	1	East Sussex	G7	2025-06-18 15:49:05.568244	2025-06-18 15:49:05.568244
748	231	1	1	Essex	G9	2025-06-18 15:49:05.568244	2025-06-18 15:49:05.568244
749	231	1	1	Fife	H1	2025-06-18 15:49:05.568244	2025-06-18 15:49:05.568244
750	231	1	1	Gloucestershire	H3	2025-06-18 15:49:05.568244	2025-06-18 15:49:05.568244
751	231	1	1	Gwent	H7	2025-06-18 15:49:05.568244	2025-06-18 15:49:05.568244
752	231	1	1	Gwynedd	H9	2025-06-18 15:49:05.568244	2025-06-18 15:49:05.568244
753	231	1	1	Hampshire	I1	2025-06-18 15:49:05.568244	2025-06-18 15:49:05.568244
754	231	1	1	Herefordshire	I3	2025-06-18 15:49:05.568244	2025-06-18 15:49:05.568244
755	231	1	1	Hertfordshire	I5	2025-06-18 15:49:05.568244	2025-06-18 15:49:05.568244
756	231	1	1	Inverness-Shire	I7	2025-06-18 15:49:05.568244	2025-06-18 15:49:05.568244
757	231	1	1	Isle of Arran	I9	2025-06-18 15:49:05.568244	2025-06-18 15:49:05.568244
758	231	1	1	Isle of Barra	J1	2025-06-18 15:49:05.568244	2025-06-18 15:49:05.568244
759	231	1	1	Isle of Benbecula	J3	2025-06-18 15:49:05.568244	2025-06-18 15:49:05.568244
760	231	1	1	Isle of Bute	J5	2025-06-18 15:49:05.568244	2025-06-18 15:49:05.568244
761	231	1	1	Isle of Canna	J7	2025-06-18 15:49:05.568244	2025-06-18 15:49:05.568244
762	231	1	1	Isle of Coll	J9	2025-06-18 15:49:05.568244	2025-06-18 15:49:05.568244
763	231	1	1	Isle of Colonsay	K1	2025-06-18 15:49:05.568244	2025-06-18 15:49:05.568244
764	231	1	1	Isle of Cumbrae	K3	2025-06-18 15:49:05.568244	2025-06-18 15:49:05.568244
765	231	1	1	Isle of Eigg	K5	2025-06-18 15:49:05.568244	2025-06-18 15:49:05.568244
766	231	1	1	Isle of Gigha	K7	2025-06-18 15:49:05.568244	2025-06-18 15:49:05.568244
767	231	1	1	Isle of Harris	K9	2025-06-18 15:49:05.568244	2025-06-18 15:49:05.568244
768	231	1	1	Isle of Iona	L1	2025-06-18 15:49:05.568244	2025-06-18 15:49:05.568244
769	231	1	1	Isle of Islay	L2	2025-06-18 15:49:05.568244	2025-06-18 15:49:05.568244
770	231	1	1	Isle of Jura	L5	2025-06-18 15:49:05.568244	2025-06-18 15:49:05.568244
771	231	1	1	Isle of Lewis	L7	2025-06-18 15:49:05.568244	2025-06-18 15:49:05.568244
772	231	1	1	Isle of Man	L9	2025-06-18 15:49:05.568244	2025-06-18 15:49:05.568244
773	231	1	1	Isle of Mull	M1	2025-06-18 15:49:05.568244	2025-06-18 15:49:05.568244
774	231	1	1	Isle of North Uist	M3	2025-06-18 15:49:05.568244	2025-06-18 15:49:05.568244
775	231	1	1	Isle of Rhum	M7	2025-06-18 15:49:05.568244	2025-06-18 15:49:05.568244
776	231	1	1	Isle of Scalpay	M9	2025-06-18 15:49:05.568244	2025-06-18 15:49:05.568244
777	231	1	1	Shetland Islands	N1	2025-06-18 15:49:05.568244	2025-06-18 15:49:05.568244
778	231	1	1	Isle of Skye	N3	2025-06-18 15:49:05.568244	2025-06-18 15:49:05.568244
779	231	1	1	Isle of South Uist	N5	2025-06-18 15:49:05.568244	2025-06-18 15:49:05.568244
780	231	1	1	Isle of Tiree	N7	2025-06-18 15:49:05.568244	2025-06-18 15:49:05.568244
781	231	1	1	Isle of Wight	N9	2025-06-18 15:49:05.568244	2025-06-18 15:49:05.568244
782	231	1	1	Kent	O5	2025-06-18 15:49:05.568244	2025-06-18 15:49:05.568244
783	231	1	1	Kincardineshire	O7	2025-06-18 15:49:05.568244	2025-06-18 15:49:05.568244
784	231	1	1	Kinross-Shire	O9	2025-06-18 15:49:05.568244	2025-06-18 15:49:05.568244
785	231	1	1	Kirkcudbrightshire	P1	2025-06-18 15:49:05.568244	2025-06-18 15:49:05.568244
786	231	1	1	Lancashire	P5	2025-06-18 15:49:05.568244	2025-06-18 15:49:05.568244
787	231	1	1	Leicestershire	P7	2025-06-18 15:49:05.568244	2025-06-18 15:49:05.568244
788	231	1	1	Lincolnshire	P9	2025-06-18 15:49:05.568244	2025-06-18 15:49:05.568244
789	231	1	1	Merseyside	Q3	2025-06-18 15:49:05.568244	2025-06-18 15:49:05.568244
790	231	1	1	Mid Glamorgan	Q5	2025-06-18 15:49:05.568244	2025-06-18 15:49:05.568244
791	231	1	1	Middlesex	Q9	2025-06-18 15:49:05.568244	2025-06-18 15:49:05.568244
792	231	1	1	Morayshire	R1	2025-06-18 15:49:05.568244	2025-06-18 15:49:05.568244
793	231	1	1	Nairnshire	R3	2025-06-18 15:49:05.568244	2025-06-18 15:49:05.568244
794	231	1	1	North Humberside	R7	2025-06-18 15:49:05.568244	2025-06-18 15:49:05.568244
795	231	1	1	North Yorkshire	R9	2025-06-18 15:49:05.568244	2025-06-18 15:49:05.568244
796	231	1	1	Northamptonshire	S1	2025-06-18 15:49:05.568244	2025-06-18 15:49:05.568244
797	231	1	1	Northumberland	S3	2025-06-18 15:49:05.568244	2025-06-18 15:49:05.568244
798	231	1	1	Nottinghamshire	S5	2025-06-18 15:49:05.568244	2025-06-18 15:49:05.568244
799	231	1	1	Oxfordshire	S7	2025-06-18 15:49:05.568244	2025-06-18 15:49:05.568244
800	231	1	1	Peeblesshire	S9	2025-06-18 15:49:05.568244	2025-06-18 15:49:05.568244
801	231	1	1	Perthshire	T1	2025-06-18 15:49:05.568244	2025-06-18 15:49:05.568244
802	231	1	1	Powys	T3	2025-06-18 15:49:05.568244	2025-06-18 15:49:05.568244
803	231	1	1	Renfrewshire	T5	2025-06-18 15:49:05.568244	2025-06-18 15:49:05.568244
804	231	1	1	Ross-Shire	T7	2025-06-18 15:49:05.568244	2025-06-18 15:49:05.568244
805	231	1	1	Roxburghshire	T9	2025-06-18 15:49:05.568244	2025-06-18 15:49:05.568244
806	231	1	1	Selkirkshire	U3	2025-06-18 15:49:05.568244	2025-06-18 15:49:05.568244
807	231	1	1	Shropshire	U5	2025-06-18 15:49:05.568244	2025-06-18 15:49:05.568244
808	231	1	1	Somerset	U7	2025-06-18 15:49:05.568244	2025-06-18 15:49:05.568244
809	231	1	1	South Glamorgan	U9	2025-06-18 15:49:05.568244	2025-06-18 15:49:05.568244
810	231	1	1	South Humberside	V1	2025-06-18 15:49:05.568244	2025-06-18 15:49:05.568244
811	231	1	1	South Yorkshire	V3	2025-06-18 15:49:05.568244	2025-06-18 15:49:05.568244
812	231	1	1	Staffordshire	V5	2025-06-18 15:49:05.568244	2025-06-18 15:49:05.568244
813	231	1	1	Stirlingshire	V7	2025-06-18 15:49:05.568244	2025-06-18 15:49:05.568244
814	231	1	1	Suffolk	V9	2025-06-18 15:49:05.568244	2025-06-18 15:49:05.568244
815	231	1	1	Surrey	W1	2025-06-18 15:49:05.568244	2025-06-18 15:49:05.568244
816	231	1	1	Sutherland	W3	2025-06-18 15:49:05.568244	2025-06-18 15:49:05.568244
817	231	1	1	Tyne and Wear	W5	2025-06-18 15:49:05.568244	2025-06-18 15:49:05.568244
818	231	1	1	Warwickshire	W7	2025-06-18 15:49:05.568244	2025-06-18 15:49:05.568244
819	231	1	1	West Glamorgan	W9	2025-06-18 15:49:05.568244	2025-06-18 15:49:05.568244
820	231	1	1	West Lothian	X1	2025-06-18 15:49:05.568244	2025-06-18 15:49:05.568244
821	231	1	1	West Midlands	X3	2025-06-18 15:49:05.568244	2025-06-18 15:49:05.568244
822	231	1	1	West Sussex	X5	2025-06-18 15:49:05.568244	2025-06-18 15:49:05.568244
823	231	1	1	West Yorkshire	X7	2025-06-18 15:49:05.568244	2025-06-18 15:49:05.568244
824	231	1	1	Wigtownshire	X9	2025-06-18 15:49:05.568244	2025-06-18 15:49:05.568244
825	231	1	1	Wiltshire	Y1	2025-06-18 15:49:05.568244	2025-06-18 15:49:05.568244
826	231	1	1	Worcestershire	Y3	2025-06-18 15:49:05.568244	2025-06-18 15:49:05.568244
827	231	1	1	Orkney	M5	2025-06-18 15:49:05.568244	2025-06-18 15:49:05.568244
828	231	1	1	Isles of Scilly	O1	2025-06-18 15:49:05.568244	2025-06-18 15:49:05.568244
829	231	1	1	Lanarkshire	P3	2025-06-18 15:49:05.568244	2025-06-18 15:49:05.568244
830	231	1	1	London	Q1	2025-06-18 15:49:05.568244	2025-06-18 15:49:05.568244
831	231	1	1	Midlothian	Q7	2025-06-18 15:49:05.568244	2025-06-18 15:49:05.568244
832	231	1	1	Norfolk	R5	2025-06-18 15:49:05.568244	2025-06-18 15:49:05.568244
833	188	1	1	Alba	AB	2025-06-18 15:49:05.568244	2025-06-18 15:49:05.568244
834	188	1	1	Argeș	AG	2025-06-18 15:49:05.568244	2025-06-18 15:49:05.568244
835	188	1	1	Arad	AR	2025-06-18 15:49:05.568244	2025-06-18 15:49:05.568244
836	188	1	1	București	B	2025-06-18 15:49:05.568244	2025-06-18 15:49:05.568244
837	188	1	1	Bacău	BC	2025-06-18 15:49:05.568244	2025-06-18 15:49:05.568244
838	188	1	1	Bihor	BH	2025-06-18 15:49:05.568244	2025-06-18 15:49:05.568244
839	188	1	1	Bistrița-Năsăud	BN	2025-06-18 15:49:05.568244	2025-06-18 15:49:05.568244
840	188	1	1	Brăila	BR	2025-06-18 15:49:05.568244	2025-06-18 15:49:05.568244
841	188	1	1	Botoșani	BT	2025-06-18 15:49:05.568244	2025-06-18 15:49:05.568244
842	188	1	1	Brașov	BV	2025-06-18 15:49:05.568244	2025-06-18 15:49:05.568244
843	188	1	1	Buzău	BZ	2025-06-18 15:49:05.568244	2025-06-18 15:49:05.568244
844	188	1	1	Cluj	CJ	2025-06-18 15:49:05.568244	2025-06-18 15:49:05.568244
845	188	1	1	Călărași	CL	2025-06-18 15:49:05.568244	2025-06-18 15:49:05.568244
846	188	1	1	Caraș Severin	CS	2025-06-18 15:49:05.568244	2025-06-18 15:49:05.568244
847	188	1	1	Constanța	CT	2025-06-18 15:49:05.568244	2025-06-18 15:49:05.568244
848	188	1	1	Covasna	CV	2025-06-18 15:49:05.568244	2025-06-18 15:49:05.568244
849	188	1	1	Dâmbovița	DB	2025-06-18 15:49:05.568244	2025-06-18 15:49:05.568244
850	188	1	1	Dolj	DJ	2025-06-18 15:49:05.568244	2025-06-18 15:49:05.568244
851	188	1	1	Gorj	GJ	2025-06-18 15:49:05.568244	2025-06-18 15:49:05.568244
852	188	1	1	Galați	GL	2025-06-18 15:49:05.568244	2025-06-18 15:49:05.568244
853	188	1	1	Giurgiu	GR	2025-06-18 15:49:05.568244	2025-06-18 15:49:05.568244
854	188	1	1	Hunedoara	HD	2025-06-18 15:49:05.568244	2025-06-18 15:49:05.568244
855	188	1	1	Harghita	HR	2025-06-18 15:49:05.568244	2025-06-18 15:49:05.568244
856	188	1	1	Ilfov	IF	2025-06-18 15:49:05.568244	2025-06-18 15:49:05.568244
857	188	1	1	Ialomița	IL	2025-06-18 15:49:05.568244	2025-06-18 15:49:05.568244
858	188	1	1	Iași	IS	2025-06-18 15:49:05.568244	2025-06-18 15:49:05.568244
859	188	1	1	Mehedinți	MH	2025-06-18 15:49:05.568244	2025-06-18 15:49:05.568244
860	188	1	1	Maramureș	MM	2025-06-18 15:49:05.568244	2025-06-18 15:49:05.568244
861	188	1	1	Mureș	MS	2025-06-18 15:49:05.568244	2025-06-18 15:49:05.568244
862	188	1	1	Neamț	NT	2025-06-18 15:49:05.568244	2025-06-18 15:49:05.568244
863	188	1	1	Olt	OT	2025-06-18 15:49:05.568244	2025-06-18 15:49:05.568244
864	188	1	1	Prahova	PH	2025-06-18 15:49:05.568244	2025-06-18 15:49:05.568244
865	188	1	1	Sibiu	SB	2025-06-18 15:49:05.568244	2025-06-18 15:49:05.568244
866	188	1	1	Sălaj	SJ	2025-06-18 15:49:05.568244	2025-06-18 15:49:05.568244
867	188	1	1	Satu Mare	SM	2025-06-18 15:49:05.568244	2025-06-18 15:49:05.568244
868	188	1	1	Suceava	SV	2025-06-18 15:49:05.568244	2025-06-18 15:49:05.568244
869	188	1	1	Tulcea	TL	2025-06-18 15:49:05.568244	2025-06-18 15:49:05.568244
870	188	1	1	Timiș	TM	2025-06-18 15:49:05.568244	2025-06-18 15:49:05.568244
871	188	1	1	Teleorman	TR	2025-06-18 15:49:05.568244	2025-06-18 15:49:05.568244
872	188	1	1	Vâlcea	VL	2025-06-18 15:49:05.568244	2025-06-18 15:49:05.568244
873	188	1	1	Vrancea	VN	2025-06-18 15:49:05.568244	2025-06-18 15:49:05.568244
874	188	1	1	Vaslui	VS	2025-06-18 15:49:05.568244	2025-06-18 15:49:05.568244
875	48	1	1	北京市	京	2025-06-18 15:49:05.568244	2025-06-18 15:49:05.568244
876	48	1	1	上海市	沪	2025-06-18 15:49:05.568244	2025-06-18 15:49:05.568244
877	48	1	1	浙江省	浙	2025-06-18 15:49:05.568244	2025-06-18 15:49:05.568244
878	48	1	1	天津市	津	2025-06-18 15:49:05.568244	2025-06-18 15:49:05.568244
879	48	1	1	安徽省	皖	2025-06-18 15:49:05.568244	2025-06-18 15:49:05.568244
880	48	1	1	福建省	闽	2025-06-18 15:49:05.568244	2025-06-18 15:49:05.568244
881	48	1	1	重庆市	渝	2025-06-18 15:49:05.568244	2025-06-18 15:49:05.568244
882	48	1	1	江西省	赣	2025-06-18 15:49:05.568244	2025-06-18 15:49:05.568244
883	48	1	1	山东省	鲁	2025-06-18 15:49:05.568244	2025-06-18 15:49:05.568244
884	48	1	1	河南省	豫	2025-06-18 15:49:05.568244	2025-06-18 15:49:05.568244
885	48	1	1	内蒙古自治区	蒙	2025-06-18 15:49:05.568244	2025-06-18 15:49:05.568244
886	48	1	1	湖北省	鄂	2025-06-18 15:49:05.568244	2025-06-18 15:49:05.568244
887	48	1	1	新疆维吾尔自治区	新	2025-06-18 15:49:05.568244	2025-06-18 15:49:05.568244
888	48	1	1	湖南省	湘	2025-06-18 15:49:05.568244	2025-06-18 15:49:05.568244
889	48	1	1	宁夏回族自治区	宁	2025-06-18 15:49:05.568244	2025-06-18 15:49:05.568244
890	48	1	1	广东省	粤	2025-06-18 15:49:05.568244	2025-06-18 15:49:05.568244
891	48	1	1	西藏自治区	藏	2025-06-18 15:49:05.568244	2025-06-18 15:49:05.568244
892	48	1	1	海南省	琼	2025-06-18 15:49:05.568244	2025-06-18 15:49:05.568244
893	48	1	1	广西壮族自治区	桂	2025-06-18 15:49:05.568244	2025-06-18 15:49:05.568244
894	48	1	1	四川省	蜀	2025-06-18 15:49:05.568244	2025-06-18 15:49:05.568244
895	48	1	1	河北省	冀	2025-06-18 15:49:05.568244	2025-06-18 15:49:05.568244
896	48	1	1	贵州省	黔	2025-06-18 15:49:05.568244	2025-06-18 15:49:05.568244
897	48	1	1	山西省	晋	2025-06-18 15:49:05.568244	2025-06-18 15:49:05.568244
898	48	1	1	云南省	滇	2025-06-18 15:49:05.568244	2025-06-18 15:49:05.568244
899	48	1	1	辽宁省	辽	2025-06-18 15:49:05.568244	2025-06-18 15:49:05.568244
900	48	1	1	陕西省	陕	2025-06-18 15:49:05.568244	2025-06-18 15:49:05.568244
901	48	1	1	吉林省	吉	2025-06-18 15:49:05.568244	2025-06-18 15:49:05.568244
902	48	1	1	甘肃省	甘	2025-06-18 15:49:05.568244	2025-06-18 15:49:05.568244
903	48	1	1	黑龙江省	黑	2025-06-18 15:49:05.568244	2025-06-18 15:49:05.568244
904	48	1	1	青海省	青	2025-06-18 15:49:05.568244	2025-06-18 15:49:05.568244
905	48	1	1	江苏省	苏	2025-06-18 15:49:05.568244	2025-06-18 15:49:05.568244
906	48	1	1	台湾省	台	2025-06-18 15:49:05.568244	2025-06-18 15:49:05.568244
907	48	1	1	香港特别行政区	港	2025-06-18 15:49:05.568244	2025-06-18 15:49:05.568244
908	48	1	1	澳门特别行政区	澳	2025-06-18 15:49:05.568244	2025-06-18 15:49:05.568244
909	69	1	1	Addis Ababa	AA	2025-06-18 15:49:05.568244	2025-06-18 15:49:05.568244
910	69	1	1	Afar	AF	2025-06-18 15:49:05.568244	2025-06-18 15:49:05.568244
911	69	1	1	Amhara	AM	2025-06-18 15:49:05.568244	2025-06-18 15:49:05.568244
912	69	1	1	Benishangul-Gumuz	BN	2025-06-18 15:49:05.568244	2025-06-18 15:49:05.568244
913	69	1	1	Dire Dawa	DR	2025-06-18 15:49:05.568244	2025-06-18 15:49:05.568244
914	69	1	1	Gambella Peoples	GM	2025-06-18 15:49:05.568244	2025-06-18 15:49:05.568244
915	69	1	1	Harrari Peoples	HR	2025-06-18 15:49:05.568244	2025-06-18 15:49:05.568244
916	69	1	1	Oromia	OR	2025-06-18 15:49:05.568244	2025-06-18 15:49:05.568244
917	69	1	1	Somalia	SM	2025-06-18 15:49:05.568244	2025-06-18 15:49:05.568244
918	69	1	1	Southern Peoples, Nations, and Nationalities	SP	2025-06-18 15:49:05.568244	2025-06-18 15:49:05.568244
919	69	1	1	Tigray	TG	2025-06-18 15:49:05.568244	2025-06-18 15:49:05.568244
920	101	1	1	Carlow	CW	2025-06-18 15:49:05.568244	2025-06-18 15:49:05.568244
921	101	1	1	Cavan	CN	2025-06-18 15:49:05.568244	2025-06-18 15:49:05.568244
922	101	1	1	Clare	CE	2025-06-18 15:49:05.568244	2025-06-18 15:49:05.568244
923	101	1	1	Cork	C	2025-06-18 15:49:05.568244	2025-06-18 15:49:05.568244
924	101	1	1	Limerick	LK	2025-06-18 15:49:05.568244	2025-06-18 15:49:05.568244
925	101	1	1	Waterford	WD	2025-06-18 15:49:05.568244	2025-06-18 15:49:05.568244
926	101	1	1	Donegal	DL	2025-06-18 15:49:05.568244	2025-06-18 15:49:05.568244
927	101	1	1	Dublin	D	2025-06-18 15:49:05.568244	2025-06-18 15:49:05.568244
928	101	1	1	Galway	G	2025-06-18 15:49:05.568244	2025-06-18 15:49:05.568244
929	101	1	1	Kerry	KY	2025-06-18 15:49:05.568244	2025-06-18 15:49:05.568244
930	101	1	1	Kildare	KE	2025-06-18 15:49:05.568244	2025-06-18 15:49:05.568244
931	101	1	1	Kilkenny	KK	2025-06-18 15:49:05.568244	2025-06-18 15:49:05.568244
932	101	1	1	Laois	LS	2025-06-18 15:49:05.568244	2025-06-18 15:49:05.568244
933	101	1	1	Leitrim	LM	2025-06-18 15:49:05.568244	2025-06-18 15:49:05.568244
934	101	1	1	Longford	LD	2025-06-18 15:49:05.568244	2025-06-18 15:49:05.568244
935	101	1	1	Louth	LH	2025-06-18 15:49:05.568244	2025-06-18 15:49:05.568244
936	101	1	1	Mayo	MO	2025-06-18 15:49:05.568244	2025-06-18 15:49:05.568244
937	101	1	1	Meath	MH	2025-06-18 15:49:05.568244	2025-06-18 15:49:05.568244
938	101	1	1	Monaghan	MN	2025-06-18 15:49:05.568244	2025-06-18 15:49:05.568244
939	101	1	1	Offaly	OY	2025-06-18 15:49:05.568244	2025-06-18 15:49:05.568244
940	101	1	1	Roscommon	RN	2025-06-18 15:49:05.568244	2025-06-18 15:49:05.568244
941	101	1	1	Sligo	SO	2025-06-18 15:49:05.568244	2025-06-18 15:49:05.568244
942	101	1	1	Tipperary	TR	2025-06-18 15:49:05.568244	2025-06-18 15:49:05.568244
943	101	1	1	Westmeath	WH	2025-06-18 15:49:05.568244	2025-06-18 15:49:05.568244
944	101	1	1	Wexford	WX	2025-06-18 15:49:05.568244	2025-06-18 15:49:05.568244
945	101	1	1	Wicklow	WW	2025-06-18 15:49:05.568244	2025-06-18 15:49:05.568244
946	101	1	1	Antrim	AM	2025-06-18 15:49:05.568244	2025-06-18 15:49:05.568244
947	101	1	1	Armagh	AH	2025-06-18 15:49:05.568244	2025-06-18 15:49:05.568244
948	101	1	1	Down	DN	2025-06-18 15:49:05.568244	2025-06-18 15:49:05.568244
949	101	1	1	Fermanagh	FH	2025-06-18 15:49:05.568244	2025-06-18 15:49:05.568244
950	101	1	1	Londonderry	LY	2025-06-18 15:49:05.568244	2025-06-18 15:49:05.568244
951	101	1	1	Tyrone	TE	2025-06-18 15:49:05.568244	2025-06-18 15:49:05.568244
952	165	1	1	Drenthe	DR	2025-06-18 15:49:05.568244	2025-06-18 15:49:05.568244
953	165	1	1	Flevoland	FL	2025-06-18 15:49:05.568244	2025-06-18 15:49:05.568244
954	165	1	1	Friesland	FR	2025-06-18 15:49:05.568244	2025-06-18 15:49:05.568244
955	165	1	1	Gelderland	GE	2025-06-18 15:49:05.568244	2025-06-18 15:49:05.568244
956	165	1	1	Groningen	GR	2025-06-18 15:49:05.568244	2025-06-18 15:49:05.568244
957	165	1	1	Limburg	LI	2025-06-18 15:49:05.568244	2025-06-18 15:49:05.568244
958	165	1	1	Noord-Brabant	NB	2025-06-18 15:49:05.568244	2025-06-18 15:49:05.568244
959	165	1	1	Noord-Holland	NH	2025-06-18 15:49:05.568244	2025-06-18 15:49:05.568244
960	165	1	1	Overijssel	OV	2025-06-18 15:49:05.568244	2025-06-18 15:49:05.568244
961	165	1	1	Utrecht	UT	2025-06-18 15:49:05.568244	2025-06-18 15:49:05.568244
962	165	1	1	Zeeland	ZE	2025-06-18 15:49:05.568244	2025-06-18 15:49:05.568244
963	165	1	1	Zuid-Holland	ZH	2025-06-18 15:49:05.568244	2025-06-18 15:49:05.568244
964	165	1	1	Bonaire	BQ1	2025-06-18 15:49:05.568244	2025-06-18 15:49:05.568244
965	165	1	1	Saba	BQ2	2025-06-18 15:49:05.568244	2025-06-18 15:49:05.568244
966	165	1	1	Sint Eustatius	BQ3	2025-06-18 15:49:05.568244	2025-06-18 15:49:05.568244
967	224	1	1	Adana	01	2025-06-18 15:49:05.568244	2025-06-18 15:49:05.568244
968	224	1	1	Adıyaman	02	2025-06-18 15:49:05.568244	2025-06-18 15:49:05.568244
969	224	1	1	Afyonkarahisar	03	2025-06-18 15:49:05.568244	2025-06-18 15:49:05.568244
970	224	1	1	Ağrı	04	2025-06-18 15:49:05.568244	2025-06-18 15:49:05.568244
971	224	1	1	Amasya	05	2025-06-18 15:49:05.568244	2025-06-18 15:49:05.568244
972	224	1	1	Ankara	06	2025-06-18 15:49:05.568244	2025-06-18 15:49:05.568244
973	224	1	1	Antalya	07	2025-06-18 15:49:05.568244	2025-06-18 15:49:05.568244
974	224	1	1	Artvin	08	2025-06-18 15:49:05.568244	2025-06-18 15:49:05.568244
975	224	1	1	Aydın	09	2025-06-18 15:49:05.568244	2025-06-18 15:49:05.568244
976	224	1	1	Balıkesir	10	2025-06-18 15:49:05.568244	2025-06-18 15:49:05.568244
977	224	1	1	Bilecik	11	2025-06-18 15:49:05.568244	2025-06-18 15:49:05.568244
978	224	1	1	Bingöl	12	2025-06-18 15:49:05.568244	2025-06-18 15:49:05.568244
979	224	1	1	Bitlis	13	2025-06-18 15:49:05.568244	2025-06-18 15:49:05.568244
980	224	1	1	Bolu	14	2025-06-18 15:49:05.568244	2025-06-18 15:49:05.568244
981	224	1	1	Burdur	15	2025-06-18 15:49:05.568244	2025-06-18 15:49:05.568244
982	224	1	1	Bursa	16	2025-06-18 15:49:05.568244	2025-06-18 15:49:05.568244
983	224	1	1	Çanakkale	17	2025-06-18 15:49:05.568244	2025-06-18 15:49:05.568244
984	224	1	1	Çankırı	18	2025-06-18 15:49:05.568244	2025-06-18 15:49:05.568244
985	224	1	1	Çorum	19	2025-06-18 15:49:05.568244	2025-06-18 15:49:05.568244
986	224	1	1	Denizli	20	2025-06-18 15:49:05.568244	2025-06-18 15:49:05.568244
987	224	1	1	Diyarbakır	21	2025-06-18 15:49:05.568244	2025-06-18 15:49:05.568244
988	224	1	1	Edirne	22	2025-06-18 15:49:05.568244	2025-06-18 15:49:05.568244
989	224	1	1	Elazığ	23	2025-06-18 15:49:05.568244	2025-06-18 15:49:05.568244
990	224	1	1	Erzincan	24	2025-06-18 15:49:05.568244	2025-06-18 15:49:05.568244
991	224	1	1	Erzurum	25	2025-06-18 15:49:05.568244	2025-06-18 15:49:05.568244
992	224	1	1	Eskişehir	26	2025-06-18 15:49:05.568244	2025-06-18 15:49:05.568244
993	224	1	1	Gaziantep	27	2025-06-18 15:49:05.568244	2025-06-18 15:49:05.568244
994	224	1	1	Giresun	28	2025-06-18 15:49:05.568244	2025-06-18 15:49:05.568244
995	224	1	1	Gümüşhane	29	2025-06-18 15:49:05.568244	2025-06-18 15:49:05.568244
996	224	1	1	Hakkari	30	2025-06-18 15:49:05.568244	2025-06-18 15:49:05.568244
997	224	1	1	Hatay	31	2025-06-18 15:49:05.568244	2025-06-18 15:49:05.568244
998	224	1	1	Isparta	32	2025-06-18 15:49:05.568244	2025-06-18 15:49:05.568244
999	224	1	1	Mersin	33	2025-06-18 15:49:05.568244	2025-06-18 15:49:05.568244
1000	224	1	1	İstanbul	34	2025-06-18 15:49:05.568244	2025-06-18 15:49:05.568244
1001	224	1	1	İzmir	35	2025-06-18 15:49:05.568244	2025-06-18 15:49:05.568244
1002	224	1	1	Kars	36	2025-06-18 15:49:05.568244	2025-06-18 15:49:05.568244
1003	224	1	1	Kastamonu	37	2025-06-18 15:49:05.568244	2025-06-18 15:49:05.568244
1004	224	1	1	Kayseri	38	2025-06-18 15:49:05.568244	2025-06-18 15:49:05.568244
1005	224	1	1	Kırklareli	39	2025-06-18 15:49:05.568244	2025-06-18 15:49:05.568244
1006	224	1	1	Kırşehir	40	2025-06-18 15:49:05.568244	2025-06-18 15:49:05.568244
1007	224	1	1	Kocaeli	41	2025-06-18 15:49:05.568244	2025-06-18 15:49:05.568244
1008	224	1	1	Konya	42	2025-06-18 15:49:05.568244	2025-06-18 15:49:05.568244
1009	224	1	1	Kütahya	43	2025-06-18 15:49:05.568244	2025-06-18 15:49:05.568244
1010	224	1	1	Malatya	44	2025-06-18 15:49:05.568244	2025-06-18 15:49:05.568244
1011	224	1	1	Manisa	45	2025-06-18 15:49:05.568244	2025-06-18 15:49:05.568244
1012	224	1	1	Kahramanmaraş	46	2025-06-18 15:49:05.568244	2025-06-18 15:49:05.568244
1013	224	1	1	Mardin	47	2025-06-18 15:49:05.568244	2025-06-18 15:49:05.568244
1014	224	1	1	Muğla	48	2025-06-18 15:49:05.568244	2025-06-18 15:49:05.568244
1015	224	1	1	Muş	49	2025-06-18 15:49:05.568244	2025-06-18 15:49:05.568244
1016	224	1	1	Nevşehir	50	2025-06-18 15:49:05.568244	2025-06-18 15:49:05.568244
1017	224	1	1	Niğde	51	2025-06-18 15:49:05.568244	2025-06-18 15:49:05.568244
1018	224	1	1	Ordu	52	2025-06-18 15:49:05.568244	2025-06-18 15:49:05.568244
1019	224	1	1	Rize	53	2025-06-18 15:49:05.568244	2025-06-18 15:49:05.568244
1020	224	1	1	Sakarya	54	2025-06-18 15:49:05.568244	2025-06-18 15:49:05.568244
1021	224	1	1	Samsun	55	2025-06-18 15:49:05.568244	2025-06-18 15:49:05.568244
1022	224	1	1	Siirt	56	2025-06-18 15:49:05.568244	2025-06-18 15:49:05.568244
1023	224	1	1	Sinop	57	2025-06-18 15:49:05.568244	2025-06-18 15:49:05.568244
1024	224	1	1	Sivas	58	2025-06-18 15:49:05.568244	2025-06-18 15:49:05.568244
1025	224	1	1	Tekirdağ	59	2025-06-18 15:49:05.568244	2025-06-18 15:49:05.568244
1026	224	1	1	Tokat	60	2025-06-18 15:49:05.568244	2025-06-18 15:49:05.568244
1027	224	1	1	Trabzon	61	2025-06-18 15:49:05.568244	2025-06-18 15:49:05.568244
1028	224	1	1	Tunceli	62	2025-06-18 15:49:05.568244	2025-06-18 15:49:05.568244
1029	224	1	1	Şanlıurfa	63	2025-06-18 15:49:05.568244	2025-06-18 15:49:05.568244
1030	224	1	1	Uşak	64	2025-06-18 15:49:05.568244	2025-06-18 15:49:05.568244
1031	224	1	1	Van	65	2025-06-18 15:49:05.568244	2025-06-18 15:49:05.568244
1032	224	1	1	Yozgat	66	2025-06-18 15:49:05.568244	2025-06-18 15:49:05.568244
1033	224	1	1	Zonguldak	67	2025-06-18 15:49:05.568244	2025-06-18 15:49:05.568244
1034	224	1	1	Aksaray	68	2025-06-18 15:49:05.568244	2025-06-18 15:49:05.568244
1035	224	1	1	Bayburt	69	2025-06-18 15:49:05.568244	2025-06-18 15:49:05.568244
1036	224	1	1	Karaman	70	2025-06-18 15:49:05.568244	2025-06-18 15:49:05.568244
1037	224	1	1	Kırıkkale	71	2025-06-18 15:49:05.568244	2025-06-18 15:49:05.568244
1038	224	1	1	Batman	72	2025-06-18 15:49:05.568244	2025-06-18 15:49:05.568244
1039	224	1	1	Şırnak	73	2025-06-18 15:49:05.568244	2025-06-18 15:49:05.568244
1040	224	1	1	Bartın	74	2025-06-18 15:49:05.568244	2025-06-18 15:49:05.568244
1041	224	1	1	Ardahan	75	2025-06-18 15:49:05.568244	2025-06-18 15:49:05.568244
1042	224	1	1	Iğdır	76	2025-06-18 15:49:05.568244	2025-06-18 15:49:05.568244
1043	224	1	1	Yalova	77	2025-06-18 15:49:05.568244	2025-06-18 15:49:05.568244
1044	224	1	1	Karabük	78	2025-06-18 15:49:05.568244	2025-06-18 15:49:05.568244
1045	224	1	1	Kilis	79	2025-06-18 15:49:05.568244	2025-06-18 15:49:05.568244
1046	224	1	1	Osmaniye	80	2025-06-18 15:49:05.568244	2025-06-18 15:49:05.568244
1047	224	1	1	Düzce	81	2025-06-18 15:49:05.568244	2025-06-18 15:49:05.568244
1048	241	1	1	An Giang	VN-44	2025-06-18 15:49:05.568244	2025-06-18 15:49:05.568244
1049	241	1	1	Bình Dương	VN-57	2025-06-18 15:49:05.568244	2025-06-18 15:49:05.568244
1050	241	1	1	Bình Định	VN-31	2025-06-18 15:49:05.568244	2025-06-18 15:49:05.568244
1051	241	1	1	Bắc Giang	VN-54	2025-06-18 15:49:05.568244	2025-06-18 15:49:05.568244
1052	241	1	1	Bắc Kạn	VN-53	2025-06-18 15:49:05.568244	2025-06-18 15:49:05.568244
1053	241	1	1	Bạc Liêu	VN-55	2025-06-18 15:49:05.568244	2025-06-18 15:49:05.568244
1054	241	1	1	Bắc Ninh	VN-56	2025-06-18 15:49:05.568244	2025-06-18 15:49:05.568244
1055	241	1	1	Bình Phước	VN-58	2025-06-18 15:49:05.568244	2025-06-18 15:49:05.568244
1056	241	1	1	Bà Rịa - Vũng Tàu	VN-43	2025-06-18 15:49:05.568244	2025-06-18 15:49:05.568244
1057	241	1	1	Bình Thuận	VN-40	2025-06-18 15:49:05.568244	2025-06-18 15:49:05.568244
1058	241	1	1	Bến Tre	VN-50	2025-06-18 15:49:05.568244	2025-06-18 15:49:05.568244
1059	241	1	1	Cao Bằng	VN-04	2025-06-18 15:49:05.568244	2025-06-18 15:49:05.568244
1060	241	1	1	Cà Mau	VN-59	2025-06-18 15:49:05.568244	2025-06-18 15:49:05.568244
1061	241	1	1	TP Cần Thơ	VN-CT	2025-06-18 15:49:05.568244	2025-06-18 15:49:05.568244
1062	241	1	1	Điện Biên	VN-71	2025-06-18 15:49:05.568244	2025-06-18 15:49:05.568244
1063	241	1	1	Đắk Lắk	VN-33	2025-06-18 15:49:05.568244	2025-06-18 15:49:05.568244
1064	241	1	1	TP Đà Nẵng	VN-DN	2025-06-18 15:49:05.568244	2025-06-18 15:49:05.568244
1065	241	1	1	Đồng Nai	VN-39	2025-06-18 15:49:05.568244	2025-06-18 15:49:05.568244
1066	241	1	1	Đắk Nông	VN-72	2025-06-18 15:49:05.568244	2025-06-18 15:49:05.568244
1067	241	1	1	Đồng Tháp	VN-45	2025-06-18 15:49:05.568244	2025-06-18 15:49:05.568244
1068	241	1	1	Gia Lai	VN-30	2025-06-18 15:49:05.568244	2025-06-18 15:49:05.568244
1069	241	1	1	Hòa Bình	VN-14	2025-06-18 15:49:05.568244	2025-06-18 15:49:05.568244
1070	241	1	1	TP Hồ Chí Minh	VN-SG	2025-06-18 15:49:05.568244	2025-06-18 15:49:05.568244
1071	241	1	1	Hải Dương	VN-61	2025-06-18 15:49:05.568244	2025-06-18 15:49:05.568244
1072	241	1	1	Hậu Giang	VN-73	2025-06-18 15:49:05.568244	2025-06-18 15:49:05.568244
1073	241	1	1	Hà Giang	VN-03	2025-06-18 15:49:05.568244	2025-06-18 15:49:05.568244
1074	241	1	1	Hà Nội	VN-HN	2025-06-18 15:49:05.568244	2025-06-18 15:49:05.568244
1075	241	1	1	Hà Nam	VN-63	2025-06-18 15:49:05.568244	2025-06-18 15:49:05.568244
1076	241	1	1	TP Hải Phòng	VN-HP	2025-06-18 15:49:05.568244	2025-06-18 15:49:05.568244
1077	241	1	1	Hà Tĩnh	VN-23	2025-06-18 15:49:05.568244	2025-06-18 15:49:05.568244
1078	241	1	1	Hưng Yên	VN-66	2025-06-18 15:49:05.568244	2025-06-18 15:49:05.568244
1079	241	1	1	Kiên Giang	VN-47	2025-06-18 15:49:05.568244	2025-06-18 15:49:05.568244
1080	241	1	1	Khánh Hòa	VN-34	2025-06-18 15:49:05.568244	2025-06-18 15:49:05.568244
1081	241	1	1	Kon Tum	VN-28	2025-06-18 15:49:05.568244	2025-06-18 15:49:05.568244
1082	241	1	1	Long An	VN-41	2025-06-18 15:49:05.568244	2025-06-18 15:49:05.568244
1083	241	1	1	Lào Cai	VN-02	2025-06-18 15:49:05.568244	2025-06-18 15:49:05.568244
1084	241	1	1	Lai Châu	VN-01	2025-06-18 15:49:05.568244	2025-06-18 15:49:05.568244
1085	241	1	1	Lâm Đồng	VN-35	2025-06-18 15:49:05.568244	2025-06-18 15:49:05.568244
1086	241	1	1	Lạng Sơn	VN-09	2025-06-18 15:49:05.568244	2025-06-18 15:49:05.568244
1087	241	1	1	Nghệ An	VN-22	2025-06-18 15:49:05.568244	2025-06-18 15:49:05.568244
1088	241	1	1	Ninh Bình	VN-18	2025-06-18 15:49:05.568244	2025-06-18 15:49:05.568244
1089	241	1	1	Nam Định	VN-67	2025-06-18 15:49:05.568244	2025-06-18 15:49:05.568244
1090	241	1	1	Ninh Thuận	VN-36	2025-06-18 15:49:05.568244	2025-06-18 15:49:05.568244
1091	241	1	1	Phú Thọ	VN-68	2025-06-18 15:49:05.568244	2025-06-18 15:49:05.568244
1092	241	1	1	Phú Yên	VN-32	2025-06-18 15:49:05.568244	2025-06-18 15:49:05.568244
1093	241	1	1	Quảng Bình	VN-24	2025-06-18 15:49:05.568244	2025-06-18 15:49:05.568244
1094	241	1	1	Quảng Ninh	VN-13	2025-06-18 15:49:05.568244	2025-06-18 15:49:05.568244
1095	241	1	1	Quảng Nam	VN-27	2025-06-18 15:49:05.568244	2025-06-18 15:49:05.568244
1096	241	1	1	Quảng Ngãi	VN-29	2025-06-18 15:49:05.568244	2025-06-18 15:49:05.568244
1097	241	1	1	Quảng Trị	VN-25	2025-06-18 15:49:05.568244	2025-06-18 15:49:05.568244
1098	241	1	1	Sơn La	VN-05	2025-06-18 15:49:05.568244	2025-06-18 15:49:05.568244
1099	241	1	1	Sóc Trăng	VN-52	2025-06-18 15:49:05.568244	2025-06-18 15:49:05.568244
1100	241	1	1	Thái Bình	VN-20	2025-06-18 15:49:05.568244	2025-06-18 15:49:05.568244
1101	241	1	1	Tiền Giang	VN-46	2025-06-18 15:49:05.568244	2025-06-18 15:49:05.568244
1102	241	1	1	Thanh Hóa	VN-21	2025-06-18 15:49:05.568244	2025-06-18 15:49:05.568244
1103	241	1	1	Thái Nguyên	VN-69	2025-06-18 15:49:05.568244	2025-06-18 15:49:05.568244
1104	241	1	1	Tây Ninh	VN-37	2025-06-18 15:49:05.568244	2025-06-18 15:49:05.568244
1105	241	1	1	Tuyên Quang	VN-07	2025-06-18 15:49:05.568244	2025-06-18 15:49:05.568244
1106	241	1	1	Thừa Thiên - Huế	VN-26	2025-06-18 15:49:05.568244	2025-06-18 15:49:05.568244
1107	241	1	1	Trà Vinh	VN-51	2025-06-18 15:49:05.568244	2025-06-18 15:49:05.568244
1108	241	1	1	Vĩnh Long	VN-49	2025-06-18 15:49:05.568244	2025-06-18 15:49:05.568244
1109	241	1	1	Vĩnh Phúc	VN-70	2025-06-18 15:49:05.568244	2025-06-18 15:49:05.568244
1110	241	1	1	Yên Bái	VN-06	2025-06-18 15:49:05.568244	2025-06-18 15:49:05.568244
1111	50	1	1	San José	1	2025-06-18 15:49:05.568244	2025-06-18 15:49:05.568244
1112	50	1	1	Alajuela	2	2025-06-18 15:49:05.568244	2025-06-18 15:49:05.568244
1113	50	1	1	Heredia	4	2025-06-18 15:49:05.568244	2025-06-18 15:49:05.568244
1114	50	1	1	Cartago	3	2025-06-18 15:49:05.568244	2025-06-18 15:49:05.568244
1115	50	1	1	Puntarenas	6	2025-06-18 15:49:05.568244	2025-06-18 15:49:05.568244
1116	50	1	1	Guanacaste	5	2025-06-18 15:49:05.568244	2025-06-18 15:49:05.568244
1117	50	1	1	Limón	7	2025-06-18 15:49:05.568244	2025-06-18 15:49:05.568244
1118	61	1	1	Distrito Nacional	DN	2025-06-18 15:49:05.568244	2025-06-18 15:49:05.568244
1119	61	1	1	Azua	AZU	2025-06-18 15:49:05.568244	2025-06-18 15:49:05.568244
1120	61	1	1	Bahoruco	BAH	2025-06-18 15:49:05.568244	2025-06-18 15:49:05.568244
1121	61	1	1	Barahona	BAR	2025-06-18 15:49:05.568244	2025-06-18 15:49:05.568244
1122	61	1	1	Dajabón	DAJ	2025-06-18 15:49:05.568244	2025-06-18 15:49:05.568244
1123	61	1	1	Duarte	DUA	2025-06-18 15:49:05.568244	2025-06-18 15:49:05.568244
1124	61	1	1	Elías Piña	ELP	2025-06-18 15:49:05.568244	2025-06-18 15:49:05.568244
1125	61	1	1	El Seibo	ELS	2025-06-18 15:49:05.568244	2025-06-18 15:49:05.568244
1126	61	1	1	Espaillat	ESP	2025-06-18 15:49:05.568244	2025-06-18 15:49:05.568244
1127	61	1	1	Independencia	IND	2025-06-18 15:49:05.568244	2025-06-18 15:49:05.568244
1128	61	1	1	La Altagracia	LA	2025-06-18 15:49:05.568244	2025-06-18 15:49:05.568244
1129	61	1	1	La Romana	LR	2025-06-18 15:49:05.568244	2025-06-18 15:49:05.568244
1130	61	1	1	La Vega	LV	2025-06-18 15:49:05.568244	2025-06-18 15:49:05.568244
1131	61	1	1	María Trinidad Sánchez	MTS	2025-06-18 15:49:05.568244	2025-06-18 15:49:05.568244
1132	61	1	1	Monte Cristi	MC	2025-06-18 15:49:05.568244	2025-06-18 15:49:05.568244
1133	61	1	1	Pedernales	PED	2025-06-18 15:49:05.568244	2025-06-18 15:49:05.568244
1134	61	1	1	Peravia	PER	2025-06-18 15:49:05.568244	2025-06-18 15:49:05.568244
1135	61	1	1	Puerto Plata	PP	2025-06-18 15:49:05.568244	2025-06-18 15:49:05.568244
1136	61	1	1	Hermanas Mirabal	HEM	2025-06-18 15:49:05.568244	2025-06-18 15:49:05.568244
1137	61	1	1	Samaná	SAM	2025-06-18 15:49:05.568244	2025-06-18 15:49:05.568244
1138	61	1	1	San Cristóbal	SC	2025-06-18 15:49:05.568244	2025-06-18 15:49:05.568244
1139	61	1	1	San Juan	SJ	2025-06-18 15:49:05.568244	2025-06-18 15:49:05.568244
1140	61	1	1	San Pedro de Macorís	SPM	2025-06-18 15:49:05.568244	2025-06-18 15:49:05.568244
1141	61	1	1	Sánchez Ramírez	SRA	2025-06-18 15:49:05.568244	2025-06-18 15:49:05.568244
1142	61	1	1	Santiago	STGO	2025-06-18 15:49:05.568244	2025-06-18 15:49:05.568244
1143	61	1	1	Santiago Rodríguez	SRO	2025-06-18 15:49:05.568244	2025-06-18 15:49:05.568244
1144	61	1	1	Valverde	VAL	2025-06-18 15:49:05.568244	2025-06-18 15:49:05.568244
1145	61	1	1	Monseñor Nouel	MON	2025-06-18 15:49:05.568244	2025-06-18 15:49:05.568244
1146	61	1	1	Monte Plata	MP	2025-06-18 15:49:05.568244	2025-06-18 15:49:05.568244
1147	61	1	1	Hato Mayor	HAM	2025-06-18 15:49:05.568244	2025-06-18 15:49:05.568244
1148	61	1	1	San José de Ocoa	SJO	2025-06-18 15:49:05.568244	2025-06-18 15:49:05.568244
1149	61	1	1	Santo Domingo	SD	2025-06-18 15:49:05.568244	2025-06-18 15:49:05.568244
1150	173	1	1	Amazonas	01	2025-06-18 15:49:05.568244	2025-06-18 15:49:05.568244
1151	173	1	1	Áncash	02	2025-06-18 15:49:05.568244	2025-06-18 15:49:05.568244
1152	173	1	1	Apurímac	03	2025-06-18 15:49:05.568244	2025-06-18 15:49:05.568244
1153	173	1	1	Arequipa	04	2025-06-18 15:49:05.568244	2025-06-18 15:49:05.568244
1154	173	1	1	Ayacucho	05	2025-06-18 15:49:05.568244	2025-06-18 15:49:05.568244
1155	173	1	1	Cajamarca	06	2025-06-18 15:49:05.568244	2025-06-18 15:49:05.568244
1156	173	1	1	Callao	07	2025-06-18 15:49:05.568244	2025-06-18 15:49:05.568244
1157	173	1	1	Cusco	08	2025-06-18 15:49:05.568244	2025-06-18 15:49:05.568244
1158	173	1	1	Huancavelica	09	2025-06-18 15:49:05.568244	2025-06-18 15:49:05.568244
1159	173	1	1	Huánuco	10	2025-06-18 15:49:05.568244	2025-06-18 15:49:05.568244
1160	173	1	1	Ica	11	2025-06-18 15:49:05.568244	2025-06-18 15:49:05.568244
1161	173	1	1	Junin	12	2025-06-18 15:49:05.568244	2025-06-18 15:49:05.568244
1162	173	1	1	La Libertad	13	2025-06-18 15:49:05.568244	2025-06-18 15:49:05.568244
1163	173	1	1	Lambayeque	14	2025-06-18 15:49:05.568244	2025-06-18 15:49:05.568244
1164	173	1	1	Lima	15	2025-06-18 15:49:05.568244	2025-06-18 15:49:05.568244
1165	173	1	1	Loreto	16	2025-06-18 15:49:05.568244	2025-06-18 15:49:05.568244
1166	173	1	1	Madre de Dios	17	2025-06-18 15:49:05.568244	2025-06-18 15:49:05.568244
1167	173	1	1	Moquegua	18	2025-06-18 15:49:05.568244	2025-06-18 15:49:05.568244
1168	173	1	1	Pasco	19	2025-06-18 15:49:05.568244	2025-06-18 15:49:05.568244
1169	173	1	1	Piura	20	2025-06-18 15:49:05.568244	2025-06-18 15:49:05.568244
1170	173	1	1	Puno	21	2025-06-18 15:49:05.568244	2025-06-18 15:49:05.568244
1171	173	1	1	San Martín	22	2025-06-18 15:49:05.568244	2025-06-18 15:49:05.568244
1172	173	1	1	Tacna	23	2025-06-18 15:49:05.568244	2025-06-18 15:49:05.568244
1173	173	1	1	Tumbes	24	2025-06-18 15:49:05.568244	2025-06-18 15:49:05.568244
1174	173	1	1	Ucayali	25	2025-06-18 15:49:05.568244	2025-06-18 15:49:05.568244
1175	46	1	1	Tarapacá	01	2025-06-18 15:49:05.568244	2025-06-18 15:49:05.568244
1176	46	1	1	Antofagasta	02	2025-06-18 15:49:05.568244	2025-06-18 15:49:05.568244
1177	46	1	1	Atacama	03	2025-06-18 15:49:05.568244	2025-06-18 15:49:05.568244
1178	46	1	1	Coquimbo	04	2025-06-18 15:49:05.568244	2025-06-18 15:49:05.568244
1179	46	1	1	Valparaíso	05	2025-06-18 15:49:05.568244	2025-06-18 15:49:05.568244
1180	46	1	1	del Libertador Gral. Bernardo O'Higgins	06	2025-06-18 15:49:05.568244	2025-06-18 15:49:05.568244
1181	46	1	1	del Maule	07	2025-06-18 15:49:05.568244	2025-06-18 15:49:05.568244
1182	46	1	1	del BíoBio	08	2025-06-18 15:49:05.568244	2025-06-18 15:49:05.568244
1183	46	1	1	de la Araucania	09	2025-06-18 15:49:05.568244	2025-06-18 15:49:05.568244
1184	46	1	1	de los Lagos	10	2025-06-18 15:49:05.568244	2025-06-18 15:49:05.568244
1185	46	1	1	Aysén del Gral. Carlos Ibáñez del Campo	11	2025-06-18 15:49:05.568244	2025-06-18 15:49:05.568244
1186	46	1	1	Magallanes	12	2025-06-18 15:49:05.568244	2025-06-18 15:49:05.568244
1187	46	1	1	Metropolitana	13	2025-06-18 15:49:05.568244	2025-06-18 15:49:05.568244
1188	46	1	1	Los Ríos	14	2025-06-18 15:49:05.568244	2025-06-18 15:49:05.568244
1189	46	1	1	Arica y Parinacota	15	2025-06-18 15:49:05.568244	2025-06-18 15:49:05.568244
1190	46	1	1	del Ñuble	16	2025-06-18 15:49:05.568244	2025-06-18 15:49:05.568244
1191	64	1	1	Harjumaa	EE-37	2025-06-18 15:49:05.568244	2025-06-18 15:49:05.568244
1192	64	1	1	Hiiumaa	EE-39	2025-06-18 15:49:05.568244	2025-06-18 15:49:05.568244
1193	64	1	1	Ida-Virumaa	EE-44	2025-06-18 15:49:05.568244	2025-06-18 15:49:05.568244
1194	64	1	1	Jõgevamaa	EE-49	2025-06-18 15:49:05.568244	2025-06-18 15:49:05.568244
1195	64	1	1	Järvamaa	EE-51	2025-06-18 15:49:05.568244	2025-06-18 15:49:05.568244
1196	64	1	1	Läänemaa	EE-57	2025-06-18 15:49:05.568244	2025-06-18 15:49:05.568244
1197	64	1	1	Lääne-Virumaa	EE-59	2025-06-18 15:49:05.568244	2025-06-18 15:49:05.568244
1198	64	1	1	Põlvamaa	EE-65	2025-06-18 15:49:05.568244	2025-06-18 15:49:05.568244
1199	64	1	1	Pärnumaa	EE-67	2025-06-18 15:49:05.568244	2025-06-18 15:49:05.568244
1200	64	1	1	Raplamaa	EE-70	2025-06-18 15:49:05.568244	2025-06-18 15:49:05.568244
1201	64	1	1	Saaremaa	EE-74	2025-06-18 15:49:05.568244	2025-06-18 15:49:05.568244
1202	64	1	1	Tartumaa	EE-78	2025-06-18 15:49:05.568244	2025-06-18 15:49:05.568244
1203	64	1	1	Valgamaa	EE-82	2025-06-18 15:49:05.568244	2025-06-18 15:49:05.568244
1204	64	1	1	Viljandimaa	EE-84	2025-06-18 15:49:05.568244	2025-06-18 15:49:05.568244
1205	64	1	1	Võrumaa	EE-86	2025-06-18 15:49:05.568244	2025-06-18 15:49:05.568244
1206	134	1	1	Aglonas novads	LV-001	2025-06-18 15:49:05.568244	2025-06-18 15:49:05.568244
1207	134	1	1	Aizkraukles novads	LV-002	2025-06-18 15:49:05.568244	2025-06-18 15:49:05.568244
1208	134	1	1	Aizputes novads	LV-003	2025-06-18 15:49:05.568244	2025-06-18 15:49:05.568244
1209	134	1	1	Aknīstes novads	LV-004	2025-06-18 15:49:05.568244	2025-06-18 15:49:05.568244
1210	134	1	1	Alojas novads	LV-005	2025-06-18 15:49:05.568244	2025-06-18 15:49:05.568244
1211	134	1	1	Alsungas novads	LV-006	2025-06-18 15:49:05.568244	2025-06-18 15:49:05.568244
1212	134	1	1	Alūksnes novads	LV-007	2025-06-18 15:49:05.568244	2025-06-18 15:49:05.568244
1213	134	1	1	Amatas novads	LV-008	2025-06-18 15:49:05.568244	2025-06-18 15:49:05.568244
1214	134	1	1	Apes novads	LV-009	2025-06-18 15:49:05.568244	2025-06-18 15:49:05.568244
1215	134	1	1	Auces novads	LV-010	2025-06-18 15:49:05.568244	2025-06-18 15:49:05.568244
1216	134	1	1	Ādažu novads	LV-011	2025-06-18 15:49:05.568244	2025-06-18 15:49:05.568244
1217	134	1	1	Babītes novads	LV-012	2025-06-18 15:49:05.568244	2025-06-18 15:49:05.568244
1218	134	1	1	Baldones novads	LV-013	2025-06-18 15:49:05.568244	2025-06-18 15:49:05.568244
1219	134	1	1	Baltinavas novads	LV-014	2025-06-18 15:49:05.568244	2025-06-18 15:49:05.568244
1220	134	1	1	Balvu novads	LV-015	2025-06-18 15:49:05.568244	2025-06-18 15:49:05.568244
1221	134	1	1	Bauskas novads	LV-016	2025-06-18 15:49:05.568244	2025-06-18 15:49:05.568244
1222	134	1	1	Beverīnas novads	LV-017	2025-06-18 15:49:05.568244	2025-06-18 15:49:05.568244
1223	134	1	1	Brocēnu novads	LV-018	2025-06-18 15:49:05.568244	2025-06-18 15:49:05.568244
1224	134	1	1	Burtnieku novads	LV-019	2025-06-18 15:49:05.568244	2025-06-18 15:49:05.568244
1225	134	1	1	Carnikavas novads	LV-020	2025-06-18 15:49:05.568244	2025-06-18 15:49:05.568244
1226	134	1	1	Cesvaines novads	LV-021	2025-06-18 15:49:05.568244	2025-06-18 15:49:05.568244
1227	134	1	1	Cēsu novads	LV-022	2025-06-18 15:49:05.568244	2025-06-18 15:49:05.568244
1228	134	1	1	Ciblas novads	LV-023	2025-06-18 15:49:05.568244	2025-06-18 15:49:05.568244
1229	134	1	1	Dagdas novads	LV-024	2025-06-18 15:49:05.568244	2025-06-18 15:49:05.568244
1230	134	1	1	Daugavpils novads	LV-025	2025-06-18 15:49:05.568244	2025-06-18 15:49:05.568244
1231	134	1	1	Dobeles novads	LV-026	2025-06-18 15:49:05.568244	2025-06-18 15:49:05.568244
1232	134	1	1	Dundagas novads	LV-027	2025-06-18 15:49:05.568244	2025-06-18 15:49:05.568244
1233	134	1	1	Durbes novads	LV-028	2025-06-18 15:49:05.568244	2025-06-18 15:49:05.568244
1234	134	1	1	Engures novads	LV-029	2025-06-18 15:49:05.568244	2025-06-18 15:49:05.568244
1235	134	1	1	Ērgļu novads	LV-030	2025-06-18 15:49:05.568244	2025-06-18 15:49:05.568244
1236	134	1	1	Garkalnes novads	LV-031	2025-06-18 15:49:05.568244	2025-06-18 15:49:05.568244
1237	134	1	1	Grobiņas novads	LV-032	2025-06-18 15:49:05.568244	2025-06-18 15:49:05.568244
1238	134	1	1	Gulbenes novads	LV-033	2025-06-18 15:49:05.568244	2025-06-18 15:49:05.568244
1239	134	1	1	Iecavas novads	LV-034	2025-06-18 15:49:05.568244	2025-06-18 15:49:05.568244
1240	134	1	1	Ikšķiles novads	LV-035	2025-06-18 15:49:05.568244	2025-06-18 15:49:05.568244
1241	134	1	1	Ilūkstes novads	LV-036	2025-06-18 15:49:05.568244	2025-06-18 15:49:05.568244
1242	134	1	1	Inčukalna novads	LV-037	2025-06-18 15:49:05.568244	2025-06-18 15:49:05.568244
1243	134	1	1	Jaunjelgavas novads	LV-038	2025-06-18 15:49:05.568244	2025-06-18 15:49:05.568244
1244	134	1	1	Jaunpiebalgas novads	LV-039	2025-06-18 15:49:05.568244	2025-06-18 15:49:05.568244
1245	134	1	1	Jaunpils novads	LV-040	2025-06-18 15:49:05.568244	2025-06-18 15:49:05.568244
1246	134	1	1	Jelgavas novads	LV-041	2025-06-18 15:49:05.568244	2025-06-18 15:49:05.568244
1247	134	1	1	Jēkabpils novads	LV-042	2025-06-18 15:49:05.568244	2025-06-18 15:49:05.568244
1248	134	1	1	Kandavas novads	LV-043	2025-06-18 15:49:05.568244	2025-06-18 15:49:05.568244
1249	134	1	1	Kārsavas novads	LV-044	2025-06-18 15:49:05.568244	2025-06-18 15:49:05.568244
1250	134	1	1	Kocēnu novads	LV-045	2025-06-18 15:49:05.568244	2025-06-18 15:49:05.568244
1251	134	1	1	Kokneses novads	LV-046	2025-06-18 15:49:05.568244	2025-06-18 15:49:05.568244
1252	134	1	1	Krāslavas novads	LV-047	2025-06-18 15:49:05.568244	2025-06-18 15:49:05.568244
1253	134	1	1	Krimuldas novads	LV-048	2025-06-18 15:49:05.568244	2025-06-18 15:49:05.568244
1254	134	1	1	Krustpils novads	LV-049	2025-06-18 15:49:05.568244	2025-06-18 15:49:05.568244
1255	134	1	1	Kuldīgas novads	LV-050	2025-06-18 15:49:05.568244	2025-06-18 15:49:05.568244
1256	134	1	1	Ķeguma novads	LV-051	2025-06-18 15:49:05.568244	2025-06-18 15:49:05.568244
1257	134	1	1	Ķekavas novads	LV-052	2025-06-18 15:49:05.568244	2025-06-18 15:49:05.568244
1258	134	1	1	Lielvārdes novads	LV-053	2025-06-18 15:49:05.568244	2025-06-18 15:49:05.568244
1259	134	1	1	Limbažu novads	LV-054	2025-06-18 15:49:05.568244	2025-06-18 15:49:05.568244
1260	134	1	1	Līgatnes novads	LV-055	2025-06-18 15:49:05.568244	2025-06-18 15:49:05.568244
1261	134	1	1	Līvānu novads	LV-056	2025-06-18 15:49:05.568244	2025-06-18 15:49:05.568244
1262	134	1	1	Lubānas novads	LV-057	2025-06-18 15:49:05.568244	2025-06-18 15:49:05.568244
1263	134	1	1	Ludzas novads	LV-058	2025-06-18 15:49:05.568244	2025-06-18 15:49:05.568244
1264	134	1	1	Madonas novads	LV-059	2025-06-18 15:49:05.568244	2025-06-18 15:49:05.568244
1265	134	1	1	Mazsalacas novads	LV-060	2025-06-18 15:49:05.568244	2025-06-18 15:49:05.568244
1266	134	1	1	Mālpils novads	LV-061	2025-06-18 15:49:05.568244	2025-06-18 15:49:05.568244
1267	134	1	1	Mārupes novads	LV-062	2025-06-18 15:49:05.568244	2025-06-18 15:49:05.568244
1268	134	1	1	Mērsraga novads	LV-063	2025-06-18 15:49:05.568244	2025-06-18 15:49:05.568244
1269	134	1	1	Naukšēnu novads	LV-064	2025-06-18 15:49:05.568244	2025-06-18 15:49:05.568244
1270	134	1	1	Neretas novads	LV-065	2025-06-18 15:49:05.568244	2025-06-18 15:49:05.568244
1271	134	1	1	Nīcas novads	LV-066	2025-06-18 15:49:05.568244	2025-06-18 15:49:05.568244
1272	134	1	1	Ogres novads	LV-067	2025-06-18 15:49:05.568244	2025-06-18 15:49:05.568244
1273	134	1	1	Olaines novads	LV-068	2025-06-18 15:49:05.568244	2025-06-18 15:49:05.568244
1274	134	1	1	Ozolnieku novads	LV-069	2025-06-18 15:49:05.568244	2025-06-18 15:49:05.568244
1275	134	1	1	Pārgaujas novads	LV-070	2025-06-18 15:49:05.568244	2025-06-18 15:49:05.568244
1276	134	1	1	Pāvilostas novads	LV-071	2025-06-18 15:49:05.568244	2025-06-18 15:49:05.568244
1277	134	1	1	Pļaviņu novads	LV-072	2025-06-18 15:49:05.568244	2025-06-18 15:49:05.568244
1278	134	1	1	Preiļu novads	LV-073	2025-06-18 15:49:05.568244	2025-06-18 15:49:05.568244
1279	134	1	1	Priekules novads	LV-074	2025-06-18 15:49:05.568244	2025-06-18 15:49:05.568244
1280	134	1	1	Priekuļu novads	LV-075	2025-06-18 15:49:05.568244	2025-06-18 15:49:05.568244
1281	134	1	1	Raunas novads	LV-076	2025-06-18 15:49:05.568244	2025-06-18 15:49:05.568244
1282	134	1	1	Rēzeknes novads	LV-077	2025-06-18 15:49:05.568244	2025-06-18 15:49:05.568244
1283	134	1	1	Riebiņu novads	LV-078	2025-06-18 15:49:05.568244	2025-06-18 15:49:05.568244
1284	134	1	1	Rojas novads	LV-079	2025-06-18 15:49:05.568244	2025-06-18 15:49:05.568244
1285	134	1	1	Ropažu novads	LV-080	2025-06-18 15:49:05.568244	2025-06-18 15:49:05.568244
1286	134	1	1	Rucavas novads	LV-081	2025-06-18 15:49:05.568244	2025-06-18 15:49:05.568244
1287	134	1	1	Rugāju novads	LV-082	2025-06-18 15:49:05.568244	2025-06-18 15:49:05.568244
1288	134	1	1	Rundāles novads	LV-083	2025-06-18 15:49:05.568244	2025-06-18 15:49:05.568244
1289	134	1	1	Rūjienas novads	LV-084	2025-06-18 15:49:05.568244	2025-06-18 15:49:05.568244
1290	134	1	1	Salas novads	LV-085	2025-06-18 15:49:05.568244	2025-06-18 15:49:05.568244
1291	134	1	1	Salacgrīvas novads	LV-086	2025-06-18 15:49:05.568244	2025-06-18 15:49:05.568244
1292	134	1	1	Salaspils novads	LV-087	2025-06-18 15:49:05.568244	2025-06-18 15:49:05.568244
1293	134	1	1	Saldus novads	LV-088	2025-06-18 15:49:05.568244	2025-06-18 15:49:05.568244
1294	134	1	1	Saulkrastu novads	LV-089	2025-06-18 15:49:05.568244	2025-06-18 15:49:05.568244
1295	134	1	1	Sējas novads	LV-090	2025-06-18 15:49:05.568244	2025-06-18 15:49:05.568244
1296	134	1	1	Siguldas novads	LV-091	2025-06-18 15:49:05.568244	2025-06-18 15:49:05.568244
1297	134	1	1	Skrīveru novads	LV-092	2025-06-18 15:49:05.568244	2025-06-18 15:49:05.568244
1298	134	1	1	Skrundas novads	LV-093	2025-06-18 15:49:05.568244	2025-06-18 15:49:05.568244
1299	134	1	1	Smiltenes novads	LV-094	2025-06-18 15:49:05.568244	2025-06-18 15:49:05.568244
1300	134	1	1	Stopiņu novads	LV-095	2025-06-18 15:49:05.568244	2025-06-18 15:49:05.568244
1301	134	1	1	Strenču novads	LV-096	2025-06-18 15:49:05.568244	2025-06-18 15:49:05.568244
1302	134	1	1	Talsu novads	LV-097	2025-06-18 15:49:05.568244	2025-06-18 15:49:05.568244
1303	134	1	1	Tērvetes novads	LV-098	2025-06-18 15:49:05.568244	2025-06-18 15:49:05.568244
1304	134	1	1	Tukuma novads	LV-099	2025-06-18 15:49:05.568244	2025-06-18 15:49:05.568244
1305	134	1	1	Vaiņodes novads	LV-100	2025-06-18 15:49:05.568244	2025-06-18 15:49:05.568244
1306	134	1	1	Valkas novads	LV-101	2025-06-18 15:49:05.568244	2025-06-18 15:49:05.568244
1307	134	1	1	Varakļānu novads	LV-102	2025-06-18 15:49:05.568244	2025-06-18 15:49:05.568244
1308	134	1	1	Vārkavas novads	LV-103	2025-06-18 15:49:05.568244	2025-06-18 15:49:05.568244
1309	134	1	1	Vecpiebalgas novads	LV-104	2025-06-18 15:49:05.568244	2025-06-18 15:49:05.568244
1310	134	1	1	Vecumnieku novads	LV-105	2025-06-18 15:49:05.568244	2025-06-18 15:49:05.568244
1311	134	1	1	Ventspils novads	LV-106	2025-06-18 15:49:05.568244	2025-06-18 15:49:05.568244
1312	134	1	1	Viesītes novads	LV-107	2025-06-18 15:49:05.568244	2025-06-18 15:49:05.568244
1313	134	1	1	Viļakas novads	LV-108	2025-06-18 15:49:05.568244	2025-06-18 15:49:05.568244
1314	134	1	1	Viļānu novads	LV-109	2025-06-18 15:49:05.568244	2025-06-18 15:49:05.568244
1315	134	1	1	Zilupes novads	LV-110	2025-06-18 15:49:05.568244	2025-06-18 15:49:05.568244
1316	134	1	1	Daugavpils	LV-DGV	2025-06-18 15:49:05.568244	2025-06-18 15:49:05.568244
1317	134	1	1	Jelgava	LV-JEL	2025-06-18 15:49:05.568244	2025-06-18 15:49:05.568244
1318	134	1	1	Jēkabpils	LV-JKB	2025-06-18 15:49:05.568244	2025-06-18 15:49:05.568244
1319	134	1	1	Jūrmala	LV-JUR	2025-06-18 15:49:05.568244	2025-06-18 15:49:05.568244
1320	134	1	1	Liepāja	LV-LPX	2025-06-18 15:49:05.568244	2025-06-18 15:49:05.568244
1321	134	1	1	Rēzekne	LV-REZ	2025-06-18 15:49:05.568244	2025-06-18 15:49:05.568244
1322	134	1	1	Rīga	LV-RIX	2025-06-18 15:49:05.568244	2025-06-18 15:49:05.568244
1323	134	1	1	Valmiera	LV-VMR	2025-06-18 15:49:05.568244	2025-06-18 15:49:05.568244
1324	134	1	1	Ventspils	LV-VEN	2025-06-18 15:49:05.568244	2025-06-18 15:49:05.568244
1325	132	1	1	Alytaus apskritis	LT-AL	2025-06-18 15:49:05.568244	2025-06-18 15:49:05.568244
1326	132	1	1	Kauno apskritis	LT-KU	2025-06-18 15:49:05.568244	2025-06-18 15:49:05.568244
1327	132	1	1	Klaipėdos apskritis	LT-KL	2025-06-18 15:49:05.568244	2025-06-18 15:49:05.568244
1328	132	1	1	Marijampolės apskritis	LT-MR	2025-06-18 15:49:05.568244	2025-06-18 15:49:05.568244
1329	132	1	1	Panevėžio apskritis	LT-PN	2025-06-18 15:49:05.568244	2025-06-18 15:49:05.568244
1330	132	1	1	Šiaulių apskritis	LT-SA	2025-06-18 15:49:05.568244	2025-06-18 15:49:05.568244
1331	132	1	1	Tauragės apskritis	LT-TA	2025-06-18 15:49:05.568244	2025-06-18 15:49:05.568244
1332	132	1	1	Telšių apskritis	LT-TE	2025-06-18 15:49:05.568244	2025-06-18 15:49:05.568244
1333	132	1	1	Utenos apskritis	LT-UT	2025-06-18 15:49:05.568244	2025-06-18 15:49:05.568244
1334	132	1	1	Vilniaus apskritis	LT-VL	2025-06-18 15:49:05.568244	2025-06-18 15:49:05.568244
1335	70	1	1	Ahvenanmaa	FI-01	2025-06-18 15:49:05.568244	2025-06-18 15:49:05.568244
1336	70	1	1	Etelä-Karjala	FI-02	2025-06-18 15:49:05.568244	2025-06-18 15:49:05.568244
1337	70	1	1	Etelä-Pohjanmaa	FI-03	2025-06-18 15:49:05.568244	2025-06-18 15:49:05.568244
1338	70	1	1	Etelä-Savo	FI-04	2025-06-18 15:49:05.568244	2025-06-18 15:49:05.568244
1339	70	1	1	Kainuu	FI-05	2025-06-18 15:49:05.568244	2025-06-18 15:49:05.568244
1340	70	1	1	Kanta-Häme	FI-06	2025-06-18 15:49:05.568244	2025-06-18 15:49:05.568244
1341	70	1	1	Keski-Pohjanmaa	FI-07	2025-06-18 15:49:05.568244	2025-06-18 15:49:05.568244
1342	70	1	1	Keski-Suomi	FI-08	2025-06-18 15:49:05.568244	2025-06-18 15:49:05.568244
1343	70	1	1	Kymenlaakso	FI-09	2025-06-18 15:49:05.568244	2025-06-18 15:49:05.568244
1344	70	1	1	Lappi	FI-10	2025-06-18 15:49:05.568244	2025-06-18 15:49:05.568244
1345	70	1	1	Pirkanmaa	FI-11	2025-06-18 15:49:05.568244	2025-06-18 15:49:05.568244
1346	70	1	1	Pohjanmaa	FI-12	2025-06-18 15:49:05.568244	2025-06-18 15:49:05.568244
1347	70	1	1	Pohjois-Karjala	FI-13	2025-06-18 15:49:05.568244	2025-06-18 15:49:05.568244
1348	70	1	1	Pohjois-Pohjanmaa	FI-14	2025-06-18 15:49:05.568244	2025-06-18 15:49:05.568244
1349	70	1	1	Pohjois-Savo	FI-15	2025-06-18 15:49:05.568244	2025-06-18 15:49:05.568244
1350	70	1	1	Päijät-Häme	FI-16	2025-06-18 15:49:05.568244	2025-06-18 15:49:05.568244
1351	70	1	1	Satakunta	FI-17	2025-06-18 15:49:05.568244	2025-06-18 15:49:05.568244
1352	70	1	1	Uusimaa	FI-18	2025-06-18 15:49:05.568244	2025-06-18 15:49:05.568244
1353	70	1	1	Varsinais-Suomi	FI-19	2025-06-18 15:49:05.568244	2025-06-18 15:49:05.568244
1354	196	1	1	Blekinge län	SE-K	2025-06-18 15:49:05.568244	2025-06-18 15:49:05.568244
1355	196	1	1	Dalarnas län	SE-W	2025-06-18 15:49:05.568244	2025-06-18 15:49:05.568244
1356	196	1	1	Gotlands län	SE-I	2025-06-18 15:49:05.568244	2025-06-18 15:49:05.568244
1357	196	1	1	Gävleborgs län	SE-X	2025-06-18 15:49:05.568244	2025-06-18 15:49:05.568244
1358	196	1	1	Hallands län	SE-N	2025-06-18 15:49:05.568244	2025-06-18 15:49:05.568244
1359	196	1	1	Jämtlands län	SE-Z	2025-06-18 15:49:05.568244	2025-06-18 15:49:05.568244
1360	196	1	1	Jönköpings län	SE-F	2025-06-18 15:49:05.568244	2025-06-18 15:49:05.568244
1361	196	1	1	Kalmar län	SE-H	2025-06-18 15:49:05.568244	2025-06-18 15:49:05.568244
1362	196	1	1	Kronobergs län	SE-G	2025-06-18 15:49:05.568244	2025-06-18 15:49:05.568244
1363	196	1	1	Norrbottens län	SE-BD	2025-06-18 15:49:05.568244	2025-06-18 15:49:05.568244
1364	196	1	1	Skåne län	SE-M	2025-06-18 15:49:05.568244	2025-06-18 15:49:05.568244
1365	196	1	1	Stockholms län	SE-AB	2025-06-18 15:49:05.568244	2025-06-18 15:49:05.568244
1366	196	1	1	Södermanlands län	SE-D	2025-06-18 15:49:05.568244	2025-06-18 15:49:05.568244
1367	196	1	1	Uppsala län	SE-C	2025-06-18 15:49:05.568244	2025-06-18 15:49:05.568244
1368	196	1	1	Värmlands län	SE-S	2025-06-18 15:49:05.568244	2025-06-18 15:49:05.568244
1369	196	1	1	Västerbottens län	SE-AC	2025-06-18 15:49:05.568244	2025-06-18 15:49:05.568244
1370	196	1	1	Västernorrlands län	SE-Y	2025-06-18 15:49:05.568244	2025-06-18 15:49:05.568244
1371	196	1	1	Västmanlands län	SE-U	2025-06-18 15:49:05.568244	2025-06-18 15:49:05.568244
1372	196	1	1	Västra Götalands län	SE-O	2025-06-18 15:49:05.568244	2025-06-18 15:49:05.568244
1373	196	1	1	Örebro län	SE-T	2025-06-18 15:49:05.568244	2025-06-18 15:49:05.568244
1374	196	1	1	Östergötlands län	SE-E	2025-06-18 15:49:05.568244	2025-06-18 15:49:05.568244
1375	166	1	1	Agder	NO-42	2025-06-18 15:49:05.568244	2025-06-18 15:49:05.568244
1376	166	1	1	Innlandet	NO-34	2025-06-18 15:49:05.568244	2025-06-18 15:49:05.568244
1377	166	1	1	Møre og Romsdal	NO-15	2025-06-18 15:49:05.568244	2025-06-18 15:49:05.568244
1378	166	1	1	Nordland	NO-18	2025-06-18 15:49:05.568244	2025-06-18 15:49:05.568244
1379	166	1	1	Oslo	NO-03	2025-06-18 15:49:05.568244	2025-06-18 15:49:05.568244
1380	166	1	1	Rogaland	NO-11	2025-06-18 15:49:05.568244	2025-06-18 15:49:05.568244
1381	166	1	1	Troms og Finnmark / Romsa ja Finnmárku	NO-54	2025-06-18 15:49:05.568244	2025-06-18 15:49:05.568244
1382	166	1	1	Trøndelag	NO-50	2025-06-18 15:49:05.568244	2025-06-18 15:49:05.568244
1383	166	1	1	Vestfold og Telemark	NO-38	2025-06-18 15:49:05.568244	2025-06-18 15:49:05.568244
1384	166	1	1	Vestland	NO-46	2025-06-18 15:49:05.568244	2025-06-18 15:49:05.568244
1385	166	1	1	Viken	NO-30	2025-06-18 15:49:05.568244	2025-06-18 15:49:05.568244
1386	166	1	1	Jan Mayen	NO-22	2025-06-18 15:49:05.568244	2025-06-18 15:49:05.568244
1387	166	1	1	Svalbard	NO-21	2025-06-18 15:49:05.568244	2025-06-18 15:49:05.568244
1388	57	1	1	Baden-Württemberg	DE-BW	2025-06-18 15:49:05.568244	2025-06-18 15:49:05.568244
1389	57	1	1	Bayern	DE-BY	2025-06-18 15:49:05.568244	2025-06-18 15:49:05.568244
1390	57	1	1	Berlin	DE-BE	2025-06-18 15:49:05.568244	2025-06-18 15:49:05.568244
1391	57	1	1	Brandenburg	DE-BB	2025-06-18 15:49:05.568244	2025-06-18 15:49:05.568244
1392	57	1	1	Bremen	DE-HB	2025-06-18 15:49:05.568244	2025-06-18 15:49:05.568244
1393	57	1	1	Hamburg	DE-HH	2025-06-18 15:49:05.568244	2025-06-18 15:49:05.568244
1394	57	1	1	Hessen	DE-HE	2025-06-18 15:49:05.568244	2025-06-18 15:49:05.568244
1395	57	1	1	Mecklenburg-Vorpommern	DE-MV	2025-06-18 15:49:05.568244	2025-06-18 15:49:05.568244
1396	57	1	1	Niedersachsen	DE-NI	2025-06-18 15:49:05.568244	2025-06-18 15:49:05.568244
1397	57	1	1	Nordrhein-Westfalen	DE-NW	2025-06-18 15:49:05.568244	2025-06-18 15:49:05.568244
1398	57	1	1	Rheinland-Pfalz	DE-RP	2025-06-18 15:49:05.568244	2025-06-18 15:49:05.568244
1399	57	1	1	Saarland	DE-SL	2025-06-18 15:49:05.568244	2025-06-18 15:49:05.568244
1400	57	1	1	Sachsen	DE-SN	2025-06-18 15:49:05.568244	2025-06-18 15:49:05.568244
1401	57	1	1	Sachsen-Anhalt	DE-ST	2025-06-18 15:49:05.568244	2025-06-18 15:49:05.568244
1402	57	1	1	Schleswig-Holstein	DE-SH	2025-06-18 15:49:05.568244	2025-06-18 15:49:05.568244
1403	57	1	1	Thüringen	DE-TH	2025-06-18 15:49:05.568244	2025-06-18 15:49:05.568244
1404	63	1	1	Azuay	01	2025-06-18 15:49:05.568244	2025-06-18 15:49:05.568244
1405	63	1	1	Bolivar	02	2025-06-18 15:49:05.568244	2025-06-18 15:49:05.568244
1406	63	1	1	Canar	03	2025-06-18 15:49:05.568244	2025-06-18 15:49:05.568244
1407	63	1	1	Carchi	04	2025-06-18 15:49:05.568244	2025-06-18 15:49:05.568244
1408	63	1	1	Cotopaxi	05	2025-06-18 15:49:05.568244	2025-06-18 15:49:05.568244
1409	63	1	1	Chimborazo	06	2025-06-18 15:49:05.568244	2025-06-18 15:49:05.568244
1410	63	1	1	El Oro	07	2025-06-18 15:49:05.568244	2025-06-18 15:49:05.568244
1411	63	1	1	Esmeraldas	08	2025-06-18 15:49:05.568244	2025-06-18 15:49:05.568244
1412	63	1	1	Guayas	09	2025-06-18 15:49:05.568244	2025-06-18 15:49:05.568244
1413	63	1	1	Imbabura	10	2025-06-18 15:49:05.568244	2025-06-18 15:49:05.568244
1414	63	1	1	Loja	11	2025-06-18 15:49:05.568244	2025-06-18 15:49:05.568244
1415	63	1	1	Los Rios	12	2025-06-18 15:49:05.568244	2025-06-18 15:49:05.568244
1416	63	1	1	Manabi	13	2025-06-18 15:49:05.568244	2025-06-18 15:49:05.568244
1417	63	1	1	Morona Santiago	14	2025-06-18 15:49:05.568244	2025-06-18 15:49:05.568244
1418	63	1	1	Napo	15	2025-06-18 15:49:05.568244	2025-06-18 15:49:05.568244
1419	63	1	1	Pastaza	16	2025-06-18 15:49:05.568244	2025-06-18 15:49:05.568244
1420	63	1	1	Pichincha	17	2025-06-18 15:49:05.568244	2025-06-18 15:49:05.568244
1421	63	1	1	Tungurahua	18	2025-06-18 15:49:05.568244	2025-06-18 15:49:05.568244
1422	63	1	1	Zamora Chinchipe	19	2025-06-18 15:49:05.568244	2025-06-18 15:49:05.568244
1423	63	1	1	Galapagos	20	2025-06-18 15:49:05.568244	2025-06-18 15:49:05.568244
1424	63	1	1	Sucumbios	21	2025-06-18 15:49:05.568244	2025-06-18 15:49:05.568244
1425	63	1	1	Orellana	22	2025-06-18 15:49:05.568244	2025-06-18 15:49:05.568244
1426	63	1	1	Santo Domingo de los Tsachilas	23	2025-06-18 15:49:05.568244	2025-06-18 15:49:05.568244
1427	63	1	1	Santa Elena	24	2025-06-18 15:49:05.568244	2025-06-18 15:49:05.568244
1428	43	1	1	Zürich	ZH	2025-06-18 15:49:05.568244	2025-06-18 15:49:05.568244
1429	43	1	1	Zurigo	ZH-IT	2025-06-18 15:49:05.568244	2025-06-18 15:49:05.568244
1430	43	1	1	Zurich	ZH-FR	2025-06-18 15:49:05.568244	2025-06-18 15:49:05.568244
1431	43	1	1	Bern	BE	2025-06-18 15:49:05.568244	2025-06-18 15:49:05.568244
1432	43	1	1	Berna	BE-IT	2025-06-18 15:49:05.568244	2025-06-18 15:49:05.568244
1433	43	1	1	Berne	BE-FR	2025-06-18 15:49:05.568244	2025-06-18 15:49:05.568244
1434	43	1	1	Luzern	LU	2025-06-18 15:49:05.568244	2025-06-18 15:49:05.568244
1435	43	1	1	Lucerna	LU-IT	2025-06-18 15:49:05.568244	2025-06-18 15:49:05.568244
1436	43	1	1	Lucerne	LU-FR	2025-06-18 15:49:05.568244	2025-06-18 15:49:05.568244
1437	43	1	1	Uri	UR	2025-06-18 15:49:05.568244	2025-06-18 15:49:05.568244
1438	43	1	1	Schwyz	SZ	2025-06-18 15:49:05.568244	2025-06-18 15:49:05.568244
1439	43	1	1	Svitto	SZ-IT	2025-06-18 15:49:05.568244	2025-06-18 15:49:05.568244
1440	43	1	1	Obwalden	OW	2025-06-18 15:49:05.568244	2025-06-18 15:49:05.568244
1441	43	1	1	Obvaldo	OW-IT	2025-06-18 15:49:05.568244	2025-06-18 15:49:05.568244
1442	43	1	1	Obwald	OW-FR	2025-06-18 15:49:05.568244	2025-06-18 15:49:05.568244
1443	43	1	1	Nidwalden	NW	2025-06-18 15:49:05.568244	2025-06-18 15:49:05.568244
1444	43	1	1	Nidvaldo	NW-IT	2025-06-18 15:49:05.568244	2025-06-18 15:49:05.568244
1445	43	1	1	Nidwald	NW-FR	2025-06-18 15:49:05.568244	2025-06-18 15:49:05.568244
1446	43	1	1	Glarus	GL	2025-06-18 15:49:05.568244	2025-06-18 15:49:05.568244
1447	43	1	1	Glanora	GL-IT	2025-06-18 15:49:05.568244	2025-06-18 15:49:05.568244
1448	43	1	1	Glaris	GL-FR	2025-06-18 15:49:05.568244	2025-06-18 15:49:05.568244
1449	43	1	1	Zug	ZG	2025-06-18 15:49:05.568244	2025-06-18 15:49:05.568244
1450	43	1	1	Zugo	ZG-IT	2025-06-18 15:49:05.568244	2025-06-18 15:49:05.568244
1451	43	1	1	Zoug	ZG-FR	2025-06-18 15:49:05.568244	2025-06-18 15:49:05.568244
1452	43	1	1	Freiburg	FR	2025-06-18 15:49:05.568244	2025-06-18 15:49:05.568244
1453	43	1	1	Friburgo	FR-IT	2025-06-18 15:49:05.568244	2025-06-18 15:49:05.568244
1454	43	1	1	Fribourg	FR-FR	2025-06-18 15:49:05.568244	2025-06-18 15:49:05.568244
1455	43	1	1	Solothurn	SO	2025-06-18 15:49:05.568244	2025-06-18 15:49:05.568244
1456	43	1	1	Soletta	SO-IT	2025-06-18 15:49:05.568244	2025-06-18 15:49:05.568244
1457	43	1	1	Soleure	SO-FR	2025-06-18 15:49:05.568244	2025-06-18 15:49:05.568244
1458	43	1	1	Basel-Stadt	BS	2025-06-18 15:49:05.568244	2025-06-18 15:49:05.568244
1459	43	1	1	Basilea-Città	BS-IT	2025-06-18 15:49:05.568244	2025-06-18 15:49:05.568244
1460	43	1	1	Bâle-Ville	BS-FR	2025-06-18 15:49:05.568244	2025-06-18 15:49:05.568244
1461	43	1	1	Basel-Landschaft	BL	2025-06-18 15:49:05.568244	2025-06-18 15:49:05.568244
1462	43	1	1	Basilea-Campagna	BL-IT	2025-06-18 15:49:05.568244	2025-06-18 15:49:05.568244
1463	43	1	1	Bâle-Campagne	BL-FR	2025-06-18 15:49:05.568244	2025-06-18 15:49:05.568244
1464	43	1	1	Schaffhausen	SH	2025-06-18 15:49:05.568244	2025-06-18 15:49:05.568244
1465	43	1	1	Sciaffusa	SH-IT	2025-06-18 15:49:05.568244	2025-06-18 15:49:05.568244
1466	43	1	1	Schaffhouse	SH-FR	2025-06-18 15:49:05.568244	2025-06-18 15:49:05.568244
1467	43	1	1	Appenzell Ausserrhoden	AR	2025-06-18 15:49:05.568244	2025-06-18 15:49:05.568244
1468	43	1	1	Appenzello Esterno	AR-IT	2025-06-18 15:49:05.568244	2025-06-18 15:49:05.568244
1469	43	1	1	Appenzell Rhodes-Extérieures	AR-FR	2025-06-18 15:49:05.568244	2025-06-18 15:49:05.568244
1470	43	1	1	Appenzell Innerrhoden	AI	2025-06-18 15:49:05.568244	2025-06-18 15:49:05.568244
1471	43	1	1	Appenzello Interno	AI-IT	2025-06-18 15:49:05.568244	2025-06-18 15:49:05.568244
1472	43	1	1	Appenzell Rhodes-Intérieures	AI-FR	2025-06-18 15:49:05.568244	2025-06-18 15:49:05.568244
1473	43	1	1	St. Gallen	SG	2025-06-18 15:49:05.568244	2025-06-18 15:49:05.568244
1474	43	1	1	San Gallo	SG-IT	2025-06-18 15:49:05.568244	2025-06-18 15:49:05.568244
1475	43	1	1	Saint-Gall	SG-FR	2025-06-18 15:49:05.568244	2025-06-18 15:49:05.568244
1476	43	1	1	Graubünden	GR	2025-06-18 15:49:05.568244	2025-06-18 15:49:05.568244
1477	43	1	1	Grigioni	GR-IT	2025-06-18 15:49:05.568244	2025-06-18 15:49:05.568244
1478	43	1	1	Grisons	GR-FR	2025-06-18 15:49:05.568244	2025-06-18 15:49:05.568244
1479	43	1	1	Aargau	AG	2025-06-18 15:49:05.568244	2025-06-18 15:49:05.568244
1480	43	1	1	Argovia	AG-IT	2025-06-18 15:49:05.568244	2025-06-18 15:49:05.568244
1481	43	1	1	Argovie	AG-FR	2025-06-18 15:49:05.568244	2025-06-18 15:49:05.568244
1482	43	1	1	Thurgau	TG	2025-06-18 15:49:05.568244	2025-06-18 15:49:05.568244
1483	43	1	1	Turgovia	TG-IT	2025-06-18 15:49:05.568244	2025-06-18 15:49:05.568244
1484	43	1	1	Thurgovie	TG-FR	2025-06-18 15:49:05.568244	2025-06-18 15:49:05.568244
1485	43	1	1	Tessin	TI	2025-06-18 15:49:05.568244	2025-06-18 15:49:05.568244
1486	43	1	1	Ticino	TI-IT	2025-06-18 15:49:05.568244	2025-06-18 15:49:05.568244
1487	43	1	1	Waadt	VD	2025-06-18 15:49:05.568244	2025-06-18 15:49:05.568244
1488	43	1	1	Vaud	VD-FR	2025-06-18 15:49:05.568244	2025-06-18 15:49:05.568244
1489	43	1	1	Wallis	VS	2025-06-18 15:49:05.568244	2025-06-18 15:49:05.568244
1490	43	1	1	Vallese	VS-IT	2025-06-18 15:49:05.568244	2025-06-18 15:49:05.568244
1491	43	1	1	Valais	VS-FR	2025-06-18 15:49:05.568244	2025-06-18 15:49:05.568244
1492	43	1	1	Neuenburg	NE	2025-06-18 15:49:05.568244	2025-06-18 15:49:05.568244
1493	43	1	1	Neuchâtel	NE-FR	2025-06-18 15:49:05.568244	2025-06-18 15:49:05.568244
1494	43	1	1	Genf	GE	2025-06-18 15:49:05.568244	2025-06-18 15:49:05.568244
1495	43	1	1	Ginevra	GE-IT	2025-06-18 15:49:05.568244	2025-06-18 15:49:05.568244
1496	43	1	1	Genève	GE-FR	2025-06-18 15:49:05.568244	2025-06-18 15:49:05.568244
1497	43	1	1	Jura	JU	2025-06-18 15:49:05.568244	2025-06-18 15:49:05.568244
1498	43	1	1	Giura	JU-IT	2025-06-18 15:49:05.568244	2025-06-18 15:49:05.568244
1499	217	1	1	Bangkok	TH-10	2025-06-18 15:49:05.568244	2025-06-18 15:49:05.568244
1500	217	1	1	Amnat Charoen	TH-37	2025-06-18 15:49:05.568244	2025-06-18 15:49:05.568244
1501	217	1	1	Ang Thong	TH-15	2025-06-18 15:49:05.568244	2025-06-18 15:49:05.568244
1502	217	1	1	Bueng Kan	TH-38	2025-06-18 15:49:05.568244	2025-06-18 15:49:05.568244
1503	217	1	1	Buriram	TH-31	2025-06-18 15:49:05.568244	2025-06-18 15:49:05.568244
1504	217	1	1	Chachoengsao	TH-24	2025-06-18 15:49:05.568244	2025-06-18 15:49:05.568244
1505	217	1	1	Chai Nat	TH-18	2025-06-18 15:49:05.568244	2025-06-18 15:49:05.568244
1506	217	1	1	Chaiyaphum	TH-36	2025-06-18 15:49:05.568244	2025-06-18 15:49:05.568244
1507	217	1	1	Chanthaburi	TH-22	2025-06-18 15:49:05.568244	2025-06-18 15:49:05.568244
1508	217	1	1	Chiang Mai	TH-50	2025-06-18 15:49:05.568244	2025-06-18 15:49:05.568244
1509	217	1	1	Chiang Rai	TH-57	2025-06-18 15:49:05.568244	2025-06-18 15:49:05.568244
1510	217	1	1	Chonburi	TH-20	2025-06-18 15:49:05.568244	2025-06-18 15:49:05.568244
1511	217	1	1	Chumphon	TH-86	2025-06-18 15:49:05.568244	2025-06-18 15:49:05.568244
1512	217	1	1	Kalasin	TH-46	2025-06-18 15:49:05.568244	2025-06-18 15:49:05.568244
1513	217	1	1	Kamphaeng Phet	TH-62	2025-06-18 15:49:05.568244	2025-06-18 15:49:05.568244
1514	217	1	1	Kanchanaburi	TH-71	2025-06-18 15:49:05.568244	2025-06-18 15:49:05.568244
1515	217	1	1	Khon Kaen	TH-40	2025-06-18 15:49:05.568244	2025-06-18 15:49:05.568244
1516	217	1	1	Krabi	TH-81	2025-06-18 15:49:05.568244	2025-06-18 15:49:05.568244
1517	217	1	1	Lampang	TH-52	2025-06-18 15:49:05.568244	2025-06-18 15:49:05.568244
1518	217	1	1	Lamphun	TH-51	2025-06-18 15:49:05.568244	2025-06-18 15:49:05.568244
1519	217	1	1	Loei	TH-42	2025-06-18 15:49:05.568244	2025-06-18 15:49:05.568244
1520	217	1	1	Lopburi	TH-16	2025-06-18 15:49:05.568244	2025-06-18 15:49:05.568244
1521	217	1	1	Mae Hong Son	TH-58	2025-06-18 15:49:05.568244	2025-06-18 15:49:05.568244
1522	217	1	1	Maha Sarakham	TH-44	2025-06-18 15:49:05.568244	2025-06-18 15:49:05.568244
1523	217	1	1	Mukdahan	TH-49	2025-06-18 15:49:05.568244	2025-06-18 15:49:05.568244
1524	217	1	1	Nakhon Nayok	TH-26	2025-06-18 15:49:05.568244	2025-06-18 15:49:05.568244
1525	217	1	1	Nakhon Pathom	TH-73	2025-06-18 15:49:05.568244	2025-06-18 15:49:05.568244
1526	217	1	1	Nakhon Phanom	TH-48	2025-06-18 15:49:05.568244	2025-06-18 15:49:05.568244
1527	217	1	1	Nakhon Ratchasima	TH-30	2025-06-18 15:49:05.568244	2025-06-18 15:49:05.568244
1528	217	1	1	Nakhon Sawan	TH-60	2025-06-18 15:49:05.568244	2025-06-18 15:49:05.568244
1529	217	1	1	Nakhon Si Thammarat	TH-80	2025-06-18 15:49:05.568244	2025-06-18 15:49:05.568244
1530	217	1	1	Nan	TH-55	2025-06-18 15:49:05.568244	2025-06-18 15:49:05.568244
1531	217	1	1	Narathiwat	TH-96	2025-06-18 15:49:05.568244	2025-06-18 15:49:05.568244
1532	217	1	1	Nong Bua Lamphu	TH-39	2025-06-18 15:49:05.568244	2025-06-18 15:49:05.568244
1533	217	1	1	Nong Khai	TH-43	2025-06-18 15:49:05.568244	2025-06-18 15:49:05.568244
1534	217	1	1	Nonthaburi	TH-12	2025-06-18 15:49:05.568244	2025-06-18 15:49:05.568244
1535	217	1	1	Pathum Thani	TH-13	2025-06-18 15:49:05.568244	2025-06-18 15:49:05.568244
1536	217	1	1	Pattani	TH-94	2025-06-18 15:49:05.568244	2025-06-18 15:49:05.568244
1537	217	1	1	Phang Nga	TH-82	2025-06-18 15:49:05.568244	2025-06-18 15:49:05.568244
1538	217	1	1	Phatthalung	TH-93	2025-06-18 15:49:05.568244	2025-06-18 15:49:05.568244
1539	217	1	1	Phayao	TH-56	2025-06-18 15:49:05.568244	2025-06-18 15:49:05.568244
1540	217	1	1	Phetchabun	TH-67	2025-06-18 15:49:05.568244	2025-06-18 15:49:05.568244
1541	217	1	1	Phetchaburi	TH-76	2025-06-18 15:49:05.568244	2025-06-18 15:49:05.568244
1542	217	1	1	Phichit	TH-66	2025-06-18 15:49:05.568244	2025-06-18 15:49:05.568244
1543	217	1	1	Phitsanulok	TH-65	2025-06-18 15:49:05.568244	2025-06-18 15:49:05.568244
1544	217	1	1	Phra Nakhon Si Ayutthaya	TH-14	2025-06-18 15:49:05.568244	2025-06-18 15:49:05.568244
1545	217	1	1	Phrae	TH-54	2025-06-18 15:49:05.568244	2025-06-18 15:49:05.568244
1546	217	1	1	Phuket	TH-83	2025-06-18 15:49:05.568244	2025-06-18 15:49:05.568244
1547	217	1	1	Prachinburi	TH-25	2025-06-18 15:49:05.568244	2025-06-18 15:49:05.568244
1548	217	1	1	Prachuap Khiri Khan	TH-77	2025-06-18 15:49:05.568244	2025-06-18 15:49:05.568244
1549	217	1	1	Ranong	TH-85	2025-06-18 15:49:05.568244	2025-06-18 15:49:05.568244
1550	217	1	1	Ratchaburi	TH-70	2025-06-18 15:49:05.568244	2025-06-18 15:49:05.568244
1551	217	1	1	Rayong	TH-21	2025-06-18 15:49:05.568244	2025-06-18 15:49:05.568244
1552	217	1	1	Roi Et	TH-45	2025-06-18 15:49:05.568244	2025-06-18 15:49:05.568244
1553	217	1	1	Sa Kaeo	TH-27	2025-06-18 15:49:05.568244	2025-06-18 15:49:05.568244
1554	217	1	1	Sakon Nakhon	TH-47	2025-06-18 15:49:05.568244	2025-06-18 15:49:05.568244
1555	217	1	1	Samut Prakan	TH-11	2025-06-18 15:49:05.568244	2025-06-18 15:49:05.568244
1556	217	1	1	Samut Sakhon	TH-74	2025-06-18 15:49:05.568244	2025-06-18 15:49:05.568244
1557	217	1	1	Samut Songkhram	TH-75	2025-06-18 15:49:05.568244	2025-06-18 15:49:05.568244
1558	217	1	1	Saraburi	TH-19	2025-06-18 15:49:05.568244	2025-06-18 15:49:05.568244
1559	217	1	1	Satun	TH-91	2025-06-18 15:49:05.568244	2025-06-18 15:49:05.568244
1560	217	1	1	Sing Buri	TH-17	2025-06-18 15:49:05.568244	2025-06-18 15:49:05.568244
1561	217	1	1	Sisaket	TH-33	2025-06-18 15:49:05.568244	2025-06-18 15:49:05.568244
1562	217	1	1	Songkhla	TH-90	2025-06-18 15:49:05.568244	2025-06-18 15:49:05.568244
1563	217	1	1	Sukhothai	TH-64	2025-06-18 15:49:05.568244	2025-06-18 15:49:05.568244
1564	217	1	1	Suphan Buri	TH-72	2025-06-18 15:49:05.568244	2025-06-18 15:49:05.568244
1565	217	1	1	Surat Thani	TH-84	2025-06-18 15:49:05.568244	2025-06-18 15:49:05.568244
1566	217	1	1	Surin	TH-32	2025-06-18 15:49:05.568244	2025-06-18 15:49:05.568244
1567	217	1	1	Tak	TH-63	2025-06-18 15:49:05.568244	2025-06-18 15:49:05.568244
1568	217	1	1	Trang	TH-92	2025-06-18 15:49:05.568244	2025-06-18 15:49:05.568244
1569	217	1	1	Trat	TH-23	2025-06-18 15:49:05.568244	2025-06-18 15:49:05.568244
1570	217	1	1	Ubon Ratchathani	TH-34	2025-06-18 15:49:05.568244	2025-06-18 15:49:05.568244
1571	217	1	1	Udon Thani	TH-41	2025-06-18 15:49:05.568244	2025-06-18 15:49:05.568244
1572	217	1	1	Uthai Thani	TH-61	2025-06-18 15:49:05.568244	2025-06-18 15:49:05.568244
1573	217	1	1	Uttaradit	TH-53	2025-06-18 15:49:05.568244	2025-06-18 15:49:05.568244
1574	217	1	1	Yala	TH-95	2025-06-18 15:49:05.568244	2025-06-18 15:49:05.568244
1575	217	1	1	Yasothon	TH-35	2025-06-18 15:49:05.568244	2025-06-18 15:49:05.568244
1576	192	1	1	Abha	AHB	2025-06-18 15:49:05.568244	2025-06-18 15:49:05.568244
1577	192	1	1	Abqaiq	ABQ	2025-06-18 15:49:05.568244	2025-06-18 15:49:05.568244
1578	192	1	1	Ad Dammam	DMM	2025-06-18 15:49:05.568244	2025-06-18 15:49:05.568244
1579	192	1	1	Ad Dawadami	DAW	2025-06-18 15:49:05.568244	2025-06-18 15:49:05.568244
1580	192	1	1	Al Baha	ABT	2025-06-18 15:49:05.568244	2025-06-18 15:49:05.568244
1581	192	1	1	Al Bahah	BAH	2025-06-18 15:49:05.568244	2025-06-18 15:49:05.568244
1582	192	1	1	Al Hada	AHA	2025-06-18 15:49:05.568244	2025-06-18 15:49:05.568244
1583	192	1	1	Al Hadithah	HAD	2025-06-18 15:49:05.568244	2025-06-18 15:49:05.568244
1584	192	1	1	Al Hasa	ALH	2025-06-18 15:49:05.568244	2025-06-18 15:49:05.568244
1585	192	1	1	Al Jawf	LJW	2025-06-18 15:49:05.568244	2025-06-18 15:49:05.568244
1586	192	1	1	Al Jubayl Industrial City	JBI	2025-06-18 15:49:05.568244	2025-06-18 15:49:05.568244
1587	192	1	1	Al Kharj	AKH	2025-06-18 15:49:05.568244	2025-06-18 15:49:05.568244
1588	192	1	1	Al Khobar	AQK	2025-06-18 15:49:05.568244	2025-06-18 15:49:05.568244
1589	192	1	1	Al Khobar	ALK	2025-06-18 15:49:05.568244	2025-06-18 15:49:05.568244
1590	192	1	1	Al Khuraibah	KHU	2025-06-18 15:49:05.568244	2025-06-18 15:49:05.568244
1591	192	1	1	Al Muajjiz	AMU	2025-06-18 15:49:05.568244	2025-06-18 15:49:05.568244
1592	192	1	1	Al Qahmah	QAH	2025-06-18 15:49:05.568244	2025-06-18 15:49:05.568244
1593	192	1	1	Al Qunfudah	QUN	2025-06-18 15:49:05.568244	2025-06-18 15:49:05.568244
1594	192	1	1	Al Qurainah	QRN	2025-06-18 15:49:05.568244	2025-06-18 15:49:05.568244
1595	192	1	1	Al Shuqaiq	ASQ	2025-06-18 15:49:05.568244	2025-06-18 15:49:05.568244
1596	192	1	1	Al 'Uthmaniyah	AUT	2025-06-18 15:49:05.568244	2025-06-18 15:49:05.568244
1597	192	1	1	Ar Rass	ARR	2025-06-18 15:49:05.568244	2025-06-18 15:49:05.568244
1598	192	1	1	Arar	RAE	2025-06-18 15:49:05.568244	2025-06-18 15:49:05.568244
1599	192	1	1	Asfan	ASF	2025-06-18 15:49:05.568244	2025-06-18 15:49:05.568244
1600	192	1	1	Badanah	BDN	2025-06-18 15:49:05.568244	2025-06-18 15:49:05.568244
1601	192	1	1	Bisha	BHH	2025-06-18 15:49:05.568244	2025-06-18 15:49:05.568244
1602	192	1	1	Buraydah	BRU	2025-06-18 15:49:05.568244	2025-06-18 15:49:05.568244
1603	192	1	1	Buraydah	BUR	2025-06-18 15:49:05.568244	2025-06-18 15:49:05.568244
1604	192	1	1	Dhahran	DHA	2025-06-18 15:49:05.568244	2025-06-18 15:49:05.568244
1605	192	1	1	Dhuba	DHU	2025-06-18 15:49:05.568244	2025-06-18 15:49:05.568244
1606	192	1	1	Fiji	FJJ	2025-06-18 15:49:05.568244	2025-06-18 15:49:05.568244
1607	192	1	1	Gassim	ELQ	2025-06-18 15:49:05.568244	2025-06-18 15:49:05.568244
1608	192	1	1	Gurayat	URY	2025-06-18 15:49:05.568244	2025-06-18 15:49:05.568244
1609	192	1	1	Hafar al Batin	HBT	2025-06-18 15:49:05.568244	2025-06-18 15:49:05.568244
1610	192	1	1	Hail	HAS	2025-06-18 15:49:05.568244	2025-06-18 15:49:05.568244
1611	192	1	1	Harad	RAD	2025-06-18 15:49:05.568244	2025-06-18 15:49:05.568244
1612	192	1	1	Hazm Al Jalamid	HZM	2025-06-18 15:49:05.568244	2025-06-18 15:49:05.568244
1613	192	1	1	Hofuf	HOF	2025-06-18 15:49:05.568244	2025-06-18 15:49:05.568244
1614	192	1	1	Jazan Economic City	JEC	2025-06-18 15:49:05.568244	2025-06-18 15:49:05.568244
1615	192	1	1	Jeddah	JED	2025-06-18 15:49:05.568244	2025-06-18 15:49:05.568244
1616	192	1	1	Jeddah Industrial City 2 & 3	JIC	2025-06-18 15:49:05.568244	2025-06-18 15:49:05.568244
1617	192	1	1	Jeddah Yachts Club Port	JYC	2025-06-18 15:49:05.568244	2025-06-18 15:49:05.568244
1618	192	1	1	Jizan	GIZ	2025-06-18 15:49:05.568244	2025-06-18 15:49:05.568244
1619	192	1	1	Jouf	AJF	2025-06-18 15:49:05.568244	2025-06-18 15:49:05.568244
1620	192	1	1	Juaymah Terminal	JUT	2025-06-18 15:49:05.568244	2025-06-18 15:49:05.568244
1621	192	1	1	Jubail	JUB	2025-06-18 15:49:05.568244	2025-06-18 15:49:05.568244
1622	192	1	1	Khamis Mushayt	KMX	2025-06-18 15:49:05.568244	2025-06-18 15:49:05.568244
1623	192	1	1	King Abdullah City	KAC	2025-06-18 15:49:05.568244	2025-06-18 15:49:05.568244
1624	192	1	1	King Fhad	KFH	2025-06-18 15:49:05.568244	2025-06-18 15:49:05.568244
1625	192	1	1	King Khalid	KKH	2025-06-18 15:49:05.568244	2025-06-18 15:49:05.568244
1626	192	1	1	Lith	LIT	2025-06-18 15:49:05.568244	2025-06-18 15:49:05.568244
1627	192	1	1	Madinah	MED	2025-06-18 15:49:05.568244	2025-06-18 15:49:05.568244
1628	192	1	1	Majma	MJH	2025-06-18 15:49:05.568244	2025-06-18 15:49:05.568244
1629	192	1	1	Makkah	MAK	2025-06-18 15:49:05.568244	2025-06-18 15:49:05.568244
1630	192	1	1	Manailih	MAN	2025-06-18 15:49:05.568244	2025-06-18 15:49:05.568244
1631	192	1	1	Manfouha	MUF	2025-06-18 15:49:05.568244	2025-06-18 15:49:05.568244
1632	192	1	1	Muhayil	MHY	2025-06-18 15:49:05.568244	2025-06-18 15:49:05.568244
1633	192	1	1	Najran	NJN	2025-06-18 15:49:05.568244	2025-06-18 15:49:05.568244
1634	192	1	1	Nejran	EAM	2025-06-18 15:49:05.568244	2025-06-18 15:49:05.568244
1635	192	1	1	Qaisumah	AQI	2025-06-18 15:49:05.568244	2025-06-18 15:49:05.568244
1636	192	1	1	Qalsn	QAL	2025-06-18 15:49:05.568244	2025-06-18 15:49:05.568244
1637	192	1	1	Qatif	QTF	2025-06-18 15:49:05.568244	2025-06-18 15:49:05.568244
1638	192	1	1	Qurayyah	QUR	2025-06-18 15:49:05.568244	2025-06-18 15:49:05.568244
1639	192	1	1	Rabigh	RAB	2025-06-18 15:49:05.568244	2025-06-18 15:49:05.568244
1640	192	1	1	Rafha	RAH	2025-06-18 15:49:05.568244	2025-06-18 15:49:05.568244
1641	192	1	1	Ras al Khafji	RAR	2025-06-18 15:49:05.568244	2025-06-18 15:49:05.568244
1642	192	1	1	Ras al Mishab	RAM	2025-06-18 15:49:05.568244	2025-06-18 15:49:05.568244
1643	192	1	1	Ras Al-Khair	RAZ	2025-06-18 15:49:05.568244	2025-06-18 15:49:05.568244
1644	192	1	1	Ras Tanura	RTA	2025-06-18 15:49:05.568244	2025-06-18 15:49:05.568244
1645	192	1	1	Riyadh	RUH	2025-06-18 15:49:05.568244	2025-06-18 15:49:05.568244
1646	192	1	1	Riyadh Dry Port	RYP	2025-06-18 15:49:05.568244	2025-06-18 15:49:05.568244
1647	192	1	1	Safaniya	SAF	2025-06-18 15:49:05.568244	2025-06-18 15:49:05.568244
1648	192	1	1	Salboukh	SUH	2025-06-18 15:49:05.568244	2025-06-18 15:49:05.568244
1649	192	1	1	Salwá	SAL	2025-06-18 15:49:05.568244	2025-06-18 15:49:05.568244
1650	192	1	1	Sayhat	SAY	2025-06-18 15:49:05.568244	2025-06-18 15:49:05.568244
1651	192	1	1	Shadqam	SHD	2025-06-18 15:49:05.568244	2025-06-18 15:49:05.568244
1652	192	1	1	Sharurah	SHW	2025-06-18 15:49:05.568244	2025-06-18 15:49:05.568244
1653	192	1	1	Shuaibah	SHU	2025-06-18 15:49:05.568244	2025-06-18 15:49:05.568244
1654	192	1	1	Sulayel	SLF	2025-06-18 15:49:05.568244	2025-06-18 15:49:05.568244
1655	192	1	1	Tabuk	TUU	2025-06-18 15:49:05.568244	2025-06-18 15:49:05.568244
1656	192	1	1	Taif	TIF	2025-06-18 15:49:05.568244	2025-06-18 15:49:05.568244
1657	192	1	1	Turaif	TUI	2025-06-18 15:49:05.568244	2025-06-18 15:49:05.568244
1658	192	1	1	Tusdeer Free Zone	TFZ	2025-06-18 15:49:05.568244	2025-06-18 15:49:05.568244
1659	192	1	1	Udhailiyah	UDH	2025-06-18 15:49:05.568244	2025-06-18 15:49:05.568244
1660	192	1	1	Umm Lajj	VLA	2025-06-18 15:49:05.568244	2025-06-18 15:49:05.568244
1661	192	1	1	Unayzah	UZH	2025-06-18 15:49:05.568244	2025-06-18 15:49:05.568244
1662	192	1	1	Wadi ad Dawasir	WAE	2025-06-18 15:49:05.568244	2025-06-18 15:49:05.568244
1663	192	1	1	Waisumah	AWI	2025-06-18 15:49:05.568244	2025-06-18 15:49:05.568244
1664	192	1	1	Wedjh	EJH	2025-06-18 15:49:05.568244	2025-06-18 15:49:05.568244
1665	192	1	1	Yanbu commercial city	YNB	2025-06-18 15:49:05.568244	2025-06-18 15:49:05.568244
1666	192	1	1	Yanbu Industrial City	YBI	2025-06-18 15:49:05.568244	2025-06-18 15:49:05.568244
1667	192	1	1	Zilfi	ZUL	2025-06-18 15:49:05.568244	2025-06-18 15:49:05.568244
1668	192	1	1	Zulayfayn	ZUY	2025-06-18 15:49:05.568244	2025-06-18 15:49:05.568244
\.


--
